14.102.78.232 - - [11/Sep/2026:08:53:54 -0400] "POST /xmlrpc.php HTTP/1.1" 403 1242 "-" "Jetpack by WordPress.com"
196.171.16.187 - - [11/Sep/2026:08:53:56 -0400] "POST /xmlrpc.php HTTP/1.1" 403 1242 "-" "Jetpack by WordPress.com (Jetpack 12.0; WordPress 6.3)"
114.119.132.36 - - [11/Sep/2026:08:53:57 -0400] "GET /%e5%8b%9e%e6%a8%a1%e9%a2%a8%e5%ba%a6%c2%b7%e5%ae%bf%e9%81%b7%e5%b8%82%e4%bc%91%e6%81%af%e6%a8%a1%e8%8c%83%e4%bb%bb%e6%a3%ae%e5%92%8c%e8%a8%ba%e6%89%80%e9%ab%94%e6%aa%a2%e9%9d%9c%ef%bc%9a-11/ HTTP/1.1" 302 0 "https://bft.com.tw/%e5%9c%8b%e5%ba%a6%e8%a1%9b%e7%94%9f%e5%ae%89%e5%ba%b7%e5%a7%94%e6%a3%ae%e5%92%8c%e8%a8%ba%e6%89%80%e9%ab%94%e6%aa%a2%e7%99%bc%e5%b8%83%e4%b8%8b%e5%b1%a4%e8%a1%9b%e7%94%9f%e5%ae%89%e5%ba%b7%e4%be%bf-8/" "Mozilla/5.0 (Linux; Android 7.0;) AppleWebKit/537.36 (HTML, like Gecko) Mobile Safari/537.36 (compatible; PetalBot;+https://webmaster.petalsearch.com/site/petalbot)"
114.119.132.36 - - [11/Sep/2026:08:53:58 -0400] "GET /wp-admin/setup-config.php HTTP/1.1" 200 4054 "https://bft.com.tw/%e5%9c%8b%e5%ba%a6%e8%a1%9b%e7%94%9f%e5%ae%89%e5%ba%b7%e5%a7%94%e6%a3%ae%e5%92%8c%e8%a8%ba%e6%89%80%e9%ab%94%e6%aa%a2%e7%99%bc%e5%b8%83%e4%b8%8b%e5%b1%a4%e8%a1%9b%e7%94%9f%e5%ae%89%e5%ba%b7%e4%be%bf-8/" "Mozilla/5.0 (Linux; Android 7.0;) AppleWebKit/537.36 (HTML, like Gecko) Mobile Safari/537.36 (compatible; PetalBot;+https://webmaster.petalsearch.com/site/petalbot)"
216.73.216.45 - - [11/Sep/2026:08:54:02 -0400] "GET /robots.txt HTTP/2" 302 0 "-" "Mozilla/5.0 AppleWebKit/537.36 (KHTML, like Gecko; compatible; ClaudeBot/1.0; +claudebot@anthropic.com)"
216.73.216.45 - - [11/Sep/2026:08:54:02 -0400] "GET /wp-admin/setup-config.php HTTP/2" 200 4051 "https://www.bft.com.tw/robots.txt" "Mozilla/5.0 AppleWebKit/537.36 (KHTML, like Gecko; compatible; ClaudeBot/1.0; +claudebot@anthropic.com)"
216.73.216.45 - - [11/Sep/2026:08:54:02 -0400] "GET /sitemap.xml HTTP/2" 302 0 "-" "Mozilla/5.0 AppleWebKit/537.36 (KHTML, like Gecko; compatible; ClaudeBot/1.0; +claudebot@anthropic.com)"
216.73.216.45 - - [11/Sep/2026:08:54:02 -0400] "GET /wp-admin/setup-config.php HTTP/2" 200 4051 "https://www.bft.com.tw/sitemap.xml" "Mozilla/5.0 AppleWebKit/537.36 (KHTML, like Gecko; compatible; ClaudeBot/1.0; +claudebot@anthropic.com)"
14.102.78.232 - - [11/Sep/2026:08:54:04 -0400] "POST /xmlrpc.php HTTP/1.1" 403 1242 "-" "Jetpack by WordPress.com"
196.171.16.187 - - [11/Sep/2026:08:54:07 -0400] "POST /xmlrpc.php HTTP/1.1" 403 1242 "-" "WordPress.com; https://wordpress.com"
14.102.78.232 - - [11/Sep/2026:08:54:14 -0400] "POST /xmlrpc.php HTTP/1.1" 403 1242 "-" "WordPress.com; https://wordpress.com"
57.141.20.6 - - [11/Sep/2026:08:54:14 -0400] "GET /%e5%ad%b8%e6%a0%a1%e5%81%87%e6%9c%9f%e5%88%b0%e7%99%bd%e6%b2%99%e5%ba%a6%e5%81%87%ef%bc%9f130%e5%b9%b4%e5%89%8d%e7%a7%80%e5%82%b3%e9%86%ab%e9%99%a2%e8%b2%bb%e7%94%a8%e7%9a%84%e5%90%8d%e4%ba%ba/ HTTP/2" 302 0 "-" "Mozilla/5.0 (Windows NT 10.0; Win64; x64) AppleWebKit/537.36 (KHTML, like Gecko) Chrome/145.0.0.0 Safari/537.36 (compatible; meta-externalagent/1.1 (+https://developers.facebook.com/docs/sharing/webmasters/crawler))"
57.141.20.41 - - [11/Sep/2026:08:54:16 -0400] "GET /wp-admin/setup-config.php HTTP/2" 200 4532 "-" "Mozilla/5.0 (Windows NT 10.0; Win64; x64) AppleWebKit/537.36 (KHTML, like Gecko) Chrome/145.0.0.0 Safari/537.36 (compatible; meta-externalagent/1.1 (+https://developers.facebook.com/docs/sharing/webmasters/crawler))"
196.171.16.187 - - [11/Sep/2026:08:54:17 -0400] "POST /xmlrpc.php HTTP/1.1" 403 1242 "-" "Jetpack by WordPress.com (Jetpack 12.1; WordPress 6.4)"
14.102.78.232 - - [11/Sep/2026:08:54:25 -0400] "POST /xmlrpc.php HTTP/1.1" 403 1242 "-" "Jetpack by WordPress.com (Jetpack 12.0; WordPress 6.2)"
196.171.16.187 - - [11/Sep/2026:08:54:27 -0400] "POST /xmlrpc.php HTTP/1.1" 403 1242 "-" "Jetpack by WordPress.com (Jetpack 12.1; WordPress 6.3)"
47.84.160.68 - - [11/Sep/2026:08:54:36 -0400] "GET /%E5%BC%B5%E6%9C%AC%E6%99%BA%E5%92%8C%E5%A5%AA%E5%86%A0%E5%90%8E%E5%86%8D%E8%88%87%E7%8E%8B%E7%8E%A9%E7%BF%BB%E5%A4%A9%E6%A9%9F%E5%A0%B4%E6%8E%A5%E9%80%81%E5%83%B9%E6%A0%BC%E7%9A%93%E6%8F%A1%E6%89%8B-2/20250814/25512.jpg HTTP/2" 302 0 "-" "Mozilla/5.0 (Macintosh; Intel Mac OS X 10_15_7) AppleWebKit/537.36 (KHTML, like Gecko) Chrome/147.0.0.0 Safari/537.36"
14.102.78.232 - - [11/Sep/2026:08:54:36 -0400] "POST /xmlrpc.php HTTP/1.1" 403 1242 "-" "Jetpack by WordPress.com"
47.84.160.68 - - [11/Sep/2026:08:54:36 -0400] "GET /wp-admin/setup-config.php HTTP/2" 200 4532 "https://bft.com.tw/%E5%BC%B5%E6%9C%AC%E6%99%BA%E5%92%8C%E5%A5%AA%E5%86%A0%E5%90%8E%E5%86%8D%E8%88%87%E7%8E%8B%E7%8E%A9%E7%BF%BB%E5%A4%A9%E6%A9%9F%E5%A0%B4%E6%8E%A5%E9%80%81%E5%83%B9%E6%A0%BC%E7%9A%93%E6%8F%A1%E6%89%8B-2/20250814/25512.jpg" "Mozilla/5.0 (Macintosh; Intel Mac OS X 10_15_7) AppleWebKit/537.36 (KHTML, like Gecko) Chrome/147.0.0.0 Safari/537.36"
196.171.16.187 - - [11/Sep/2026:08:54:37 -0400] "POST /xmlrpc.php HTTP/1.1" 403 1242 "-" "WordPress.com; https://wordpress.com"
57.141.20.52 - - [11/Sep/2026:08:54:39 -0400] "GET /%e8%8c%b6%e5%99%b4%e9%bc%bb%e9%a3%84%e5%b0%88%e5%8c%85%e9%a4%8a%e5%83%b9%e6%a0%bc%e5%87%ba%e8%96%84%e5%ae%b6%e5%8f%a3/ HTTP/2" 302 0 "-" "Mozilla/5.0 (Macintosh; Intel Mac OS X 10_15_7) AppleWebKit/537.36 (KHTML, like Gecko) Chrome/145.0.0.0 Safari/537.36 (compatible; meta-externalagent/1.1 (+https://developers.facebook.com/docs/sharing/webmasters/crawler))"
57.141.20.72 - - [11/Sep/2026:08:54:40 -0400] "GET /wp-admin/setup-config.php HTTP/2" 200 4532 "-" "Mozilla/5.0 (Macintosh; Intel Mac OS X 10_15_7) AppleWebKit/537.36 (KHTML, like Gecko) Chrome/145.0.0.0 Safari/537.36 (compatible; meta-externalagent/1.1 (+https://developers.facebook.com/docs/sharing/webmasters/crawler))"
14.102.78.232 - - [11/Sep/2026:08:54:46 -0400] "POST /xmlrpc.php HTTP/1.1" 403 1242 "-" "Jetpack by WordPress.com (Jetpack 12.5; WordPress 6.4)"
196.171.16.187 - - [11/Sep/2026:08:54:48 -0400] "POST /xmlrpc.php HTTP/1.1" 403 1242 "-" "WordPress.com; https://wordpress.com"
14.102.78.232 - - [11/Sep/2026:08:54:57 -0400] "POST /xmlrpc.php HTTP/1.1" 403 1242 "-" "Jetpack by WordPress.com (Jetpack 12.1; WordPress 6.2)"
196.171.16.187 - - [11/Sep/2026:08:54:59 -0400] "POST /xmlrpc.php HTTP/1.1" 403 1242 "-" "Jetpack by WordPress.com"
57.141.20.52 - - [11/Sep/2026:08:54:59 -0400] "GET /%e6%b4%9b%e9%99%bd%e7%a7%80%e5%82%b3%e9%86%ab%e9%99%a2%e5%81%a5%e6%aa%a2%e5%b8%82%e8%80%81%e5%9f%8e%e5%8d%80%e7%b8%bd%e5%b7%a5%e6%9c%83%e5%b1%95%e9%96%8b%e5%b0%88%e5%a0%b4%e5%83%b1%e7%94%a8%e9%81%8b/ HTTP/2" 302 0 "-" "Mozilla/5.0 (Macintosh; Intel Mac OS X 10_15_7) AppleWebKit/537.36 (KHTML, like Gecko) Chrome/145.0.0.0 Safari/537.36 (compatible; meta-externalagent/1.1 (+https://developers.facebook.com/docs/sharing/webmasters/crawler))"
57.141.20.2 - - [11/Sep/2026:08:55:00 -0400] "GET /wp-admin/setup-config.php HTTP/2" 200 4532 "-" "Mozilla/5.0 (Macintosh; Intel Mac OS X 10_15_7) AppleWebKit/537.36 (KHTML, like Gecko) Chrome/145.0.0.0 Safari/537.36 (compatible; meta-externalagent/1.1 (+https://developers.facebook.com/docs/sharing/webmasters/crawler))"
57.141.16.44 - - [11/Sep/2026:08:55:01 -0400] "GET / HTTP/2" 302 0 "-" "facebookexternalhit/1.1 (+http://www.facebook.com/externalhit_uatext.php)"
14.102.78.232 - - [11/Sep/2026:08:55:07 -0400] "POST /xmlrpc.php HTTP/1.1" 403 1242 "-" "Jetpack/13.0; WordPress/6.2; http://site85946862.com"
196.171.16.187 - - [11/Sep/2026:08:55:09 -0400] "POST /xmlrpc.php HTTP/1.1" 403 1242 "-" "WordPress.com; https://wordpress.com"
14.102.78.232 - - [11/Sep/2026:08:55:18 -0400] "POST /xmlrpc.php HTTP/1.1" 403 1242 "-" "Jetpack by WordPress.com (Jetpack 12.0; WordPress 6.1)"
196.171.16.187 - - [11/Sep/2026:08:55:20 -0400] "POST /xmlrpc.php HTTP/1.1" 403 1242 "-" "WordPress.com; https://wordpress.com"
14.102.78.232 - - [11/Sep/2026:08:55:28 -0400] "POST /xmlrpc.php HTTP/1.1" 403 1242 "-" "Jetpack/12.0; WordPress/6.1; http://site19065344.com"
57.141.20.39 - - [11/Sep/2026:08:55:29 -0400] "GET /%e5%a5%b3%e7%ab%a5%e8%aa%a4%e6%9c%8d%e5%ae%88%e6%b3%95%e6%b8%9b%e8%82%a5%e8%97%a5%e9%9b%a2%e4%b8%96%e6%b8%9b%e8%82%a5%e6%a3%ae%e5%92%8c%e8%a8%ba%e6%89%80%e6%b8%9b-34/ HTTP/2" 302 0 "-" "Mozilla/5.0 (Macintosh; Intel Mac OS X 10_15_7) AppleWebKit/537.36 (KHTML, like Gecko) Chrome/145.0.0.0 Safari/537.36 (compatible; meta-externalagent/1.1 (+https://developers.facebook.com/docs/sharing/webmasters/crawler))"
196.171.16.187 - - [11/Sep/2026:08:55:30 -0400] "POST /xmlrpc.php HTTP/1.1" 403 1242 "-" "Jetpack by WordPress.com"
57.141.20.32 - - [11/Sep/2026:08:55:30 -0400] "GET /wp-admin/setup-config.php HTTP/2" 200 4532 "-" "Mozilla/5.0 (Macintosh; Intel Mac OS X 10_15_7) AppleWebKit/537.36 (KHTML, like Gecko) Chrome/145.0.0.0 Safari/537.36 (compatible; meta-externalagent/1.1 (+https://developers.facebook.com/docs/sharing/webmasters/crawler))"
57.141.20.64 - - [11/Sep/2026:08:55:31 -0400] "GET /%e7%82%ba%e6%96%b0%e5%a4%b1%e6%a5%ad%e5%bd%a2%e7%a7%80%e5%82%b3%e9%86%ab%e9%99%a2%e9%ab%94%e6%aa%a2%e9%a0%85%e7%9b%ae%e7%8b%80%e4%bc%91%e6%81%af%e8%80%85%e4%be%9b%e7%b5%a6%e6%9b%b4%e5%a4%9a%e8%b2%bc/ HTTP/2" 302 0 "-" "Mozilla/5.0 (Windows NT 10.0; Win64; x64) AppleWebKit/537.36 (KHTML, like Gecko) Chrome/145.0.0.0 Safari/537.36 (compatible; meta-externalagent/1.1 (+https://developers.facebook.com/docs/sharing/webmasters/crawler))"
57.141.20.59 - - [11/Sep/2026:08:55:33 -0400] "GET /wp-admin/setup-config.php HTTP/2" 200 4532 "-" "Mozilla/5.0 (Windows NT 10.0; Win64; x64) AppleWebKit/537.36 (KHTML, like Gecko) Chrome/145.0.0.0 Safari/537.36 (compatible; meta-externalagent/1.1 (+https://developers.facebook.com/docs/sharing/webmasters/crawler))"
44.217.177.142 - - [11/Sep/2026:08:55:37 -0400] "GET /wp-json/wp/v2/posts/7722 HTTP/1.1" 302 0 "-" "Mozilla/5.0 AppleWebKit/537.36 (KHTML, like Gecko; compatible; Amazonbot/0.1; +https://developer.amazon.com/support/amazonbot) Chrome/119.0.6045.214 Safari/537.36"
57.141.20.60 - - [11/Sep/2026:08:55:38 -0400] "GET /%e6%b5%b7%e5%8d%97%e5%b0%81%e9%97%9c%e9%a6%96%e6%97%a5%e8%a6%8b%e8%81%9e%ef%bc%9a%e7%ac%ac%e4%b8%80%e6%89%b9%e5%9c%8b%e9%9a%9b%e8%88%b9%e8%88%b6%e8%90%bd%e6%88%b6%e4%b8%ad%e5%9c%8b%e6%b4%8b/ HTTP/2" 302 0 "-" "Mozilla/5.0 (Windows NT 10.0; Win64; x64) AppleWebKit/537.36 (KHTML, like Gecko) Chrome/145.0.0.0 Safari/537.36 (compatible; meta-externalagent/1.1 (+https://developers.facebook.com/docs/sharing/webmasters/crawler))"
14.102.78.232 - - [11/Sep/2026:08:55:38 -0400] "POST /xmlrpc.php HTTP/1.1" 403 1242 "-" "Jetpack/12.1; WordPress/6.3; http://site44360599.com"
18.192.166.72 - - [11/Sep/2026:08:55:39 -0400] "HEAD / HTTP/1.1" 302 0 "https://bft.com.tw" "Mozilla/5.0+(compatible; UptimeRobot/2.0; http://www.uptimerobot.com/)"
18.192.166.72 - - [11/Sep/2026:08:55:39 -0400] "HEAD /wp-admin/setup-config.php HTTP/1.1" 200 0 "https://bft.com.tw" "Mozilla/5.0+(compatible; UptimeRobot/2.0; http://www.uptimerobot.com/)"
57.141.20.39 - - [11/Sep/2026:08:55:39 -0400] "GET /wp-admin/setup-config.php HTTP/2" 200 4532 "-" "Mozilla/5.0 (Windows NT 10.0; Win64; x64) AppleWebKit/537.36 (KHTML, like Gecko) Chrome/145.0.0.0 Safari/537.36 (compatible; meta-externalagent/1.1 (+https://developers.facebook.com/docs/sharing/webmasters/crawler))"
196.171.16.187 - - [11/Sep/2026:08:55:41 -0400] "POST /xmlrpc.php HTTP/1.1" 403 1242 "-" "WordPress.com; https://wordpress.com"
14.102.78.232 - - [11/Sep/2026:08:55:50 -0400] "POST /xmlrpc.php HTTP/1.1" 403 1242 "-" "Jetpack/12.0; WordPress/6.2; http://site38935494.com"
196.171.16.187 - - [11/Sep/2026:08:55:51 -0400] "POST /xmlrpc.php HTTP/1.1" 403 1242 "-" "Jetpack by WordPress.com (Jetpack 12.5; WordPress 6.3)"
14.102.78.232 - - [11/Sep/2026:08:56:00 -0400] "POST /xmlrpc.php HTTP/1.1" 403 1242 "-" "Jetpack by WordPress.com"
196.171.16.187 - - [11/Sep/2026:08:56:01 -0400] "POST /xmlrpc.php HTTP/1.1" 403 1242 "-" "Jetpack by WordPress.com (Jetpack 13.0; WordPress 6.3)"
14.102.78.232 - - [11/Sep/2026:08:56:10 -0400] "POST /xmlrpc.php HTTP/1.1" 403 1242 "-" "Jetpack by WordPress.com (Jetpack 12.1; WordPress 6.3)"
196.171.16.187 - - [11/Sep/2026:08:56:12 -0400] "POST /xmlrpc.php HTTP/1.1" 403 1242 "-" "WordPress.com; https://wordpress.com"
216.73.216.45 - - [11/Sep/2026:08:56:17 -0400] "GET /robots.txt HTTP/2" 302 0 "-" "Mozilla/5.0 AppleWebKit/537.36 (KHTML, like Gecko; compatible; ClaudeBot/1.0; +claudebot@anthropic.com)"
216.73.216.45 - - [11/Sep/2026:08:56:17 -0400] "GET /wp-admin/setup-config.php HTTP/2" 200 4054 "https://bft.com.tw/robots.txt" "Mozilla/5.0 AppleWebKit/537.36 (KHTML, like Gecko; compatible; ClaudeBot/1.0; +claudebot@anthropic.com)"
216.73.216.45 - - [11/Sep/2026:08:56:17 -0400] "GET /sitemap.xml HTTP/2" 302 0 "-" "Mozilla/5.0 AppleWebKit/537.36 (KHTML, like Gecko; compatible; ClaudeBot/1.0; +claudebot@anthropic.com)"
216.73.216.45 - - [11/Sep/2026:08:56:17 -0400] "GET /wp-admin/setup-config.php HTTP/2" 200 4054 "https://bft.com.tw/sitemap.xml" "Mozilla/5.0 AppleWebKit/537.36 (KHTML, like Gecko; compatible; ClaudeBot/1.0; +claudebot@anthropic.com)"
57.141.20.13 - - [11/Sep/2026:08:56:18 -0400] "GET /osder%e5%a5%a7%e6%96%af%e5%be%b7%e6%b1%bd%e8%bb%8a%e9%9b%b6%e4%bb%b6%e9%95%b7%e6%9c%9f%e9%a0%b8%e6%a4%8e%e4%b8%8d%e9%81%a9%ef%bc%9f%e4%b8%89%e5%80%8b%e5%8b%95%e4%bd%9c%e5%8f%af%e4%bb%a5%e7%b7%a9/ HTTP/2" 302 0 "-" "Mozilla/5.0 (Windows NT 10.0; Win64; x64) AppleWebKit/537.36 (KHTML, like Gecko) Chrome/145.0.0.0 Safari/537.36 (compatible; meta-externalagent/1.1 (+https://developers.facebook.com/docs/sharing/webmasters/crawler))"
57.141.20.52 - - [11/Sep/2026:08:56:20 -0400] "GET /wp-admin/setup-config.php HTTP/2" 200 4532 "-" "Mozilla/5.0 (Windows NT 10.0; Win64; x64) AppleWebKit/537.36 (KHTML, like Gecko) Chrome/145.0.0.0 Safari/537.36 (compatible; meta-externalagent/1.1 (+https://developers.facebook.com/docs/sharing/webmasters/crawler))"
14.102.78.232 - - [11/Sep/2026:08:56:21 -0400] "POST /xmlrpc.php HTTP/1.1" 403 1242 "-" "WordPress.com; https://wordpress.com"
196.171.16.187 - - [11/Sep/2026:08:56:23 -0400] "POST /xmlrpc.php HTTP/1.1" 403 1242 "-" "Jetpack/12.1; WordPress/6.3; http://site92943066.com"
14.102.78.232 - - [11/Sep/2026:08:56:32 -0400] "POST /xmlrpc.php HTTP/1.1" 403 1242 "-" "Jetpack by WordPress.com"
196.171.16.187 - - [11/Sep/2026:08:56:33 -0400] "POST /xmlrpc.php HTTP/1.1" 403 1242 "-" "WordPress.com; https://wordpress.com"
52.167.144.210 - - [11/Sep/2026:08:56:40 -0400] "GET /36%E5%AE%B6%E5%90%8D%E6%A0%A1%E5%84%AA%E4%BC%81%E3%80%81%E8%B6%851000%E5%80%8B%E7%94%9C%E5%BF%83%E8%87%BA%E5%8C%85%E9%A4%8A%E7%B6%B2%E5%B4%97%E4%BD%8D%EF%BC%81%E5%BB%A3%E5%B7%9E%E6%B2%B3%E6%BC%A2/ HTTP/2" 302 0 "-" "Mozilla/5.0 AppleWebKit/537.36 (KHTML, like Gecko; compatible; bingbot/2.0; +http://www.bing.com/bingbot.htm) Chrome/116.0.1938.76 Safari/537.36"
52.167.144.210 - - [11/Sep/2026:08:56:42 -0400] "GET /wp-admin/setup-config.php HTTP/2" 200 4054 "-" "Mozilla/5.0 AppleWebKit/537.36 (KHTML, like Gecko; compatible; bingbot/2.0; +http://www.bing.com/bingbot.htm) Chrome/116.0.1938.76 Safari/537.36"
14.102.78.232 - - [11/Sep/2026:08:56:42 -0400] "POST /xmlrpc.php HTTP/1.1" 403 1242 "-" "Jetpack/12.1; WordPress/6.1; http://site65671307.com"
196.171.16.187 - - [11/Sep/2026:08:56:44 -0400] "POST /xmlrpc.php HTTP/1.1" 403 1242 "-" "Jetpack by WordPress.com"
57.141.20.71 - - [11/Sep/2026:08:56:48 -0400] "GET /%e6%b5%b7%e5%8d%97%e7%9c%81%e5%84%8b%e5%b7%9e%e5%b8%82%e7%b8%bd%e5%b7%a5%e6%9c%83%e7%ab%8b%e7%95%b0%e6%89%93%e9%80%a0%e5%a9%9aosder%e5%a5%a7%e6%96%af%e5%be%b7%e5%8f%b0%e5%8c%97%e6%b1%bd%e8%bb%8a/ HTTP/2" 302 0 "-" "Mozilla/5.0 (Windows NT 10.0; Win64; x64) AppleWebKit/537.36 (KHTML, like Gecko) Chrome/145.0.0.0 Safari/537.36 (compatible; meta-externalagent/1.1 (+https://developers.facebook.com/docs/sharing/webmasters/crawler))"
209.147.81.49 - - [11/Sep/2026:08:56:48 -0400] "GET / HTTP/2" 302 0 "-" "Mozilla/5.0 (Macintosh; Intel Mac OS X 10_15_7) AppleWebKit/537.36 (KHTML, like Gecko) Chrome/137.0.0.0 Safari/537.36"
209.147.81.49 - - [11/Sep/2026:08:56:48 -0400] "GET /wp-admin/setup-config.php HTTP/2" 200 4054 "https://bft.com.tw/" "Mozilla/5.0 (Macintosh; Intel Mac OS X 10_15_7) AppleWebKit/537.36 (KHTML, like Gecko) Chrome/137.0.0.0 Safari/537.36"
57.141.20.58 - - [11/Sep/2026:08:56:49 -0400] "GET /wp-admin/setup-config.php HTTP/2" 200 4532 "-" "Mozilla/5.0 (Windows NT 10.0; Win64; x64) AppleWebKit/537.36 (KHTML, like Gecko) Chrome/145.0.0.0 Safari/537.36 (compatible; meta-externalagent/1.1 (+https://developers.facebook.com/docs/sharing/webmasters/crawler))"
14.102.78.232 - - [11/Sep/2026:08:56:53 -0400] "POST /xmlrpc.php HTTP/1.1" 403 1242 "-" "WordPress.com; https://wordpress.com"
196.171.16.187 - - [11/Sep/2026:08:56:54 -0400] "POST /xmlrpc.php HTTP/1.1" 403 1242 "-" "WordPress.com; https://wordpress.com"
14.102.78.232 - - [11/Sep/2026:08:57:03 -0400] "POST /xmlrpc.php HTTP/1.1" 403 1242 "-" "Jetpack by WordPress.com (Jetpack 12.1; WordPress 6.2)"
196.171.16.187 - - [11/Sep/2026:08:57:05 -0400] "POST /xmlrpc.php HTTP/1.1" 403 1242 "-" "WordPress.com; https://wordpress.com"
14.102.78.232 - - [11/Sep/2026:08:57:14 -0400] "POST /xmlrpc.php HTTP/1.1" 403 1242 "-" "Jetpack by WordPress.com (Jetpack 12.1; WordPress 6.2)"
196.171.16.187 - - [11/Sep/2026:08:57:15 -0400] "POST /xmlrpc.php HTTP/1.1" 403 1242 "-" "Jetpack by WordPress.com (Jetpack 13.0; WordPress 6.1)"
57.141.20.41 - - [11/Sep/2026:08:57:21 -0400] "GET /%e5%90%89%e6%9e%97%e5%b9%b4%e5%a4%9c%e5%ae%89%ef%bc%9a%e6%99%af%e5%9f%8e%e4%b8%80%e9%ab%94%e5%b0%88%e5%8c%85%e9%a4%8a%e7%b6%93%e9%a9%97%ef%bc%8c%e6%89%93%e9%80%a0%e5%85%a8%e5%9f%9f%e6%b8%b8%e7%8e%a9/ HTTP/2" 302 0 "-" "Mozilla/5.0 (Windows NT 10.0; Win64; x64) AppleWebKit/537.36 (KHTML, like Gecko) Chrome/144.0.0.0 Safari/537.36 Edg/144.0.0.0 (compatible; meta-externalagent/1.1 (+https://developers.facebook.com/docs/sharing/webmasters/crawler))"
57.141.20.17 - - [11/Sep/2026:08:57:22 -0400] "GET /wp-admin/setup-config.php HTTP/2" 200 4532 "-" "Mozilla/5.0 (Windows NT 10.0; Win64; x64) AppleWebKit/537.36 (KHTML, like Gecko) Chrome/144.0.0.0 Safari/537.36 Edg/144.0.0.0 (compatible; meta-externalagent/1.1 (+https://developers.facebook.com/docs/sharing/webmasters/crawler))"
14.102.78.232 - - [11/Sep/2026:08:57:24 -0400] "POST /xmlrpc.php HTTP/1.1" 403 1242 "-" "Jetpack/12.0; WordPress/6.3; http://site19698710.com"
196.171.16.187 - - [11/Sep/2026:08:57:25 -0400] "POST /xmlrpc.php HTTP/1.1" 403 1242 "-" "Jetpack/12.0; WordPress/6.3; http://site62361299.com"
57.141.20.74 - - [11/Sep/2026:08:57:30 -0400] "GET /%e4%ba%ba%e6%b0%a3%e6%bb%bf%e6%bb%bf%e6%b4%bb%e6%b0%a3%e8%b6%b3%e9%ad%85%e5%8a%9b%e5%9f%8e%e5%b8%82%e6%96%b0%e6%84%8f%e5%a4%9a-%e4%ba%94%e5%88%b0%e4%b9%9d%e5%ae%ae-3/ HTTP/2" 302 0 "-" "Mozilla/5.0 (Windows NT 10.0; Win64; x64) AppleWebKit/537.36 (KHTML, like Gecko) Chrome/145.0.0.0 Safari/537.36 (compatible; meta-externalagent/1.1 (+https://developers.facebook.com/docs/sharing/webmasters/crawler))"
57.141.20.71 - - [11/Sep/2026:08:57:30 -0400] "GET /wp-admin/setup-config.php HTTP/2" 200 4532 "-" "Mozilla/5.0 (Windows NT 10.0; Win64; x64) AppleWebKit/537.36 (KHTML, like Gecko) Chrome/145.0.0.0 Safari/537.36 (compatible; meta-externalagent/1.1 (+https://developers.facebook.com/docs/sharing/webmasters/crawler))"
14.102.78.232 - - [11/Sep/2026:08:57:35 -0400] "POST /xmlrpc.php HTTP/1.1" 403 1242 "-" "Jetpack by WordPress.com (Jetpack 12.0; WordPress 6.3)"
196.171.16.187 - - [11/Sep/2026:08:57:36 -0400] "POST /xmlrpc.php HTTP/1.1" 403 1242 "-" "Jetpack by WordPress.com"
57.141.20.65 - - [11/Sep/2026:08:57:40 -0400] "GET /%e9%9d%92%e5%b9%b4%e8%88%87%e5%9f%8e%e5%b8%82%e5%b0%88%e5%8c%85%e9%a4%8a%e5%83%b9%e6%a0%bc%e5%85%b1%e8%b4%8f%e5%85%b1%e9%80%b2/ HTTP/2" 302 0 "-" "Mozilla/5.0 (Macintosh; Intel Mac OS X 10_15_7) AppleWebKit/537.36 (KHTML, like Gecko) Chrome/145.0.0.0 Safari/537.36 (compatible; meta-externalagent/1.1 (+https://developers.facebook.com/docs/sharing/webmasters/crawler))"
57.141.20.7 - - [11/Sep/2026:08:57:40 -0400] "GET /wp-admin/setup-config.php HTTP/2" 200 4532 "-" "Mozilla/5.0 (Macintosh; Intel Mac OS X 10_15_7) AppleWebKit/537.36 (KHTML, like Gecko) Chrome/145.0.0.0 Safari/537.36 (compatible; meta-externalagent/1.1 (+https://developers.facebook.com/docs/sharing/webmasters/crawler))"
14.102.78.232 - - [11/Sep/2026:08:57:45 -0400] "POST /xmlrpc.php HTTP/1.1" 403 1242 "-" "Jetpack by WordPress.com"
196.171.16.187 - - [11/Sep/2026:08:57:46 -0400] "POST /xmlrpc.php HTTP/1.1" 403 1242 "-" "Jetpack by WordPress.com"
52.167.144.210 - - [11/Sep/2026:08:57:51 -0400] "GET /?f=79058133777100&channel=8146dd&from=shop.php%3Fid%3D1337771-16230%26name%3D%E6%97%A5%E6%9C%AC%E3%82%AD%E3%83%A4%E3%83%AA%E3%82%A2%EF%BC%88%E6%9D%B1%E8%8A%9D%EF%BC%89+%E6%8F%9B%E6%B0%97%E6%89%87+DVF-18MRKQ8+%E3%83%80%E3%82%AF%E3%83%88%E7%94%A8%E6%8F%9B%E6%B0%97%E6%89%87+%E3%83%A1%E3%82%BF%E3%83%AB%E3%83%AB%E3%83%BC%E3%83%90%E3%83%BC%E3%82%BF%E3%82%A4%E3%83%97 HTTP/2" 302 0 "-" "Mozilla/5.0 AppleWebKit/537.36 (KHTML, like Gecko; compatible; bingbot/2.0; +http://www.bing.com/bingbot.htm) Chrome/116.0.1938.76 Safari/537.36"
14.102.78.232 - - [11/Sep/2026:08:57:55 -0400] "POST /xmlrpc.php HTTP/1.1" 403 1242 "-" "WordPress.com; https://wordpress.com"
196.171.16.187 - - [11/Sep/2026:08:57:57 -0400] "POST /xmlrpc.php HTTP/1.1" 403 1242 "-" "Jetpack by WordPress.com (Jetpack 12.1; WordPress 6.4)"
57.141.20.25 - - [11/Sep/2026:08:58:03 -0400] "GET /%e5%bb%a3%e8%a5%bf%e6%a1%82%e6%9e%97%e9%98%b2%e6%b1%9b%e6%87%89%e6%80%a5%e5%91%bc%e6%87%89%e6%99%89%e9%99%9e%e7%82%ba%e4%b8%80%e7%b4%9a/ HTTP/2" 302 0 "-" "Mozilla/5.0 (Macintosh; Intel Mac OS X 10_15_7) AppleWebKit/537.36 (KHTML, like Gecko) Chrome/145.0.0.0 Safari/537.36 (compatible; meta-externalagent/1.1 (+https://developers.facebook.com/docs/sharing/webmasters/crawler))"
57.141.20.1 - - [11/Sep/2026:08:58:04 -0400] "GET /wp-admin/setup-config.php HTTP/2" 200 4532 "-" "Mozilla/5.0 (Macintosh; Intel Mac OS X 10_15_7) AppleWebKit/537.36 (KHTML, like Gecko) Chrome/145.0.0.0 Safari/537.36 (compatible; meta-externalagent/1.1 (+https://developers.facebook.com/docs/sharing/webmasters/crawler))"
95.91.210.199 - - [11/Sep/2026:08:58:05 -0400] "GET /wp-content/themes/twentytwentyfive/assets/fonts/fira-code/FiraCode-VariableFont_wght.woff2 HTTP/1.1" 200 106112 "-" "Mozilla/5.0 (Windows NT 10.0; Win64; x64) AppleWebKit/537.36 (KHTML, like Gecko) Chrome/123.0.0.0 Safari/537.36"
14.102.78.232 - - [11/Sep/2026:08:58:07 -0400] "POST /xmlrpc.php HTTP/1.1" 403 1242 "-" "Jetpack by WordPress.com"
196.171.16.187 - - [11/Sep/2026:08:58:07 -0400] "POST /xmlrpc.php HTTP/1.1" 403 1242 "-" "Jetpack by WordPress.com (Jetpack 13.0; WordPress 6.3)"
52.167.144.210 - - [11/Sep/2026:08:58:09 -0400] "GET /wp-admin/setup-config.php HTTP/2" 200 4054 "-" "Mozilla/5.0 AppleWebKit/537.36 (KHTML, like Gecko; compatible; bingbot/2.0; +http://www.bing.com/bingbot.htm) Chrome/116.0.1938.76 Safari/537.36"
112.38.59.130 - - [11/Sep/2026:08:58:13 -0400] "GET /%e8%b5%b0%e9%80%b2jiuyi%e4%bf%b1%e6%84%8f%e4%bd%8f%e5%ae%85%e8%a8%ad%e8%a8%88%e9%ac%a7%e5%b8%82%e4%b8%ad%e7%9a%84%e4%b8%96%e5%a4%96%e6%a1%83%e6%ba%90%ef%bc%8c%e7%9c%8b%e6%a1%83/ HTTP/1.1" 302 0 "-" "Mozilla/5.0 (Macintosh; Intel Mac OS X 11_7_0) AppleWebKit/537.36 (KHTML, like Gecko) Chrome/126.0.6478.126 Safari/537.36"
112.38.59.130 - - [11/Sep/2026:08:58:14 -0400] "GET /wp-admin/setup-config.php HTTP/1.1" 200 4532 "-" "Mozilla/5.0 (Macintosh; Intel Mac OS X 11_7_0) AppleWebKit/537.36 (KHTML, like Gecko) Chrome/126.0.6478.126 Safari/537.36"
14.102.78.232 - - [11/Sep/2026:08:58:17 -0400] "POST /xmlrpc.php HTTP/1.1" 403 1242 "-" "Jetpack by WordPress.com"
196.171.16.187 - - [11/Sep/2026:08:58:18 -0400] "POST /xmlrpc.php HTTP/1.1" 403 1242 "-" "Jetpack/12.0; WordPress/6.4; http://site57287149.com"
207.46.13.130 - - [11/Sep/2026:08:58:18 -0400] "GET /%E6%89%BE%E5%8C%85%E9%A4%8Aapp%E5%8C%97%E4%BA%AC%E5%B1%95%E6%98%A0%E5%88%9D%E6%AC%A1%E6%89%93%E9%80%A03%E5%80%8B%E9%9B%86%E4%B8%AD%E4%B8%8D%E9%9B%85%E5%BD%B1%E5%B8%B6/ HTTP/2" 302 0 "-" "Mozilla/5.0 AppleWebKit/537.36 (KHTML, like Gecko; compatible; bingbot/2.0; +http://www.bing.com/bingbot.htm) Chrome/116.0.1938.76 Safari/537.36"
207.46.13.130 - - [11/Sep/2026:08:58:18 -0400] "GET /wp-admin/setup-config.php HTTP/2" 200 4054 "-" "Mozilla/5.0 AppleWebKit/537.36 (KHTML, like Gecko; compatible; bingbot/2.0; +http://www.bing.com/bingbot.htm) Chrome/116.0.1938.76 Safari/537.36"
207.46.13.130 - - [11/Sep/2026:08:58:19 -0400] "GET /%E5%85%83%E9%A6%96%E4%BA%A4%E9%9A%9B%EF%BD%9C%E4%B8%AD%E7%BE%8E%E4%BE%86%E5%BE%80%E5%8F%B2%E4%B8%8A%E6%9A%96%E5%92%8C%E3%80%81%E5%8B%95%E8%81%BD%E6%8C%96%E5%8C%85%E9%A4%8A%E8%A1%8C%E6%83%85%E7%9A%84/ HTTP/2" 302 0 "-" "Mozilla/5.0 AppleWebKit/537.36 (KHTML, like Gecko; compatible; bingbot/2.0; +http://www.bing.com/bingbot.htm) Chrome/116.0.1938.76 Safari/537.36"
207.46.13.130 - - [11/Sep/2026:08:58:20 -0400] "GET /wp-admin/setup-config.php HTTP/2" 200 4054 "-" "Mozilla/5.0 AppleWebKit/537.36 (KHTML, like Gecko; compatible; bingbot/2.0; +http://www.bing.com/bingbot.htm) Chrome/116.0.1938.76 Safari/537.36"
14.102.78.232 - - [11/Sep/2026:08:58:28 -0400] "POST /xmlrpc.php HTTP/1.1" 403 1242 "-" "Jetpack by WordPress.com (Jetpack 12.5; WordPress 6.2)"
196.171.16.187 - - [11/Sep/2026:08:58:28 -0400] "POST /xmlrpc.php HTTP/1.1" 403 1242 "-" "Jetpack/12.1; WordPress/6.2; http://site96697790.com"
54.147.182.90 - - [11/Sep/2026:08:58:31 -0400] "GET /wp-json/oembed/1.0/embed?format=xml&url=https://bft.com.tw/cba%25e6%2585%25a3%25e4%25be%258b%25e8%25b3%25bd%25ef%25bc%259a%25e6%2596%25b0%25e7%2596%2586%25e4%25bc%258a%25e5%258a%259b%25e7%2589%25b9%25e5%258b%259d%25e5%25a4%25a9%25e6%25b4%25a5%25e5%2585%2588%25e5%258e%25bb%25e7%25a7%2580%25e5%2582%25b3%25e9%2586%25ab%25e9%2599%25a2%25e5%258b%259e%25e6%25aa%25a2%25e8%25a1%258c/ HTTP/1.1" 302 0 "-" "Mozilla/5.0 AppleWebKit/537.36 (KHTML, like Gecko; compatible; Amazonbot/0.1; +https://developer.amazon.com/support/amazonbot) Chrome/119.0.6045.214 Safari/537.36"
14.102.78.232 - - [11/Sep/2026:08:58:37 -0400] "POST /xmlrpc.php HTTP/1.1" 403 1242 "-" "WordPress.com; https://wordpress.com"
196.171.16.187 - - [11/Sep/2026:08:58:39 -0400] "POST /xmlrpc.php HTTP/1.1" 403 1242 "-" "Jetpack by WordPress.com (Jetpack 12.5; WordPress 6.3)"
57.141.20.65 - - [11/Sep/2026:08:58:42 -0400] "GET /%e9%80%90%e6%97%a5%e7%94%9f%e5%8f%b0%e5%8c%97%e7%a7%80%e5%82%b3%e5%81%a5%e6%aa%a2%e8%82%96%e9%81%8b%e7%a8%8b-8/ HTTP/2" 302 0 "-" "Mozilla/5.0 (Windows NT 10.0; Win64; x64) AppleWebKit/537.36 (KHTML, like Gecko) Chrome/145.0.0.0 Safari/537.36 (compatible; meta-externalagent/1.1 (+https://developers.facebook.com/docs/sharing/webmasters/crawler))"
57.141.20.34 - - [11/Sep/2026:08:58:42 -0400] "GET /wp-admin/setup-config.php HTTP/2" 200 4532 "-" "Mozilla/5.0 (Windows NT 10.0; Win64; x64) AppleWebKit/537.36 (KHTML, like Gecko) Chrome/145.0.0.0 Safari/537.36 (compatible; meta-externalagent/1.1 (+https://developers.facebook.com/docs/sharing/webmasters/crawler))"
57.141.20.58 - - [11/Sep/2026:08:58:44 -0400] "GET /%e5%9c%8b%e5%ba%a6%e6%88%90%e9%95%b7%e6%94%b9%e9%80%a0%e5%a7%94%e5%b0%b1%e5%be%ae%e8%a7%80%e7%b6%93%e6%bf%9f%e9%81%8b%e8%bd%89%e6%83%85%e5%bd%a2%e5%81%9c%e6%ad%a2%e9%97%a1%e6%98%8e-_-%e4%b8%ad/ HTTP/2" 302 0 "-" "Mozilla/5.0 (Windows NT 10.0; Win64; x64) AppleWebKit/537.36 (KHTML, like Gecko) Chrome/145.0.0.0 Safari/537.36 (compatible; meta-externalagent/1.1 (+https://developers.facebook.com/docs/sharing/webmasters/crawler))"
57.141.20.65 - - [11/Sep/2026:08:58:46 -0400] "GET /wp-admin/setup-config.php HTTP/2" 200 4532 "-" "Mozilla/5.0 (Windows NT 10.0; Win64; x64) AppleWebKit/537.36 (KHTML, like Gecko) Chrome/145.0.0.0 Safari/537.36 (compatible; meta-externalagent/1.1 (+https://developers.facebook.com/docs/sharing/webmasters/crawler))"
14.102.78.232 - - [11/Sep/2026:08:58:49 -0400] "POST /xmlrpc.php HTTP/1.1" 403 1242 "-" "Jetpack by WordPress.com (Jetpack 12.1; WordPress 6.3)"
196.171.16.187 - - [11/Sep/2026:08:58:49 -0400] "POST /xmlrpc.php HTTP/1.1" 403 1242 "-" "Jetpack/12.0; WordPress/6.2; http://site78315699.com"
196.171.16.187 - - [11/Sep/2026:08:58:59 -0400] "POST /xmlrpc.php HTTP/1.1" 403 1242 "-" "WordPress.com; https://wordpress.com"
14.102.78.232 - - [11/Sep/2026:08:59:00 -0400] "POST /xmlrpc.php HTTP/1.1" 403 1242 "-" "Jetpack by WordPress.com"
114.119.130.151 - - [11/Sep/2026:08:59:06 -0400] "GET /%e5%8b%95%e8%84%ab%e6%89%8b%e6%8c%87%e5%b0%b1%e6%90%9e%e5%ae%9a-%e9%86%ab%e4%bf%9d%e8%b7%a8%e7%9c%81%e7%95%b0%e6%a3%ae%e5%92%8c%e8%a8%ba%e6%89%80%e5%ae%b6%e9%86%ab%e7%a7%91%e5%9c%b0/ HTTP/1.1" 302 0 "https://bft.com.tw/page/218/?xiangnaide-10161_html" "Mozilla/5.0 (Linux; Android 7.0;) AppleWebKit/537.36 (HTML, like Gecko) Mobile Safari/537.36 (compatible; PetalBot;+https://webmaster.petalsearch.com/site/petalbot)"
114.119.130.151 - - [11/Sep/2026:08:59:07 -0400] "GET /wp-admin/setup-config.php HTTP/1.1" 200 4054 "https://bft.com.tw/page/218/?xiangnaide-10161_html" "Mozilla/5.0 (Linux; Android 7.0;) AppleWebKit/537.36 (HTML, like Gecko) Mobile Safari/537.36 (compatible; PetalBot;+https://webmaster.petalsearch.com/site/petalbot)"
14.102.78.232 - - [11/Sep/2026:08:59:10 -0400] "POST /xmlrpc.php HTTP/1.1" 403 1242 "-" "WordPress.com; https://wordpress.com"
196.171.16.187 - - [11/Sep/2026:08:59:10 -0400] "POST /xmlrpc.php HTTP/1.1" 403 1242 "-" "Jetpack by WordPress.com (Jetpack 12.5; WordPress 6.1)"
14.102.78.232 - - [11/Sep/2026:08:59:20 -0400] "POST /xmlrpc.php HTTP/1.1" 403 1242 "-" "WordPress.com; https://wordpress.com"
196.171.16.187 - - [11/Sep/2026:08:59:21 -0400] "POST /xmlrpc.php HTTP/1.1" 403 1242 "-" "Jetpack/13.0; WordPress/6.1; http://site32654136.com"
57.141.20.70 - - [11/Sep/2026:08:59:27 -0400] "GET /%e6%98%a5%e8%8c%b6%e8%a7%a3%e9%8e%96%e6%9b%b4%e5%a4%9a%e5%88%b0%e4%b9%9d%e5%ae%ae%e6%a0%bc%e7%a9%ba%e9%96%93%e8%8a%b1%e8%b2%bb%e8%83%bd%e5%a4%a0/ HTTP/2" 302 0 "-" "Mozilla/5.0 (Windows NT 10.0; Win64; x64) AppleWebKit/537.36 (KHTML, like Gecko) Chrome/145.0.0.0 Safari/537.36 (compatible; meta-externalagent/1.1 (+https://developers.facebook.com/docs/sharing/webmasters/crawler))"
57.141.20.41 - - [11/Sep/2026:08:59:27 -0400] "GET /wp-admin/setup-config.php HTTP/2" 200 4532 "-" "Mozilla/5.0 (Windows NT 10.0; Win64; x64) AppleWebKit/537.36 (KHTML, like Gecko) Chrome/145.0.0.0 Safari/537.36 (compatible; meta-externalagent/1.1 (+https://developers.facebook.com/docs/sharing/webmasters/crawler))"
14.102.78.232 - - [11/Sep/2026:08:59:30 -0400] "POST /xmlrpc.php HTTP/1.1" 403 1242 "-" "Jetpack by WordPress.com (Jetpack 12.0; WordPress 6.1)"
196.171.16.187 - - [11/Sep/2026:08:59:31 -0400] "POST /xmlrpc.php HTTP/1.1" 403 1242 "-" "Jetpack/12.1; WordPress/6.2; http://site93471165.com"
196.171.16.187 - - [11/Sep/2026:08:59:42 -0400] "POST /xmlrpc.php HTTP/1.1" 403 1242 "-" "Jetpack/12.5; WordPress/6.3; http://site72144587.com"
14.102.78.232 - - [11/Sep/2026:08:59:42 -0400] "POST /xmlrpc.php HTTP/1.1" 403 1242 "-" "Jetpack/12.0; WordPress/6.2; http://site81586608.com"
57.141.20.26 - - [11/Sep/2026:08:59:46 -0400] "GET /%e5%8b%9e%e6%a8%a1%e9%a2%a8%e5%ba%a6%e4%b8%a8%e5%8b%be%e6%98%8e%e6%9d%be%ef%bc%9a%e5%b9%b3%e5%b8%b8%e8%81%b7%e4%bd%8d%e4%b8%8a%e7%9a%84%e5%88%b0%e4%b9%9d%e5%ae%ae%e6%a0%bc%e6%9c%83%e8%ad%b0%e5%ae%a4/ HTTP/2" 302 0 "-" "Mozilla/5.0 (Windows NT 10.0; Win64; x64) AppleWebKit/537.36 (KHTML, like Gecko) Chrome/145.0.0.0 Safari/537.36 (compatible; meta-externalagent/1.1 (+https://developers.facebook.com/docs/sharing/webmasters/crawler))"
57.141.20.9 - - [11/Sep/2026:08:59:48 -0400] "GET /wp-admin/setup-config.php HTTP/2" 200 4532 "-" "Mozilla/5.0 (Windows NT 10.0; Win64; x64) AppleWebKit/537.36 (KHTML, like Gecko) Chrome/145.0.0.0 Safari/537.36 (compatible; meta-externalagent/1.1 (+https://developers.facebook.com/docs/sharing/webmasters/crawler))"
14.102.78.232 - - [11/Sep/2026:08:59:51 -0400] "POST /xmlrpc.php HTTP/1.1" 403 1242 "-" "Jetpack by WordPress.com"
196.171.16.187 - - [11/Sep/2026:08:59:52 -0400] "POST /xmlrpc.php HTTP/1.1" 403 1242 "-" "Jetpack/12.1; WordPress/6.3; http://site29946764.com"
196.171.16.187 - - [11/Sep/2026:09:00:03 -0400] "POST /xmlrpc.php HTTP/1.1" 403 1242 "-" "WordPress.com; https://wordpress.com"
14.102.78.232 - - [11/Sep/2026:09:00:03 -0400] "POST /xmlrpc.php HTTP/1.1" 403 1242 "-" "Jetpack by WordPress.com (Jetpack 13.0; WordPress 6.2)"
57.141.20.20 - - [11/Sep/2026:09:00:11 -0400] "GET /%e5%85%a8%e7%90%8310%e5%b9%b4%e5%a4%9c%e6%9c%80%e4%bd%b3%e9%86%ab%e9%99%a2%e5%8f%b0%e5%8c%97%e7%a7%80%e5%82%b3%e5%81%a5%e6%aa%a2-%e6%96%b0%e5%8a%a0%e5%9d%a1%e4%b8%ad%e5%bf%83%e9%86%ab%e9%99%a2/ HTTP/2" 302 0 "-" "Mozilla/5.0 (Windows NT 10.0; Win64; x64) AppleWebKit/537.36 (KHTML, like Gecko) Chrome/145.0.0.0 Safari/537.36 (compatible; meta-externalagent/1.1 (+https://developers.facebook.com/docs/sharing/webmasters/crawler))"
52.167.144.210 - - [11/Sep/2026:09:00:12 -0400] "GET /%E6%8E%A8%E5%8B%95%E5%84%84%E5%B5%90%E9%9B%BB%E7%AB%B6%E6%A4%85%E5%8D%80%E5%9F%9F%E5%8D%94%E4%BD%9C%E6%8B%93%E5%AF%AC%E6%88%90%E9%95%B7%E7%A9%BA%E9%96%93-%E5%8A%A0%E9%80%9F-3/ HTTP/2" 302 0 "-" "Mozilla/5.0 AppleWebKit/537.36 (KHTML, like Gecko; compatible; bingbot/2.0; +http://www.bing.com/bingbot.htm) Chrome/116.0.1938.76 Safari/537.36"
14.102.78.232 - - [11/Sep/2026:09:00:13 -0400] "POST /xmlrpc.php HTTP/1.1" 403 1242 "-" "Jetpack/12.1; WordPress/6.3; http://site42176907.com"
57.141.20.64 - - [11/Sep/2026:09:00:12 -0400] "GET /wp-admin/setup-config.php HTTP/2" 200 4532 "-" "Mozilla/5.0 (Windows NT 10.0; Win64; x64) AppleWebKit/537.36 (KHTML, like Gecko) Chrome/145.0.0.0 Safari/537.36 (compatible; meta-externalagent/1.1 (+https://developers.facebook.com/docs/sharing/webmasters/crawler))"
52.167.144.210 - - [11/Sep/2026:09:00:13 -0400] "GET /wp-admin/setup-config.php HTTP/2" 200 4054 "-" "Mozilla/5.0 AppleWebKit/537.36 (KHTML, like Gecko; compatible; bingbot/2.0; +http://www.bing.com/bingbot.htm) Chrome/116.0.1938.76 Safari/537.36"
196.171.16.187 - - [11/Sep/2026:09:00:13 -0400] "POST /xmlrpc.php HTTP/1.1" 403 1242 "-" "Jetpack by WordPress.com (Jetpack 13.0; WordPress 6.4)"
57.141.20.32 - - [11/Sep/2026:09:00:14 -0400] "GET /%e9%80%90%e6%97%a5%e7%94%9f%e8%82%96%e7%a7%80%e5%82%b3%e9%86%ab%e9%99%a2%e5%b7%a1%e6%aa%a2%e9%81%8b%e7%a8%8b-4/ HTTP/2" 302 0 "-" "Mozilla/5.0 (Windows NT 10.0; Win64; x64) AppleWebKit/537.36 (KHTML, like Gecko) Chrome/145.0.0.0 Safari/537.36 (compatible; meta-externalagent/1.1 (+https://developers.facebook.com/docs/sharing/webmasters/crawler))"
57.141.20.54 - - [11/Sep/2026:09:00:15 -0400] "GET /wp-admin/setup-config.php HTTP/2" 200 4532 "-" "Mozilla/5.0 (Windows NT 10.0; Win64; x64) AppleWebKit/537.36 (KHTML, like Gecko) Chrome/145.0.0.0 Safari/537.36 (compatible; meta-externalagent/1.1 (+https://developers.facebook.com/docs/sharing/webmasters/crawler))"
34.206.193.60 - - [11/Sep/2026:09:00:20 -0400] "GET /wp-json/oembed/1.0/embed?url=https://bft.com.tw/%25e4%25ba%2591%25e5%258d%2597%25e5%25b9%25b4%25e5%25a4%259c%25e7%2590%2586%25e5%25a4%259a%25e5%259c%25b0%25e6%259d%2591%25e8%258e%258a%25e7%258f%25be%25e7%259c%25bc%25e9%258f%25a1%25e7%258e%258b%25e8%259b%2587osder%25e5%25a5%25a7%25e6%2596%25af%25e5%25be%25b7%25e5%25be%25b7%25e7%25b3%25bb%25e8%25bb%258a%25ef%25bc%2581/ HTTP/1.1" 302 0 "-" "Mozilla/5.0 AppleWebKit/537.36 (KHTML, like Gecko; compatible; Amazonbot/0.1; +https://developer.amazon.com/support/amazonbot) Chrome/119.0.6045.214 Safari/537.36"
196.171.16.187 - - [11/Sep/2026:09:00:24 -0400] "POST /xmlrpc.php HTTP/1.1" 403 1242 "-" "Jetpack by WordPress.com"
14.102.78.232 - - [11/Sep/2026:09:00:24 -0400] "POST /xmlrpc.php HTTP/1.1" 403 1242 "-" "Jetpack by WordPress.com (Jetpack 12.0; WordPress 6.4)"
57.141.20.9 - - [11/Sep/2026:09:00:34 -0400] "GET /%e6%8b%bf%e5%b0%88%e5%8c%85%e9%a4%8a%e5%83%b9%e6%a0%bc%e4%bb%80%e4%b9%88%e8%a7%a3%e6%95%91%e4%bd%a0%ef%bc%8c%e8%81%b7%e5%a0%b4%e5%b9%b2%e7%9c%bc%e7%99%a5%ef%bc%9f/ HTTP/2" 302 0 "-" "Mozilla/5.0 (X11; Linux x86_64) AppleWebKit/537.36 (KHTML, like Gecko) Chrome/145.0.0.0 Safari/537.36 (compatible; meta-externalagent/1.1 (+https://developers.facebook.com/docs/sharing/webmasters/crawler))"
14.102.78.232 - - [11/Sep/2026:09:00:34 -0400] "POST /xmlrpc.php HTTP/1.1" 403 1242 "-" "Jetpack by WordPress.com"
196.171.16.187 - - [11/Sep/2026:09:00:34 -0400] "POST /xmlrpc.php HTTP/1.1" 403 1242 "-" "WordPress.com; https://wordpress.com"
57.141.20.1 - - [11/Sep/2026:09:00:35 -0400] "GET /wp-admin/setup-config.php HTTP/2" 200 4532 "-" "Mozilla/5.0 (X11; Linux x86_64) AppleWebKit/537.36 (KHTML, like Gecko) Chrome/145.0.0.0 Safari/537.36 (compatible; meta-externalagent/1.1 (+https://developers.facebook.com/docs/sharing/webmasters/crawler))"
78.47.173.76 - - [11/Sep/2026:09:00:43 -0400] "HEAD / HTTP/1.1" 302 0 "https://bft.com.tw" "Mozilla/5.0+(compatible; UptimeRobot/2.0; http://www.uptimerobot.com/)"
78.47.173.76 - - [11/Sep/2026:09:00:44 -0400] "HEAD /wp-admin/setup-config.php HTTP/1.1" 200 0 "https://bft.com.tw" "Mozilla/5.0+(compatible; UptimeRobot/2.0; http://www.uptimerobot.com/)"
196.171.16.187 - - [11/Sep/2026:09:00:44 -0400] "POST /xmlrpc.php HTTP/1.1" 403 1242 "-" "Jetpack by WordPress.com (Jetpack 12.1; WordPress 6.2)"
14.102.78.232 - - [11/Sep/2026:09:00:45 -0400] "POST /xmlrpc.php HTTP/1.1" 403 1242 "-" "Jetpack by WordPress.com (Jetpack 13.0; WordPress 6.2)"
57.141.20.57 - - [11/Sep/2026:09:00:46 -0400] "GET /%e5%9c%a8%e4%b8%ad%e5%9c%8b%e5%bc%8f%e5%8f%a4%e4%bb%a3%e5%8c%96%e5%be%81%e7%a8%8b%e4%b8%8a%e7%ab%8b%e5%8a%9f%e7%ab%8b%e6%a5%ad-%e7%bf%92%e8%bf%91%e5%b9%b3%e7%b8%bd%e6%9b%b8%e8%a8%98/ HTTP/2" 302 0 "-" "Mozilla/5.0 (Windows NT 10.0; Win64; x64) AppleWebKit/537.36 (KHTML, like Gecko) Chrome/145.0.0.0 Safari/537.36 (compatible; meta-externalagent/1.1 (+https://developers.facebook.com/docs/sharing/webmasters/crawler))"
57.141.20.12 - - [11/Sep/2026:09:00:46 -0400] "GET /wp-admin/setup-config.php HTTP/2" 200 4532 "-" "Mozilla/5.0 (Windows NT 10.0; Win64; x64) AppleWebKit/537.36 (KHTML, like Gecko) Chrome/145.0.0.0 Safari/537.36 (compatible; meta-externalagent/1.1 (+https://developers.facebook.com/docs/sharing/webmasters/crawler))"
57.141.20.7 - - [11/Sep/2026:09:00:46 -0400] "GET /wp-includes/js/jquery/jquery-migrate.min.js?ver=3.4.1 HTTP/2" 200 4870 "https://bft.com.tw/wp-admin/setup-config.php" "Mozilla/5.0 (Windows NT 10.0; Win64; x64) AppleWebKit/537.36 (KHTML, like Gecko) Chrome/145.0.0.0 Safari/537.36 (compatible; meta-externalagent/1.1 (+https://developers.facebook.com/docs/sharing/webmasters/crawler))"
57.141.20.72 - - [11/Sep/2026:09:00:49 -0400] "GET /%e3%80%90%e6%98%a5%e9%81%8b%e9%80%b2%e8%a1%8c%e6%99%82%e3%80%91%e7%86%b1%e6%9c%8d%e5%8b%99%e5%ae%88%e8%ad%b7jiuyi%e4%bf%b1%e6%84%8f%e5%ae%a4%e5%85%a7%e8%a8%ad%e8%a8%88%e5%87%ba%e8%a1%8c%e8%b7%af/ HTTP/2" 302 0 "-" "Mozilla/5.0 (Windows NT 10.0; Win64; x64) AppleWebKit/537.36 (KHTML, like Gecko) Chrome/145.0.0.0 Safari/537.36 (compatible; meta-externalagent/1.1 (+https://developers.facebook.com/docs/sharing/webmasters/crawler))"
57.141.20.39 - - [11/Sep/2026:09:00:50 -0400] "GET /wp-admin/setup-config.php HTTP/2" 200 4532 "-" "Mozilla/5.0 (Windows NT 10.0; Win64; x64) AppleWebKit/537.36 (KHTML, like Gecko) Chrome/145.0.0.0 Safari/537.36 (compatible; meta-externalagent/1.1 (+https://developers.facebook.com/docs/sharing/webmasters/crawler))"
14.102.78.232 - - [11/Sep/2026:09:00:55 -0400] "POST /xmlrpc.php HTTP/1.1" 403 1242 "-" "WordPress.com; https://wordpress.com"
196.171.16.187 - - [11/Sep/2026:09:00:55 -0400] "POST /xmlrpc.php HTTP/1.1" 403 1242 "-" "Jetpack/13.0; WordPress/6.3; http://site40820159.com"
196.171.16.187 - - [11/Sep/2026:09:01:05 -0400] "POST /xmlrpc.php HTTP/1.1" 403 1242 "-" "WordPress.com; https://wordpress.com"
14.102.78.232 - - [11/Sep/2026:09:01:06 -0400] "POST /xmlrpc.php HTTP/1.1" 403 1242 "-" "WordPress.com; https://wordpress.com"
196.171.16.187 - - [11/Sep/2026:09:01:15 -0400] "POST /xmlrpc.php HTTP/1.1" 403 1242 "-" "WordPress.com; https://wordpress.com"
14.102.78.232 - - [11/Sep/2026:09:01:17 -0400] "POST /xmlrpc.php HTTP/1.1" 403 1242 "-" "Jetpack/12.1; WordPress/6.3; http://site28289102.com"
196.171.16.187 - - [11/Sep/2026:09:01:26 -0400] "POST /xmlrpc.php HTTP/1.1" 403 1242 "-" "Jetpack/12.1; WordPress/6.4; http://site21193509.com"
14.102.78.232 - - [11/Sep/2026:09:01:27 -0400] "POST /xmlrpc.php HTTP/1.1" 403 1242 "-" "Jetpack by WordPress.com"
57.141.20.44 - - [11/Sep/2026:09:01:32 -0400] "GET /%e8%80%b6%e7%a9%8c%e5%8f%97%e9%9b%a3%e7%af%80%e9%95%b7%e5%91%a8%e6%9c%ab-%e9%99%b8%e8%b7%af%e9%97%9c%e5%8d%a1%e8%bf%91140%e7%a7%80%e5%82%b3%e9%86%ab%e9%99%a2%e5%81%a5%e5%ba%b7%e6%aa%a2%e6%9f%a5/ HTTP/2" 302 0 "-" "Mozilla/5.0 (Windows NT 10.0; Win64; x64) AppleWebKit/537.36 (KHTML, like Gecko) Chrome/145.0.0.0 Safari/537.36 (compatible; meta-externalagent/1.1 (+https://developers.facebook.com/docs/sharing/webmasters/crawler))"
57.141.20.14 - - [11/Sep/2026:09:01:32 -0400] "GET /wp-admin/setup-config.php HTTP/2" 200 4532 "-" "Mozilla/5.0 (Windows NT 10.0; Win64; x64) AppleWebKit/537.36 (KHTML, like Gecko) Chrome/145.0.0.0 Safari/537.36 (compatible; meta-externalagent/1.1 (+https://developers.facebook.com/docs/sharing/webmasters/crawler))"
57.141.20.8 - - [11/Sep/2026:09:01:33 -0400] "GET /%e5%b9%b3%e6%98%93%e8%bf%91%e8%81%b2%ef%bd%9c%e8%ae%93%e7%80%8f%e8%a6%bd%e6%88%90%e7%82%ba%e7%a7%80%e5%82%b3%e9%86%ab%e9%99%a2%e5%b7%a1%e6%aa%a2%e8%a7%b8%e6%89%8b%e5%8f%af%e5%8f%8a%e7%9a%84%e7%94%9f/ HTTP/2" 302 0 "-" "Mozilla/5.0 (Windows NT 10.0; Win64; x64) AppleWebKit/537.36 (KHTML, like Gecko) Chrome/145.0.0.0 Safari/537.36 (compatible; meta-externalagent/1.1 (+https://developers.facebook.com/docs/sharing/webmasters/crawler))"
57.141.20.28 - - [11/Sep/2026:09:01:34 -0400] "GET /wp-admin/setup-config.php HTTP/2" 200 4532 "-" "Mozilla/5.0 (Windows NT 10.0; Win64; x64) AppleWebKit/537.36 (KHTML, like Gecko) Chrome/145.0.0.0 Safari/537.36 (compatible; meta-externalagent/1.1 (+https://developers.facebook.com/docs/sharing/webmasters/crawler))"
57.141.12.4 - - [11/Sep/2026:09:01:36 -0400] "GET / HTTP/2" 302 0 "-" "facebookexternalhit/1.1 (+http://www.facebook.com/externalhit_uatext.php)"
196.171.16.187 - - [11/Sep/2026:09:01:37 -0400] "POST /xmlrpc.php HTTP/1.1" 403 1242 "-" "Jetpack by WordPress.com (Jetpack 13.0; WordPress 6.2)"
14.102.78.232 - - [11/Sep/2026:09:01:38 -0400] "POST /xmlrpc.php HTTP/1.1" 403 1242 "-" "Jetpack by WordPress.com (Jetpack 12.5; WordPress 6.1)"
57.141.20.49 - - [11/Sep/2026:09:01:39 -0400] "GET /%e7%bd%ae%e9%a0%82%e5%b9%b3%e6%a3%ae%e5%92%8c%e8%a8%ba%e6%89%80%e5%ae%b6%e9%86%ab%e7%a7%91%e6%98%93%e8%bf%91%e7%94%9f%e9%81%bc%e5%af%a7%e6%b2%88%e9%99%bd%e7%9a%84%e6%88%90%e9%95%b7%e6%ba%ab/ HTTP/2" 302 0 "-" "Mozilla/5.0 (Windows NT 10.0; Win64; x64) AppleWebKit/537.36 (KHTML, like Gecko) Chrome/145.0.0.0 Safari/537.36 (compatible; meta-externalagent/1.1 (+https://developers.facebook.com/docs/sharing/webmasters/crawler))"
57.141.20.4 - - [11/Sep/2026:09:01:40 -0400] "GET /wp-admin/setup-config.php HTTP/2" 200 4532 "-" "Mozilla/5.0 (Windows NT 10.0; Win64; x64) AppleWebKit/537.36 (KHTML, like Gecko) Chrome/145.0.0.0 Safari/537.36 (compatible; meta-externalagent/1.1 (+https://developers.facebook.com/docs/sharing/webmasters/crawler))"
196.171.16.187 - - [11/Sep/2026:09:01:47 -0400] "POST /xmlrpc.php HTTP/1.1" 403 1242 "-" "Jetpack by WordPress.com"
14.102.78.232 - - [11/Sep/2026:09:01:48 -0400] "POST /xmlrpc.php HTTP/1.1" 403 1242 "-" "Jetpack/12.1; WordPress/6.3; http://site24066519.com"
196.171.16.187 - - [11/Sep/2026:09:01:58 -0400] "POST /xmlrpc.php HTTP/1.1" 403 1242 "-" "Jetpack by WordPress.com (Jetpack 12.5; WordPress 6.1)"
14.102.78.232 - - [11/Sep/2026:09:01:59 -0400] "POST /xmlrpc.php HTTP/1.1" 403 1242 "-" "Jetpack by WordPress.com (Jetpack 12.0; WordPress 6.1)"
196.171.16.187 - - [11/Sep/2026:09:02:08 -0400] "POST /xmlrpc.php HTTP/1.1" 403 1242 "-" "Jetpack/12.1; WordPress/6.2; http://site94335860.com"
14.102.78.232 - - [11/Sep/2026:09:02:09 -0400] "POST /xmlrpc.php HTTP/1.1" 403 1242 "-" "Jetpack by WordPress.com (Jetpack 12.1; WordPress 6.3)"
196.171.16.187 - - [11/Sep/2026:09:02:19 -0400] "POST /xmlrpc.php HTTP/1.1" 403 1242 "-" "Jetpack by WordPress.com"
14.102.78.232 - - [11/Sep/2026:09:02:19 -0400] "POST /xmlrpc.php HTTP/1.1" 403 1242 "-" "Jetpack/12.1; WordPress/6.2; http://site74933136.com"
196.171.16.187 - - [11/Sep/2026:09:02:29 -0400] "POST /xmlrpc.php HTTP/1.1" 403 1242 "-" "Jetpack/12.1; WordPress/6.4; http://site56411158.com"
14.102.78.232 - - [11/Sep/2026:09:02:30 -0400] "POST /xmlrpc.php HTTP/1.1" 403 1242 "-" "Jetpack by WordPress.com (Jetpack 12.5; WordPress 6.1)"
57.141.2.72 - - [11/Sep/2026:09:02:35 -0400] "GET / HTTP/2" 302 0 "-" "facebookexternalhit/1.1 (+http://www.facebook.com/externalhit_uatext.php)"
196.171.16.187 - - [11/Sep/2026:09:02:40 -0400] "POST /xmlrpc.php HTTP/1.1" 403 1242 "-" "Jetpack by WordPress.com (Jetpack 12.5; WordPress 6.1)"
14.102.78.232 - - [11/Sep/2026:09:02:40 -0400] "POST /xmlrpc.php HTTP/1.1" 403 1242 "-" "Jetpack/13.0; WordPress/6.2; http://site31722749.com"
196.171.16.187 - - [11/Sep/2026:09:02:50 -0400] "POST /xmlrpc.php HTTP/1.1" 403 1242 "-" "WordPress.com; https://wordpress.com"
57.141.20.55 - - [11/Sep/2026:09:02:51 -0400] "GET /%e6%ad%a6%e6%bc%a2%e6%96%b0%e5%a2%9e46%e4%be%8b%e5%a4%96%e9%84%89%e7%84%a1%e7%99%a5osder%e5%a5%a7%e6%96%af%e5%be%b7%e6%b1%bd%e8%bb%8a%e6%9d%90%e6%96%99%e7%8b%80%e6%b2%be%e6%9f%93%e8%80%85/ HTTP/2" 302 0 "-" "Mozilla/5.0 (Windows NT 10.0; Win64; x64) AppleWebKit/537.36 (KHTML, like Gecko) Chrome/145.0.0.0 Safari/537.36 (compatible; meta-externalagent/1.1 (+https://developers.facebook.com/docs/sharing/webmasters/crawler))"
14.102.78.232 - - [11/Sep/2026:09:02:51 -0400] "POST /xmlrpc.php HTTP/1.1" 403 1242 "-" "WordPress.com; https://wordpress.com"
57.141.20.66 - - [11/Sep/2026:09:02:52 -0400] "GET /wp-admin/setup-config.php HTTP/2" 200 4532 "-" "Mozilla/5.0 (Windows NT 10.0; Win64; x64) AppleWebKit/537.36 (KHTML, like Gecko) Chrome/145.0.0.0 Safari/537.36 (compatible; meta-externalagent/1.1 (+https://developers.facebook.com/docs/sharing/webmasters/crawler))"
52.167.144.197 - - [11/Sep/2026:09:02:53 -0400] "GET /Nino/%E5%B0%88%E9%96%80%E7%A0%94%E7%A9%B6-%E5%BF%AB%E6%8D%B7-%E9%AB%98%E5%83%B9%E6%B7%B1%E5%9C%B3%E7%99%BB%E8%A8%98-%E5%9C%B0%E5%9D%80-%E5%87%BA%E7%A7%9F%E5%85%AC%E5%8F%B8%E8%A8%BB/ HTTP/2" 302 0 "-" "Mozilla/5.0 AppleWebKit/537.36 (KHTML, like Gecko; compatible; bingbot/2.0; +http://www.bing.com/bingbot.htm) Chrome/116.0.1938.76 Safari/537.36"
52.167.144.197 - - [11/Sep/2026:09:02:53 -0400] "GET /wp-admin/setup-config.php HTTP/2" 200 4054 "-" "Mozilla/5.0 AppleWebKit/537.36 (KHTML, like Gecko; compatible; bingbot/2.0; +http://www.bing.com/bingbot.htm) Chrome/116.0.1938.76 Safari/537.36"
52.167.144.197 - - [11/Sep/2026:09:02:54 -0400] "GET /%E4%B8%83%E8%A6%93%E5%8C%85%E9%A4%8A%E5%80%8B%E8%81%9A%E7%84%A6%E6%9C%89%E6%B7%B1%E6%84%8F%E2%91%A1/ HTTP/2" 302 0 "-" "Mozilla/5.0 AppleWebKit/537.36 (KHTML, like Gecko; compatible; bingbot/2.0; +http://www.bing.com/bingbot.htm) Chrome/116.0.1938.76 Safari/537.36"
52.167.144.197 - - [11/Sep/2026:09:02:55 -0400] "GET /wp-admin/setup-config.php HTTP/2" 200 4054 "-" "Mozilla/5.0 AppleWebKit/537.36 (KHTML, like Gecko; compatible; bingbot/2.0; +http://www.bing.com/bingbot.htm) Chrome/116.0.1938.76 Safari/537.36"
196.171.16.187 - - [11/Sep/2026:09:03:00 -0400] "POST /xmlrpc.php HTTP/1.1" 403 1242 "-" "Jetpack by WordPress.com"
14.102.78.232 - - [11/Sep/2026:09:03:01 -0400] "POST /xmlrpc.php HTTP/1.1" 403 1242 "-" "Jetpack by WordPress.com (Jetpack 12.1; WordPress 6.3)"
57.141.20.1 - - [11/Sep/2026:09:03:05 -0400] "GET /%e4%b8%8d%e4%bb%a5%e5%b1%b1%e6%b5%b7%e7%82%ba%e9%81%a0%e8%81%af%e8%a2%82%e5%85%b1%e8%ad%9c%e6%96%b0%e7%af%87%ef%bd%9c%e4%ba%ac%e8%92%99%e5%8d%94%e4%bd%9c%ef%bc%8c%e4%b8%80%e6%ac%a1%e8%88%88/ HTTP/2" 302 0 "-" "Mozilla/5.0 (X11; Linux x86_64) AppleWebKit/537.36 (KHTML, like Gecko) Chrome/145.0.0.0 Safari/537.36 (compatible; meta-externalagent/1.1 (+https://developers.facebook.com/docs/sharing/webmasters/crawler))"
57.141.20.55 - - [11/Sep/2026:09:03:07 -0400] "GET /wp-admin/setup-config.php HTTP/2" 200 4532 "-" "Mozilla/5.0 (X11; Linux x86_64) AppleWebKit/537.36 (KHTML, like Gecko) Chrome/145.0.0.0 Safari/537.36 (compatible; meta-externalagent/1.1 (+https://developers.facebook.com/docs/sharing/webmasters/crawler))"
196.171.16.187 - - [11/Sep/2026:09:03:10 -0400] "POST /xmlrpc.php HTTP/1.1" 403 1242 "-" "Jetpack by WordPress.com"
14.102.78.232 - - [11/Sep/2026:09:03:13 -0400] "POST /xmlrpc.php HTTP/1.1" 403 1242 "-" "Jetpack/12.1; WordPress/6.3; http://site28813899.com"
112.233.237.12 - - [11/Sep/2026:09:03:15 -0400] "GET /%e6%a3%ae%e5%92%8c%e8%a8%ba%e6%89%80%e7%96%ab%e8%8b%97%e9%99%b3%e5%81%89%e7%90%b3%ef%bc%9a%e9%80%86%e8%a1%8c%e7%9a%84%e6%9d%91%e8%90%bd%e5%a4%a7%e5%a4%ab-4/ HTTP/1.1" 302 0 "-" "Mozilla/5.0 (Macintosh; Intel Mac OS X 14_4_1) AppleWebKit/537.36 (KHTML, like Gecko) Chrome/124.0.6367.207 Safari/537.36"
112.233.237.12 - - [11/Sep/2026:09:03:15 -0400] "GET /wp-admin/setup-config.php HTTP/1.1" 200 4532 "-" "Mozilla/5.0 (Macintosh; Intel Mac OS X 14_4_1) AppleWebKit/537.36 (KHTML, like Gecko) Chrome/124.0.6367.207 Safari/537.36"
196.171.16.187 - - [11/Sep/2026:09:03:22 -0400] "POST /xmlrpc.php HTTP/1.1" 403 1242 "-" "Jetpack/12.1; WordPress/6.3; http://site89552931.com"
14.102.78.232 - - [11/Sep/2026:09:03:23 -0400] "POST /xmlrpc.php HTTP/1.1" 403 1242 "-" "WordPress.com; https://wordpress.com"
196.171.16.187 - - [11/Sep/2026:09:03:32 -0400] "POST /xmlrpc.php HTTP/1.1" 403 1242 "-" "Jetpack by WordPress.com"
14.102.78.232 - - [11/Sep/2026:09:03:34 -0400] "POST /xmlrpc.php HTTP/1.1" 403 1242 "-" "Jetpack by WordPress.com"
196.171.16.187 - - [11/Sep/2026:09:03:42 -0400] "POST /xmlrpc.php HTTP/1.1" 403 1242 "-" "Jetpack by WordPress.com (Jetpack 12.5; WordPress 6.4)"
14.102.78.232 - - [11/Sep/2026:09:03:44 -0400] "POST /xmlrpc.php HTTP/1.1" 403 1242 "-" "Jetpack by WordPress.com (Jetpack 12.0; WordPress 6.4)"
196.171.16.187 - - [11/Sep/2026:09:03:53 -0400] "POST /xmlrpc.php HTTP/1.1" 403 1242 "-" "Jetpack/13.0; WordPress/6.1; http://site54427530.com"
14.102.78.232 - - [11/Sep/2026:09:03:54 -0400] "POST /xmlrpc.php HTTP/1.1" 403 1242 "-" "Jetpack by WordPress.com"
