57.141.20.0 - - [11/Sep/2026:11:57:14 -0400] "GET /%e6%9c%ac%e5%b9%b4%e5%9f%ba%e7%a4%8e%e5%85%ac%e5%85%b1%e8%a1%9b%e7%94%9f%e8%be%a6%e4%ba%8b%e7%b6%93%e8%b2%bb%e4%ba%ba%e5%9d%87%e8%b2%a1%e5%8b%99%e6%a3%ae%e5%92%8c%e8%a8%ba%e6%89%80%e9%ab%94%e6%aa%a2/ HTTP/2" 302 0 "-" "Mozilla/5.0 (Macintosh; Intel Mac OS X 10_15_7) AppleWebKit/537.36 (KHTML, like Gecko) Chrome/145.0.0.0 Safari/537.36 (compatible; meta-externalagent/1.1 (+https://developers.facebook.com/docs/sharing/webmasters/crawler))"
57.141.20.47 - - [11/Sep/2026:11:57:14 -0400] "GET /wp-admin/setup-config.php HTTP/2" 200 4532 "-" "Mozilla/5.0 (Macintosh; Intel Mac OS X 10_15_7) AppleWebKit/537.36 (KHTML, like Gecko) Chrome/145.0.0.0 Safari/537.36 (compatible; meta-externalagent/1.1 (+https://developers.facebook.com/docs/sharing/webmasters/crawler))"
40.77.167.51 - - [11/Sep/2026:11:57:15 -0400] "GET /EW/GO/GroupDetail.asp?prodCd=AUCIM180715A&sacctNo=27978086 HTTP/2" 302 0 "-" "Mozilla/5.0 AppleWebKit/537.36 (KHTML, like Gecko; compatible; bingbot/2.0; +http://www.bing.com/bingbot.htm) Chrome/116.0.1938.76 Safari/537.36"
40.77.167.51 - - [11/Sep/2026:11:57:17 -0400] "GET /wp-admin/setup-config.php HTTP/2" 200 4054 "-" "Mozilla/5.0 AppleWebKit/537.36 (KHTML, like Gecko; compatible; bingbot/2.0; +http://www.bing.com/bingbot.htm) Chrome/116.0.1938.76 Safari/537.36"
185.170.167.18 - - [11/Sep/2026:11:57:18 -0400] "GET /%E7%B0%BD%E8%A8%82%E5%8D%94%E5%AE%9A%E5%90%8E%E6%9C%AA%E5%B0%88%E5%8C%85%E9%A4%8A%E7%B6%B2%E5%BF%83%E5%BE%97%E7%9B%A1%E6%92%AB%E9%A4%8A%E4%B9%8B%E8%B2%AC%E4%BF%9D%E5%A7%86%E5%8F%97%E9%81%BA%E8%B4%88/ HTTP/1.1" 302 0 "-" "Mozilla/5.0 (compatible; BacklinksExtendedBot)"
123.128.94.138 - - [11/Sep/2026:11:57:20 -0400] "GET /147-year-old-parade-still-thrives-in-foshans-songtang-vilosder%e5%a5%a7%e6%96%af%e5%be%b7%e9%9b%b6%e4%bb%b6%e5%95%86lage/ HTTP/1.1" 302 0 "-" "Mozilla/5.0 (Macintosh; Intel Mac OS X 13_5_2) AppleWebKit/537.36 (KHTML, like Gecko) Chrome/129.0.6668.100 Safari/537.36"
123.128.94.138 - - [11/Sep/2026:11:57:20 -0400] "GET /wp-admin/setup-config.php HTTP/1.1" 200 4532 "-" "Mozilla/5.0 (Macintosh; Intel Mac OS X 13_5_2) AppleWebKit/537.36 (KHTML, like Gecko) Chrome/129.0.6668.100 Safari/537.36"
40.77.167.51 - - [11/Sep/2026:11:57:32 -0400] "GET /%E7%B6%B2%E7%B5%A1%E5%B9%B3%E5%AE%89%E5%AE%A3%E5%82%B3%E5%91%A8-%E6%89%BE%E5%8C%85%E9%A4%8A%E5%BF%83%E5%BE%97-%E9%82%84%E5%9C%A8%E6%89%93%E8%B3%9E%E5%81%87%E8%87%89%E5%A5%B3%E4%B8%BB%E6%92%AD/ HTTP/2" 302 0 "-" "Mozilla/5.0 AppleWebKit/537.36 (KHTML, like Gecko; compatible; bingbot/2.0; +http://www.bing.com/bingbot.htm) Chrome/116.0.1938.76 Safari/537.36"
40.77.167.51 - - [11/Sep/2026:11:57:34 -0400] "GET /wp-admin/setup-config.php HTTP/2" 200 4054 "-" "Mozilla/5.0 AppleWebKit/537.36 (KHTML, like Gecko; compatible; bingbot/2.0; +http://www.bing.com/bingbot.htm) Chrome/116.0.1938.76 Safari/537.36"
47.84.144.187 - - [11/Sep/2026:11:57:38 -0400] "GET /%E8%94%A1%E4%BE%9D%E6%9E%97%E7%8E%A9%E7%BF%BB%E5%A4%A9%E6%A1%83%E5%9C%92%E6%A9%9F%E5%A0%B4%E6%8E%A5%E9%80%81%E6%97%A9%E6%99%A8%E4%B9%9D%E9%BB%9E%E5%8D%8A%E5%B0%B1%E7%9D%A1%E8%A6%BA%EF%BC%8C%E6%9E%97/20250828/262232.jpg HTTP/2" 302 0 "-" "Mozilla/5.0 (Macintosh; Intel Mac OS X 10_15_7) AppleWebKit/537.36 (KHTML, like Gecko) Chrome/147.0.0.0 Safari/537.36"
47.84.144.187 - - [11/Sep/2026:11:57:38 -0400] "GET /wp-admin/setup-config.php HTTP/2" 200 4532 "https://bft.com.tw/%E8%94%A1%E4%BE%9D%E6%9E%97%E7%8E%A9%E7%BF%BB%E5%A4%A9%E6%A1%83%E5%9C%92%E6%A9%9F%E5%A0%B4%E6%8E%A5%E9%80%81%E6%97%A9%E6%99%A8%E4%B9%9D%E9%BB%9E%E5%8D%8A%E5%B0%B1%E7%9D%A1%E8%A6%BA%EF%BC%8C%E6%9E%97/20250828/262232.jpg" "Mozilla/5.0 (Macintosh; Intel Mac OS X 10_15_7) AppleWebKit/537.36 (KHTML, like Gecko) Chrome/147.0.0.0 Safari/537.36"
54.197.102.71 - - [11/Sep/2026:11:57:51 -0400] "GET /%E5%85%A8%E7%90%83%E6%9C%80%E5%B9%B4%E5%A4%9Cca%E5%84%84%E5%B5%90%E8%BE%A6%E5%85%AC%E5%AE%B6%E5%85%B7r-%E9%81%8B%E8%BC%B8%E8%88%B9%E9%A6%96%E8%88%AA-3/ HTTP/1.1" 302 0 "-" "Mozilla/5.0 AppleWebKit/537.36 (KHTML, like Gecko; compatible; Amazonbot/0.1; +https://developer.amazon.com/support/amazonbot) Chrome/119.0.6045.214 Safari/537.36"
57.141.20.12 - - [11/Sep/2026:11:58:18 -0400] "GET /%e5%8c%97%e4%ba%ac%ef%bc%9a%e5%b0%88%e5%8c%85%e9%a4%8a%e7%b6%b2%e7%ab%99%e6%af%94%e8%bc%8370%e4%bd%99%e8%90%ac%e4%ba%ba%e5%88%b0%e5%b8%82%e5%b1%ac%e5%85%ac%e5%9c%92%e5%b0%8b%e5%91%b3/ HTTP/2" 302 0 "-" "Mozilla/5.0 (Windows NT 10.0; Win64; x64) AppleWebKit/537.36 (KHTML, like Gecko) Chrome/145.0.0.0 Safari/537.36 (compatible; meta-externalagent/1.1 (+https://developers.facebook.com/docs/sharing/webmasters/crawler))"
57.141.20.0 - - [11/Sep/2026:11:58:18 -0400] "GET /wp-admin/setup-config.php HTTP/2" 200 4532 "-" "Mozilla/5.0 (Windows NT 10.0; Win64; x64) AppleWebKit/537.36 (KHTML, like Gecko) Chrome/145.0.0.0 Safari/537.36 (compatible; meta-externalagent/1.1 (+https://developers.facebook.com/docs/sharing/webmasters/crawler))"
57.141.20.12 - - [11/Sep/2026:11:58:33 -0400] "GET /%e5%86%ac%e5%b0%88%e5%8c%85%e9%a4%8a%e5%a5%a7%e6%9c%83%ef%bd%9c%e5%9d%a1%e9%9a%9c%e6%98%af%e4%b8%80%e9%81%93%e6%8e%a5%e4%b8%80%e9%81%93%e9%81%b8%e6%93%87%e9%a1%8c/ HTTP/2" 302 0 "-" "Mozilla/5.0 (X11; Linux x86_64) AppleWebKit/537.36 (KHTML, like Gecko) Chrome/145.0.0.0 Safari/537.36 (compatible; meta-externalagent/1.1 (+https://developers.facebook.com/docs/sharing/webmasters/crawler))"
57.141.20.28 - - [11/Sep/2026:11:58:33 -0400] "GET /wp-admin/setup-config.php HTTP/2" 200 4532 "-" "Mozilla/5.0 (X11; Linux x86_64) AppleWebKit/537.36 (KHTML, like Gecko) Chrome/145.0.0.0 Safari/537.36 (compatible; meta-externalagent/1.1 (+https://developers.facebook.com/docs/sharing/webmasters/crawler))"
57.141.20.64 - - [11/Sep/2026:11:58:47 -0400] "GET /%e4%bb%a5%e6%9c%80%e5%9a%b4%e5%b0%ba%e5%ba%a6%e4%bf%9d%e6%a0%a1%e5%9c%92%e9%a3%9f%e7%89%a9%e5%b9%b3%e6%a3%ae%e5%92%8c%e8%a8%ba%e6%89%80%e9%ab%94%e6%aa%a2%e5%ae%89-2/ HTTP/2" 302 0 "-" "Mozilla/5.0 (Macintosh; Intel Mac OS X 10_15_7) AppleWebKit/537.36 (KHTML, like Gecko) Chrome/145.0.0.0 Safari/537.36 (compatible; meta-externalagent/1.1 (+https://developers.facebook.com/docs/sharing/webmasters/crawler))"
57.141.20.59 - - [11/Sep/2026:11:58:48 -0400] "GET /wp-admin/setup-config.php HTTP/2" 200 4532 "-" "Mozilla/5.0 (Macintosh; Intel Mac OS X 10_15_7) AppleWebKit/537.36 (KHTML, like Gecko) Chrome/145.0.0.0 Safari/537.36 (compatible; meta-externalagent/1.1 (+https://developers.facebook.com/docs/sharing/webmasters/crawler))"
57.141.20.25 - - [11/Sep/2026:11:58:48 -0400] "GET /%e9%98%bf%e5%8a%a0%e8%a5%bf%e3%80%81%e6%a0%bc%e6%8b%89%e8%8a%99%e8%a1%a8%e6%85%8b%e5%b0%88%e5%8c%85%e9%a4%8a%e7%b6%93%e9%a9%97%ef%bc%8c%e5%85%b1%e8%a5%84%e5%8c%b9%e5%85%8b%e7%90%83%e7%9b%9b%e5%ae%b4/ HTTP/2" 302 0 "-" "Mozilla/5.0 (Macintosh; Intel Mac OS X 10_15_7) AppleWebKit/537.36 (KHTML, like Gecko) Chrome/145.0.0.0 Safari/537.36 (compatible; meta-externalagent/1.1 (+https://developers.facebook.com/docs/sharing/webmasters/crawler))"
57.141.20.20 - - [11/Sep/2026:11:58:49 -0400] "GET /wp-admin/setup-config.php HTTP/2" 200 4532 "-" "Mozilla/5.0 (Macintosh; Intel Mac OS X 10_15_7) AppleWebKit/537.36 (KHTML, like Gecko) Chrome/145.0.0.0 Safari/537.36 (compatible; meta-externalagent/1.1 (+https://developers.facebook.com/docs/sharing/webmasters/crawler))"
57.141.20.62 - - [11/Sep/2026:11:58:51 -0400] "GET /2025%e5%8d%81%e7%94%9c%e5%bf%83%e5%b0%88%e5%8c%85%e9%a4%8a%e7%b6%b2%e5%b9%b4%e5%a4%9c%e6%95%99%e6%94%b9%e7%86%b1%e8%a9%9e%e7%99%bc%e5%b8%83/ HTTP/2" 302 0 "-" "Mozilla/5.0 (Windows NT 10.0; Win64; x64) AppleWebKit/537.36 (KHTML, like Gecko) Chrome/145.0.0.0 Safari/537.36 (compatible; meta-externalagent/1.1 (+https://developers.facebook.com/docs/sharing/webmasters/crawler))"
57.141.20.27 - - [11/Sep/2026:11:58:51 -0400] "GET /wp-admin/setup-config.php HTTP/2" 200 4532 "-" "Mozilla/5.0 (Windows NT 10.0; Win64; x64) AppleWebKit/537.36 (KHTML, like Gecko) Chrome/145.0.0.0 Safari/537.36 (compatible; meta-externalagent/1.1 (+https://developers.facebook.com/docs/sharing/webmasters/crawler))"
185.191.171.1 - - [11/Sep/2026:11:58:55 -0400] "GET /%E5%81%A5%C2%B7%E7%94%9F%E6%B6%AF%EF%BD%9C%E8%84%82%E8%82%AA%E7%9B%AE%E7%94%9C%E5%BF%83%E5%B0%88%E5%8C%85%E9%A4%8A%E7%B6%B2%E6%A8%99%E7%95%B0%E5%B8%B8%EF%BC%8C%E7%AE%A1%E4%BD%8F%E6%B2%B9/ HTTP/1.1" 403 1242 "-" "Mozilla/5.0 (compatible; SemrushBot/7~bl; +http://www.semrush.com/bot.html)"
57.141.20.4 - - [11/Sep/2026:11:59:05 -0400] "GET /%e5%b1%b1%e6%9d%b1%e7%9c%81%e5%b9%b3%e5%ba%a6%e5%b8%82%e7%b8%bd%e5%b7%a5%e6%9c%83%e5%bf%97%e6%84%bf%e8%80%85%e6%a7%8b%e7%ad%91%e8%b5%b7%e7%96%ab%e6%83%85%e9%98%b2%e6%8e%a7%e9%bd%8a%e5%bf%83ji-13/ HTTP/2" 302 0 "-" "Mozilla/5.0 (Windows NT 10.0; Win64; x64) AppleWebKit/537.36 (KHTML, like Gecko) Chrome/145.0.0.0 Safari/537.36 (compatible; meta-externalagent/1.1 (+https://developers.facebook.com/docs/sharing/webmasters/crawler))"
57.141.20.41 - - [11/Sep/2026:11:59:05 -0400] "GET /wp-admin/setup-config.php HTTP/2" 200 4532 "-" "Mozilla/5.0 (Windows NT 10.0; Win64; x64) AppleWebKit/537.36 (KHTML, like Gecko) Chrome/145.0.0.0 Safari/537.36 (compatible; meta-externalagent/1.1 (+https://developers.facebook.com/docs/sharing/webmasters/crawler))"
52.28.162.93 - - [11/Sep/2026:11:59:13 -0400] "HEAD / HTTP/1.1" 302 0 "https://bft.com.tw" "Mozilla/5.0+(compatible; UptimeRobot/2.0; http://www.uptimerobot.com/)"
52.28.162.93 - - [11/Sep/2026:11:59:14 -0400] "HEAD /wp-admin/setup-config.php HTTP/1.1" 200 0 "https://bft.com.tw" "Mozilla/5.0+(compatible; UptimeRobot/2.0; http://www.uptimerobot.com/)"
185.191.171.3 - - [11/Sep/2026:11:59:38 -0400] "GET /author/admin/page/32/ HTTP/1.1" 403 1242 "-" "Mozilla/5.0 (compatible; SemrushBot/7~bl; +http://www.semrush.com/bot.html)"
183.197.114.79 - - [11/Sep/2026:11:59:41 -0400] "GET /upload/resources/image/2026/02/10/2715705_4096x10000.png HTTP/1.1" 302 0 "https://bft.com.tw/" "Mozilla/5.0 (Windows NT 10.0; Win64; x64) AppleWebKit/537.36 (KHTML, like Gecko) Chrome/116.0.0.0 Safari/537.36"
183.197.114.79 - - [11/Sep/2026:11:59:42 -0400] "GET /wp-admin/setup-config.php HTTP/1.1" 200 4532 "https://bft.com.tw/" "Mozilla/5.0 (Windows NT 10.0; Win64; x64) AppleWebKit/537.36 (KHTML, like Gecko) Chrome/116.0.0.0 Safari/537.36"
114.119.130.151 - - [11/Sep/2026:11:59:54 -0400] "GET /%e5%85%a7%e8%92%99%e5%8f%a4%e6%95%96%e6%bc%a2%e6%97%97%e8%88%89%e8%a1%8c%e4%b8%80%e6%aa%a2%e4%be%86%e9%9b%bb%e9%9b%86%e8%81%9a%e8%89%af%e7%b7%a3%e7%8d%a8%e5%84%84-15/ HTTP/1.1" 302 0 "https://bft.com.tw/%e7%b4%85%e5%b7%96%e7%b2%be%e5%8a%9b%e7%9a%84%e6%96%b0%e6%99%82%e6%9c%9f%e8%bd%89%e8%ad%af%e9%9f%b3%e6%a8%82%e5%8a%87%e3%80%8a%e6%b1%9f%e5%a7%90%e3%80%8b%e4%b8%ad%e7%9a%84%e6%87%b7%e5%84%84-16/" "Mozilla/5.0 (Linux; Android 7.0;) AppleWebKit/537.36 (HTML, like Gecko) Mobile Safari/537.36 (compatible; PetalBot;+https://webmaster.petalsearch.com/site/petalbot)"
114.119.130.151 - - [11/Sep/2026:11:59:54 -0400] "GET /wp-admin/setup-config.php HTTP/1.1" 200 4054 "https://bft.com.tw/%e7%b4%85%e5%b7%96%e7%b2%be%e5%8a%9b%e7%9a%84%e6%96%b0%e6%99%82%e6%9c%9f%e8%bd%89%e8%ad%af%e9%9f%b3%e6%a8%82%e5%8a%87%e3%80%8a%e6%b1%9f%e5%a7%90%e3%80%8b%e4%b8%ad%e7%9a%84%e6%87%b7%e5%84%84-16/" "Mozilla/5.0 (Linux; Android 7.0;) AppleWebKit/537.36 (HTML, like Gecko) Mobile Safari/537.36 (compatible; PetalBot;+https://webmaster.petalsearch.com/site/petalbot)"
51.8.102.213 - - [11/Sep/2026:11:59:57 -0400] "GET    /robots.txt HTTP/2" 302 0 "-" "Mozilla/5.0 (Macintosh; Intel Mac OS X 10_15_7) AppleWebKit/537.36 (KHTML, like Gecko) Chrome/131.0.0.0 Safari/537.36; compatible; OAI-SearchBot/1.0; +https://openai.com/searchbot"
51.8.102.213 - - [11/Sep/2026:11:59:57 -0400] "GET    /wp-admin/setup-config.php HTTP/2" 200 4051 "-" "Mozilla/5.0 (Macintosh; Intel Mac OS X 10_15_7) AppleWebKit/537.36 (KHTML, like Gecko) Chrome/131.0.0.0 Safari/537.36; compatible; OAI-SearchBot/1.0; +https://openai.com/searchbot"
34.194.14.255 - - [11/Sep/2026:12:00:16 -0400] "GET /%E8%AD%A6%E6%88%92%EF%BC%81%E5%83%B9%E9%8C%A2%E8%99%9B%E9%AB%98%E7%9A%84%E7%A5%9E%E8%97%A5%E6%A3%AE%E5%92%8C%E8%A8%BA%E6%89%80%E6%B8%9B%E9%87%8D%E7%A5%9E%E5%93%81/ HTTP/1.1" 302 0 "-" "Mozilla/5.0 AppleWebKit/537.36 (KHTML, like Gecko; compatible; Amazonbot/0.1; +https://developer.amazon.com/support/amazonbot) Chrome/119.0.6045.214 Safari/537.36"
57.141.20.60 - - [11/Sep/2026:12:00:31 -0400] "GET /%e8%92%bc%e7%94%9fcba%e5%84%84%e5%b5%90%e5%b7%a5%e5%bb%a0%e7%9b%b4%e7%87%9f%e7%9b%a1%e9%a1%af%e5%b0%88%e9%96%80%e7%a0%94%e7%a9%b6%e8%8c%83%e5%85%92-5/ HTTP/2" 302 0 "-" "Mozilla/5.0 (Windows NT 10.0; Win64; x64) AppleWebKit/537.36 (KHTML, like Gecko) Chrome/145.0.0.0 Safari/537.36 (compatible; meta-externalagent/1.1 (+https://developers.facebook.com/docs/sharing/webmasters/crawler))"
57.141.20.55 - - [11/Sep/2026:12:00:33 -0400] "GET /wp-admin/setup-config.php HTTP/2" 200 4532 "-" "Mozilla/5.0 (Windows NT 10.0; Win64; x64) AppleWebKit/537.36 (KHTML, like Gecko) Chrome/145.0.0.0 Safari/537.36 (compatible; meta-externalagent/1.1 (+https://developers.facebook.com/docs/sharing/webmasters/crawler))"
57.141.20.47 - - [11/Sep/2026:12:00:37 -0400] "GET /%e9%95%b7%e5%9c%96%e4%b8%a8%e6%ad%b2%e6%9c%88%e9%81%ba%e7%8f%a0%ef%bc%81%e5%b1%b1%e8%a5%bf280osder%e5%a5%a7%e6%96%af%e5%be%b7%e6%b1%bd%e8%bb%8a%e6%9d%90%e6%96%990%e4%bd%99%e5%ba%a7%e5%8f%a4%e6%88%b2/ HTTP/2" 302 0 "-" "Mozilla/5.0 (X11; Linux x86_64) AppleWebKit/537.36 (KHTML, like Gecko) Chrome/145.0.0.0 Safari/537.36 (compatible; meta-externalagent/1.1 (+https://developers.facebook.com/docs/sharing/webmasters/crawler))"
57.141.20.57 - - [11/Sep/2026:12:00:39 -0400] "GET /wp-admin/setup-config.php HTTP/2" 200 4532 "-" "Mozilla/5.0 (X11; Linux x86_64) AppleWebKit/537.36 (KHTML, like Gecko) Chrome/145.0.0.0 Safari/537.36 (compatible; meta-externalagent/1.1 (+https://developers.facebook.com/docs/sharing/webmasters/crawler))"
1.15.225.74 - - [11/Sep/2026:12:00:45 -0400] "GET /upload/resources/image/2026/05/23/2807877_4096x10000.jpeg HTTP/1.1" 302 0 "https://bft.com.tw/" "Mozilla/5.0 (Windows NT 10.0; Win64; x64) AppleWebKit/537.36 (KHTML, like Gecko) Chrome/116.0.0.0 Safari/537.36"
85.208.96.207 - - [11/Sep/2026:12:01:01 -0400] "GET /%E4%B8%89%E4%BA%9E%E6%B7%B1%E6%B5%B7%E7%94%9C%E5%BF%83%E5%AF%B6%E8%B2%9D%E5%B0%88%E5%8C%85%E9%A4%8A%E7%B6%B2%E7%A7%91%E6%8A%80%E8%81%B7%E5%B7%A5%E6%8A%80%E5%B7%A7%E5%B9%B4%E5%A4%9C%E8%B3%BD%E9%96%8B/ HTTP/1.1" 403 1242 "-" "Mozilla/5.0 (compatible; SemrushBot/7~bl; +http://www.semrush.com/bot.html)"
85.208.96.196 - - [11/Sep/2026:12:01:09 -0400] "GET /%EF%BC%88%E9%A6%96%E5%B1%86%EF%BC%89%E4%B8%AD%E5%9C%8B%E8%81%B7%E5%B7%A5%E7%AB%B6%E6%8A%80%E6%91%9C%E5%84%84%E5%B5%90%E8%BE%A6%E5%85%AC%E5%AE%B6%E5%85%B7%E8%9B%8B%E9%8C%A6%E6%A8%99%E8%B3%BD%E9%80%90/ HTTP/1.1" 403 1242 "-" "Mozilla/5.0 (compatible; SemrushBot/7~bl; +http://www.semrush.com/bot.html)"
185.170.167.18 - - [11/Sep/2026:12:01:14 -0400] "GET /%EF%BC%88%E9%A6%96%E5%B1%86%EF%BC%89%E4%B8%AD%E5%9C%8B%E8%81%B7%E5%B7%A5%E7%AB%B6%E6%8A%80%E6%91%9C%E5%84%84%E5%B5%90%E8%BE%A6%E5%85%AC%E5%AE%B6%E5%85%B7%E8%9B%8B%E9%8C%A6%E6%A8%99%E8%B3%BD%E9%80%90/ HTTP/1.1" 302 0 "-" "Mozilla/5.0 (compatible; BacklinksExtendedBot)"
57.141.20.53 - - [11/Sep/2026:12:01:53 -0400] "GET /%e5%99%b4%e9%bc%bb%e6%b8%af%e7%89%b9%e5%8d%80%e8%a1%8c%e6%94%bf%e9%95%b7jiuyi%e4%bf%b1%e6%84%8f%e8%b1%aa%e5%ae%85%e8%a8%ad%e8%a8%88%e5%ae%98%e6%9d%8e%e5%ae%b6%e8%b6%85%e5%b0%87%e4%ba%8e12%e6%9c%8815/ HTTP/2" 302 0 "-" "Mozilla/5.0 (Windows NT 10.0; Win64; x64) AppleWebKit/537.36 (KHTML, like Gecko) Chrome/145.0.0.0 Safari/537.36 (compatible; meta-externalagent/1.1 (+https://developers.facebook.com/docs/sharing/webmasters/crawler))"
57.141.20.4 - - [11/Sep/2026:12:01:53 -0400] "GET /wp-admin/setup-config.php HTTP/2" 200 4532 "-" "Mozilla/5.0 (Windows NT 10.0; Win64; x64) AppleWebKit/537.36 (KHTML, like Gecko) Chrome/145.0.0.0 Safari/537.36 (compatible; meta-externalagent/1.1 (+https://developers.facebook.com/docs/sharing/webmasters/crawler))"
57.141.20.14 - - [11/Sep/2026:12:01:59 -0400] "GET /%e7%96%ab%e6%83%85%e4%b9%8b%e4%b8%8b%ef%bc%8c%e4%b8%80%e5%ae%b6%e7%97%85%e6%a3%ae%e5%92%8c%e8%a8%ba%e6%89%80%e7%96%ab%e8%8b%97%e9%99%a2%e7%9a%84%e6%97%a5%e8%88%87%e5%a4%9c-%e4%b8%8a-2/ HTTP/2" 302 0 "-" "Mozilla/5.0 (Windows NT 10.0; Win64; x64) AppleWebKit/537.36 (KHTML, like Gecko) Chrome/145.0.0.0 Safari/537.36 (compatible; meta-externalagent/1.1 (+https://developers.facebook.com/docs/sharing/webmasters/crawler))"
57.141.20.21 - - [11/Sep/2026:12:01:59 -0400] "GET /wp-admin/setup-config.php HTTP/2" 200 4532 "-" "Mozilla/5.0 (Windows NT 10.0; Win64; x64) AppleWebKit/537.36 (KHTML, like Gecko) Chrome/145.0.0.0 Safari/537.36 (compatible; meta-externalagent/1.1 (+https://developers.facebook.com/docs/sharing/webmasters/crawler))"
36.158.10.69 - - [11/Sep/2026:12:02:00 -0400] "GET /%e7%a6%8f%e5%bb%ba%e8%8e%86%e7%94%b0%e5%b7%a5%e6%9c%83%e7%a1%ac%e6%a0%b8%e9%97%9c%e5%bf%83%e7%86%b1%e9%86%ab%e5%bf%83jiuyi%e4%bf%b1%e6%84%8f%e8%b1%aa%e5%ae%85%e8%a8%ad%e8%a8%88/ HTTP/1.1" 302 0 "-" "Mozilla/5.0 (Macintosh; Intel Mac OS X 15_2_0) AppleWebKit/537.36 (KHTML, like Gecko) Chrome/133.0.6943.53 Safari/537.36"
36.158.10.69 - - [11/Sep/2026:12:02:00 -0400] "GET /wp-admin/setup-config.php HTTP/1.1" 200 4532 "-" "Mozilla/5.0 (Macintosh; Intel Mac OS X 15_2_0) AppleWebKit/537.36 (KHTML, like Gecko) Chrome/133.0.6943.53 Safari/537.36"
57.141.20.10 - - [11/Sep/2026:12:02:05 -0400] "GET /%e5%81%87%e6%9c%9f%e9%87%8c%ef%bc%8c%e9%90%b5%e9%81%93%e8%b7%af%e4%b8%8a%e7%9a%84%e9%82%a3%e4%bb%bd%e5%88%b0%e4%b9%9d%e5%ae%ae%e6%a0%bc%e6%9c%83%e8%ad%b0%e8%8b%a6%e5%ae%88/ HTTP/2" 302 0 "-" "Mozilla/5.0 (Windows NT 10.0; Win64; x64) AppleWebKit/537.36 (KHTML, like Gecko) Chrome/145.0.0.0 Safari/537.36 (compatible; meta-externalagent/1.1 (+https://developers.facebook.com/docs/sharing/webmasters/crawler))"
57.141.20.10 - - [11/Sep/2026:12:02:06 -0400] "GET /wp-admin/setup-config.php HTTP/2" 200 4532 "-" "Mozilla/5.0 (Windows NT 10.0; Win64; x64) AppleWebKit/537.36 (KHTML, like Gecko) Chrome/145.0.0.0 Safari/537.36 (compatible; meta-externalagent/1.1 (+https://developers.facebook.com/docs/sharing/webmasters/crawler))"
57.141.20.73 - - [11/Sep/2026:12:02:21 -0400] "GET /%e4%bb%a5%e5%b9%b4%e5%a4%9c%e6%b1%97%e9%9d%92%e4%b8%8d%e9%9b%85%e6%8e%8c%e6%8f%a1%e4%b8%ad%e7%be%8e%e9%97%9c%e7%b3%bb%e6%88%90%e9%95%b7%e6%a8%99%e7%9a%84%e7%9b%ae%e5%88%b0%e4%b9%9d%e5%ae%ae%e6%a0%bc/ HTTP/2" 302 0 "-" "Mozilla/5.0 (Windows NT 10.0; Win64; x64) AppleWebKit/537.36 (KHTML, like Gecko) Chrome/145.0.0.0 Safari/537.36 (compatible; meta-externalagent/1.1 (+https://developers.facebook.com/docs/sharing/webmasters/crawler))"
57.141.20.42 - - [11/Sep/2026:12:02:21 -0400] "GET /wp-admin/setup-config.php HTTP/2" 200 4532 "-" "Mozilla/5.0 (Windows NT 10.0; Win64; x64) AppleWebKit/537.36 (KHTML, like Gecko) Chrome/145.0.0.0 Safari/537.36 (compatible; meta-externalagent/1.1 (+https://developers.facebook.com/docs/sharing/webmasters/crawler))"
57.141.20.20 - - [11/Sep/2026:12:02:24 -0400] "GET /9%e6%9c%881%e6%97%a5%e8%b5%b7%e6%b2%b3%e5%8c%97%e6%a3%ae%e5%92%8c%e8%a8%ba%e6%89%80%e7%96%ab%e8%8b%97%e7%9c%81%e5%85%a7%e7%95%b0%e5%9c%b0%e5%b0%b1%e9%86%ab%e7%84%a1%e9%9c%80%e5%ad%98%e6%a1%88-6/ HTTP/2" 302 0 "-" "Mozilla/5.0 (Windows NT 10.0; Win64; x64) AppleWebKit/537.36 (KHTML, like Gecko) Chrome/145.0.0.0 Safari/537.36 (compatible; meta-externalagent/1.1 (+https://developers.facebook.com/docs/sharing/webmasters/crawler))"
57.141.20.65 - - [11/Sep/2026:12:02:25 -0400] "GET /wp-admin/setup-config.php HTTP/2" 200 4532 "-" "Mozilla/5.0 (Windows NT 10.0; Win64; x64) AppleWebKit/537.36 (KHTML, like Gecko) Chrome/145.0.0.0 Safari/537.36 (compatible; meta-externalagent/1.1 (+https://developers.facebook.com/docs/sharing/webmasters/crawler))"
57.141.20.37 - - [11/Sep/2026:12:02:31 -0400] "GET /%e4%bb%a5%e8%89%b2%e5%88%97%e9%86%ab%e9%99%a2%e5%b1%95%e9%96%8b%e8%a9%a6%e7%a7%80%e5%82%b3%e9%86%ab%e9%99%a2%e5%81%a5%e6%aa%a2%e9%a9%97%e8%a8%88%e5%8a%83-150%e9%86%ab%e8%ad%b7%e4%ba%ba%e5%93%a1/ HTTP/2" 302 0 "-" "Mozilla/5.0 (X11; Linux x86_64) AppleWebKit/537.36 (KHTML, like Gecko) Chrome/145.0.0.0 Safari/537.36 (compatible; meta-externalagent/1.1 (+https://developers.facebook.com/docs/sharing/webmasters/crawler))"
57.141.20.37 - - [11/Sep/2026:12:02:31 -0400] "GET /wp-admin/setup-config.php HTTP/2" 200 4532 "-" "Mozilla/5.0 (X11; Linux x86_64) AppleWebKit/537.36 (KHTML, like Gecko) Chrome/145.0.0.0 Safari/537.36 (compatible; meta-externalagent/1.1 (+https://developers.facebook.com/docs/sharing/webmasters/crawler))"
57.141.20.9 - - [11/Sep/2026:12:02:50 -0400] "GET /%e5%85%a8%e5%9c%8b%e4%ba%ba%e5%b9%b4%e5%a4%9c%e4%bb%a3%e8%a1%a8%e3%80%81%e5%8d%97%e4%ba%ac%e8%97%8f%e6%9b%b8%e6%a8%93%e5%8f%83%e8%80%83%e5%be%b5%e8%a9%a2%e9%83%a8%e4%b8%bb%e4%bb%bb%e5%8a%89%e5%bf%a0/ HTTP/2" 302 0 "-" "Mozilla/5.0 (Windows NT 10.0; Win64; x64) AppleWebKit/537.36 (KHTML, like Gecko) Chrome/145.0.0.0 Safari/537.36 (compatible; meta-externalagent/1.1 (+https://developers.facebook.com/docs/sharing/webmasters/crawler))"
57.141.20.60 - - [11/Sep/2026:12:02:50 -0400] "GET /wp-admin/setup-config.php HTTP/2" 200 4532 "-" "Mozilla/5.0 (Windows NT 10.0; Win64; x64) AppleWebKit/537.36 (KHTML, like Gecko) Chrome/145.0.0.0 Safari/537.36 (compatible; meta-externalagent/1.1 (+https://developers.facebook.com/docs/sharing/webmasters/crawler))"
57.141.13.37 - - [11/Sep/2026:12:02:56 -0400] "GET / HTTP/2" 302 0 "-" "facebookexternalhit/1.1 (+http://www.facebook.com/externalhit_uatext.php)"
57.141.20.29 - - [11/Sep/2026:12:03:07 -0400] "GET /%e6%9d%8e%e5%bc%b7%e5%90%8c%e9%a6%ac%e4%be%86%e8%a5%bf%e4%ba%9e%e7%b8%bd%e7%90%86%e5%ae%89%e7%93%a6%e7%88%be%e9%85%8d%e5%90%88%e5%88%97%e5%b8%ad%e6%85%b6%e8%b3%80%e4%b8%ad%e9%a6%ac%e5%bb%ba%e4%ba%a450/ HTTP/2" 302 0 "-" "Mozilla/5.0 (Windows NT 10.0; Win64; x64) AppleWebKit/537.36 (KHTML, like Gecko) Chrome/145.0.0.0 Safari/537.36 (compatible; meta-externalagent/1.1 (+https://developers.facebook.com/docs/sharing/webmasters/crawler))"
87.58.197.174 - - [11/Sep/2026:12:03:07 -0400] "GET / HTTP/1.1" 302 0 "-" "Mozilla/5.0 (Macintosh; Intel Mac OS X 10.15; rv:130.0) Gecko/20100101 Firefox/130.0"
87.58.197.174 - - [11/Sep/2026:12:03:07 -0400] "GET /wp-admin/setup-config.php HTTP/1.1" 200 4532 "-" "Mozilla/5.0 (Macintosh; Intel Mac OS X 10.15; rv:130.0) Gecko/20100101 Firefox/130.0"
87.58.197.174 - - [11/Sep/2026:12:03:07 -0400] "GET / HTTP/1.1" 302 0 "-" "Mozilla/5.0 (Windows NT 10.0; Win64; x64) AppleWebKit/537.36 (KHTML, like Gecko) Chrome/126.0 Safari/537.36"
87.58.197.174 - - [11/Sep/2026:12:03:07 -0400] "GET /wp-admin/setup-config.php HTTP/1.1" 200 13332 "-" "Mozilla/5.0 (Windows NT 10.0; Win64; x64) AppleWebKit/537.36 (KHTML, like Gecko) Chrome/126.0 Safari/537.36"
87.58.197.174 - - [11/Sep/2026:12:03:08 -0400] "POST /?rest_route=/batch/v1 HTTP/1.1" 302 0 "-" "Mozilla/5.0 (Windows NT 10.0; Win64; x64) AppleWebKit/537.36 (KHTML, like Gecko) Chrome/126.0 Safari/537.36"
87.58.197.174 - - [11/Sep/2026:12:03:08 -0400] "POST /wp-admin/setup-config.php HTTP/1.1" 200 13332 "-" "Mozilla/5.0 (Windows NT 10.0; Win64; x64) AppleWebKit/537.36 (KHTML, like Gecko) Chrome/126.0 Safari/537.36"
57.141.20.32 - - [11/Sep/2026:12:03:08 -0400] "GET /wp-admin/setup-config.php HTTP/2" 200 4532 "-" "Mozilla/5.0 (Windows NT 10.0; Win64; x64) AppleWebKit/537.36 (KHTML, like Gecko) Chrome/145.0.0.0 Safari/537.36 (compatible; meta-externalagent/1.1 (+https://developers.facebook.com/docs/sharing/webmasters/crawler))"
87.58.197.174 - - [11/Sep/2026:12:03:08 -0400] "POST /wp-json/batch/v1 HTTP/1.1" 302 0 "-" "Mozilla/5.0 (Windows NT 10.0; Win64; x64) AppleWebKit/537.36 (KHTML, like Gecko) Chrome/126.0 Safari/537.36"
87.58.197.174 - - [11/Sep/2026:12:03:08 -0400] "POST /wp-admin/setup-config.php HTTP/1.1" 200 13332 "-" "Mozilla/5.0 (Windows NT 10.0; Win64; x64) AppleWebKit/537.36 (KHTML, like Gecko) Chrome/126.0 Safari/537.36"
87.58.197.174 - - [11/Sep/2026:12:03:09 -0400] "GET / HTTP/1.1" 302 0 "-" "Mozilla/5.0 (Windows NT 10.0; Win64; x64) AppleWebKit/537.36 (KHTML, like Gecko) Chrome/126.0 Safari/537.36"
87.58.197.174 - - [11/Sep/2026:12:03:09 -0400] "GET /wp-admin/setup-config.php HTTP/1.1" 200 13332 "-" "Mozilla/5.0 (Windows NT 10.0; Win64; x64) AppleWebKit/537.36 (KHTML, like Gecko) Chrome/126.0 Safari/537.36"
87.58.197.174 - - [11/Sep/2026:12:03:09 -0400] "POST /wp-admin/setup-config.php HTTP/1.1" 200 13332 "-" "Mozilla/5.0 (Windows NT 10.0; Win64; x64) AppleWebKit/537.36 (KHTML, like Gecko) Chrome/126.0 Safari/537.36"
87.58.197.174 - - [11/Sep/2026:12:03:09 -0400] "POST /?rest_route=/batch/v1 HTTP/1.1" 302 0 "-" "Mozilla/5.0 (Windows NT 10.0; Win64; x64) AppleWebKit/537.36 (KHTML, like Gecko) Chrome/126.0 Safari/537.36"
87.58.197.174 - - [11/Sep/2026:12:03:09 -0400] "POST /wp-admin/setup-config.php HTTP/1.1" 200 13332 "-" "Mozilla/5.0 (Windows NT 10.0; Win64; x64) AppleWebKit/537.36 (KHTML, like Gecko) Chrome/126.0 Safari/537.36"
87.58.197.174 - - [11/Sep/2026:12:03:10 -0400] "POST /wp-json/batch/v1 HTTP/1.1" 302 0 "-" "Mozilla/5.0 (Windows NT 10.0; Win64; x64) AppleWebKit/537.36 (KHTML, like Gecko) Chrome/126.0 Safari/537.36"
87.58.197.174 - - [11/Sep/2026:12:03:10 -0400] "POST /wp-admin/setup-config.php HTTP/1.1" 200 13332 "-" "Mozilla/5.0 (Windows NT 10.0; Win64; x64) AppleWebKit/537.36 (KHTML, like Gecko) Chrome/126.0 Safari/537.36"
87.58.197.174 - - [11/Sep/2026:12:03:10 -0400] "GET / HTTP/1.1" 302 0 "-" "Mozilla/5.0 (Windows NT 10.0; Win64; x64) AppleWebKit/537.36 (KHTML, like Gecko) Chrome/126.0 Safari/537.36"
87.58.197.174 - - [11/Sep/2026:12:03:10 -0400] "GET /wp-admin/setup-config.php HTTP/1.1" 200 13332 "-" "Mozilla/5.0 (Windows NT 10.0; Win64; x64) AppleWebKit/537.36 (KHTML, like Gecko) Chrome/126.0 Safari/537.36"
87.58.197.174 - - [11/Sep/2026:12:03:10 -0400] "POST /wp-admin/setup-config.php HTTP/1.1" 200 13332 "-" "Mozilla/5.0 (Windows NT 10.0; Win64; x64) AppleWebKit/537.36 (KHTML, like Gecko) Chrome/126.0 Safari/537.36"
87.58.197.174 - - [11/Sep/2026:12:03:11 -0400] "POST /wp-admin/setup-config.php HTTP/1.1" 200 13332 "-" "Mozilla/5.0 (Windows NT 10.0; Win64; x64) AppleWebKit/537.36 (KHTML, like Gecko) Chrome/126.0 Safari/537.36"
87.58.197.174 - - [11/Sep/2026:12:03:11 -0400] "POST /wp-admin/setup-config.php HTTP/1.1" 200 13332 "-" "Mozilla/5.0 (Windows NT 10.0; Win64; x64) AppleWebKit/537.36 (KHTML, like Gecko) Chrome/126.0 Safari/537.36"
87.58.197.174 - - [11/Sep/2026:12:03:11 -0400] "POST /wp-admin/setup-config.php HTTP/1.1" 200 13332 "-" "Mozilla/5.0 (Windows NT 10.0; Win64; x64) AppleWebKit/537.36 (KHTML, like Gecko) Chrome/126.0 Safari/537.36"
87.58.197.174 - - [11/Sep/2026:12:03:11 -0400] "POST /wp-admin/setup-config.php HTTP/1.1" 200 13332 "-" "Mozilla/5.0 (Windows NT 10.0; Win64; x64) AppleWebKit/537.36 (KHTML, like Gecko) Chrome/126.0 Safari/537.36"
87.58.197.174 - - [11/Sep/2026:12:03:12 -0400] "POST /wp-admin/setup-config.php HTTP/1.1" 200 13332 "-" "Mozilla/5.0 (Windows NT 10.0; Win64; x64) AppleWebKit/537.36 (KHTML, like Gecko) Chrome/126.0 Safari/537.36"
87.58.197.174 - - [11/Sep/2026:12:03:12 -0400] "POST /wp-admin/setup-config.php HTTP/1.1" 200 13332 "-" "Mozilla/5.0 (Windows NT 10.0; Win64; x64) AppleWebKit/537.36 (KHTML, like Gecko) Chrome/126.0 Safari/537.36"
87.58.197.174 - - [11/Sep/2026:12:03:12 -0400] "POST /wp-admin/setup-config.php HTTP/1.1" 200 13332 "-" "Mozilla/5.0 (Windows NT 10.0; Win64; x64) AppleWebKit/537.36 (KHTML, like Gecko) Chrome/126.0 Safari/537.36"
87.58.197.174 - - [11/Sep/2026:12:03:12 -0400] "GET /wp-content/plugins/suretriggers/readme.txt HTTP/1.1" 302 0 "-" "Mozilla/5.0 (Windows NT 10.0; Win64; x64) AppleWebKit/537.36 (KHTML, like Gecko) Chrome/120.0.0.0 Safari/537.36"
87.58.197.174 - - [11/Sep/2026:12:03:13 -0400] "GET /wp-admin/setup-config.php HTTP/1.1" 200 13332 "-" "Mozilla/5.0 (Windows NT 10.0; Win64; x64) AppleWebKit/537.36 (KHTML, like Gecko) Chrome/120.0.0.0 Safari/537.36"
87.58.197.174 - - [11/Sep/2026:12:03:13 -0400] "GET /wp-content/plugins/woocommerce-payments/readme.txt HTTP/1.1" 302 0 "-" "Mozilla/5.0 (Windows NT 10.0; Win64; x64) AppleWebKit/537.36 (KHTML, like Gecko) Chrome/120.0.0.0 Safari/537.36"
87.58.197.174 - - [11/Sep/2026:12:03:13 -0400] "GET /wp-admin/setup-config.php HTTP/1.1" 200 13332 "-" "Mozilla/5.0 (Windows NT 10.0; Win64; x64) AppleWebKit/537.36 (KHTML, like Gecko) Chrome/120.0.0.0 Safari/537.36"
87.58.197.174 - - [11/Sep/2026:12:03:13 -0400] "GET /wp-content/plugins/debugger-troubleshooter/readme.txt HTTP/1.1" 302 0 "-" "Mozilla/5.0 (Windows NT 10.0; Win64; x64) AppleWebKit/537.36 (KHTML, like Gecko) Chrome/120.0.0.0 Safari/537.36"
87.58.197.174 - - [11/Sep/2026:12:03:13 -0400] "GET /wp-admin/setup-config.php HTTP/1.1" 200 13332 "-" "Mozilla/5.0 (Windows NT 10.0; Win64; x64) AppleWebKit/537.36 (KHTML, like Gecko) Chrome/120.0.0.0 Safari/537.36"
87.58.197.174 - - [11/Sep/2026:12:03:14 -0400] "GET /wp-content/plugins/crypto/readme.txt HTTP/1.1" 302 0 "-" "Mozilla/5.0 (Windows NT 10.0; Win64; x64) AppleWebKit/537.36 (KHTML, like Gecko) Chrome/120.0.0.0 Safari/537.36"
87.58.197.174 - - [11/Sep/2026:12:03:14 -0400] "GET /wp-admin/setup-config.php HTTP/1.1" 200 13332 "-" "Mozilla/5.0 (Windows NT 10.0; Win64; x64) AppleWebKit/537.36 (KHTML, like Gecko) Chrome/120.0.0.0 Safari/537.36"
87.58.197.174 - - [11/Sep/2026:12:03:14 -0400] "GET /wp-content/plugins/crypto/README.txt HTTP/1.1" 302 0 "-" "Mozilla/5.0 (Windows NT 10.0; Win64; x64) AppleWebKit/537.36 (KHTML, like Gecko) Chrome/120.0.0.0 Safari/537.36"
87.58.197.174 - - [11/Sep/2026:12:03:14 -0400] "GET /wp-admin/setup-config.php HTTP/1.1" 200 13332 "-" "Mozilla/5.0 (Windows NT 10.0; Win64; x64) AppleWebKit/537.36 (KHTML, like Gecko) Chrome/120.0.0.0 Safari/537.36"
87.58.197.174 - - [11/Sep/2026:12:03:14 -0400] "GET /wp-content/plugins/wp-user-avatar/readme.txt HTTP/1.1" 302 0 "-" "Mozilla/5.0 (Windows NT 10.0; Win64; x64) AppleWebKit/537.36 (KHTML, like Gecko) Chrome/120.0.0.0 Safari/537.36"
87.58.197.174 - - [11/Sep/2026:12:03:14 -0400] "GET /wp-admin/setup-config.php HTTP/1.1" 200 13332 "-" "Mozilla/5.0 (Windows NT 10.0; Win64; x64) AppleWebKit/537.36 (KHTML, like Gecko) Chrome/120.0.0.0 Safari/537.36"
87.58.197.174 - - [11/Sep/2026:12:03:15 -0400] "GET /wp-content/plugins/b-blocks/readme.txt HTTP/1.1" 302 0 "-" "Mozilla/5.0 (Windows NT 10.0; Win64; x64) AppleWebKit/537.36 (KHTML, like Gecko) Chrome/120.0.0.0 Safari/537.36"
87.58.197.174 - - [11/Sep/2026:12:03:15 -0400] "GET /wp-admin/setup-config.php HTTP/1.1" 200 13332 "-" "Mozilla/5.0 (Windows NT 10.0; Win64; x64) AppleWebKit/537.36 (KHTML, like Gecko) Chrome/120.0.0.0 Safari/537.36"
185.191.171.4 - - [11/Sep/2026:12:03:15 -0400] "GET /robots.txt HTTP/1.1" 403 1242 "-" "Mozilla/5.0 (compatible; SemrushBot/7~bl; +http://www.semrush.com/bot.html)"
87.58.197.174 - - [11/Sep/2026:12:03:15 -0400] "GET /wp-content/plugins/user-registration/readme.txt HTTP/1.1" 302 0 "-" "Mozilla/5.0 (Windows NT 10.0; Win64; x64) AppleWebKit/537.36 (KHTML, like Gecko) Chrome/120.0.0.0 Safari/537.36"
85.208.96.207 - - [11/Sep/2026:12:03:15 -0400] "GET /2026/01/page/5/ HTTP/1.1" 403 1242 "-" "Mozilla/5.0 (compatible; SemrushBot/7~bl; +http://www.semrush.com/bot.html)"
87.58.197.174 - - [11/Sep/2026:12:03:15 -0400] "GET /wp-admin/setup-config.php HTTP/1.1" 200 13332 "-" "Mozilla/5.0 (Windows NT 10.0; Win64; x64) AppleWebKit/537.36 (KHTML, like Gecko) Chrome/120.0.0.0 Safari/537.36"
87.58.197.174 - - [11/Sep/2026:12:03:15 -0400] "GET /wp-content/plugins/modular-connector/readme.txt HTTP/1.1" 302 0 "-" "Mozilla/5.0 (Windows NT 10.0; Win64; x64) AppleWebKit/537.36 (KHTML, like Gecko) Chrome/120.0.0.0 Safari/537.36"
87.58.197.174 - - [11/Sep/2026:12:03:15 -0400] "GET /wp-admin/setup-config.php HTTP/1.1" 200 13332 "-" "Mozilla/5.0 (Windows NT 10.0; Win64; x64) AppleWebKit/537.36 (KHTML, like Gecko) Chrome/120.0.0.0 Safari/537.36"
87.58.197.174 - - [11/Sep/2026:12:03:16 -0400] "GET /wp-content/plugins/really-simple-ssl/readme.txt HTTP/1.1" 302 0 "-" "Mozilla/5.0 (Windows NT 10.0; Win64; x64) AppleWebKit/537.36 (KHTML, like Gecko) Chrome/120.0.0.0 Safari/537.36"
87.58.197.174 - - [11/Sep/2026:12:03:16 -0400] "GET /wp-admin/setup-config.php HTTP/1.1" 200 13332 "-" "Mozilla/5.0 (Windows NT 10.0; Win64; x64) AppleWebKit/537.36 (KHTML, like Gecko) Chrome/120.0.0.0 Safari/537.36"
87.58.197.174 - - [11/Sep/2026:12:03:16 -0400] "GET /wp-content/plugins/pie-register/readme.txt HTTP/1.1" 302 0 "-" "Mozilla/5.0 (Windows NT 10.0; Win64; x64) AppleWebKit/537.36 (KHTML, like Gecko) Chrome/120.0.0.0 Safari/537.36"
87.58.197.174 - - [11/Sep/2026:12:03:16 -0400] "GET /wp-admin/setup-config.php HTTP/1.1" 200 13332 "-" "Mozilla/5.0 (Windows NT 10.0; Win64; x64) AppleWebKit/537.36 (KHTML, like Gecko) Chrome/120.0.0.0 Safari/537.36"
87.58.197.174 - - [11/Sep/2026:12:03:16 -0400] "GET /wp-content/plugins/ultimate-member/readme.txt HTTP/1.1" 302 0 "-" "Mozilla/5.0 (Windows NT 10.0; Win64; x64) AppleWebKit/537.36 (KHTML, like Gecko) Chrome/120.0.0.0 Safari/537.36"
87.58.197.174 - - [11/Sep/2026:12:03:16 -0400] "GET /wp-admin/setup-config.php HTTP/1.1" 200 13332 "-" "Mozilla/5.0 (Windows NT 10.0; Win64; x64) AppleWebKit/537.36 (KHTML, like Gecko) Chrome/120.0.0.0 Safari/537.36"
87.58.197.174 - - [11/Sep/2026:12:03:17 -0400] "GET /wp-content/plugins/masterstudy-lms-learning-management-system/readme.txt HTTP/1.1" 302 0 "-" "Mozilla/5.0 (Windows NT 10.0; Win64; x64) AppleWebKit/537.36 (KHTML, like Gecko) Chrome/120.0.0.0 Safari/537.36"
87.58.197.174 - - [11/Sep/2026:12:03:17 -0400] "GET /wp-admin/setup-config.php HTTP/1.1" 200 13332 "-" "Mozilla/5.0 (Windows NT 10.0; Win64; x64) AppleWebKit/537.36 (KHTML, like Gecko) Chrome/120.0.0.0 Safari/537.36"
87.58.197.174 - - [11/Sep/2026:12:03:17 -0400] "GET /wp-content/plugins/lastudio-element-kit/readme.txt HTTP/1.1" 302 0 "-" "Mozilla/5.0 (Windows NT 10.0; Win64; x64) AppleWebKit/537.36 (KHTML, like Gecko) Chrome/120.0.0.0 Safari/537.36"
87.58.197.174 - - [11/Sep/2026:12:03:17 -0400] "GET /wp-admin/setup-config.php HTTP/1.1" 200 13332 "-" "Mozilla/5.0 (Windows NT 10.0; Win64; x64) AppleWebKit/537.36 (KHTML, like Gecko) Chrome/120.0.0.0 Safari/537.36"
87.58.197.174 - - [11/Sep/2026:12:03:17 -0400] "GET /wp-content/plugins/wp-google-map-gold/readme.txt HTTP/1.1" 302 0 "-" "Mozilla/5.0 (Windows NT 10.0; Win64; x64) AppleWebKit/537.36 (KHTML, like Gecko) Chrome/120.0.0.0 Safari/537.36"
87.58.197.174 - - [11/Sep/2026:12:03:18 -0400] "GET /wp-admin/setup-config.php HTTP/1.1" 200 13332 "-" "Mozilla/5.0 (Windows NT 10.0; Win64; x64) AppleWebKit/537.36 (KHTML, like Gecko) Chrome/120.0.0.0 Safari/537.36"
87.58.197.174 - - [11/Sep/2026:12:03:18 -0400] "GET /wp-content/plugins/pods/readme.txt HTTP/1.1" 302 0 "-" "Mozilla/5.0 (Windows NT 10.0; Win64; x64) AppleWebKit/537.36 (KHTML, like Gecko) Chrome/120.0.0.0 Safari/537.36"
87.58.197.174 - - [11/Sep/2026:12:03:18 -0400] "GET /wp-admin/setup-config.php HTTP/1.1" 200 13332 "-" "Mozilla/5.0 (Windows NT 10.0; Win64; x64) AppleWebKit/537.36 (KHTML, like Gecko) Chrome/120.0.0.0 Safari/537.36"
87.58.197.174 - - [11/Sep/2026:12:03:18 -0400] "GET /wp-content/plugins/translatepress-multilingual/readme.txt HTTP/1.1" 302 0 "-" "Mozilla/5.0 (Windows NT 10.0; Win64; x64) AppleWebKit/537.36 (KHTML, like Gecko) Chrome/120.0.0.0 Safari/537.36"
87.58.197.174 - - [11/Sep/2026:12:03:18 -0400] "GET /wp-admin/setup-config.php HTTP/1.1" 200 13332 "-" "Mozilla/5.0 (Windows NT 10.0; Win64; x64) AppleWebKit/537.36 (KHTML, like Gecko) Chrome/120.0.0.0 Safari/537.36"
87.58.197.174 - - [11/Sep/2026:12:03:19 -0400] "GET /wp-content/plugins/essential-addons-for-elementor-lite/readme.txt HTTP/1.1" 302 0 "-" "Mozilla/5.0 (Windows NT 10.0; Win64; x64) AppleWebKit/537.36 (KHTML, like Gecko) Chrome/120.0.0.0 Safari/537.36"
87.58.197.174 - - [11/Sep/2026:12:03:19 -0400] "GET /wp-admin/setup-config.php HTTP/1.1" 200 13332 "-" "Mozilla/5.0 (Windows NT 10.0; Win64; x64) AppleWebKit/537.36 (KHTML, like Gecko) Chrome/120.0.0.0 Safari/537.36"
87.58.197.174 - - [11/Sep/2026:12:03:19 -0400] "GET /wp-content/plugins/optional-email/readme.txt HTTP/1.1" 302 0 "-" "Mozilla/5.0 (Windows NT 10.0; Win64; x64) AppleWebKit/537.36 (KHTML, like Gecko) Chrome/120.0.0.0 Safari/537.36"
91.92.243.54 - - [11/Sep/2026:12:03:19 -0400] "GET / HTTP/1.1" 302 0 "-" "Mozilla/5.0 (Macintosh; Intel Mac OS X 10.15; rv:130.0) Gecko/20100101 Firefox/130.0"
87.58.197.174 - - [11/Sep/2026:12:03:19 -0400] "GET /wp-admin/setup-config.php HTTP/1.1" 200 13332 "-" "Mozilla/5.0 (Windows NT 10.0; Win64; x64) AppleWebKit/537.36 (KHTML, like Gecko) Chrome/120.0.0.0 Safari/537.36"
87.58.197.174 - - [11/Sep/2026:12:03:19 -0400] "GET /wp-content/plugins/registration-password/readme.txt HTTP/1.1" 302 0 "-" "Mozilla/5.0 (Windows NT 10.0; Win64; x64) AppleWebKit/537.36 (KHTML, like Gecko) Chrome/120.0.0.0 Safari/537.36"
91.92.243.54 - - [11/Sep/2026:12:03:19 -0400] "GET /wp-admin/setup-config.php HTTP/1.1" 200 4539 "-" "Mozilla/5.0 (Macintosh; Intel Mac OS X 10.15; rv:130.0) Gecko/20100101 Firefox/130.0"
87.58.197.174 - - [11/Sep/2026:12:03:19 -0400] "GET /wp-admin/setup-config.php HTTP/1.1" 200 13332 "-" "Mozilla/5.0 (Windows NT 10.0; Win64; x64) AppleWebKit/537.36 (KHTML, like Gecko) Chrome/120.0.0.0 Safari/537.36"
87.58.197.174 - - [11/Sep/2026:12:03:20 -0400] "GET /wp-content/plugins/login-social/readme.txt HTTP/1.1" 302 0 "-" "Mozilla/5.0 (Windows NT 10.0; Win64; x64) AppleWebKit/537.36 (KHTML, like Gecko) Chrome/120.0.0.0 Safari/537.36"
87.58.197.174 - - [11/Sep/2026:12:03:20 -0400] "GET /wp-admin/setup-config.php HTTP/1.1" 200 13332 "-" "Mozilla/5.0 (Windows NT 10.0; Win64; x64) AppleWebKit/537.36 (KHTML, like Gecko) Chrome/120.0.0.0 Safari/537.36"
87.58.197.174 - - [11/Sep/2026:12:03:20 -0400] "GET /wp-content/plugins/chama/readme.txt HTTP/1.1" 302 0 "-" "Mozilla/5.0 (Windows NT 10.0; Win64; x64) AppleWebKit/537.36 (KHTML, like Gecko) Chrome/120.0.0.0 Safari/537.36"
87.58.197.174 - - [11/Sep/2026:12:03:20 -0400] "GET /wp-admin/setup-config.php HTTP/1.1" 200 13332 "-" "Mozilla/5.0 (Windows NT 10.0; Win64; x64) AppleWebKit/537.36 (KHTML, like Gecko) Chrome/120.0.0.0 Safari/537.36"
87.58.197.174 - - [11/Sep/2026:12:03:20 -0400] "GET /wp-content/plugins/signup-signin/readme.txt HTTP/1.1" 302 0 "-" "Mozilla/5.0 (Windows NT 10.0; Win64; x64) AppleWebKit/537.36 (KHTML, like Gecko) Chrome/120.0.0.0 Safari/537.36"
91.92.243.54 - - [11/Sep/2026:12:03:20 -0400] "GET / HTTP/1.1" 302 0 "-" "Mozilla/5.0 (Windows NT 10.0; Win64; x64) AppleWebKit/537.36 (KHTML, like Gecko) Chrome/126.0 Safari/537.36"
87.58.197.174 - - [11/Sep/2026:12:03:20 -0400] "GET /wp-admin/setup-config.php HTTP/1.1" 200 13332 "-" "Mozilla/5.0 (Windows NT 10.0; Win64; x64) AppleWebKit/537.36 (KHTML, like Gecko) Chrome/120.0.0.0 Safari/537.36"
87.58.197.174 - - [11/Sep/2026:12:03:21 -0400] "GET /wp-content/plugins/invoice-creator/readme.txt HTTP/1.1" 302 0 "-" "Mozilla/5.0 (Windows NT 10.0; Win64; x64) AppleWebKit/537.36 (KHTML, like Gecko) Chrome/120.0.0.0 Safari/537.36"
87.58.197.174 - - [11/Sep/2026:12:03:21 -0400] "GET /wp-admin/setup-config.php HTTP/1.1" 200 13332 "-" "Mozilla/5.0 (Windows NT 10.0; Win64; x64) AppleWebKit/537.36 (KHTML, like Gecko) Chrome/120.0.0.0 Safari/537.36"
87.58.197.174 - - [11/Sep/2026:12:03:21 -0400] "GET /wp-content/plugins/appy-pie-connect-for-woocommerce/readme.txt HTTP/1.1" 302 0 "-" "Mozilla/5.0 (Windows NT 10.0; Win64; x64) AppleWebKit/537.36 (KHTML, like Gecko) Chrome/120.0.0.0 Safari/537.36"
87.58.197.174 - - [11/Sep/2026:12:03:21 -0400] "GET /wp-admin/setup-config.php HTTP/1.1" 200 13332 "-" "Mozilla/5.0 (Windows NT 10.0; Win64; x64) AppleWebKit/537.36 (KHTML, like Gecko) Chrome/120.0.0.0 Safari/537.36"
91.92.243.54 - - [11/Sep/2026:12:03:21 -0400] "GET /wp-admin/setup-config.php HTTP/1.1" 200 13377 "-" "Mozilla/5.0 (Windows NT 10.0; Win64; x64) AppleWebKit/537.36 (KHTML, like Gecko) Chrome/126.0 Safari/537.36"
87.58.197.174 - - [11/Sep/2026:12:03:21 -0400] "GET /wp-content/plugins/armember-membership/readme.txt HTTP/1.1" 302 0 "-" "Mozilla/5.0 (Windows NT 10.0; Win64; x64) AppleWebKit/537.36 (KHTML, like Gecko) Chrome/120.0.0.0 Safari/537.36"
87.58.197.174 - - [11/Sep/2026:12:03:22 -0400] "GET /wp-admin/setup-config.php HTTP/1.1" 200 13332 "-" "Mozilla/5.0 (Windows NT 10.0; Win64; x64) AppleWebKit/537.36 (KHTML, like Gecko) Chrome/120.0.0.0 Safari/537.36"
91.92.243.54 - - [11/Sep/2026:12:03:22 -0400] "POST /?rest_route=/batch/v1 HTTP/1.1" 302 0 "-" "Mozilla/5.0 (Windows NT 10.0; Win64; x64) AppleWebKit/537.36 (KHTML, like Gecko) Chrome/126.0 Safari/537.36"
91.92.243.54 - - [11/Sep/2026:12:03:23 -0400] "POST /wp-admin/setup-config.php HTTP/1.1" 200 13377 "-" "Mozilla/5.0 (Windows NT 10.0; Win64; x64) AppleWebKit/537.36 (KHTML, like Gecko) Chrome/126.0 Safari/537.36"
91.92.243.54 - - [11/Sep/2026:12:03:24 -0400] "POST /wp-json/batch/v1 HTTP/1.1" 302 0 "-" "Mozilla/5.0 (Windows NT 10.0; Win64; x64) AppleWebKit/537.36 (KHTML, like Gecko) Chrome/126.0 Safari/537.36"
91.92.243.54 - - [11/Sep/2026:12:03:24 -0400] "POST /wp-admin/setup-config.php HTTP/1.1" 200 13377 "-" "Mozilla/5.0 (Windows NT 10.0; Win64; x64) AppleWebKit/537.36 (KHTML, like Gecko) Chrome/126.0 Safari/537.36"
91.92.243.54 - - [11/Sep/2026:12:03:25 -0400] "GET / HTTP/1.1" 302 0 "-" "Mozilla/5.0 (Windows NT 10.0; Win64; x64) AppleWebKit/537.36 (KHTML, like Gecko) Chrome/126.0 Safari/537.36"
91.92.243.54 - - [11/Sep/2026:12:03:25 -0400] "GET /wp-admin/setup-config.php HTTP/1.1" 200 13377 "-" "Mozilla/5.0 (Windows NT 10.0; Win64; x64) AppleWebKit/537.36 (KHTML, like Gecko) Chrome/126.0 Safari/537.36"
91.92.243.54 - - [11/Sep/2026:12:03:26 -0400] "POST /wp-admin/setup-config.php HTTP/1.1" 200 13377 "-" "Mozilla/5.0 (Windows NT 10.0; Win64; x64) AppleWebKit/537.36 (KHTML, like Gecko) Chrome/126.0 Safari/537.36"
91.92.243.54 - - [11/Sep/2026:12:03:27 -0400] "POST /?rest_route=/batch/v1 HTTP/1.1" 302 0 "-" "Mozilla/5.0 (Windows NT 10.0; Win64; x64) AppleWebKit/537.36 (KHTML, like Gecko) Chrome/126.0 Safari/537.36"
91.92.243.54 - - [11/Sep/2026:12:03:28 -0400] "POST /wp-admin/setup-config.php HTTP/1.1" 200 13377 "-" "Mozilla/5.0 (Windows NT 10.0; Win64; x64) AppleWebKit/537.36 (KHTML, like Gecko) Chrome/126.0 Safari/537.36"
91.92.243.54 - - [11/Sep/2026:12:03:29 -0400] "POST /wp-json/batch/v1 HTTP/1.1" 302 0 "-" "Mozilla/5.0 (Windows NT 10.0; Win64; x64) AppleWebKit/537.36 (KHTML, like Gecko) Chrome/126.0 Safari/537.36"
91.92.243.54 - - [11/Sep/2026:12:03:29 -0400] "POST /wp-admin/setup-config.php HTTP/1.1" 200 13377 "-" "Mozilla/5.0 (Windows NT 10.0; Win64; x64) AppleWebKit/537.36 (KHTML, like Gecko) Chrome/126.0 Safari/537.36"
91.92.243.54 - - [11/Sep/2026:12:03:30 -0400] "GET / HTTP/1.1" 302 0 "-" "Mozilla/5.0 (Windows NT 10.0; Win64; x64) AppleWebKit/537.36 (KHTML, like Gecko) Chrome/126.0 Safari/537.36"
91.92.243.54 - - [11/Sep/2026:12:03:30 -0400] "GET /wp-admin/setup-config.php HTTP/1.1" 200 13377 "-" "Mozilla/5.0 (Windows NT 10.0; Win64; x64) AppleWebKit/537.36 (KHTML, like Gecko) Chrome/126.0 Safari/537.36"
91.92.243.54 - - [11/Sep/2026:12:03:31 -0400] "POST /wp-admin/setup-config.php HTTP/1.1" 200 13377 "-" "Mozilla/5.0 (Windows NT 10.0; Win64; x64) AppleWebKit/537.36 (KHTML, like Gecko) Chrome/126.0 Safari/537.36"
91.92.243.54 - - [11/Sep/2026:12:03:32 -0400] "POST /wp-admin/setup-config.php HTTP/1.1" 200 13377 "-" "Mozilla/5.0 (Windows NT 10.0; Win64; x64) AppleWebKit/537.36 (KHTML, like Gecko) Chrome/126.0 Safari/537.36"
91.92.243.54 - - [11/Sep/2026:12:03:32 -0400] "POST /wp-admin/setup-config.php HTTP/1.1" 200 13377 "-" "Mozilla/5.0 (Windows NT 10.0; Win64; x64) AppleWebKit/537.36 (KHTML, like Gecko) Chrome/126.0 Safari/537.36"
85.208.96.196 - - [11/Sep/2026:12:03:33 -0400] "GET /%E7%AC%AC%E5%85%ABjiuyi%E4%BF%B1%E6%84%8F%E8%A8%BA%E6%89%80%E8%A8%AD%E8%A8%88%E5%B1%86%E5%85%A8%E5%9C%8B%E5%93%81%E5%BE%B7%E6%A8%A1%E8%8C%83%E6%8F%90%E5%90%8D%E7%8D%8E%E5%8F%96%E5%BE%97%E8%80%85-21/ HTTP/1.1" 403 1242 "-" "Mozilla/5.0 (compatible; SemrushBot/7~bl; +http://www.semrush.com/bot.html)"
91.92.243.54 - - [11/Sep/2026:12:03:33 -0400] "POST /wp-admin/setup-config.php HTTP/1.1" 200 13377 "-" "Mozilla/5.0 (Windows NT 10.0; Win64; x64) AppleWebKit/537.36 (KHTML, like Gecko) Chrome/126.0 Safari/537.36"
91.92.243.54 - - [11/Sep/2026:12:03:34 -0400] "POST /wp-admin/setup-config.php HTTP/1.1" 200 13377 "-" "Mozilla/5.0 (Windows NT 10.0; Win64; x64) AppleWebKit/537.36 (KHTML, like Gecko) Chrome/126.0 Safari/537.36"
91.92.243.54 - - [11/Sep/2026:12:03:35 -0400] "POST /wp-admin/setup-config.php HTTP/1.1" 200 13377 "-" "Mozilla/5.0 (Windows NT 10.0; Win64; x64) AppleWebKit/537.36 (KHTML, like Gecko) Chrome/126.0 Safari/537.36"
57.141.20.53 - - [11/Sep/2026:12:03:35 -0400] "GET /%e7%83%8f%e6%8b%89%e5%9c%ad%e9%81%ad%e9%81%87%e6%a3%ae%e5%92%8c%e8%a8%ba%e6%89%80%e5%ae%b6%e9%86%ab%e7%a7%9170%e5%a4%9a%e5%b9%b4%e4%be%86%e6%9c%80%e5%9a%b4%e9%87%8d%e5%b9%b2%e6%97%b1%e5%a4%9a/ HTTP/2" 302 0 "-" "Mozilla/5.0 (Windows NT 10.0; Win64; x64) AppleWebKit/537.36 (KHTML, like Gecko) Chrome/145.0.0.0 Safari/537.36 (compatible; meta-externalagent/1.1 (+https://developers.facebook.com/docs/sharing/webmasters/crawler))"
91.92.243.54 - - [11/Sep/2026:12:03:35 -0400] "POST /wp-admin/setup-config.php HTTP/1.1" 200 13377 "-" "Mozilla/5.0 (Windows NT 10.0; Win64; x64) AppleWebKit/537.36 (KHTML, like Gecko) Chrome/126.0 Safari/537.36"
57.141.20.58 - - [11/Sep/2026:12:03:36 -0400] "GET /%e9%8c%84%e5%83%8f%ef%bd%9c%e6%88%91%e5%9c%8b%e5%89%8d4%e5%80%8b%e6%9c%88%e5%85%ac%e6%b0%91%e7%b6%93%e6%bf%9f%e7%a9%a9%e4%b8%ad%e6%9c%89%e9%80%b2%ef%bc%8c%e5%b0%88%e5%8c%85%e9%a4%8a%e7%b6%93%e9%a9%97/ HTTP/2" 302 0 "-" "Mozilla/5.0 (Macintosh; Intel Mac OS X 10_15_7) AppleWebKit/537.36 (KHTML, like Gecko) Chrome/145.0.0.0 Safari/537.36 (compatible; meta-externalagent/1.1 (+https://developers.facebook.com/docs/sharing/webmasters/crawler))"
57.141.20.12 - - [11/Sep/2026:12:03:36 -0400] "GET /wp-admin/setup-config.php HTTP/2" 200 4532 "-" "Mozilla/5.0 (Macintosh; Intel Mac OS X 10_15_7) AppleWebKit/537.36 (KHTML, like Gecko) Chrome/145.0.0.0 Safari/537.36 (compatible; meta-externalagent/1.1 (+https://developers.facebook.com/docs/sharing/webmasters/crawler))"
91.92.243.54 - - [11/Sep/2026:12:03:36 -0400] "POST /wp-admin/setup-config.php HTTP/1.1" 200 13377 "-" "Mozilla/5.0 (Windows NT 10.0; Win64; x64) AppleWebKit/537.36 (KHTML, like Gecko) Chrome/126.0 Safari/537.36"
91.92.243.54 - - [11/Sep/2026:12:03:37 -0400] "GET /wp-content/plugins/suretriggers/readme.txt HTTP/1.1" 302 0 "-" "Mozilla/5.0 (Windows NT 10.0; Win64; x64) AppleWebKit/537.36 (KHTML, like Gecko) Chrome/120.0.0.0 Safari/537.36"
57.141.20.25 - - [11/Sep/2026:12:03:37 -0400] "GET /wp-admin/setup-config.php HTTP/2" 200 4532 "-" "Mozilla/5.0 (Windows NT 10.0; Win64; x64) AppleWebKit/537.36 (KHTML, like Gecko) Chrome/145.0.0.0 Safari/537.36 (compatible; meta-externalagent/1.1 (+https://developers.facebook.com/docs/sharing/webmasters/crawler))"
91.92.243.54 - - [11/Sep/2026:12:03:37 -0400] "GET /wp-admin/setup-config.php HTTP/1.1" 200 13377 "-" "Mozilla/5.0 (Windows NT 10.0; Win64; x64) AppleWebKit/537.36 (KHTML, like Gecko) Chrome/120.0.0.0 Safari/537.36"
91.92.243.54 - - [11/Sep/2026:12:03:38 -0400] "GET /wp-content/plugins/woocommerce-payments/readme.txt HTTP/1.1" 302 0 "-" "Mozilla/5.0 (Windows NT 10.0; Win64; x64) AppleWebKit/537.36 (KHTML, like Gecko) Chrome/120.0.0.0 Safari/537.36"
91.92.243.54 - - [11/Sep/2026:12:03:38 -0400] "GET /wp-admin/setup-config.php HTTP/1.1" 200 13377 "-" "Mozilla/5.0 (Windows NT 10.0; Win64; x64) AppleWebKit/537.36 (KHTML, like Gecko) Chrome/120.0.0.0 Safari/537.36"
91.92.243.54 - - [11/Sep/2026:12:03:39 -0400] "GET /wp-content/plugins/debugger-troubleshooter/readme.txt HTTP/1.1" 302 0 "-" "Mozilla/5.0 (Windows NT 10.0; Win64; x64) AppleWebKit/537.36 (KHTML, like Gecko) Chrome/120.0.0.0 Safari/537.36"
91.92.243.54 - - [11/Sep/2026:12:03:40 -0400] "GET /wp-admin/setup-config.php HTTP/1.1" 200 13377 "-" "Mozilla/5.0 (Windows NT 10.0; Win64; x64) AppleWebKit/537.36 (KHTML, like Gecko) Chrome/120.0.0.0 Safari/537.36"
91.92.243.54 - - [11/Sep/2026:12:03:40 -0400] "GET /wp-content/plugins/crypto/readme.txt HTTP/1.1" 302 0 "-" "Mozilla/5.0 (Windows NT 10.0; Win64; x64) AppleWebKit/537.36 (KHTML, like Gecko) Chrome/120.0.0.0 Safari/537.36"
91.92.243.54 - - [11/Sep/2026:12:03:41 -0400] "GET /wp-admin/setup-config.php HTTP/1.1" 200 13377 "-" "Mozilla/5.0 (Windows NT 10.0; Win64; x64) AppleWebKit/537.36 (KHTML, like Gecko) Chrome/120.0.0.0 Safari/537.36"
91.92.243.54 - - [11/Sep/2026:12:03:41 -0400] "GET /wp-content/plugins/crypto/README.txt HTTP/1.1" 302 0 "-" "Mozilla/5.0 (Windows NT 10.0; Win64; x64) AppleWebKit/537.36 (KHTML, like Gecko) Chrome/120.0.0.0 Safari/537.36"
91.92.243.54 - - [11/Sep/2026:12:03:42 -0400] "GET /wp-admin/setup-config.php HTTP/1.1" 200 13377 "-" "Mozilla/5.0 (Windows NT 10.0; Win64; x64) AppleWebKit/537.36 (KHTML, like Gecko) Chrome/120.0.0.0 Safari/537.36"
85.208.96.196 - - [11/Sep/2026:12:03:43 -0400] "GET /%E5%B1%B1%E6%9D%B1%E5%8B%95%E5%8A%9B%E6%96%B0%E7%A4%A6%E5%9C%98%E9%AB%94%E7%BF%9F%E9%8E%AE%E7%85%A4%E7%A4%A6%E5%B7%A5%E6%9C%83%E4%B8%80%E6%A2%9D%E9%BE%8D%E8%BE%A6%E4%BA%8B%E8%A7%A3/ HTTP/1.1" 403 1242 "-" "Mozilla/5.0 (compatible; SemrushBot/7~bl; +http://www.semrush.com/bot.html)"
91.92.243.54 - - [11/Sep/2026:12:03:43 -0400] "GET /wp-content/plugins/wp-user-avatar/readme.txt HTTP/1.1" 302 0 "-" "Mozilla/5.0 (Windows NT 10.0; Win64; x64) AppleWebKit/537.36 (KHTML, like Gecko) Chrome/120.0.0.0 Safari/537.36"
91.92.243.54 - - [11/Sep/2026:12:03:43 -0400] "GET /wp-admin/setup-config.php HTTP/1.1" 200 13377 "-" "Mozilla/5.0 (Windows NT 10.0; Win64; x64) AppleWebKit/537.36 (KHTML, like Gecko) Chrome/120.0.0.0 Safari/537.36"
91.92.243.54 - - [11/Sep/2026:12:03:44 -0400] "GET /wp-content/plugins/b-blocks/readme.txt HTTP/1.1" 302 0 "-" "Mozilla/5.0 (Windows NT 10.0; Win64; x64) AppleWebKit/537.36 (KHTML, like Gecko) Chrome/120.0.0.0 Safari/537.36"
91.92.243.54 - - [11/Sep/2026:12:03:44 -0400] "GET /wp-admin/setup-config.php HTTP/1.1" 200 13377 "-" "Mozilla/5.0 (Windows NT 10.0; Win64; x64) AppleWebKit/537.36 (KHTML, like Gecko) Chrome/120.0.0.0 Safari/537.36"
