57.141.20.59 - - [11/Sep/2026:08:45:13 -0400] "GET /%e7%95%b6%e7%84%a1%e4%ba%ba%e9%a7%95%e9%a7%9b%e5%9c%a8%e4%b8%80%e5%ae%b6osder%e5%a5%a7%e6%96%af%e5%be%b7%e9%9b%b6%e4%bb%b6%e5%95%86%e8%80%81%e7%89%8c%e7%a4%a6%e4%bc%81%e8%b7%91%e9%80%9a/ HTTP/2" 302 0 "-" "Mozilla/5.0 (Windows NT 10.0; Win64; x64) AppleWebKit/537.36 (KHTML, like Gecko) Chrome/145.0.0.0 Safari/537.36 (compatible; meta-externalagent/1.1 (+https://developers.facebook.com/docs/sharing/webmasters/crawler))"
57.141.20.2 - - [11/Sep/2026:08:45:15 -0400] "GET /wp-admin/setup-config.php HTTP/2" 200 4532 "-" "Mozilla/5.0 (Windows NT 10.0; Win64; x64) AppleWebKit/537.36 (KHTML, like Gecko) Chrome/145.0.0.0 Safari/537.36 (compatible; meta-externalagent/1.1 (+https://developers.facebook.com/docs/sharing/webmasters/crawler))"
14.102.78.232 - - [11/Sep/2026:08:45:17 -0400] "POST /xmlrpc.php HTTP/1.1" 403 1242 "-" "WordPress.com; https://wordpress.com"
57.141.20.30 - - [11/Sep/2026:08:45:19 -0400] "GET /%e7%96%ab%e6%83%85%e4%b9%8b%e4%b8%8b%ef%bc%8c%e4%b8%80%e5%ae%b6%e7%97%85%e6%a3%ae%e5%92%8c%e8%a8%ba%e6%89%80%e7%96%ab%e8%8b%97%e9%99%a2%e7%9a%84%e6%97%a5%e8%88%87%e5%a4%9c-%e4%b8%8a-9/ HTTP/2" 302 0 "-" "Mozilla/5.0 (Macintosh; Intel Mac OS X 10_15_7) AppleWebKit/537.36 (KHTML, like Gecko) Chrome/145.0.0.0 Safari/537.36 (compatible; meta-externalagent/1.1 (+https://developers.facebook.com/docs/sharing/webmasters/crawler))"
57.141.20.13 - - [11/Sep/2026:08:45:21 -0400] "GET /wp-admin/setup-config.php HTTP/2" 200 4532 "-" "Mozilla/5.0 (Macintosh; Intel Mac OS X 10_15_7) AppleWebKit/537.36 (KHTML, like Gecko) Chrome/145.0.0.0 Safari/537.36 (compatible; meta-externalagent/1.1 (+https://developers.facebook.com/docs/sharing/webmasters/crawler))"
57.141.10.32 - - [11/Sep/2026:08:45:27 -0400] "GET / HTTP/2" 302 0 "-" "facebookexternalhit/1.1 (+http://www.facebook.com/externalhit_uatext.php)"
78.47.98.55 - - [11/Sep/2026:08:45:27 -0400] "HEAD / HTTP/1.1" 302 0 "https://bft.com.tw" "Mozilla/5.0+(compatible; UptimeRobot/2.0; http://www.uptimerobot.com/)"
14.102.78.232 - - [11/Sep/2026:08:45:28 -0400] "POST /xmlrpc.php HTTP/1.1" 403 1242 "-" "Jetpack/13.0; WordPress/6.4; http://site92799120.com"
57.141.20.29 - - [11/Sep/2026:08:45:28 -0400] "GET /%e4%b8%adosder%e5%a5%a7%e6%96%af%e5%be%b7%e6%b1%bd%e8%bb%8a%e9%9b%b6%e4%bb%b6%e6%96%b9%e5%9b%9e%e6%87%89%e9%a6%ac%e5%85%8b%e9%be%8d%e6%b6%89%e8%8f%af%e8%a1%a8%e6%85%8b/ HTTP/2" 302 0 "-" "Mozilla/5.0 (Macintosh; Intel Mac OS X 10_15_7) AppleWebKit/537.36 (KHTML, like Gecko) Chrome/145.0.0.0 Safari/537.36 (compatible; meta-externalagent/1.1 (+https://developers.facebook.com/docs/sharing/webmasters/crawler))"
78.47.98.55 - - [11/Sep/2026:08:45:28 -0400] "HEAD /wp-admin/setup-config.php HTTP/1.1" 200 0 "https://bft.com.tw" "Mozilla/5.0+(compatible; UptimeRobot/2.0; http://www.uptimerobot.com/)"
57.141.20.0 - - [11/Sep/2026:08:45:29 -0400] "GET /wp-admin/setup-config.php HTTP/2" 200 4532 "-" "Mozilla/5.0 (Macintosh; Intel Mac OS X 10_15_7) AppleWebKit/537.36 (KHTML, like Gecko) Chrome/145.0.0.0 Safari/537.36 (compatible; meta-externalagent/1.1 (+https://developers.facebook.com/docs/sharing/webmasters/crawler))"
14.102.78.232 - - [11/Sep/2026:08:45:37 -0400] "POST /xmlrpc.php HTTP/1.1" 403 1242 "-" "Jetpack by WordPress.com"
57.141.20.45 - - [11/Sep/2026:08:45:48 -0400] "GET /%e6%be%a4%e9%80%a3%e6%96%af%e5%9f%ba%e8%88%87%e6%a1%91%e5%88%87%e6%96%af%e6%9c%83%e8%ab%87-%e6%96%99%e5%8e%bb%e7%a7%80%e5%82%b3%e9%86%ab%e9%99%a2%e5%b7%a1%e6%aa%a2%e7%b0%bd%e7%bd%b2%e8%bb%8d%e4%ba%8b/ HTTP/2" 302 0 "-" "Mozilla/5.0 (Windows NT 10.0; Win64; x64) AppleWebKit/537.36 (KHTML, like Gecko) Chrome/145.0.0.0 Safari/537.36 (compatible; meta-externalagent/1.1 (+https://developers.facebook.com/docs/sharing/webmasters/crawler))"
14.102.78.232 - - [11/Sep/2026:08:45:49 -0400] "POST /xmlrpc.php HTTP/1.1" 403 1242 "-" "Jetpack/13.0; WordPress/6.3; http://site72852240.com"
57.141.20.66 - - [11/Sep/2026:08:45:50 -0400] "GET /wp-admin/setup-config.php HTTP/2" 200 4532 "-" "Mozilla/5.0 (Windows NT 10.0; Win64; x64) AppleWebKit/537.36 (KHTML, like Gecko) Chrome/145.0.0.0 Safari/537.36 (compatible; meta-externalagent/1.1 (+https://developers.facebook.com/docs/sharing/webmasters/crawler))"
57.141.20.28 - - [11/Sep/2026:08:45:53 -0400] "GET /%e5%8b%9e%e6%a8%a1%e9%a2%a8%e5%ba%a6%c2%b7%e5%ae%bf%e9%81%b7%e5%b8%82%e4%bc%91%e6%81%af%e6%a8%a1%e8%8c%83%e4%bb%bb%e6%a3%ae%e5%92%8c%e8%a8%ba%e6%89%80%e9%ab%94%e6%aa%a2%e9%9d%9c%ef%bc%9a-20/ HTTP/2" 302 0 "-" "Mozilla/5.0 (Macintosh; Intel Mac OS X 10_15_7) AppleWebKit/537.36 (KHTML, like Gecko) Chrome/145.0.0.0 Safari/537.36 (compatible; meta-externalagent/1.1 (+https://developers.facebook.com/docs/sharing/webmasters/crawler))"
57.141.20.42 - - [11/Sep/2026:08:45:55 -0400] "GET /wp-admin/setup-config.php HTTP/2" 200 4532 "-" "Mozilla/5.0 (Macintosh; Intel Mac OS X 10_15_7) AppleWebKit/537.36 (KHTML, like Gecko) Chrome/145.0.0.0 Safari/537.36 (compatible; meta-externalagent/1.1 (+https://developers.facebook.com/docs/sharing/webmasters/crawler))"
14.102.78.232 - - [11/Sep/2026:08:45:59 -0400] "POST /xmlrpc.php HTTP/1.1" 403 1242 "-" "WordPress.com; https://wordpress.com"
57.141.20.59 - - [11/Sep/2026:08:46:04 -0400] "GET /%e9%9c%87%e5%8d%806%e5%88%86%e9%90%98%e5%b0%b1%e8%83%bd%e6%90%ad%e8%b5%b7%e5%84%84%e5%b5%90%e9%9b%bb%e7%ab%b6%e6%a4%851%e9%96%93%e6%9d%bf%e6%88%bf/ HTTP/2" 302 0 "-" "Mozilla/5.0 (Windows NT 10.0; Win64; x64) AppleWebKit/537.36 (KHTML, like Gecko) Chrome/145.0.0.0 Safari/537.36 (compatible; meta-externalagent/1.1 (+https://developers.facebook.com/docs/sharing/webmasters/crawler))"
57.141.20.41 - - [11/Sep/2026:08:46:05 -0400] "GET /wp-admin/setup-config.php HTTP/2" 200 4532 "-" "Mozilla/5.0 (Windows NT 10.0; Win64; x64) AppleWebKit/537.36 (KHTML, like Gecko) Chrome/145.0.0.0 Safari/537.36 (compatible; meta-externalagent/1.1 (+https://developers.facebook.com/docs/sharing/webmasters/crawler))"
14.102.78.232 - - [11/Sep/2026:08:46:09 -0400] "POST /xmlrpc.php HTTP/1.1" 403 1242 "-" "Jetpack/12.1; WordPress/6.4; http://site83988272.com"
57.141.20.47 - - [11/Sep/2026:08:46:16 -0400] "GET /e%e6%b3%95%e5%90%8c%e6%a5%ad-%e8%b4%9b%e9%84%b1%e7%b4%85%e9%9f%bb-jiuyi%e4%bf%b1%e6%84%8f%e7%bf%bb%e4%bf%ae%e8%a8%ad%e8%a8%88-%e7%b4%85%e5%9c%9f%e5%88%9d%e5%bf%83%e6%98%a0%e7%b6%b2/ HTTP/2" 302 0 "-" "Mozilla/5.0 (Windows NT 10.0; Win64; x64) AppleWebKit/537.36 (KHTML, like Gecko) Chrome/145.0.0.0 Safari/537.36 (compatible; meta-externalagent/1.1 (+https://developers.facebook.com/docs/sharing/webmasters/crawler))"
57.141.20.4 - - [11/Sep/2026:08:46:18 -0400] "GET /wp-admin/setup-config.php HTTP/2" 200 4532 "-" "Mozilla/5.0 (Windows NT 10.0; Win64; x64) AppleWebKit/537.36 (KHTML, like Gecko) Chrome/145.0.0.0 Safari/537.36 (compatible; meta-externalagent/1.1 (+https://developers.facebook.com/docs/sharing/webmasters/crawler))"
14.102.78.232 - - [11/Sep/2026:08:46:21 -0400] "POST /xmlrpc.php HTTP/1.1" 403 1242 "-" "Jetpack by WordPress.com (Jetpack 12.1; WordPress 6.2)"
14.102.78.232 - - [11/Sep/2026:08:46:31 -0400] "POST /xmlrpc.php HTTP/1.1" 403 1242 "-" "Jetpack by WordPress.com (Jetpack 12.1; WordPress 6.4)"
57.141.20.0 - - [11/Sep/2026:08:46:39 -0400] "GET /%e6%a8%82%e5%ae%89%e5%ba%b7%e5%8e%bb%e7%a7%80%e5%82%b3%e9%86%ab%e9%99%a2%e5%81%a5%e6%aa%a2%e9%a0%85%e7%9b%ae%e4%b8%8d%e5%90%83%e6%99%9a%e9%a3%af%e8%83%bd%e7%98%a6%e5%be%97%e6%9b%b4/ HTTP/2" 302 0 "-" "Mozilla/5.0 (Windows NT 10.0; Win64; x64) AppleWebKit/537.36 (KHTML, like Gecko) Chrome/145.0.0.0 Safari/537.36 (compatible; meta-externalagent/1.1 (+https://developers.facebook.com/docs/sharing/webmasters/crawler))"
57.141.20.14 - - [11/Sep/2026:08:46:40 -0400] "GET /wp-admin/setup-config.php HTTP/2" 200 4532 "-" "Mozilla/5.0 (Windows NT 10.0; Win64; x64) AppleWebKit/537.36 (KHTML, like Gecko) Chrome/145.0.0.0 Safari/537.36 (compatible; meta-externalagent/1.1 (+https://developers.facebook.com/docs/sharing/webmasters/crawler))"
14.102.78.232 - - [11/Sep/2026:08:46:41 -0400] "POST /xmlrpc.php HTTP/1.1" 403 1242 "-" "Jetpack by WordPress.com"
57.141.20.39 - - [11/Sep/2026:08:46:46 -0400] "GET /%e8%ba%ab%e6%9d%90%e9%80%99%e4%ba%9b%e8%99%95%e6%89%80%e8%ae%8a%e6%a3%ae%e5%92%8c%e8%a8%ba%e6%89%80%e5%ae%b6%e9%86%ab%e7%a7%91%e7%b2%97%e6%84%8f%e5%91%b3%e8%91%97%e4%bb%80%e4%b9%88%ef%bc%9f/ HTTP/2" 302 0 "-" "Mozilla/5.0 (Windows NT 10.0; Win64; x64) AppleWebKit/537.36 (KHTML, like Gecko) Chrome/145.0.0.0 Safari/537.36 (compatible; meta-externalagent/1.1 (+https://developers.facebook.com/docs/sharing/webmasters/crawler))"
57.141.20.14 - - [11/Sep/2026:08:46:47 -0400] "GET /wp-admin/setup-config.php HTTP/2" 200 4532 "-" "Mozilla/5.0 (Windows NT 10.0; Win64; x64) AppleWebKit/537.36 (KHTML, like Gecko) Chrome/145.0.0.0 Safari/537.36 (compatible; meta-externalagent/1.1 (+https://developers.facebook.com/docs/sharing/webmasters/crawler))"
14.102.78.232 - - [11/Sep/2026:08:46:51 -0400] "POST /xmlrpc.php HTTP/1.1" 403 1242 "-" "Jetpack by WordPress.com (Jetpack 12.0; WordPress 6.2)"
57.141.20.9 - - [11/Sep/2026:08:46:56 -0400] "GET /%e8%a6%96%e9%a0%bb%e4%b8%a8%e8%b6%858100%e5%84%84%e5%85%83%ef%bc%81%e4%b8%ad%e5%9c%8bosder%e5%a5%a7%e6%96%af%e5%be%b7%e9%9b%b6%e4%bb%b6%e5%95%86%e9%9b%bb%e5%bd%b1%e7%b6%93%e6%bf%9f%e7%9a%84%e6%b4%bb/ HTTP/2" 302 0 "-" "Mozilla/5.0 (X11; Linux x86_64) AppleWebKit/537.36 (KHTML, like Gecko) Chrome/145.0.0.0 Safari/537.36 (compatible; meta-externalagent/1.1 (+https://developers.facebook.com/docs/sharing/webmasters/crawler))"
57.141.20.4 - - [11/Sep/2026:08:46:56 -0400] "GET /wp-admin/setup-config.php HTTP/2" 200 4532 "-" "Mozilla/5.0 (X11; Linux x86_64) AppleWebKit/537.36 (KHTML, like Gecko) Chrome/145.0.0.0 Safari/537.36 (compatible; meta-externalagent/1.1 (+https://developers.facebook.com/docs/sharing/webmasters/crawler))"
57.141.20.60 - - [11/Sep/2026:08:46:59 -0400] "GET /%e8%80%81%e6%88%b2%e6%96%b0%e8%81%b2%ef%bc%8c%e6%b7%ae%e5%88%b0%e4%b9%9d%e5%ae%ae%e6%a0%bc%e8%a6%8b%e8%ad%89%e5%8a%87%e6%ad%a3%e8%8a%b3%e8%8f%af/ HTTP/2" 302 0 "-" "Mozilla/5.0 (Windows NT 10.0; Win64; x64) AppleWebKit/537.36 (KHTML, like Gecko) Chrome/145.0.0.0 Safari/537.36 (compatible; meta-externalagent/1.1 (+https://developers.facebook.com/docs/sharing/webmasters/crawler))"
57.141.20.71 - - [11/Sep/2026:08:47:00 -0400] "GET /wp-admin/setup-config.php HTTP/2" 200 4532 "-" "Mozilla/5.0 (Windows NT 10.0; Win64; x64) AppleWebKit/537.36 (KHTML, like Gecko) Chrome/145.0.0.0 Safari/537.36 (compatible; meta-externalagent/1.1 (+https://developers.facebook.com/docs/sharing/webmasters/crawler))"
14.102.78.232 - - [11/Sep/2026:08:47:03 -0400] "POST /xmlrpc.php HTTP/1.1" 403 1242 "-" "Jetpack by WordPress.com (Jetpack 12.5; WordPress 6.3)"
57.141.20.0 - - [11/Sep/2026:08:47:12 -0400] "GET /%e4%ba%ba%e6%80%8e%e4%b9%88%e8%83%bd%e5%a4%a0osder%e5%a5%a7%e6%96%af%e5%be%b7%e5%be%b7%e7%b3%bb%e8%bb%8a%e5%b0%8d%e4%b8%80%e5%a1%8a%e7%9f%b3%e9%a0%ad%e7%94%a2%e7%94%9f%e6%83%85%e6%84%9f/ HTTP/2" 302 0 "-" "Mozilla/5.0 (Windows NT 10.0; Win64; x64) AppleWebKit/537.36 (KHTML, like Gecko) Chrome/145.0.0.0 Safari/537.36 (compatible; meta-externalagent/1.1 (+https://developers.facebook.com/docs/sharing/webmasters/crawler))"
14.102.78.232 - - [11/Sep/2026:08:47:13 -0400] "POST /xmlrpc.php HTTP/1.1" 403 1242 "-" "WordPress.com; https://wordpress.com"
57.141.20.12 - - [11/Sep/2026:08:47:13 -0400] "GET /wp-admin/setup-config.php HTTP/2" 200 4532 "-" "Mozilla/5.0 (Windows NT 10.0; Win64; x64) AppleWebKit/537.36 (KHTML, like Gecko) Chrome/145.0.0.0 Safari/537.36 (compatible; meta-externalagent/1.1 (+https://developers.facebook.com/docs/sharing/webmasters/crawler))"
14.102.78.232 - - [11/Sep/2026:08:47:24 -0400] "POST /xmlrpc.php HTTP/1.1" 403 1242 "-" "Jetpack/12.1; WordPress/6.3; http://site56583665.com"
14.102.78.232 - - [11/Sep/2026:08:47:34 -0400] "POST /xmlrpc.php HTTP/1.1" 403 1242 "-" "Jetpack by WordPress.com"
57.141.20.1 - - [11/Sep/2026:08:47:37 -0400] "GET /%e5%b1%b1%e6%9d%b1%e7%9c%81%e8%90%8a%e9%99%bd%e5%b8%82%e7%b8%bd%e5%b7%a5%e6%9c%83%ef%bc%9a%e8%81%b7%e5%b7%a5%e5%b0%88%e5%8c%85%e9%a4%8a%e7%b6%b2%e5%bf%83%e5%be%97%e6%a8%82%e6%a5%ad%e9%80%b2%e6%ad%a5/ HTTP/2" 302 0 "-" "Mozilla/5.0 (Windows NT 10.0; Win64; x64) AppleWebKit/537.36 (KHTML, like Gecko) Chrome/145.0.0.0 Safari/537.36 (compatible; meta-externalagent/1.1 (+https://developers.facebook.com/docs/sharing/webmasters/crawler))"
57.141.20.3 - - [11/Sep/2026:08:47:38 -0400] "GET /wp-admin/setup-config.php HTTP/2" 200 4532 "-" "Mozilla/5.0 (Windows NT 10.0; Win64; x64) AppleWebKit/537.36 (KHTML, like Gecko) Chrome/145.0.0.0 Safari/537.36 (compatible; meta-externalagent/1.1 (+https://developers.facebook.com/docs/sharing/webmasters/crawler))"
66.249.68.39 - - [11/Sep/2026:08:47:39 -0400] "GET /%E7%AC%AC%E5%85%ABjiuyi%E4%BF%B1%E6%84%8F%E8%A8%BA%E6%89%80%E8%A8%AD%E8%A8%88%E5%B1%86%E5%85%A8%E5%9C%8B%E5%93%81%E5%BE%B7%E6%A8%A1%E8%8C%83%E6%8F%90%E5%90%8D%E7%8D%8E%E5%8F%96%E5%BE%97%E8%80%85-17/ HTTP/1.1" 302 0 "-" "Mozilla/5.0 (Linux; Android 6.0.1; Nexus 5X Build/MMB29P) AppleWebKit/537.36 (KHTML, like Gecko) Chrome/153.0.8010.36 Mobile Safari/537.36 (compatible; Googlebot/2.1; +http://www.google.com/bot.html)"
57.141.20.62 - - [11/Sep/2026:08:47:40 -0400] "GET /%e7%95%b6%e5%9c%b0%e6%9c%aa%e6%84%8f%e8%ad%98%e6%82%a3%e7%b3%96%e5%b0%bf%e7%97%85%e9%ab%98%e8%a1%80%e5%a3%93%e4%bb%a5%e7%94%b7%e6%80%a7%e5%b1%85%e5%a4%9a-%e4%b8%8d%e7%a7%80%e5%82%b3%e9%86%ab%e9%99%a2/ HTTP/2" 302 0 "-" "Mozilla/5.0 (Macintosh; Intel Mac OS X 10_15_7) AppleWebKit/537.36 (KHTML, like Gecko) Chrome/145.0.0.0 Safari/537.36 (compatible; meta-externalagent/1.1 (+https://developers.facebook.com/docs/sharing/webmasters/crawler))"
57.141.20.39 - - [11/Sep/2026:08:47:41 -0400] "GET /wp-admin/setup-config.php HTTP/2" 200 4532 "-" "Mozilla/5.0 (Macintosh; Intel Mac OS X 10_15_7) AppleWebKit/537.36 (KHTML, like Gecko) Chrome/145.0.0.0 Safari/537.36 (compatible; meta-externalagent/1.1 (+https://developers.facebook.com/docs/sharing/webmasters/crawler))"
14.102.78.232 - - [11/Sep/2026:08:47:45 -0400] "POST /xmlrpc.php HTTP/1.1" 403 1242 "-" "WordPress.com; https://wordpress.com"
57.141.20.18 - - [11/Sep/2026:08:47:55 -0400] "GET /%e9%99%a4%e9%9b%aa%e8%bb%8a%e7%bf%b9%e5%84%84%e5%b5%90%e8%be%a6%e5%85%ac%e5%ae%a4%e8%a8%ad%e8%a8%88%e8%b5%b7%e4%ba%86%e5%b0%8f%e5%b0%be%e5%b7%b4/ HTTP/2" 302 0 "-" "Mozilla/5.0 (Macintosh; Intel Mac OS X 10_15_7) AppleWebKit/537.36 (KHTML, like Gecko) Chrome/145.0.0.0 Safari/537.36 (compatible; meta-externalagent/1.1 (+https://developers.facebook.com/docs/sharing/webmasters/crawler))"
14.102.78.232 - - [11/Sep/2026:08:47:55 -0400] "POST /xmlrpc.php HTTP/1.1" 403 1242 "-" "Jetpack/13.0; WordPress/6.1; http://site38442752.com"
57.141.20.72 - - [11/Sep/2026:08:47:56 -0400] "GET /wp-admin/setup-config.php HTTP/2" 200 4532 "-" "Mozilla/5.0 (Macintosh; Intel Mac OS X 10_15_7) AppleWebKit/537.36 (KHTML, like Gecko) Chrome/145.0.0.0 Safari/537.36 (compatible; meta-externalagent/1.1 (+https://developers.facebook.com/docs/sharing/webmasters/crawler))"
47.84.160.45 - - [11/Sep/2026:08:48:04 -0400] "GET /%E7%A5%9E%E8%88%B9%E4%BA%8C%E5%8D%81%E8%99%9F%E8%88%AA%E5%A4%A9%E5%93%A1%E4%B9%98%E7%8E%A9%E7%BF%BB%E5%A4%A9%E5%8C%85%E8%BB%8A%E6%97%85%E9%81%8A%E7%B5%84%E5%9C%93%E6%BB%BF%E5%AE%8C%E6%88%90%E7%AC%AC-2/20250822/156952.png HTTP/2" 302 0 "-" "Mozilla/5.0 (Macintosh; Intel Mac OS X 10_15_7) AppleWebKit/537.36 (KHTML, like Gecko) Chrome/147.0.0.0 Safari/537.36"
47.84.160.45 - - [11/Sep/2026:08:48:04 -0400] "GET /wp-admin/setup-config.php HTTP/2" 200 4532 "https://bft.com.tw/%E7%A5%9E%E8%88%B9%E4%BA%8C%E5%8D%81%E8%99%9F%E8%88%AA%E5%A4%A9%E5%93%A1%E4%B9%98%E7%8E%A9%E7%BF%BB%E5%A4%A9%E5%8C%85%E8%BB%8A%E6%97%85%E9%81%8A%E7%B5%84%E5%9C%93%E6%BB%BF%E5%AE%8C%E6%88%90%E7%AC%AC-2/20250822/156952.png" "Mozilla/5.0 (Macintosh; Intel Mac OS X 10_15_7) AppleWebKit/537.36 (KHTML, like Gecko) Chrome/147.0.0.0 Safari/537.36"
14.102.78.232 - - [11/Sep/2026:08:48:06 -0400] "POST /xmlrpc.php HTTP/1.1" 403 1242 "-" "WordPress.com; https://wordpress.com"
57.141.20.51 - - [11/Sep/2026:08:48:11 -0400] "GET /%e6%96%b0%e6%99%82%e6%9c%9f%e4%b8%ad%e5%9c%8b%e9%9d%92%e5%8f%b0%e5%8c%85%e9%a4%8a%e7%b6%b2%e5%bf%83%e5%be%97%e5%b9%b4%e7%9a%84%e7%b2%be%e5%8a%9b%e7%89%b9%e8%b3%aa%e8%88%87%e4%bb%bb%e5%8b%99%e6%93%94/ HTTP/2" 302 0 "-" "Mozilla/5.0 (Windows NT 10.0; Win64; x64) AppleWebKit/537.36 (KHTML, like Gecko) Chrome/145.0.0.0 Safari/537.36 (compatible; meta-externalagent/1.1 (+https://developers.facebook.com/docs/sharing/webmasters/crawler))"
57.141.20.62 - - [11/Sep/2026:08:48:12 -0400] "GET /wp-admin/setup-config.php HTTP/2" 200 4532 "-" "Mozilla/5.0 (Windows NT 10.0; Win64; x64) AppleWebKit/537.36 (KHTML, like Gecko) Chrome/145.0.0.0 Safari/537.36 (compatible; meta-externalagent/1.1 (+https://developers.facebook.com/docs/sharing/webmasters/crawler))"
14.102.78.232 - - [11/Sep/2026:08:48:16 -0400] "POST /xmlrpc.php HTTP/1.1" 403 1242 "-" "Jetpack by WordPress.com"
40.77.167.27 - - [11/Sep/2026:08:48:23 -0400] "GET /Nino/%E6%B7%B1%E5%9C%B3%E9%BE%8D%E5%B4%97%E5%8D%80%E4%BD%88%E5%90%89%E8%A1%97%E9%81%93%E6%9C%A8%E6%A3%89%E7%81%A3%E7%89%87%E5%8D%80%E8%88%8A%E6%94%B9%E5%9B%9E%E9%81%B7%E6%88%BF%E9%A0%90%E5%82%99%E9%96%8B/ HTTP/2" 302 0 "-" "Mozilla/5.0 AppleWebKit/537.36 (KHTML, like Gecko; compatible; bingbot/2.0; +http://www.bing.com/bingbot.htm) Chrome/116.0.1938.76 Safari/537.36"
40.77.167.27 - - [11/Sep/2026:08:48:24 -0400] "GET /wp-admin/setup-config.php HTTP/2" 200 4054 "-" "Mozilla/5.0 AppleWebKit/537.36 (KHTML, like Gecko; compatible; bingbot/2.0; +http://www.bing.com/bingbot.htm) Chrome/116.0.1938.76 Safari/537.36"
14.102.78.232 - - [11/Sep/2026:08:48:26 -0400] "POST /xmlrpc.php HTTP/1.1" 403 1242 "-" "WordPress.com; https://wordpress.com"
14.102.78.232 - - [11/Sep/2026:08:48:38 -0400] "POST /xmlrpc.php HTTP/1.1" 403 1242 "-" "Jetpack by WordPress.com"
57.141.22.53 - - [11/Sep/2026:08:48:38 -0400] "GET / HTTP/2" 302 0 "-" "facebookexternalhit/1.1 (+http://www.facebook.com/externalhit_uatext.php)"
57.141.20.2 - - [11/Sep/2026:08:48:39 -0400] "GET /%e7%9c%8b%e6%98%a5%e9%81%8b%e9%87%8c%e8%8a%b1%e8%b2%bb%e6%96%b0%e8%b6%a8%e5%90%91%e7%a7%80%e5%82%b3%e9%86%ab%e9%99%a2%e5%81%a5%e6%aa%a2%e9%a0%85%e7%9b%ae32%e6%84%9f%e8%a7%b8/ HTTP/2" 302 0 "-" "Mozilla/5.0 (Windows NT 10.0; Win64; x64) AppleWebKit/537.36 (KHTML, like Gecko) Chrome/145.0.0.0 Safari/537.36 (compatible; meta-externalagent/1.1 (+https://developers.facebook.com/docs/sharing/webmasters/crawler))"
57.141.20.72 - - [11/Sep/2026:08:48:41 -0400] "GET /wp-admin/setup-config.php HTTP/2" 200 4532 "-" "Mozilla/5.0 (Windows NT 10.0; Win64; x64) AppleWebKit/537.36 (KHTML, like Gecko) Chrome/145.0.0.0 Safari/537.36 (compatible; meta-externalagent/1.1 (+https://developers.facebook.com/docs/sharing/webmasters/crawler))"
44.195.145.102 - - [11/Sep/2026:08:48:43 -0400] "GET /wp-json/oembed/1.0/embed?url=https://bft.com.tw/%25e8%25a8%2598%25e8%2580%2585%25e5%25af%259f%25e7%259c%258b%25ef%25bd%259c%25e5%25ae%2589%25e5%25ba%25b7%25e4%25b8%25ad%25e5%259c%258b%25e7%25a7%2580%25e5%2582%25b3%25e9%2586%25ab%25e9%2599%25a2%25e5%2581%25a5%25e5%25ba%25b7%25e6%25aa%25a2%25e6%259f%25a532%25e8%2588%2589%25e5%258b%2595%25e8%25b5%25b7%25e4%25be%2586/ HTTP/1.1" 302 0 "-" "Mozilla/5.0 AppleWebKit/537.36 (KHTML, like Gecko; compatible; Amazonbot/0.1; +https://developer.amazon.com/support/amazonbot) Chrome/119.0.6045.214 Safari/537.36"
114.119.130.151 - - [11/Sep/2026:08:48:47 -0400] "GET /%e5%8b%9e%e6%a8%a1%e9%a2%a8%e5%ba%a6%c2%b7%e5%ae%bf%e9%81%b7%e5%b8%82%e4%bc%91%e6%81%af%e6%a8%a1%e8%8c%83%e4%bb%bb%e6%a3%ae%e5%92%8c%e8%a8%ba%e6%89%80%e9%ab%94%e6%aa%a2%e9%9d%9c%ef%bc%9a-25/ HTTP/1.1" 302 0 "https://bft.com.tw/%e6%a0%aajiuyi%e4%bf%b1%e6%84%8f%e4%bd%8f%e5%ae%85%e8%a8%ad%e8%a8%88%e6%b4%b22%e5%90%8d%e7%84%a1%e7%99%a5%e7%8b%80%e6%b2%be%e6%9f%93%e8%80%85%e9%81%8b%e5%8b%95%e8%bb%8c%e8%b7%a1%e6%a6%82%e6%b3%81-4/" "Mozilla/5.0 (Linux; Android 7.0;) AppleWebKit/537.36 (HTML, like Gecko) Mobile Safari/537.36 (compatible; PetalBot;+https://webmaster.petalsearch.com/site/petalbot)"
14.102.78.232 - - [11/Sep/2026:08:48:47 -0400] "POST /xmlrpc.php HTTP/1.1" 403 1242 "-" "Jetpack/12.5; WordPress/6.1; http://site10974806.com"
114.119.130.151 - - [11/Sep/2026:08:48:47 -0400] "GET /wp-admin/setup-config.php HTTP/1.1" 200 4054 "https://bft.com.tw/%e6%a0%aajiuyi%e4%bf%b1%e6%84%8f%e4%bd%8f%e5%ae%85%e8%a8%ad%e8%a8%88%e6%b4%b22%e5%90%8d%e7%84%a1%e7%99%a5%e7%8b%80%e6%b2%be%e6%9f%93%e8%80%85%e9%81%8b%e5%8b%95%e8%bb%8c%e8%b7%a1%e6%a6%82%e6%b3%81-4/" "Mozilla/5.0 (Linux; Android 7.0;) AppleWebKit/537.36 (HTML, like Gecko) Mobile Safari/537.36 (compatible; PetalBot;+https://webmaster.petalsearch.com/site/petalbot)"
50.6.169.131 - - [11/Sep/2026:08:48:57 -0400] "GET /readme.html HTTP/2" 200 2657 "-" "Mozilla/5.0 (Windows NT 10.0; Win64; x64) AppleWebKit/537.36 (KHTML, like Gecko) Chrome/151.0.0.0 Safari/537.36"
50.6.169.131 - - [11/Sep/2026:08:48:57 -0400] "GET /wp-json/ HTTP/2" 302 0 "-" "Mozilla/5.0 (Windows NT 10.0; Win64; x64) AppleWebKit/537.36 (KHTML, like Gecko) Chrome/151.0.0.0 Safari/537.36"
50.6.169.131 - - [11/Sep/2026:08:48:57 -0400] "GET /wp-admin/setup-config.php HTTP/2" 200 4054 "-" "Mozilla/5.0 (Windows NT 10.0; Win64; x64) AppleWebKit/537.36 (KHTML, like Gecko) Chrome/151.0.0.0 Safari/537.36"
50.6.169.131 - - [11/Sep/2026:08:48:58 -0400] "GET / HTTP/2" 302 0 "-" "Mozilla/5.0 (Windows NT 10.0; Win64; x64) AppleWebKit/537.36 (KHTML, like Gecko) Chrome/151.0.0.0 Safari/537.36"
14.102.78.232 - - [11/Sep/2026:08:48:58 -0400] "POST /xmlrpc.php HTTP/1.1" 403 1242 "-" "Jetpack/12.0; WordPress/6.3; http://site65635018.com"
50.6.169.131 - - [11/Sep/2026:08:48:58 -0400] "GET /wp-admin/setup-config.php HTTP/2" 200 4054 "-" "Mozilla/5.0 (Windows NT 10.0; Win64; x64) AppleWebKit/537.36 (KHTML, like Gecko) Chrome/151.0.0.0 Safari/537.36"
50.6.169.131 - - [11/Sep/2026:08:48:58 -0400] "GET /wp-json/wp/v2/users?_fields=slug&per_page=100&page=1 HTTP/2" 302 0 "-" "Mozilla/5.0 (Windows NT 10.0; Win64; x64) AppleWebKit/537.36 (KHTML, like Gecko) Chrome/151.0.0.0 Safari/537.36"
50.6.169.131 - - [11/Sep/2026:08:48:58 -0400] "GET /wp-admin/setup-config.php HTTP/2" 200 4054 "-" "Mozilla/5.0 (Windows NT 10.0; Win64; x64) AppleWebKit/537.36 (KHTML, like Gecko) Chrome/151.0.0.0 Safari/537.36"
50.6.169.131 - - [11/Sep/2026:08:48:58 -0400] "GET /?rest_route=/wp/v2/users&_fields=slug&per_page=100&page=1 HTTP/2" 302 0 "-" "Mozilla/5.0 (Windows NT 10.0; Win64; x64) AppleWebKit/537.36 (KHTML, like Gecko) Chrome/151.0.0.0 Safari/537.36"
50.6.169.131 - - [11/Sep/2026:08:48:59 -0400] "GET /wp-admin/setup-config.php HTTP/2" 200 4054 "-" "Mozilla/5.0 (Windows NT 10.0; Win64; x64) AppleWebKit/537.36 (KHTML, like Gecko) Chrome/151.0.0.0 Safari/537.36"
50.6.169.131 - - [11/Sep/2026:08:48:59 -0400] "GET /feed/ HTTP/2" 302 0 "-" "Mozilla/5.0 (Windows NT 10.0; Win64; x64) AppleWebKit/537.36 (KHTML, like Gecko) Chrome/151.0.0.0 Safari/537.36"
50.6.169.131 - - [11/Sep/2026:08:48:59 -0400] "GET /wp-admin/setup-config.php HTTP/2" 200 4054 "-" "Mozilla/5.0 (Windows NT 10.0; Win64; x64) AppleWebKit/537.36 (KHTML, like Gecko) Chrome/151.0.0.0 Safari/537.36"
50.6.169.131 - - [11/Sep/2026:08:48:59 -0400] "GET /feed/atom/ HTTP/2" 302 0 "-" "Mozilla/5.0 (Windows NT 10.0; Win64; x64) AppleWebKit/537.36 (KHTML, like Gecko) Chrome/151.0.0.0 Safari/537.36"
50.6.169.131 - - [11/Sep/2026:08:48:59 -0400] "GET /wp-admin/setup-config.php HTTP/2" 200 4054 "-" "Mozilla/5.0 (Windows NT 10.0; Win64; x64) AppleWebKit/537.36 (KHTML, like Gecko) Chrome/151.0.0.0 Safari/537.36"
50.6.169.131 - - [11/Sep/2026:08:49:00 -0400] "GET /rss/ HTTP/2" 302 0 "-" "Mozilla/5.0 (Windows NT 10.0; Win64; x64) AppleWebKit/537.36 (KHTML, like Gecko) Chrome/151.0.0.0 Safari/537.36"
50.6.169.131 - - [11/Sep/2026:08:49:00 -0400] "GET /wp-admin/setup-config.php HTTP/2" 200 4054 "-" "Mozilla/5.0 (Windows NT 10.0; Win64; x64) AppleWebKit/537.36 (KHTML, like Gecko) Chrome/151.0.0.0 Safari/537.36"
50.6.169.131 - - [11/Sep/2026:08:49:00 -0400] "GET /wp-sitemap-users-1.xml HTTP/2" 302 0 "-" "Mozilla/5.0 (Windows NT 10.0; Win64; x64) AppleWebKit/537.36 (KHTML, like Gecko) Chrome/151.0.0.0 Safari/537.36"
50.6.169.131 - - [11/Sep/2026:08:49:00 -0400] "GET /wp-admin/setup-config.php HTTP/2" 200 4054 "-" "Mozilla/5.0 (Windows NT 10.0; Win64; x64) AppleWebKit/537.36 (KHTML, like Gecko) Chrome/151.0.0.0 Safari/537.36"
50.6.169.131 - - [11/Sep/2026:08:49:01 -0400] "GET /author-sitemap.xml HTTP/2" 302 0 "-" "Mozilla/5.0 (Windows NT 10.0; Win64; x64) AppleWebKit/537.36 (KHTML, like Gecko) Chrome/151.0.0.0 Safari/537.36"
50.6.169.131 - - [11/Sep/2026:08:49:01 -0400] "GET /wp-admin/setup-config.php HTTP/2" 200 4054 "-" "Mozilla/5.0 (Windows NT 10.0; Win64; x64) AppleWebKit/537.36 (KHTML, like Gecko) Chrome/151.0.0.0 Safari/537.36"
50.6.169.131 - - [11/Sep/2026:08:49:01 -0400] "GET /sitemap.xml HTTP/2" 302 0 "-" "Mozilla/5.0 (Windows NT 10.0; Win64; x64) AppleWebKit/537.36 (KHTML, like Gecko) Chrome/151.0.0.0 Safari/537.36"
50.6.169.131 - - [11/Sep/2026:08:49:01 -0400] "GET /wp-admin/setup-config.php HTTP/2" 200 4054 "-" "Mozilla/5.0 (Windows NT 10.0; Win64; x64) AppleWebKit/537.36 (KHTML, like Gecko) Chrome/151.0.0.0 Safari/537.36"
50.6.169.131 - - [11/Sep/2026:08:49:01 -0400] "GET /wp-json/wp/v2/posts?per_page=20&_embed=author&_fields=_embedded HTTP/2" 302 0 "-" "Mozilla/5.0 (Windows NT 10.0; Win64; x64) AppleWebKit/537.36 (KHTML, like Gecko) Chrome/151.0.0.0 Safari/537.36"
50.6.169.131 - - [11/Sep/2026:08:49:02 -0400] "GET /wp-admin/setup-config.php HTTP/2" 200 4054 "-" "Mozilla/5.0 (Windows NT 10.0; Win64; x64) AppleWebKit/537.36 (KHTML, like Gecko) Chrome/151.0.0.0 Safari/537.36"
50.6.169.131 - - [11/Sep/2026:08:49:02 -0400] "GET /wp-json/oembed/1.0/embed?url=https%3A%2F%2Fbft.com.tw&format=json HTTP/2" 302 0 "-" "Mozilla/5.0 (Windows NT 10.0; Win64; x64) AppleWebKit/537.36 (KHTML, like Gecko) Chrome/151.0.0.0 Safari/537.36"
50.6.169.131 - - [11/Sep/2026:08:49:02 -0400] "GET /wp-admin/setup-config.php HTTP/2" 200 4054 "-" "Mozilla/5.0 (Windows NT 10.0; Win64; x64) AppleWebKit/537.36 (KHTML, like Gecko) Chrome/151.0.0.0 Safari/537.36"
50.6.169.131 - - [11/Sep/2026:08:49:02 -0400] "POST /graphql HTTP/2" 302 0 "-" "Mozilla/5.0 (Windows NT 10.0; Win64; x64) AppleWebKit/537.36 (KHTML, like Gecko) Chrome/151.0.0.0 Safari/537.36"
50.6.169.131 - - [11/Sep/2026:08:49:02 -0400] "GET /wp-admin/setup-config.php HTTP/2" 200 4054 "-" "Mozilla/5.0 (Windows NT 10.0; Win64; x64) AppleWebKit/537.36 (KHTML, like Gecko) Chrome/151.0.0.0 Safari/537.36"
50.6.169.131 - - [11/Sep/2026:08:49:03 -0400] "POST /api/graphql HTTP/2" 302 0 "-" "Mozilla/5.0 (Windows NT 10.0; Win64; x64) AppleWebKit/537.36 (KHTML, like Gecko) Chrome/151.0.0.0 Safari/537.36"
50.6.169.131 - - [11/Sep/2026:08:49:03 -0400] "GET /wp-admin/setup-config.php HTTP/2" 200 4054 "-" "Mozilla/5.0 (Windows NT 10.0; Win64; x64) AppleWebKit/537.36 (KHTML, like Gecko) Chrome/151.0.0.0 Safari/537.36"
50.6.169.131 - - [11/Sep/2026:08:49:03 -0400] "GET /?rest_route=/wp/v2/users&_jsonp=callback&per_page=100&_fields=id,slug HTTP/2" 302 0 "-" "Mozilla/5.0 (Windows NT 10.0; Win64; x64) AppleWebKit/537.36 (KHTML, like Gecko) Chrome/151.0.0.0 Safari/537.36"
50.6.169.131 - - [11/Sep/2026:08:49:03 -0400] "GET /wp-admin/setup-config.php HTTP/2" 200 4054 "-" "Mozilla/5.0 (Windows NT 10.0; Win64; x64) AppleWebKit/537.36 (KHTML, like Gecko) Chrome/151.0.0.0 Safari/537.36"
50.6.169.131 - - [11/Sep/2026:08:49:04 -0400] "GET /wp-json/wp/v2/users?_jsonp=callback&per_page=100&_fields=id,slug HTTP/2" 302 0 "-" "Mozilla/5.0 (Windows NT 10.0; Win64; x64) AppleWebKit/537.36 (KHTML, like Gecko) Chrome/151.0.0.0 Safari/537.36"
50.6.169.131 - - [11/Sep/2026:08:49:04 -0400] "GET /wp-admin/setup-config.php HTTP/2" 200 4054 "-" "Mozilla/5.0 (Windows NT 10.0; Win64; x64) AppleWebKit/537.36 (KHTML, like Gecko) Chrome/151.0.0.0 Safari/537.36"
50.6.169.131 - - [11/Sep/2026:08:49:04 -0400] "GET /author-sitemap.xml HTTP/2" 302 0 "-" "Mozilla/5.0 (Windows NT 10.0; Win64; x64) AppleWebKit/537.36 (KHTML, like Gecko) Chrome/151.0.0.0 Safari/537.36"
50.6.169.131 - - [11/Sep/2026:08:49:04 -0400] "GET /wp-admin/setup-config.php HTTP/2" 200 4054 "-" "Mozilla/5.0 (Windows NT 10.0; Win64; x64) AppleWebKit/537.36 (KHTML, like Gecko) Chrome/151.0.0.0 Safari/537.36"
50.6.169.131 - - [11/Sep/2026:08:49:04 -0400] "GET /sitemap_index.xml HTTP/2" 302 0 "-" "Mozilla/5.0 (Windows NT 10.0; Win64; x64) AppleWebKit/537.36 (KHTML, like Gecko) Chrome/151.0.0.0 Safari/537.36"
50.6.169.131 - - [11/Sep/2026:08:49:05 -0400] "GET /wp-admin/setup-config.php HTTP/2" 200 4054 "-" "Mozilla/5.0 (Windows NT 10.0; Win64; x64) AppleWebKit/537.36 (KHTML, like Gecko) Chrome/151.0.0.0 Safari/537.36"
50.6.169.131 - - [11/Sep/2026:08:49:05 -0400] "GET /wp-sitemap-users-1.xml HTTP/2" 302 0 "-" "Mozilla/5.0 (Windows NT 10.0; Win64; x64) AppleWebKit/537.36 (KHTML, like Gecko) Chrome/151.0.0.0 Safari/537.36"
50.6.169.131 - - [11/Sep/2026:08:49:05 -0400] "GET /wp-admin/setup-config.php HTTP/2" 200 4054 "-" "Mozilla/5.0 (Windows NT 10.0; Win64; x64) AppleWebKit/537.36 (KHTML, like Gecko) Chrome/151.0.0.0 Safari/537.36"
14.102.78.232 - - [11/Sep/2026:08:49:09 -0400] "POST /xmlrpc.php HTTP/1.1" 403 1242 "-" "Jetpack by WordPress.com (Jetpack 12.1; WordPress 6.4)"
57.141.20.43 - - [11/Sep/2026:08:49:16 -0400] "GET /%e6%b3%a1%e6%b3%a1%e7%91%aa%e7%89%b9%e5%9c%8b%e9%9a%9b%e9%9b%86%e5%9c%98%e5%89%af%e7%b8%bd%e8%a3%81%e5%85%bc%e9%a6%96%e5%b8%ad%e5%85%ac%e5%90%8c%e4%ba%8b%e5%8b%99%e5%ae%98%e9%99%b3%e6%9b%89%e8%95%93/ HTTP/2" 302 0 "-" "Mozilla/5.0 (Windows NT 10.0; Win64; x64) AppleWebKit/537.36 (KHTML, like Gecko) Chrome/145.0.0.0 Safari/537.36 (compatible; meta-externalagent/1.1 (+https://developers.facebook.com/docs/sharing/webmasters/crawler))"
57.141.20.20 - - [11/Sep/2026:08:49:17 -0400] "GET /wp-admin/setup-config.php HTTP/2" 200 4532 "-" "Mozilla/5.0 (Windows NT 10.0; Win64; x64) AppleWebKit/537.36 (KHTML, like Gecko) Chrome/145.0.0.0 Safari/537.36 (compatible; meta-externalagent/1.1 (+https://developers.facebook.com/docs/sharing/webmasters/crawler))"
14.102.78.232 - - [11/Sep/2026:08:49:20 -0400] "POST /xmlrpc.php HTTP/1.1" 403 1242 "-" "Jetpack by WordPress.com"
57.141.20.41 - - [11/Sep/2026:08:49:27 -0400] "GET /%e5%89%8d11%e5%80%8b%e6%9c%88jiuyi%e4%bf%b1%e6%84%8f%e4%bd%8f%e5%ae%85%e8%a8%ad%e8%a8%88%e6%b6%88%e8%b2%bb%e5%93%81%e4%bb%a5%e8%88%8a%e6%8f%9b%e6%96%b0%e5%b8%b6%e5%8b%95%e9%8a%b7%e5%94%ae%e8%b6%852-5/ HTTP/2" 302 0 "-" "Mozilla/5.0 (Windows NT 10.0; Win64; x64) AppleWebKit/537.36 (KHTML, like Gecko) Chrome/145.0.0.0 Safari/537.36 (compatible; meta-externalagent/1.1 (+https://developers.facebook.com/docs/sharing/webmasters/crawler))"
57.141.20.61 - - [11/Sep/2026:08:49:28 -0400] "GET /wp-admin/setup-config.php HTTP/2" 200 4532 "-" "Mozilla/5.0 (Windows NT 10.0; Win64; x64) AppleWebKit/537.36 (KHTML, like Gecko) Chrome/145.0.0.0 Safari/537.36 (compatible; meta-externalagent/1.1 (+https://developers.facebook.com/docs/sharing/webmasters/crawler))"
14.102.78.232 - - [11/Sep/2026:08:49:30 -0400] "POST /xmlrpc.php HTTP/1.1" 403 1242 "-" "WordPress.com; https://wordpress.com"
23.20.178.124 - - [11/Sep/2026:08:49:31 -0400] "GET /wp-json/oembed/1.0/embed?format=xml&url=https://bft.com.tw/%25e4%25ba%2591%25e5%258d%2597%25ef%25bc%259a%25e7%2599%25be%25e5%25b0%2588%25e5%258c%2585%25e9%25a4%258a%25e7%25b6%2593%25e9%25a9%2597%25e5%25b7%25a5%25e7%25a8%25ae%25e7%25ab%25b6%25e6%258a%2580%25ef%25bc%258c120%25e8%2590%25ac%25e8%2581%25b7%25e5%25b7%25a5%25e5%25b9%25b4%25e5%25a4%259c%25e7%25b7%25b4%25e5%2585%25b5/ HTTP/1.1" 302 0 "-" "Mozilla/5.0 AppleWebKit/537.36 (KHTML, like Gecko; compatible; Amazonbot/0.1; +https://developer.amazon.com/support/amazonbot) Chrome/119.0.6045.214 Safari/537.36"
57.141.20.0 - - [11/Sep/2026:08:49:35 -0400] "GET /%e8%b2%b7%e5%8c%96%e5%a6%9dosder%e5%a5%a7%e6%96%af%e5%be%b7%e5%8f%b0%e5%8c%97%e6%b1%bd%e8%bb%8a%e5%93%81%e6%94%b6%e5%88%b0%e5%af%86%e7%a2%bc%e7%ae%b1%ef%bc%8c%e6%8e%83%e7%a2%bc%e5%8a%a0%e5%be%ae/ HTTP/2" 302 0 "-" "Mozilla/5.0 (Windows NT 10.0; Win64; x64) AppleWebKit/537.36 (KHTML, like Gecko) Chrome/145.0.0.0 Safari/537.36 (compatible; meta-externalagent/1.1 (+https://developers.facebook.com/docs/sharing/webmasters/crawler))"
207.46.13.141 - - [11/Sep/2026:08:49:36 -0400] "GET /%E9%9A%8B%E5%AB%BB%E9%9D%9C%E6%89%BE%E5%8C%85%E9%A4%8A%E7%B6%93%E9%A9%97%E8%A1%A8%E6%85%8B%E5%85%AC%E7%84%B6%E7%B7%B4%E7%BF%92%E8%AA%B2/ HTTP/2" 302 0 "-" "Mozilla/5.0 AppleWebKit/537.36 (KHTML, like Gecko; compatible; bingbot/2.0; +http://www.bing.com/bingbot.htm) Chrome/116.0.1938.76 Safari/537.36"
57.141.20.52 - - [11/Sep/2026:08:49:37 -0400] "GET /wp-admin/setup-config.php HTTP/2" 200 4532 "-" "Mozilla/5.0 (Windows NT 10.0; Win64; x64) AppleWebKit/537.36 (KHTML, like Gecko) Chrome/145.0.0.0 Safari/537.36 (compatible; meta-externalagent/1.1 (+https://developers.facebook.com/docs/sharing/webmasters/crawler))"
14.102.78.232 - - [11/Sep/2026:08:49:41 -0400] "POST /xmlrpc.php HTTP/1.1" 403 1242 "-" "WordPress.com; https://wordpress.com"
207.46.13.141 - - [11/Sep/2026:08:49:43 -0400] "GET /wp-admin/setup-config.php HTTP/2" 200 4054 "-" "Mozilla/5.0 AppleWebKit/537.36 (KHTML, like Gecko; compatible; bingbot/2.0; +http://www.bing.com/bingbot.htm) Chrome/116.0.1938.76 Safari/537.36"
44.217.255.167 - - [11/Sep/2026:08:49:47 -0400] "GET /%E5%B9%B3%E5%AE%89%E6%94%B6%E5%8F%97%E6%8E%A5%E7%AE%A1%E5%86%8D%E8%BD%89%E8%B4%88%E5%85%B6%E4%BB%96%E7%97%85%E6%82%A3-%E9%99%B3%E7%AF%A4%E7%94%9F%E9%86%AB%E9%99%A2jiuyi%E4%BF%B1%E6%84%8F%E7%A9%BA/ HTTP/1.1" 302 0 "-" "Mozilla/5.0 AppleWebKit/537.36 (KHTML, like Gecko; compatible; Amazonbot/0.1; +https://developer.amazon.com/support/amazonbot) Chrome/119.0.6045.214 Safari/537.36"
14.102.78.232 - - [11/Sep/2026:08:49:51 -0400] "POST /xmlrpc.php HTTP/1.1" 403 1242 "-" "Jetpack by WordPress.com (Jetpack 12.5; WordPress 6.2)"
14.102.78.232 - - [11/Sep/2026:08:50:02 -0400] "POST /xmlrpc.php HTTP/1.1" 403 1242 "-" "WordPress.com; https://wordpress.com"
14.102.78.232 - - [11/Sep/2026:08:50:12 -0400] "POST /xmlrpc.php HTTP/1.1" 403 1242 "-" "Jetpack by WordPress.com (Jetpack 12.0; WordPress 6.3)"
14.102.78.232 - - [11/Sep/2026:08:50:23 -0400] "POST /xmlrpc.php HTTP/1.1" 403 1242 "-" "Jetpack by WordPress.com"
14.102.78.232 - - [11/Sep/2026:08:50:32 -0400] "POST /xmlrpc.php HTTP/1.1" 403 1242 "-" "Jetpack/12.1; WordPress/6.3; http://site92955604.com"
128.140.41.193 - - [11/Sep/2026:08:50:33 -0400] "HEAD / HTTP/1.1" 302 0 "https://bft.com.tw" "Mozilla/5.0+(compatible; UptimeRobot/2.0; http://www.uptimerobot.com/)"
128.140.41.193 - - [11/Sep/2026:08:50:33 -0400] "HEAD /wp-admin/setup-config.php HTTP/1.1" 200 0 "https://bft.com.tw" "Mozilla/5.0+(compatible; UptimeRobot/2.0; http://www.uptimerobot.com/)"
122.96.30.65 - - [11/Sep/2026:08:50:41 -0400] "GET /?teir HTTP/1.1" 302 0 "-" "Mozilla/5.0 (Macintosh; U; PPC; en-US; rv:1.2a) Gecko/20020910"
122.96.30.65 - - [11/Sep/2026:08:50:42 -0400] "GET /index/index/info?type=ultimate&date=1633382774669 HTTP/1.1" 302 0 "-" "Mozilla/5.0 (Macintosh; U; PPC; en-US; rv:1.2a) Gecko/20020910"
122.96.30.65 - - [11/Sep/2026:08:50:42 -0400] "GET /index.php/user/login HTTP/1.1" 302 0 "-" "Mozilla/5.0 (Macintosh; U; PPC; en-US; rv:1.2a) Gecko/20020910"
122.96.30.65 - - [11/Sep/2026:08:50:42 -0400] "GET /jw HTTP/1.1" 302 0 "-" "Mozilla/5.0 (Macintosh; U; PPC; en-US; rv:1.2a) Gecko/20020910"
122.96.30.65 - - [11/Sep/2026:08:50:42 -0400] "GET /api/Event/Products/Average HTTP/1.1" 302 0 "-" "Mozilla/5.0 (Macintosh; U; PPC; en-US; rv:1.2a) Gecko/20020910"
57.141.20.13 - - [11/Sep/2026:08:50:42 -0400] "GET /%e5%8b%a4%e8%a3%9c%e6%b0%b4%e5%a4%9a%e6%a3%ae%e5%92%8c%e8%a8%ba%e6%89%80%e9%ab%94%e6%aa%a2%e9%81%8b%e5%8b%95%e8%8e%ab%e8%b2%aa%e6%b6%bc/ HTTP/2" 302 0 "-" "Mozilla/5.0 (Macintosh; Intel Mac OS X 10_15_7) AppleWebKit/537.36 (KHTML, like Gecko) Chrome/145.0.0.0 Safari/537.36 (compatible; meta-externalagent/1.1 (+https://developers.facebook.com/docs/sharing/webmasters/crawler))"
57.141.20.39 - - [11/Sep/2026:08:50:43 -0400] "GET /wp-admin/setup-config.php HTTP/2" 200 4532 "-" "Mozilla/5.0 (Macintosh; Intel Mac OS X 10_15_7) AppleWebKit/537.36 (KHTML, like Gecko) Chrome/145.0.0.0 Safari/537.36 (compatible; meta-externalagent/1.1 (+https://developers.facebook.com/docs/sharing/webmasters/crawler))"
14.102.78.232 - - [11/Sep/2026:08:50:43 -0400] "POST /xmlrpc.php HTTP/1.1" 403 1242 "-" "Jetpack by WordPress.com (Jetpack 12.1; WordPress 6.4)"
14.102.78.232 - - [11/Sep/2026:08:50:54 -0400] "POST /xmlrpc.php HTTP/1.1" 403 1242 "-" "WordPress.com; https://wordpress.com"
57.141.20.17 - - [11/Sep/2026:08:51:02 -0400] "GET /%e5%8d%9a%e7%89%a9%e9%a4%a8%e7%be%8e%e9%a3%9f%ef%bc%8c%e6%9b%b4%e5%99%b4%e5%b0%88%e5%8c%85%e9%a4%8a%e7%b6%b2%e7%ab%99%e9%bc%bb%e4%ba%86%ef%bc%81/ HTTP/2" 302 0 "-" "Mozilla/5.0 (Windows NT 10.0; Win64; x64) AppleWebKit/537.36 (KHTML, like Gecko) Chrome/145.0.0.0 Safari/537.36 (compatible; meta-externalagent/1.1 (+https://developers.facebook.com/docs/sharing/webmasters/crawler))"
57.141.20.74 - - [11/Sep/2026:08:51:02 -0400] "GET /wp-admin/setup-config.php HTTP/2" 200 4532 "-" "Mozilla/5.0 (Windows NT 10.0; Win64; x64) AppleWebKit/537.36 (KHTML, like Gecko) Chrome/145.0.0.0 Safari/537.36 (compatible; meta-externalagent/1.1 (+https://developers.facebook.com/docs/sharing/webmasters/crawler))"
57.141.20.45 - - [11/Sep/2026:08:51:03 -0400] "GET /%e6%b8%af%e6%be%b3%e9%9d%92%e5%b9%b4%e5%9c%a8%e9%82%8a%e7%96%86%ef%bd%9c%e7%82%ba%e6%bc%a2%e8%aa%aa%e8%a9%b1%e7%9a%84%e5%82%b3%e6%89%bf%e5%92%8c%e5%82%b3%e4%bd%88%e7%9b%a1%e4%b8%80%e4%bb%bd/ HTTP/2" 302 0 "-" "Mozilla/5.0 (Windows NT 10.0; Win64; x64) AppleWebKit/537.36 (KHTML, like Gecko) Chrome/145.0.0.0 Safari/537.36 (compatible; meta-externalagent/1.1 (+https://developers.facebook.com/docs/sharing/webmasters/crawler))"
57.141.20.44 - - [11/Sep/2026:08:51:03 -0400] "GET /wp-admin/setup-config.php HTTP/2" 200 4532 "-" "Mozilla/5.0 (Windows NT 10.0; Win64; x64) AppleWebKit/537.36 (KHTML, like Gecko) Chrome/145.0.0.0 Safari/537.36 (compatible; meta-externalagent/1.1 (+https://developers.facebook.com/docs/sharing/webmasters/crawler))"
14.102.78.232 - - [11/Sep/2026:08:51:05 -0400] "POST /xmlrpc.php HTTP/1.1" 403 1242 "-" "Jetpack by WordPress.com (Jetpack 12.1; WordPress 6.4)"
14.102.78.232 - - [11/Sep/2026:08:51:15 -0400] "POST /xmlrpc.php HTTP/1.1" 403 1242 "-" "Jetpack by WordPress.com (Jetpack 13.0; WordPress 6.4)"
57.141.20.56 - - [11/Sep/2026:08:51:23 -0400] "GET /%e7%95%b6%e5%b1%80%e9%96%8b%e5%b1%95%e5%85%ad%e9%a0%85%e7%ab%8b%e7%99%be%e7%97%85%e6%af%92%e7%a0%94%e8%a8%8e%e9%a0%85%e7%9b%ae-%e6%9c%aa%e6%87%89%e5%8f%b0%e5%8c%97%e7%a7%80%e5%82%b3%e5%81%a5%e6%aa%a2/ HTTP/2" 302 0 "-" "Mozilla/5.0 (Macintosh; Intel Mac OS X 10_15_7) AppleWebKit/537.36 (KHTML, like Gecko) Chrome/145.0.0.0 Safari/537.36 (compatible; meta-externalagent/1.1 (+https://developers.facebook.com/docs/sharing/webmasters/crawler))"
57.141.20.57 - - [11/Sep/2026:08:51:23 -0400] "GET /wp-admin/setup-config.php HTTP/2" 200 4532 "-" "Mozilla/5.0 (Macintosh; Intel Mac OS X 10_15_7) AppleWebKit/537.36 (KHTML, like Gecko) Chrome/145.0.0.0 Safari/537.36 (compatible; meta-externalagent/1.1 (+https://developers.facebook.com/docs/sharing/webmasters/crawler))"
14.102.78.232 - - [11/Sep/2026:08:51:26 -0400] "POST /xmlrpc.php HTTP/1.1" 403 1242 "-" "Jetpack by WordPress.com"
14.102.78.232 - - [11/Sep/2026:08:51:37 -0400] "POST /xmlrpc.php HTTP/1.1" 403 1242 "-" "Jetpack by WordPress.com (Jetpack 13.0; WordPress 6.2)"
57.141.20.59 - - [11/Sep/2026:08:51:40 -0400] "GET /%e5%8f%b0%e5%8c%85%e9%a4%8a%e5%bf%83%e5%be%97%e8%ae%93%e6%95%b8%e6%99%ba%e7%82%ba%e6%96%87%e6%98%8e%e8%b3%a6%e8%83%bd%e6%b7%bb%e5%bd%a9/ HTTP/2" 302 0 "-" "Mozilla/5.0 (X11; Linux x86_64) AppleWebKit/537.36 (KHTML, like Gecko) Chrome/145.0.0.0 Safari/537.36 (compatible; meta-externalagent/1.1 (+https://developers.facebook.com/docs/sharing/webmasters/crawler))"
57.141.20.18 - - [11/Sep/2026:08:51:41 -0400] "GET /wp-admin/setup-config.php HTTP/2" 200 4532 "-" "Mozilla/5.0 (X11; Linux x86_64) AppleWebKit/537.36 (KHTML, like Gecko) Chrome/145.0.0.0 Safari/537.36 (compatible; meta-externalagent/1.1 (+https://developers.facebook.com/docs/sharing/webmasters/crawler))"
14.102.78.232 - - [11/Sep/2026:08:51:47 -0400] "POST /xmlrpc.php HTTP/1.1" 403 1242 "-" "WordPress.com; https://wordpress.com"
57.141.4.12 - - [11/Sep/2026:08:51:50 -0400] "GET / HTTP/2" 302 0 "-" "facebookexternalhit/1.1 (+http://www.facebook.com/externalhit_uatext.php)"
57.141.20.62 - - [11/Sep/2026:08:51:50 -0400] "GET /%e4%b9%be%e6%b7%a8%e5%b7%a5%e6%8e%9b%e5%90%8d%e6%88%90%e5%85%ac%e5%8f%b8%e6%b3%95%e5%ae%9a%e4%bb%a3%e8%a1%a8%e4%ba%ba%e9%9b%a3%e5%8d%b8%e5%b0%88%e5%8c%85%e9%a4%8a%e8%a1%8c%e6%83%85%e4%bb%bb/ HTTP/2" 302 0 "-" "Mozilla/5.0 (Windows NT 10.0; Win64; x64) AppleWebKit/537.36 (KHTML, like Gecko) Chrome/145.0.0.0 Safari/537.36 (compatible; meta-externalagent/1.1 (+https://developers.facebook.com/docs/sharing/webmasters/crawler))"
57.141.20.21 - - [11/Sep/2026:08:51:50 -0400] "GET /wp-admin/setup-config.php HTTP/2" 200 4532 "-" "Mozilla/5.0 (Windows NT 10.0; Win64; x64) AppleWebKit/537.36 (KHTML, like Gecko) Chrome/145.0.0.0 Safari/537.36 (compatible; meta-externalagent/1.1 (+https://developers.facebook.com/docs/sharing/webmasters/crawler))"
57.141.20.39 - - [11/Sep/2026:08:51:56 -0400] "GET /%e6%9e%97%e4%bb%81%e4%bd%99%ef%bc%9a%e8%a8%98%e9%8c%84%e6%96%87%e5%88%b0%e4%b9%9d%e5%ae%ae%e6%a0%bc%e7%a9%ba%e9%96%93%e6%98%8e/ HTTP/2" 302 0 "-" "Mozilla/5.0 (Windows NT 10.0; Win64; x64) AppleWebKit/537.36 (KHTML, like Gecko) Chrome/145.0.0.0 Safari/537.36 (compatible; meta-externalagent/1.1 (+https://developers.facebook.com/docs/sharing/webmasters/crawler))"
57.141.20.28 - - [11/Sep/2026:08:51:57 -0400] "GET /wp-admin/setup-config.php HTTP/2" 200 4532 "-" "Mozilla/5.0 (Windows NT 10.0; Win64; x64) AppleWebKit/537.36 (KHTML, like Gecko) Chrome/145.0.0.0 Safari/537.36 (compatible; meta-externalagent/1.1 (+https://developers.facebook.com/docs/sharing/webmasters/crawler))"
14.102.78.232 - - [11/Sep/2026:08:51:58 -0400] "POST /xmlrpc.php HTTP/1.1" 403 1242 "-" "Jetpack by WordPress.com (Jetpack 12.0; WordPress 6.2)"
14.102.78.232 - - [11/Sep/2026:08:52:08 -0400] "POST /xmlrpc.php HTTP/1.1" 403 1242 "-" "Jetpack by WordPress.com"
57.141.20.13 - - [11/Sep/2026:08:52:14 -0400] "GET /74%e6%ad%b2%e5%a5%b3%e6%8e%92%e9%8d%9b%e7%b7%b4%e5%b0%88%e5%8c%85%e9%a4%8a%e7%b6%b2%e7%ab%99%e6%af%94%e8%bc%83%e8%91%9b%e6%b7%91%e8%8c%b9%ef%bc%9a%e6%8e%92%e7%90%83%e9%82%84%e5%9c%a8%e8%bd%89/ HTTP/2" 302 0 "-" "Mozilla/5.0 (Macintosh; Intel Mac OS X 10_15_7) AppleWebKit/537.36 (KHTML, like Gecko) Chrome/145.0.0.0 Safari/537.36 (compatible; meta-externalagent/1.1 (+https://developers.facebook.com/docs/sharing/webmasters/crawler))"
57.141.20.25 - - [11/Sep/2026:08:52:14 -0400] "GET /wp-admin/setup-config.php HTTP/2" 200 4532 "-" "Mozilla/5.0 (Macintosh; Intel Mac OS X 10_15_7) AppleWebKit/537.36 (KHTML, like Gecko) Chrome/145.0.0.0 Safari/537.36 (compatible; meta-externalagent/1.1 (+https://developers.facebook.com/docs/sharing/webmasters/crawler))"
14.102.78.232 - - [11/Sep/2026:08:52:18 -0400] "POST /xmlrpc.php HTTP/1.1" 403 1242 "-" "Jetpack by WordPress.com"
57.141.20.44 - - [11/Sep/2026:08:52:18 -0400] "GET /%e5%b1%b1%e8%a5%bf%e7%ab%8b%e6%b3%95%e7%b6%ad%e8%ad%b7%e4%ba%94%e8%87%ba%e5%b0%88%e5%8c%85%e9%a4%8a%e5%83%b9%e6%a0%bc%e5%b1%b1%e6%96%87%e6%98%8e%e6%99%af%e4%b8%8d%e9%9b%85/ HTTP/2" 302 0 "-" "Mozilla/5.0 (X11; Linux x86_64) AppleWebKit/537.36 (KHTML, like Gecko) Chrome/145.0.0.0 Safari/537.36 (compatible; meta-externalagent/1.1 (+https://developers.facebook.com/docs/sharing/webmasters/crawler))"
57.141.20.34 - - [11/Sep/2026:08:52:18 -0400] "GET /wp-admin/setup-config.php HTTP/2" 200 4532 "-" "Mozilla/5.0 (X11; Linux x86_64) AppleWebKit/537.36 (KHTML, like Gecko) Chrome/145.0.0.0 Safari/537.36 (compatible; meta-externalagent/1.1 (+https://developers.facebook.com/docs/sharing/webmasters/crawler))"
196.171.16.187 - - [11/Sep/2026:08:52:22 -0400] "POST /xmlrpc.php HTTP/1.1" 403 1242 "-" "Jetpack by WordPress.com (Jetpack 12.5; WordPress 6.3)"
57.141.20.70 - - [11/Sep/2026:08:52:26 -0400] "GET /%e7%90%86%e9%9f%bf%e4%b8%ad%e5%9c%8b%c2%b7%e4%b8%80%e7%b7%9a%e6%8e%a2%e6%96%b0%ef%bd%9c%e7%a7%91%e6%8a%80%e8%b2%a1%e7%94%a2%ef%bc%8c%e8%8b%a5%e5%84%84%e5%b5%90%e7%b3%bb%e7%b5%b1%e5%82%a2%e4%bf%b1-6/ HTTP/2" 302 0 "-" "Mozilla/5.0 (Windows NT 10.0; Win64; x64) AppleWebKit/537.36 (KHTML, like Gecko) Chrome/145.0.0.0 Safari/537.36 (compatible; meta-externalagent/1.1 (+https://developers.facebook.com/docs/sharing/webmasters/crawler))"
57.141.20.3 - - [11/Sep/2026:08:52:26 -0400] "GET /wp-admin/setup-config.php HTTP/2" 200 4532 "-" "Mozilla/5.0 (Windows NT 10.0; Win64; x64) AppleWebKit/537.36 (KHTML, like Gecko) Chrome/145.0.0.0 Safari/537.36 (compatible; meta-externalagent/1.1 (+https://developers.facebook.com/docs/sharing/webmasters/crawler))"
14.102.78.232 - - [11/Sep/2026:08:52:29 -0400] "POST /xmlrpc.php HTTP/1.1" 403 1242 "-" "Jetpack by WordPress.com"
196.171.16.187 - - [11/Sep/2026:08:52:32 -0400] "POST /xmlrpc.php HTTP/1.1" 403 1242 "-" "Jetpack by WordPress.com"
14.102.78.232 - - [11/Sep/2026:08:52:39 -0400] "POST /xmlrpc.php HTTP/1.1" 403 1242 "-" "Jetpack by WordPress.com"
196.171.16.187 - - [11/Sep/2026:08:52:43 -0400] "POST /xmlrpc.php HTTP/1.1" 403 1242 "-" "Jetpack/12.1; WordPress/6.4; http://site24035139.com"
14.102.78.232 - - [11/Sep/2026:08:52:50 -0400] "POST /xmlrpc.php HTTP/1.1" 403 1242 "-" "Jetpack/13.0; WordPress/6.4; http://site50219622.com"
57.141.20.55 - - [11/Sep/2026:08:52:52 -0400] "GET /%e5%be%80%e5%b9%b4%e5%89%8d11%e5%80%8b%e6%9c%88%e7%a7%80%e5%82%b3%e9%86%ab%e9%99%a2%e9%ab%94%e6%aa%a2%e9%a0%85%e7%9b%ae%e7%ab%8b%e6%a1%88%e6%89%93%e9%bb%9e%e9%a3%9f%e5%ae%89%e5%85%ac%e7%9b%8a%e8%a8%b4/ HTTP/2" 302 0 "-" "Mozilla/5.0 (Windows NT 10.0; Win64; x64) AppleWebKit/537.36 (KHTML, like Gecko) Chrome/145.0.0.0 Safari/537.36 Edg/145.0.0.0 (compatible; meta-externalagent/1.1 (+https://developers.facebook.com/docs/sharing/webmasters/crawler))"
57.141.20.18 - - [11/Sep/2026:08:52:53 -0400] "GET /wp-admin/setup-config.php HTTP/2" 200 4532 "-" "Mozilla/5.0 (Windows NT 10.0; Win64; x64) AppleWebKit/537.36 (KHTML, like Gecko) Chrome/145.0.0.0 Safari/537.36 Edg/145.0.0.0 (compatible; meta-externalagent/1.1 (+https://developers.facebook.com/docs/sharing/webmasters/crawler))"
196.171.16.187 - - [11/Sep/2026:08:52:53 -0400] "POST /xmlrpc.php HTTP/1.1" 403 1242 "-" "Jetpack/13.0; WordPress/6.1; http://site38238938.com"
14.102.78.232 - - [11/Sep/2026:08:53:01 -0400] "POST /xmlrpc.php HTTP/1.1" 403 1242 "-" "Jetpack by WordPress.com (Jetpack 12.5; WordPress 6.4)"
196.171.16.187 - - [11/Sep/2026:08:53:04 -0400] "POST /xmlrpc.php HTTP/1.1" 403 1242 "-" "Jetpack by WordPress.com (Jetpack 13.0; WordPress 6.1)"
14.102.78.232 - - [11/Sep/2026:08:53:12 -0400] "POST /xmlrpc.php HTTP/1.1" 403 1242 "-" "Jetpack/13.0; WordPress/6.3; http://site74266854.com"
196.171.16.187 - - [11/Sep/2026:08:53:14 -0400] "POST /xmlrpc.php HTTP/1.1" 403 1242 "-" "Jetpack by WordPress.com"
14.102.78.232 - - [11/Sep/2026:08:53:22 -0400] "POST /xmlrpc.php HTTP/1.1" 403 1242 "-" "Jetpack/12.0; WordPress/6.3; http://site89212237.com"
57.141.20.47 - - [11/Sep/2026:08:53:24 -0400] "GET /%e5%a4%aa%e5%8e%9f%e6%9c%80%e5%b9%b4jiuyi%e4%bf%b1%e6%84%8f%e8%a8%ba%e6%89%80%e8%a8%ad%e8%a8%88%e5%a4%9c%e8%80%81%e8%88%8a%e5%b0%8f%e5%8d%80%e7%af%80%e8%83%bd%e6%94%b9%e9%9d%a9%e5%b7%a5%e7%a8%8b/ HTTP/2" 302 0 "-" "Mozilla/5.0 (Windows NT 10.0; Win64; x64) AppleWebKit/537.36 (KHTML, like Gecko) Chrome/145.0.0.0 Safari/537.36 (compatible; meta-externalagent/1.1 (+https://developers.facebook.com/docs/sharing/webmasters/crawler))"
57.141.20.54 - - [11/Sep/2026:08:53:24 -0400] "GET /wp-admin/setup-config.php HTTP/2" 200 4532 "-" "Mozilla/5.0 (Windows NT 10.0; Win64; x64) AppleWebKit/537.36 (KHTML, like Gecko) Chrome/145.0.0.0 Safari/537.36 (compatible; meta-externalagent/1.1 (+https://developers.facebook.com/docs/sharing/webmasters/crawler))"
196.171.16.187 - - [11/Sep/2026:08:53:25 -0400] "POST /xmlrpc.php HTTP/1.1" 403 1242 "-" "Jetpack by WordPress.com"
14.102.78.232 - - [11/Sep/2026:08:53:32 -0400] "POST /xmlrpc.php HTTP/1.1" 403 1242 "-" "WordPress.com; https://wordpress.com"
183.227.241.204 - - [11/Sep/2026:08:53:35 -0400] "GET /%e8%a6%96%e9%a0%bb%e4%b8%a8%e9%a0%90%e7%86%b1%e6%9a%91%e6%9c%9f%e6%aa%94-jiuyi%e4%bf%b1%e6%84%8f%e8%a8%ba%e6%89%80%e8%a8%ad%e8%a8%88%e9%9b%bb%e5%bd%b1%e6%83%a0%e5%b9%b3%e6%98%93/ HTTP/1.1" 302 0 "-" "Mozilla/5.0 (Macintosh; Intel Mac OS X 10_15_7) AppleWebKit/537.36 (KHTML, like Gecko) Chrome/126.0.6478.55 Safari/537.36"
183.227.241.204 - - [11/Sep/2026:08:53:35 -0400] "GET /wp-admin/setup-config.php HTTP/1.1" 200 4532 "-" "Mozilla/5.0 (Macintosh; Intel Mac OS X 10_15_7) AppleWebKit/537.36 (KHTML, like Gecko) Chrome/126.0.6478.55 Safari/537.36"
196.171.16.187 - - [11/Sep/2026:08:53:35 -0400] "POST /xmlrpc.php HTTP/1.1" 403 1242 "-" "Jetpack/12.1; WordPress/6.2; http://site28714435.com"
14.102.78.232 - - [11/Sep/2026:08:53:43 -0400] "POST /xmlrpc.php HTTP/1.1" 403 1242 "-" "Jetpack by WordPress.com (Jetpack 12.0; WordPress 6.1)"
196.171.16.187 - - [11/Sep/2026:08:53:46 -0400] "POST /xmlrpc.php HTTP/1.1" 403 1242 "-" "Jetpack by WordPress.com (Jetpack 12.0; WordPress 6.4)"
57.141.20.42 - - [11/Sep/2026:08:53:46 -0400] "GET /%e5%8c%97%e4%ba%ac%e9%ab%94%e7%b3%bb%e6%80%a7%e9%87%8d%e5%88%b0%e4%b9%9d%e5%ae%ae%e6%a0%bc%e5%85%b1%e4%ba%ab%e7%a9%ba%e9%96%93%e5%a1%91%e9%9b%b6%e5%b7%a5%e5%a4%b1%e6%a5%ad%e7%94%9f%e6%85%8b/ HTTP/2" 302 0 "-" "Mozilla/5.0 (Windows NT 10.0; Win64; x64) AppleWebKit/537.36 (KHTML, like Gecko) Chrome/145.0.0.0 Safari/537.36 (compatible; meta-externalagent/1.1 (+https://developers.facebook.com/docs/sharing/webmasters/crawler))"
57.141.20.64 - - [11/Sep/2026:08:53:46 -0400] "GET /wp-admin/setup-config.php HTTP/2" 200 4532 "-" "Mozilla/5.0 (Windows NT 10.0; Win64; x64) AppleWebKit/537.36 (KHTML, like Gecko) Chrome/145.0.0.0 Safari/537.36 (compatible; meta-externalagent/1.1 (+https://developers.facebook.com/docs/sharing/webmasters/crawler))"
