115.42.66.89 - - [11/Sep/2026:08:42:10 -0400] "POST /xmlrpc.php HTTP/1.1" 403 1242 "-" "WordPress.com; https://wordpress.com"
115.42.66.89 - - [11/Sep/2026:08:42:20 -0400] "POST /xmlrpc.php HTTP/1.1" 403 1242 "-" "Jetpack by WordPress.com"
57.141.20.73 - - [11/Sep/2026:08:42:28 -0400] "GET / HTTP/2" 200 24615 "-" "facebookexternalhit/1.1 (+http://www.facebook.com/externalhit_uatext.php)"
57.141.20.64 - - [11/Sep/2026:08:42:29 -0400] "GET /%e5%85%a8%e5%b9%b3%e6%98%93jiuyi%e4%bf%b1%e6%84%8f%e4%bd%8f%e5%ae%85%e8%a8%ad%e8%a8%88%e8%bf%91%e5%ae%89%e5%ba%b7%e6%89%98%e8%b5%b7%e5%91%a8%e5%85%a8%e5%b0%8f%e5%ba%b7/ HTTP/2" 200 30121 "-" "Mozilla/5.0 (Windows NT 10.0; Win64; x64) AppleWebKit/537.36 (KHTML, like Gecko) Chrome/145.0.0.0 Safari/537.36 (compatible; meta-externalagent/1.1 (+https://developers.facebook.com/docs/sharing/webmasters/crawler))"
115.42.66.89 - - [11/Sep/2026:08:42:31 -0400] "POST /xmlrpc.php HTTP/1.1" 403 1242 "-" "Jetpack/12.1; WordPress/6.4; http://site78996703.com"
51.81.110.82 - - [11/Sep/2026:08:42:38 -0400] "GET /%E6%88%90%E5%B9%B4%E4%BA%BA%E6%B7%B1%E7%9D%A1%E7%A7%80%E5%82%B3%E9%86%AB%E9%99%A2%E9%AB%94%E6%AA%A2%E9%A0%85%E7%9B%AE%E7%9C%A0%E5%8D%A0%E6%AF%94%E6%87%89%E7%82%BA1323/ HTTP/2" 403 1242 "-" "Mozilla/5.0 (compatible; AhrefsBot/7.0; +http://ahrefs.com/robot/)"
115.42.66.89 - - [11/Sep/2026:08:42:41 -0400] "POST /xmlrpc.php HTTP/1.1" 403 1242 "-" "WordPress.com; https://wordpress.com"
115.42.66.89 - - [11/Sep/2026:08:42:52 -0400] "POST /xmlrpc.php HTTP/1.1" 403 1242 "-" "Jetpack by WordPress.com"
115.42.66.89 - - [11/Sep/2026:08:43:02 -0400] "POST /xmlrpc.php HTTP/1.1" 403 1242 "-" "WordPress.com; https://wordpress.com"
40.77.167.143 - - [11/Sep/2026:08:43:06 -0400] "GET /3901135867.htm HTTP/2" 301 0 "-" "Mozilla/5.0 AppleWebKit/537.36 (KHTML, like Gecko; compatible; bingbot/2.0; +http://www.bing.com/bingbot.htm) Chrome/116.0.1938.76 Safari/537.36"
115.42.66.89 - - [11/Sep/2026:08:43:12 -0400] "POST /xmlrpc.php HTTP/1.1" 403 1242 "-" "Jetpack by WordPress.com"
52.167.144.21 - - [11/Sep/2026:08:43:15 -0400] "GET /%E8%AB%8B%E5%88%B0%E5%BB%A3%E6%9D%B1%E9%81%8E%E5%B9%B4%E5%A4%9C%E4%B8%80%E5%8C%85%E9%A4%8A%E8%A1%8C%E6%83%85%E5%B9%B4%EF%BD%9C%E8%B2%A1%E7%A5%9E%E6%97%A5%EF%BC%8C%E5%9C%A8%E6%B0%B4%E4%B8%8B%E6%8E%A5/ HTTP/2" 404 17861 "-" "Mozilla/5.0 AppleWebKit/537.36 (KHTML, like Gecko; compatible; bingbot/2.0; +http://www.bing.com/bingbot.htm) Chrome/116.0.1938.76 Safari/537.36"
52.167.144.184 - - [11/Sep/2026:08:43:20 -0400] "GET /%E8%A6%93%E5%8C%85%E9%A4%8Aapp%E6%8D%89%E4%BD%8F%E6%96%87%E6%97%85%E8%8A%B1%E8%B2%BB%E5%BE%A9%E8%98%87%E7%9A%84%E6%A9%9F%E6%9C%83/ HTTP/2" 404 17861 "-" "Mozilla/5.0 AppleWebKit/537.36 (KHTML, like Gecko; compatible; bingbot/2.0; +http://www.bing.com/bingbot.htm) Chrome/116.0.1938.76 Safari/537.36"
115.42.66.89 - - [11/Sep/2026:08:43:24 -0400] "POST /xmlrpc.php HTTP/1.1" 403 1242 "-" "Jetpack/12.1; WordPress/6.1; http://site84997335.com"
115.42.66.89 - - [11/Sep/2026:08:43:34 -0400] "POST /xmlrpc.php HTTP/1.1" 403 1242 "-" "Jetpack by WordPress.com (Jetpack 12.0; WordPress 6.3)"
115.42.66.89 - - [11/Sep/2026:08:43:45 -0400] "POST /xmlrpc.php HTTP/1.1" 403 1242 "-" "Jetpack/13.0; WordPress/6.3; http://site30950981.com"
115.42.66.89 - - [11/Sep/2026:08:43:55 -0400] "POST /xmlrpc.php HTTP/1.1" 403 1242 "-" "Jetpack/13.0; WordPress/6.1; http://site13236141.com"
115.42.66.89 - - [11/Sep/2026:08:44:05 -0400] "POST /xmlrpc.php HTTP/1.1" 403 1242 "-" "Jetpack/13.0; WordPress/6.1; http://site97421898.com"
57.141.20.39 - - [11/Sep/2026:08:44:16 -0400] "GET /%e4%b8%ad%e5%9c%8b%e6%9e%9c%e6%96%b7%e6%93%b4%e5%b0%88%e5%8c%85%e9%a4%8a%e8%a1%8c%e6%83%85%e5%b1%95%e9%ab%98%e7%a8%8b%e5%ba%a6%e5%b0%8d%e5%a4%96%e9%96%8b%e6%94%be%e8%88%87%e4%b8%96%e7%95%8c%e5%85%b1/ HTTP/2" 200 28436 "-" "Mozilla/5.0 (Windows NT 10.0; Win64; x64) AppleWebKit/537.36 (KHTML, like Gecko) Chrome/145.0.0.0 Safari/537.36 (compatible; meta-externalagent/1.1 (+https://developers.facebook.com/docs/sharing/webmasters/crawler))"
115.42.66.89 - - [11/Sep/2026:08:44:16 -0400] "POST /xmlrpc.php HTTP/1.1" 403 1242 "-" "WordPress.com; https://wordpress.com"
115.42.66.89 - - [11/Sep/2026:08:44:27 -0400] "POST /xmlrpc.php HTTP/1.1" 403 1242 "-" "Jetpack/13.0; WordPress/6.3; http://site86318941.com"
115.42.66.89 - - [11/Sep/2026:08:44:38 -0400] "POST /xmlrpc.php HTTP/1.1" 403 1242 "-" "Jetpack by WordPress.com"
57.141.20.61 - - [11/Sep/2026:08:44:44 -0400] "GET /%e6%b2%b3%e5%8d%97%e7%a6%b9%e5%b7%9e%e7%99%bc%e5%b8%83%e7%96%ab%e6%83%85%e9%98%b2%e6%8e%a7%e6%99%82jiuyi%e4%bf%b1%e6%84%8f%e5%ae%a4%e5%85%a7%e8%a8%ad%e8%a8%88%e4%bb%a3%e9%86%ab%e7%99%82%e8%be%a6-3/ HTTP/2" 200 26554 "-" "Mozilla/5.0 (Windows NT 10.0; Win64; x64) AppleWebKit/537.36 (KHTML, like Gecko) Chrome/145.0.0.0 Safari/537.36 (compatible; meta-externalagent/1.1 (+https://developers.facebook.com/docs/sharing/webmasters/crawler))"
47.82.48.85 - - [11/Sep/2026:08:44:48 -0400] "GET /%E9%99%9C%E8%A5%BF%EF%BC%9Aosder%E5%A5%A7%E6%96%AF%E5%BE%B7%E9%9B%B6%E4%BB%B6%E5%95%86%E8%A5%BF%E5%8D%81%E9%AB%98%E9%90%B5%E5%95%9F%E5%8B%95%E6%99%82%E9%80%9F385%E5%85%AC%E9%87%8C%E6%8F%90%E9%80%9F/ HTTP/2" 200 20657 "-" "Mozilla/5.0 (Windows NT 10.0; Win64; x64) AppleWebKit/537.36 (KHTML, like Gecko) Chrome/143.0.0.0 Safari/537.36"
47.82.50.98 - - [11/Sep/2026:08:44:48 -0400] "GET /%E5%8F%B0%E5%8C%85%E9%A4%8A%E7%B6%93%E9%A9%97%E6%96%87%E6%98%8E%E5%92%8C%E6%B8%B8%E7%8E%A9%E9%83%A8%E7%99%BC%E5%B8%83%E4%BA%94%E4%B8%80%E5%81%87%E6%9C%9F%E5%87%BA%E6%B8%B8%E6%8F%90%E9%86%92%EF%BC%9A/ HTTP/2" 200 22447 "-" "Mozilla/5.0 (Windows NT 10.0; Win64; x64) AppleWebKit/537.36 (KHTML, like Gecko) Chrome/142.0.0.0 Safari/537.36"
115.42.66.89 - - [11/Sep/2026:08:44:48 -0400] "POST /xmlrpc.php HTTP/1.1" 403 1242 "-" "Jetpack by WordPress.com (Jetpack 13.0; WordPress 6.3)"
47.82.53.81 - - [11/Sep/2026:08:44:51 -0400] "GET /%E4%B8%8A%E6%B5%B7%EF%BC%9A%E5%B7%A7%E7%94%A8%E5%84%84%E5%B5%90%E8%BE%A6%E5%85%AC%E5%AE%B6%E5%85%B7%E5%9C%B0%E4%B8%8B%E7%A9%BA%E9%96%93%EF%BC%8C%E7%A0%B4%E8%A7%A3%E8%80%81%E8%83%A1%E8%A1%95/ HTTP/2" 200 25000 "-" "Mozilla/5.0 (Windows NT 10.0; Win64; x64) AppleWebKit/537.36 (KHTML, like Gecko) Chrome/141.0.0.0 Safari/537.36"
115.42.66.89 - - [11/Sep/2026:08:44:59 -0400] "POST /xmlrpc.php HTTP/1.1" 403 1242 "-" "Jetpack by WordPress.com"
57.141.20.64 - - [11/Sep/2026:08:45:05 -0400] "GET /%e7%bf%92%e8%bf%91%e5%b9%b3%e5%90%8camericaosder%e5%a5%a7%e6%96%af%e5%be%b7%e6%b1%bd%e8%bb%8a%e6%9d%90%e6%96%99n%e7%b8%bd%e7%b5%b1%e7%89%b9%e6%9c%97%e6%99%ae%e5%9c%a8%e4%b8%ad%e5%8d%97%e6%b5%b7/ HTTP/2" 200 26077 "-" "Mozilla/5.0 (Windows NT 10.0; Win64; x64) AppleWebKit/537.36 (KHTML, like Gecko) Chrome/145.0.0.0 Safari/537.36 (compatible; meta-externalagent/1.1 (+https://developers.facebook.com/docs/sharing/webmasters/crawler))"
115.42.66.89 - - [11/Sep/2026:08:45:09 -0400] "POST /xmlrpc.php HTTP/1.1" 403 1242 "-" "Jetpack by WordPress.com"
57.141.20.34 - - [11/Sep/2026:08:45:10 -0400] "GET /%e4%b8%80%e6%ac%be%e6%99%ba%e8%83%bd%e9%a6%ac%e6%a1%b6%ef%bc%8c%e4%bd%95%e6%95%85%e5%bc%95%e5%be%97%e8%80%81%e5%a4%96%e7%9c%8b%e4%ba%86%e5%8f%88%e7%9c%8b%ef%bc%9f%e5%bb%a3%e6%9d%b1%e6%99%ba%e8%83%bd/ HTTP/2" 200 27490 "-" "Mozilla/5.0 (Macintosh; Intel Mac OS X 10_15_7) AppleWebKit/537.36 (KHTML, like Gecko) Chrome/145.0.0.0 Safari/537.36 (compatible; meta-externalagent/1.1 (+https://developers.facebook.com/docs/sharing/webmasters/crawler))"
115.42.66.89 - - [11/Sep/2026:08:45:19 -0400] "POST /xmlrpc.php HTTP/1.1" 403 1242 "-" "WordPress.com; https://wordpress.com"
57.141.20.39 - - [11/Sep/2026:08:45:21 -0400] "GET /%e5%82%b3%e7%bf%92%e9%8c%84%e4%b8%a8%e5%9b%9e%e5%ae%b6%e9%81%8e%e5%b9%b4-osder%e5%a5%a7%e6%96%af%e5%be%b7%e6%9d%90%e6%96%99%e5%a0%b1%e5%83%b9%e9%97%94%e5%ae%b6%e5%9c%98%e5%9c%93/ HTTP/2" 200 25490 "-" "Mozilla/5.0 (Macintosh; Intel Mac OS X 10_15_7) AppleWebKit/537.36 (KHTML, like Gecko) Chrome/145.0.0.0 Safari/537.36 (compatible; meta-externalagent/1.1 (+https://developers.facebook.com/docs/sharing/webmasters/crawler))"
57.141.20.60 - - [11/Sep/2026:08:45:22 -0400] "GET /%e5%8c%97%e4%ba%ac5%e6%9c%88jiuyi%e4%bf%b1%e6%84%8f%e8%b1%aa%e5%ae%85%e8%a8%ad%e8%a8%881%e6%97%a5%e8%b5%b7%e6%ad%a3%e5%bc%8f%e5%95%9f%e7%94%a8%e5%b0%8f%e6%b9%af%e5%b1%b1%e6%96%b9%e8%89%99%e7%97%85/ HTTP/2" 200 26137 "-" "Mozilla/5.0 (Windows NT 10.0; Win64; x64) AppleWebKit/537.36 (KHTML, like Gecko) Chrome/145.0.0.0 Safari/537.36 (compatible; meta-externalagent/1.1 (+https://developers.facebook.com/docs/sharing/webmasters/crawler))"
115.42.66.89 - - [11/Sep/2026:08:45:31 -0400] "POST /xmlrpc.php HTTP/1.1" 403 1242 "-" "Jetpack by WordPress.com (Jetpack 12.1; WordPress 6.2)"
115.42.66.89 - - [11/Sep/2026:08:45:40 -0400] "POST /xmlrpc.php HTTP/1.1" 403 1242 "-" "WordPress.com; https://wordpress.com"
57.141.10.25 - - [11/Sep/2026:08:45:46 -0400] "GET / HTTP/2" 200 24615 "-" "facebookexternalhit/1.1 (+http://www.facebook.com/externalhit_uatext.php)"
115.42.66.89 - - [11/Sep/2026:08:45:52 -0400] "POST /xmlrpc.php HTTP/1.1" 403 1242 "-" "WordPress.com; https://wordpress.com"
115.42.66.89 - - [11/Sep/2026:08:46:02 -0400] "POST /xmlrpc.php HTTP/1.1" 403 1242 "-" "Jetpack by WordPress.com (Jetpack 12.5; WordPress 6.4)"
115.42.66.89 - - [11/Sep/2026:08:46:13 -0400] "POST /xmlrpc.php HTTP/1.1" 403 1242 "-" "Jetpack by WordPress.com (Jetpack 12.5; WordPress 6.1)"
57.141.20.55 - - [11/Sep/2026:08:46:15 -0400] "GET /%e5%8c%97%e4%ba%ac%e7%9c%8b%e4%ba%ac%e8%a1%97%e9%81%93%e7%b8%bd%e5%b7%a5%e6%9c%83%e8%81%af%e8%a2%82%e9%a6%96%e7%b6%93%e8%b2%bf%e6%8e%a8%e5%8b%95%e5%b0%88%e5%8c%85%e9%a4%8a%e5%83%b9%e6%a0%bc%e6%a0%a1/ HTTP/2" 200 26164 "-" "Mozilla/5.0 (X11; Linux x86_64) AppleWebKit/537.36 (KHTML, like Gecko) Chrome/145.0.0.0 Safari/537.36 (compatible; meta-externalagent/1.1 (+https://developers.facebook.com/docs/sharing/webmasters/crawler))"
115.42.66.89 - - [11/Sep/2026:08:46:23 -0400] "POST /xmlrpc.php HTTP/1.1" 403 1242 "-" "Jetpack by WordPress.com"
57.141.20.8 - - [11/Sep/2026:08:46:27 -0400] "GET /%e5%85%a9%e9%83%a8%e9%96%80%ef%bc%9a%e5%95%86%e6%a5%ad%e7%94%a8%e6%88%bf%ef%bc%88%e5%90%ab%e5%95%86%e4%bd%8f%e5%85%a9%e7%94%a8%e6%88%bfjiuyi%e4%bf%b1%e6%84%8f%e8%b1%aa%e5%ae%85%e8%a8%ad/ HTTP/2" 200 25247 "-" "Mozilla/5.0 (X11; Linux x86_64) AppleWebKit/537.36 (KHTML, like Gecko) Chrome/145.0.0.0 Safari/537.36 (compatible; meta-externalagent/1.1 (+https://developers.facebook.com/docs/sharing/webmasters/crawler))"
115.42.66.89 - - [11/Sep/2026:08:46:33 -0400] "POST /xmlrpc.php HTTP/1.1" 403 1242 "-" "WordPress.com; https://wordpress.com"
115.42.66.89 - - [11/Sep/2026:08:46:44 -0400] "POST /xmlrpc.php HTTP/1.1" 403 1242 "-" "WordPress.com; https://wordpress.com"
115.42.66.89 - - [11/Sep/2026:08:46:54 -0400] "POST /xmlrpc.php HTTP/1.1" 403 1242 "-" "Jetpack/12.0; WordPress/6.3; http://site99091171.com"
51.81.111.5 - - [11/Sep/2026:08:47:11 -0400] "GET /%E6%B2%89%E6%B2%92%E7%9A%84%E5%AF%B6%E8%BA%B2%E9%A0%90%E5%B1%95%E5%9C%A8%E5%A4%A9%E6%B4%A5%E5%95%9F%E5%B9%95-300%E4%BD%99%E4%BB%B6%EF%BC%88%E7%B5%84%EF%BC%89jiuyi%E4%BF%B1%E6%84%8F/ HTTP/2" 403 1242 "-" "Mozilla/5.0 (compatible; AhrefsBot/7.0; +http://ahrefs.com/robot/)"
115.42.66.89 - - [11/Sep/2026:08:47:16 -0400] "POST /xmlrpc.php HTTP/1.1" 403 1242 "-" "Jetpack by WordPress.com (Jetpack 13.0; WordPress 6.2)"
57.141.20.65 - - [11/Sep/2026:08:47:21 -0400] "GET /%e5%8f%aa%e5%96%9d%e6%b0%b4%e7%9a%84jiuyi%e4%bf%b1%e6%84%8f%e4%bd%8f%e5%ae%85%e8%a8%ad%e8%a8%88%e7%8e%bb%e7%92%83%e6%9d%af%e6%93%a6%e5%87%ba%e6%a9%98%e7%b4%85%e8%89%b2%ef%bc%8c%e7%94%b7%e4%ba%ba/ HTTP/2" 200 35292 "-" "Mozilla/5.0 (Windows NT 10.0; Win64; x64) AppleWebKit/537.36 (KHTML, like Gecko) Chrome/145.0.0.0 Safari/537.36 (compatible; meta-externalagent/1.1 (+https://developers.facebook.com/docs/sharing/webmasters/crawler))"
115.42.66.89 - - [11/Sep/2026:08:47:26 -0400] "POST /xmlrpc.php HTTP/1.1" 403 1242 "-" "WordPress.com; https://wordpress.com"
66.249.68.101 - - [11/Sep/2026:08:47:35 -0400] "GET /page/292/?_ga=2.198040047.1958808748.1721886654-862398307.1699453578&_bdsid=2ulvIJ.n~ZXCIW.1721886656070.1721886848&_bd_prev_page=https%3A%2F%2Fbfl.com.tw%2Fdetail.php%3F79405136990.htm HTTP/1.1" 200 21011 "-" "Mozilla/5.0 (Linux; Android 6.0.1; Nexus 5X Build/MMB29P) AppleWebKit/537.36 (KHTML, like Gecko) Chrome/153.0.8010.36 Mobile Safari/537.36 (compatible; Googlebot/2.1; +http://www.google.com/bot.html)"
115.42.66.89 - - [11/Sep/2026:08:47:37 -0400] "POST /xmlrpc.php HTTP/1.1" 403 1242 "-" "Jetpack/12.1; WordPress/6.4; http://site97429109.com"
40.77.167.79 - - [11/Sep/2026:08:47:41 -0400] "GET /?s=977946662099 HTTP/2" 200 18667 "-" "Mozilla/5.0 AppleWebKit/537.36 (KHTML, like Gecko; compatible; bingbot/2.0; +http://www.bing.com/bingbot.htm) Chrome/116.0.1938.76 Safari/537.36"
115.42.66.89 - - [11/Sep/2026:08:47:48 -0400] "POST /xmlrpc.php HTTP/1.1" 403 1242 "-" "Jetpack by WordPress.com (Jetpack 12.0; WordPress 6.1)"
115.42.66.89 - - [11/Sep/2026:08:47:58 -0400] "POST /xmlrpc.php HTTP/1.1" 403 1242 "-" "Jetpack by WordPress.com"
115.42.66.89 - - [11/Sep/2026:08:48:09 -0400] "POST /xmlrpc.php HTTP/1.1" 403 1242 "-" "Jetpack/12.0; WordPress/6.4; http://site95299178.com"
115.42.66.89 - - [11/Sep/2026:08:48:19 -0400] "POST /xmlrpc.php HTTP/1.1" 403 1242 "-" "Jetpack by WordPress.com (Jetpack 12.5; WordPress 6.1)"
40.77.167.37 - - [11/Sep/2026:08:48:28 -0400] "GET /jellyfish/%E7%A6%8F%E7%94%B0%E5%AD%B8%E5%8D%80%E8%AA%BF%E7%A0%94-%E4%BA%8C%E6%89%8B%E6%88%90%E4%BA%A4%E6%83%85%E5%8B%A2%E6%86%82%E4%BA%BA%EF%BC%8C%E5%AD%B8%E5%8D%80%E8%B6%85%E9%A0%90%E6%9C%9F%E6%B0%B4/ HTTP/2" 404 17861 "-" "Mozilla/5.0 AppleWebKit/537.36 (KHTML, like Gecko; compatible; bingbot/2.0; +http://www.bing.com/bingbot.htm) Chrome/116.0.1938.76 Safari/537.36"
115.42.66.89 - - [11/Sep/2026:08:48:30 -0400] "POST /xmlrpc.php HTTP/1.1" 403 1242 "-" "Jetpack by WordPress.com (Jetpack 13.0; WordPress 6.3)"
115.42.66.89 - - [11/Sep/2026:08:48:41 -0400] "POST /xmlrpc.php HTTP/1.1" 403 1242 "-" "WordPress.com; https://wordpress.com"
57.141.20.30 - - [11/Sep/2026:08:48:48 -0400] "GET /%e6%a8%82%e5%ae%89%e5%ba%b7%ef%bd%9c%e7%b4%85%e6%96%91%e6%a3%ae%e5%92%8c%e8%a8%ba%e6%89%80%e6%b8%9b%e9%87%8d%e7%8b%bc%e7%98%a1%e7%9c%9f%e7%9a%84%e6%81%90%e6%80%96%e5%97%8e%ef%bc%9f%e5%be%9e%e9%86%ab-3/ HTTP/2" 200 29045 "-" "Mozilla/5.0 (Windows NT 10.0; Win64; x64) AppleWebKit/537.36 (KHTML, like Gecko) Chrome/145.0.0.0 Safari/537.36 (compatible; meta-externalagent/1.1 (+https://developers.facebook.com/docs/sharing/webmasters/crawler))"
57.141.20.71 - - [11/Sep/2026:08:48:49 -0400] "GET /upload/resources/image/2024/10/29/2147200.jpg?r=1730179143013 HTTP/2" 404 21717 "https://bfl.com.tw/%e6%a8%82%e5%ae%89%e5%ba%b7%ef%bd%9c%e7%b4%85%e6%96%91%e6%a3%ae%e5%92%8c%e8%a8%ba%e6%89%80%e6%b8%9b%e9%87%8d%e7%8b%bc%e7%98%a1%e7%9c%9f%e7%9a%84%e6%81%90%e6%80%96%e5%97%8e%ef%bc%9f%e5%be%9e%e9%86%ab-3/" "Mozilla/5.0 (Windows NT 10.0; Win64; x64) AppleWebKit/537.36 (KHTML, like Gecko) Chrome/145.0.0.0 Safari/537.36 (compatible; meta-externalagent/1.1 (+https://developers.facebook.com/docs/sharing/webmasters/crawler))"
115.42.66.89 - - [11/Sep/2026:08:48:51 -0400] "POST /xmlrpc.php HTTP/1.1" 403 1242 "-" "Jetpack/12.1; WordPress/6.1; http://site26054224.com"
115.42.66.89 - - [11/Sep/2026:08:49:01 -0400] "POST /xmlrpc.php HTTP/1.1" 403 1242 "-" "Jetpack by WordPress.com"
57.141.22.8 - - [11/Sep/2026:08:49:01 -0400] "GET / HTTP/2" 200 24615 "-" "facebookexternalhit/1.1 (+http://www.facebook.com/externalhit_uatext.php)"
115.42.66.89 - - [11/Sep/2026:08:49:12 -0400] "POST /xmlrpc.php HTTP/1.1" 403 1242 "-" "Jetpack/12.1; WordPress/6.3; http://site41568203.com"
57.141.20.30 - - [11/Sep/2026:08:49:17 -0400] "GET /%e7%b6%b2%e4%b8%8a%e5%b9%b4%e8%b2%a8%e7%af%80%e5%b9%b4%e8%b2%a8%e9%80%b2%e7%b4%9a%e5%b9%b4%e5%91%b3%e7%85%a5%e5%b0%88%e5%8c%85%e9%a4%8a%e6%96%b0/ HTTP/2" 200 27278 "-" "Mozilla/5.0 (Windows NT 10.0; Win64; x64) AppleWebKit/537.36 (KHTML, like Gecko) Chrome/145.0.0.0 Safari/537.36 Edg/145.0.0.0 (compatible; meta-externalagent/1.1 (+https://developers.facebook.com/docs/sharing/webmasters/crawler))"
57.141.20.3 - - [11/Sep/2026:08:49:18 -0400] "GET /%e7%b5%95%e5%a3%81%e4%b8%8a%e7%9a%84%e7%b6%b2%e7%b4%85%e6%9d%91%e6%8c%81%e4%b9%85%e4%b8%bb%e7%be%a9%e5%87%ba%e5%8f%a4%e8%b7%a1%e7%a7%80%e5%82%b3%e9%86%ab%e9%99%a2/ HTTP/2" 200 38379 "-" "Mozilla/5.0 (Windows NT 10.0; Win64; x64) AppleWebKit/537.36 (KHTML, like Gecko) Chrome/145.0.0.0 Safari/537.36 Edg/145.0.0.0 (compatible; meta-externalagent/1.1 (+https://developers.facebook.com/docs/sharing/webmasters/crawler))"
115.42.66.89 - - [11/Sep/2026:08:49:23 -0400] "POST /xmlrpc.php HTTP/1.1" 403 1242 "-" "Jetpack by WordPress.com (Jetpack 12.0; WordPress 6.3)"
115.42.66.89 - - [11/Sep/2026:08:49:34 -0400] "POST /xmlrpc.php HTTP/1.1" 403 1242 "-" "Jetpack by WordPress.com (Jetpack 12.5; WordPress 6.1)"
66.249.68.102 - - [11/Sep/2026:08:49:13 -0400] "GET /search/995652243299/feed/rss2/ HTTP/1.1" 200 485 "-" "Mozilla/5.0 (Linux; Android 6.0.1; Nexus 5X Build/MMB29P) AppleWebKit/537.36 (KHTML, like Gecko) Chrome/153.0.8010.36 Mobile Safari/537.36 (compatible; Googlebot/2.1; +http://www.google.com/bot.html)"
115.42.66.89 - - [11/Sep/2026:08:49:44 -0400] "POST /xmlrpc.php HTTP/1.1" 403 1242 "-" "WordPress.com; https://wordpress.com"
115.42.66.89 - - [11/Sep/2026:08:50:06 -0400] "POST /xmlrpc.php HTTP/1.1" 403 1242 "-" "Jetpack by WordPress.com (Jetpack 13.0; WordPress 6.1)"
57.141.20.47 - - [11/Sep/2026:08:50:14 -0400] "GET /%e8%81%af%e8%a2%82%e5%85%b1%e5%bb%ba%e5%8f%a4%e4%bb%a3%e5%8c%96%e9%a6%96%e9%83%bd%e5%b0%88%e5%8c%85%e9%a4%8aapp%e9%83%bd%e6%9c%83%e5%9c%88-%e4%bb%a3%e8%a1%a8%e5%a7%94%e5%93%a1/ HTTP/2" 200 29397 "-" "Mozilla/5.0 (Macintosh; Intel Mac OS X 10_15_7) AppleWebKit/537.36 (KHTML, like Gecko) Chrome/145.0.0.0 Safari/537.36 (compatible; meta-externalagent/1.1 (+https://developers.facebook.com/docs/sharing/webmasters/crawler))"
115.42.66.89 - - [11/Sep/2026:08:50:16 -0400] "POST /xmlrpc.php HTTP/1.1" 403 1242 "-" "WordPress.com; https://wordpress.com"
115.42.66.89 - - [11/Sep/2026:08:50:27 -0400] "POST /xmlrpc.php HTTP/1.1" 403 1242 "-" "Jetpack/12.0; WordPress/6.3; http://site48085191.com"
115.42.66.89 - - [11/Sep/2026:08:50:37 -0400] "POST /xmlrpc.php HTTP/1.1" 403 1242 "-" "Jetpack/12.5; WordPress/6.3; http://site31843718.com"
115.42.66.89 - - [11/Sep/2026:08:50:48 -0400] "POST /xmlrpc.php HTTP/1.1" 403 1242 "-" "WordPress.com; https://wordpress.com"
57.141.20.75 - - [11/Sep/2026:08:50:50 -0400] "GET /%e3%80%90%e5%9c%96%e8%a7%a3%e3%80%91%e6%95%b8%e8%aa%aaosder%e5%a5%a7%e6%96%af%e5%be%b7%e9%9b%b6%e4%bb%b6%e5%95%862026%e9%a6%ac%e5%b9%b4%e6%98%a5%e7%af%80%e6%b8%b8%e7%8e%a9%e6%b6%88%e8%b2%bb%e6%96%b0/ HTTP/2" 200 24578 "-" "Mozilla/5.0 (Windows NT 10.0; Win64; x64) AppleWebKit/537.36 (KHTML, like Gecko) Chrome/145.0.0.0 Safari/537.36 (compatible; meta-externalagent/1.1 (+https://developers.facebook.com/docs/sharing/webmasters/crawler))"
115.42.66.89 - - [11/Sep/2026:08:50:59 -0400] "POST /xmlrpc.php HTTP/1.1" 403 1242 "-" "Jetpack/12.5; WordPress/6.2; http://site73213277.com"
66.249.68.100 - - [11/Sep/2026:08:50:58 -0400] "GET /search/716453172999/feed/rss2/ HTTP/1.1" 200 484 "-" "Mozilla/5.0 (Linux; Android 6.0.1; Nexus 5X Build/MMB29P) AppleWebKit/537.36 (KHTML, like Gecko) Chrome/153.0.8010.36 Mobile Safari/537.36 (compatible; Googlebot/2.1; +http://www.google.com/bot.html)"
57.141.20.41 - - [11/Sep/2026:08:51:06 -0400] "GET /%e8%aa%8dosder%e5%a5%a7%e6%96%af%e5%be%b7%e5%be%b7%e7%b3%bb%e8%bb%8a%e5%ae%9a%e5%93%a1%e5%b7%a5%e6%b6%88%e6%a5%b5%e6%80%a0%e5%b7%a5%e7%94%b1%e8%aa%b0%e8%aa%aa%e4%ba%86%e7%ae%97/ HTTP/2" 200 28597 "-" "Mozilla/5.0 (Macintosh; Intel Mac OS X 10_15_7) AppleWebKit/537.36 (KHTML, like Gecko) Chrome/145.0.0.0 Safari/537.36 (compatible; meta-externalagent/1.1 (+https://developers.facebook.com/docs/sharing/webmasters/crawler))"
115.42.66.89 - - [11/Sep/2026:08:51:09 -0400] "POST /xmlrpc.php HTTP/1.1" 403 1242 "-" "WordPress.com; https://wordpress.com"
57.141.20.12 - - [11/Sep/2026:08:51:13 -0400] "GET /%e4%b8%96%e7%95%8c%e7%9c%bc%e4%b8%ad%e7%9a%84%e4%b8%ad%e5%9c%8b%e4%b8%8b%e4%b8%80%e7%a8%8b%e5%b0%88%e5%8c%85%e9%a4%8a%e7%b6%b2%e5%bf%83%e5%be%97-%e5%9c%8b%e9%9a%9b/ HTTP/2" 200 30521 "-" "Mozilla/5.0 (Windows NT 10.0; Win64; x64) AppleWebKit/537.36 (KHTML, like Gecko) Chrome/145.0.0.0 Safari/537.36 (compatible; meta-externalagent/1.1 (+https://developers.facebook.com/docs/sharing/webmasters/crawler))"
57.141.20.37 - - [11/Sep/2026:08:51:14 -0400] "GET /upload/resources/image/2026/03/14/2745954_4096x10000.jpeg HTTP/2" 404 21717 "https://bfl.com.tw/%e4%b8%96%e7%95%8c%e7%9c%bc%e4%b8%ad%e7%9a%84%e4%b8%ad%e5%9c%8b%e4%b8%8b%e4%b8%80%e7%a8%8b%e5%b0%88%e5%8c%85%e9%a4%8a%e7%b6%b2%e5%bf%83%e5%be%97-%e5%9c%8b%e9%9a%9b/" "Mozilla/5.0 (Windows NT 10.0; Win64; x64) AppleWebKit/537.36 (KHTML, like Gecko) Chrome/145.0.0.0 Safari/537.36 (compatible; meta-externalagent/1.1 (+https://developers.facebook.com/docs/sharing/webmasters/crawler))"
57.141.20.62 - - [11/Sep/2026:08:51:14 -0400] "GET /upload/resources/image/2026/03/14/2745952_4096x10000.jpeg HTTP/2" 404 21717 "https://bfl.com.tw/%e4%b8%96%e7%95%8c%e7%9c%bc%e4%b8%ad%e7%9a%84%e4%b8%ad%e5%9c%8b%e4%b8%8b%e4%b8%80%e7%a8%8b%e5%b0%88%e5%8c%85%e9%a4%8a%e7%b6%b2%e5%bf%83%e5%be%97-%e5%9c%8b%e9%9a%9b/" "Mozilla/5.0 (Windows NT 10.0; Win64; x64) AppleWebKit/537.36 (KHTML, like Gecko) Chrome/145.0.0.0 Safari/537.36 (compatible; meta-externalagent/1.1 (+https://developers.facebook.com/docs/sharing/webmasters/crawler))"
57.141.20.42 - - [11/Sep/2026:08:51:14 -0400] "GET /upload/resources/image/2026/03/14/2745956_4096x10000.jpeg HTTP/2" 404 21717 "https://bfl.com.tw/%e4%b8%96%e7%95%8c%e7%9c%bc%e4%b8%ad%e7%9a%84%e4%b8%ad%e5%9c%8b%e4%b8%8b%e4%b8%80%e7%a8%8b%e5%b0%88%e5%8c%85%e9%a4%8a%e7%b6%b2%e5%bf%83%e5%be%97-%e5%9c%8b%e9%9a%9b/" "Mozilla/5.0 (Windows NT 10.0; Win64; x64) AppleWebKit/537.36 (KHTML, like Gecko) Chrome/145.0.0.0 Safari/537.36 (compatible; meta-externalagent/1.1 (+https://developers.facebook.com/docs/sharing/webmasters/crawler))"
57.141.20.20 - - [11/Sep/2026:08:51:14 -0400] "GET /upload/resources/image/2026/03/14/2745959_4096x10000.jpeg HTTP/2" 404 21717 "https://bfl.com.tw/%e4%b8%96%e7%95%8c%e7%9c%bc%e4%b8%ad%e7%9a%84%e4%b8%ad%e5%9c%8b%e4%b8%8b%e4%b8%80%e7%a8%8b%e5%b0%88%e5%8c%85%e9%a4%8a%e7%b6%b2%e5%bf%83%e5%be%97-%e5%9c%8b%e9%9a%9b/" "Mozilla/5.0 (Windows NT 10.0; Win64; x64) AppleWebKit/537.36 (KHTML, like Gecko) Chrome/145.0.0.0 Safari/537.36 (compatible; meta-externalagent/1.1 (+https://developers.facebook.com/docs/sharing/webmasters/crawler))"
57.141.20.7 - - [11/Sep/2026:08:51:14 -0400] "GET /upload/resources/image/2026/03/14/2745955_4096x10000.jpeg HTTP/2" 404 21717 "https://bfl.com.tw/%e4%b8%96%e7%95%8c%e7%9c%bc%e4%b8%ad%e7%9a%84%e4%b8%ad%e5%9c%8b%e4%b8%8b%e4%b8%80%e7%a8%8b%e5%b0%88%e5%8c%85%e9%a4%8a%e7%b6%b2%e5%bf%83%e5%be%97-%e5%9c%8b%e9%9a%9b/" "Mozilla/5.0 (Windows NT 10.0; Win64; x64) AppleWebKit/537.36 (KHTML, like Gecko) Chrome/145.0.0.0 Safari/537.36 (compatible; meta-externalagent/1.1 (+https://developers.facebook.com/docs/sharing/webmasters/crawler))"
57.141.20.33 - - [11/Sep/2026:08:51:14 -0400] "GET /upload/resources/image/2026/03/14/2745961_4096x10000.jpeg HTTP/2" 404 21717 "https://bfl.com.tw/%e4%b8%96%e7%95%8c%e7%9c%bc%e4%b8%ad%e7%9a%84%e4%b8%ad%e5%9c%8b%e4%b8%8b%e4%b8%80%e7%a8%8b%e5%b0%88%e5%8c%85%e9%a4%8a%e7%b6%b2%e5%bf%83%e5%be%97-%e5%9c%8b%e9%9a%9b/" "Mozilla/5.0 (Windows NT 10.0; Win64; x64) AppleWebKit/537.36 (KHTML, like Gecko) Chrome/145.0.0.0 Safari/537.36 (compatible; meta-externalagent/1.1 (+https://developers.facebook.com/docs/sharing/webmasters/crawler))"
57.141.20.10 - - [11/Sep/2026:08:51:14 -0400] "GET /upload/resources/image/2026/03/14/2745957_4096x10000.jpeg HTTP/2" 404 21717 "https://bfl.com.tw/%e4%b8%96%e7%95%8c%e7%9c%bc%e4%b8%ad%e7%9a%84%e4%b8%ad%e5%9c%8b%e4%b8%8b%e4%b8%80%e7%a8%8b%e5%b0%88%e5%8c%85%e9%a4%8a%e7%b6%b2%e5%bf%83%e5%be%97-%e5%9c%8b%e9%9a%9b/" "Mozilla/5.0 (Windows NT 10.0; Win64; x64) AppleWebKit/537.36 (KHTML, like Gecko) Chrome/145.0.0.0 Safari/537.36 (compatible; meta-externalagent/1.1 (+https://developers.facebook.com/docs/sharing/webmasters/crawler))"
57.141.20.33 - - [11/Sep/2026:08:51:15 -0400] "GET /upload/resources/image/2026/03/14/2745951_4096x10000.png HTTP/2" 404 21717 "https://bfl.com.tw/%e4%b8%96%e7%95%8c%e7%9c%bc%e4%b8%ad%e7%9a%84%e4%b8%ad%e5%9c%8b%e4%b8%8b%e4%b8%80%e7%a8%8b%e5%b0%88%e5%8c%85%e9%a4%8a%e7%b6%b2%e5%bf%83%e5%be%97-%e5%9c%8b%e9%9a%9b/" "Mozilla/5.0 (Windows NT 10.0; Win64; x64) AppleWebKit/537.36 (KHTML, like Gecko) Chrome/145.0.0.0 Safari/537.36 (compatible; meta-externalagent/1.1 (+https://developers.facebook.com/docs/sharing/webmasters/crawler))"
115.42.66.89 - - [11/Sep/2026:08:51:19 -0400] "POST /xmlrpc.php HTTP/1.1" 403 1242 "-" "WordPress.com; https://wordpress.com"
57.141.20.52 - - [11/Sep/2026:08:51:20 -0400] "GET /%e6%a8%82%e5%ae%89%e5%ba%b7%ef%bd%9c%e7%b4%85%e6%96%91%e6%a3%ae%e5%92%8c%e8%a8%ba%e6%89%80%e6%b8%9b%e9%87%8d%e7%8b%bc%e7%98%a1%e7%9c%9f%e7%9a%84%e6%81%90%e6%80%96%e5%97%8e%ef%bc%9f%e5%be%9e%e9%86%ab-4/ HTTP/2" 200 29020 "-" "Mozilla/5.0 (Windows NT 10.0; Win64; x64) AppleWebKit/537.36 (KHTML, like Gecko) Chrome/145.0.0.0 Safari/537.36 (compatible; meta-externalagent/1.1 (+https://developers.facebook.com/docs/sharing/webmasters/crawler))"
57.141.20.45 - - [11/Sep/2026:08:51:30 -0400] "GET /%e5%93%81%e9%a1%9e%e8%b6%b3%e5%b9%b4%e5%91%b3%e6%bf%83%e5%90%84%e5%9c%b0%e5%b9%b4%e8%b2%a8%e5%b8%82%e5%a0%b4%e4%be%9b%e7%94%9c%e5%bf%83%e5%8f%b0%e5%8c%85%e9%a4%8a%e7%b6%b2%e9%8a%b7/ HTTP/2" 200 26481 "-" "Mozilla/5.0 (Windows NT 10.0; Win64; x64) AppleWebKit/537.36 (KHTML, like Gecko) Chrome/145.0.0.0 Safari/537.36 (compatible; meta-externalagent/1.1 (+https://developers.facebook.com/docs/sharing/webmasters/crawler))"
115.42.66.89 - - [11/Sep/2026:08:51:41 -0400] "POST /xmlrpc.php HTTP/1.1" 403 1242 "-" "WordPress.com; https://wordpress.com"
115.42.66.89 - - [11/Sep/2026:08:51:51 -0400] "POST /xmlrpc.php HTTP/1.1" 403 1242 "-" "Jetpack by WordPress.com (Jetpack 13.0; WordPress 6.3)"
115.42.66.89 - - [11/Sep/2026:08:52:02 -0400] "POST /xmlrpc.php HTTP/1.1" 403 1242 "-" "WordPress.com; https://wordpress.com"
115.42.66.89 - - [11/Sep/2026:08:52:12 -0400] "POST /xmlrpc.php HTTP/1.1" 403 1242 "-" "Jetpack by WordPress.com"
57.141.4.43 - - [11/Sep/2026:08:52:16 -0400] "GET / HTTP/2" 200 24615 "-" "facebookexternalhit/1.1 (+http://www.facebook.com/externalhit_uatext.php)"
115.42.66.89 - - [11/Sep/2026:08:52:23 -0400] "POST /xmlrpc.php HTTP/1.1" 403 1242 "-" "Jetpack by WordPress.com (Jetpack 12.0; WordPress 6.2)"
115.42.66.89 - - [11/Sep/2026:08:52:33 -0400] "POST /xmlrpc.php HTTP/1.1" 403 1242 "-" "Jetpack by WordPress.com (Jetpack 13.0; WordPress 6.4)"
115.42.66.89 - - [11/Sep/2026:08:52:44 -0400] "POST /xmlrpc.php HTTP/1.1" 403 1242 "-" "Jetpack by WordPress.com"
115.42.66.89 - - [11/Sep/2026:08:52:54 -0400] "POST /xmlrpc.php HTTP/1.1" 403 1242 "-" "Jetpack/13.0; WordPress/6.3; http://site60255789.com"
115.42.66.89 - - [11/Sep/2026:08:53:06 -0400] "POST /xmlrpc.php HTTP/1.1" 403 1242 "-" "WordPress.com; https://wordpress.com"
18.97.9.172 - - [11/Sep/2026:08:53:07 -0400] "GET /robots.txt HTTP/2" 200 91 "-" "CCBot/2.0 (https://commoncrawl.org/faq/)"
18.97.9.172 - - [11/Sep/2026:08:53:07 -0400] "GET /%E6%96%B0%E8%8F%AF%E5%85%A8%E5%AA%92%EF%BD%9C%E8%81%BD%EF%BC%8C%E4%BA%91%E5%BB%A3%E4%BA%A4%E6%9C%83%E4%B8%8A%E4%BC%81%E6%A5%AD%E7%9A%84%E5%84%84%E5%B5%90%E5%B7%A5%E5%AD%B8%E6%A4%85%E9%80%86%E5%8B%A2-5/ HTTP/2" 200 23635 "-" "CCBot/2.0 (https://commoncrawl.org/faq/)"
115.42.66.89 - - [11/Sep/2026:08:53:17 -0400] "POST /xmlrpc.php HTTP/1.1" 403 1242 "-" "Jetpack/13.0; WordPress/6.2; http://site19564972.com"
115.42.66.89 - - [11/Sep/2026:08:53:27 -0400] "POST /xmlrpc.php HTTP/1.1" 403 1242 "-" "WordPress.com; https://wordpress.com"
57.141.20.32 - - [11/Sep/2026:08:53:31 -0400] "GET /%e4%ba%91%e5%8d%97%e7%9c%81%e6%98%86%e6%98%8e%e5%b8%82%e7%9b%a4%e9%be%8d%e5%8d%80%e8%81%b7%e5%b7%a5%e6%95%99%e5%b0%8e%e5%9f%b9%e8%a8%93%e5%9f%ba%e5%8f%b0%e5%8c%85%e9%a4%8a%e5%9c%b0%e6%88%90%e7%ab%8b/ HTTP/2" 200 26980 "-" "Mozilla/5.0 (Windows NT 10.0; Win64; x64) AppleWebKit/537.36 (KHTML, like Gecko) Chrome/145.0.0.0 Safari/537.36 (compatible; meta-externalagent/1.1 (+https://developers.facebook.com/docs/sharing/webmasters/crawler))"
57.141.20.57 - - [11/Sep/2026:08:53:32 -0400] "GET /%e8%a6%96%e9%87%8e%ef%bd%9c%e8%b5%b0%e5%90%91%e6%88%b6%e5%a4%96%e5%b0%88%e5%8c%85%e9%a4%8a%e7%b6%b2%e7%ab%99%e6%af%94%e8%bc%8332%e9%80%90%e9%9b%aa%e8%80%8c%e8%a1%8c/ HTTP/2" 200 30074 "-" "Mozilla/5.0 (Macintosh; Intel Mac OS X 10_15_7) AppleWebKit/537.36 (KHTML, like Gecko) Chrome/145.0.0.0 Safari/537.36 (compatible; meta-externalagent/1.1 (+https://developers.facebook.com/docs/sharing/webmasters/crawler))"
115.42.66.89 - - [11/Sep/2026:08:53:38 -0400] "POST /xmlrpc.php HTTP/1.1" 403 1242 "-" "Jetpack by WordPress.com (Jetpack 12.0; WordPress 6.3)"
115.42.66.89 - - [11/Sep/2026:08:53:48 -0400] "POST /xmlrpc.php HTTP/1.1" 403 1242 "-" "Jetpack by WordPress.com"
216.73.217.95 - - [11/Sep/2026:08:53:46 -0400] "GET /author/admin/page/354/ HTTP/2" 200 21459 "-" "Mozilla/5.0 AppleWebKit/537.36 (KHTML, like Gecko; compatible; ClaudeBot/1.0; +claudebot@anthropic.com)"
115.42.66.89 - - [11/Sep/2026:08:53:59 -0400] "POST /xmlrpc.php HTTP/1.1" 403 1242 "-" "Jetpack by WordPress.com (Jetpack 12.5; WordPress 6.4)"
115.42.66.89 - - [11/Sep/2026:08:54:10 -0400] "POST /xmlrpc.php HTTP/1.1" 403 1242 "-" "Jetpack/12.1; WordPress/6.1; http://site65568768.com"
57.141.20.58 - - [11/Sep/2026:08:54:16 -0400] "GET /%e6%b3%a5%e9%a0%ad%e8%bb%8a%e6%b8%85%e6%99%a8%e8%b8%a9%e9%bb%9e%e8%a2%ab%e6%8a%93%e7%8f%be%e8%a1%8c%ef%bc%81%e5%bb%a3%e5%b7%9e%e7%99%bd%e4%ba%91%e6%b1%9f%e9%ab%98%e9%8e%aejiuyi/ HTTP/2" 200 26988 "-" "Mozilla/5.0 (X11; Linux x86_64) AppleWebKit/537.36 (KHTML, like Gecko) Chrome/145.0.0.0 Safari/537.36 (compatible; meta-externalagent/1.1 (+https://developers.facebook.com/docs/sharing/webmasters/crawler))"
57.141.20.20 - - [11/Sep/2026:08:54:17 -0400] "GET /%e6%b3%a5%e9%a0%ad%e8%bb%8a%e6%b8%85%e6%99%a8%e8%b8%a9%e9%bb%9e%e8%a2%ab%e6%8a%93%e7%8f%be%e8%a1%8c%ef%bc%81%e5%bb%a3%e5%b7%9e%e7%99%bd%e4%ba%91%e6%b1%9f%e9%ab%98%e9%8e%aejiuyi/20260328/330739.jpg HTTP/2" 404 21717 "https://bfl.com.tw/%e6%b3%a5%e9%a0%ad%e8%bb%8a%e6%b8%85%e6%99%a8%e8%b8%a9%e9%bb%9e%e8%a2%ab%e6%8a%93%e7%8f%be%e8%a1%8c%ef%bc%81%e5%bb%a3%e5%b7%9e%e7%99%bd%e4%ba%91%e6%b1%9f%e9%ab%98%e9%8e%aejiuyi/" "Mozilla/5.0 (X11; Linux x86_64) AppleWebKit/537.36 (KHTML, like Gecko) Chrome/145.0.0.0 Safari/537.36 (compatible; meta-externalagent/1.1 (+https://developers.facebook.com/docs/sharing/webmasters/crawler))"
57.141.20.9 - - [11/Sep/2026:08:54:17 -0400] "GET /%e6%b3%a5%e9%a0%ad%e8%bb%8a%e6%b8%85%e6%99%a8%e8%b8%a9%e9%bb%9e%e8%a2%ab%e6%8a%93%e7%8f%be%e8%a1%8c%ef%bc%81%e5%bb%a3%e5%b7%9e%e7%99%bd%e4%ba%91%e6%b1%9f%e9%ab%98%e9%8e%aejiuyi/20260328/330740.jpg HTTP/2" 404 21717 "https://bfl.com.tw/%e6%b3%a5%e9%a0%ad%e8%bb%8a%e6%b8%85%e6%99%a8%e8%b8%a9%e9%bb%9e%e8%a2%ab%e6%8a%93%e7%8f%be%e8%a1%8c%ef%bc%81%e5%bb%a3%e5%b7%9e%e7%99%bd%e4%ba%91%e6%b1%9f%e9%ab%98%e9%8e%aejiuyi/" "Mozilla/5.0 (X11; Linux x86_64) AppleWebKit/537.36 (KHTML, like Gecko) Chrome/145.0.0.0 Safari/537.36 (compatible; meta-externalagent/1.1 (+https://developers.facebook.com/docs/sharing/webmasters/crawler))"
57.141.20.58 - - [11/Sep/2026:08:54:17 -0400] "GET /%e6%b3%a5%e9%a0%ad%e8%bb%8a%e6%b8%85%e6%99%a8%e8%b8%a9%e9%bb%9e%e8%a2%ab%e6%8a%93%e7%8f%be%e8%a1%8c%ef%bc%81%e5%bb%a3%e5%b7%9e%e7%99%bd%e4%ba%91%e6%b1%9f%e9%ab%98%e9%8e%aejiuyi/20260328/330741.jpg HTTP/2" 404 21717 "https://bfl.com.tw/%e6%b3%a5%e9%a0%ad%e8%bb%8a%e6%b8%85%e6%99%a8%e8%b8%a9%e9%bb%9e%e8%a2%ab%e6%8a%93%e7%8f%be%e8%a1%8c%ef%bc%81%e5%bb%a3%e5%b7%9e%e7%99%bd%e4%ba%91%e6%b1%9f%e9%ab%98%e9%8e%aejiuyi/" "Mozilla/5.0 (X11; Linux x86_64) AppleWebKit/537.36 (KHTML, like Gecko) Chrome/145.0.0.0 Safari/537.36 (compatible; meta-externalagent/1.1 (+https://developers.facebook.com/docs/sharing/webmasters/crawler))"
115.42.66.89 - - [11/Sep/2026:08:54:20 -0400] "POST /xmlrpc.php HTTP/1.1" 403 1242 "-" "Jetpack/12.0; WordPress/6.3; http://site21988411.com"
115.42.66.89 - - [11/Sep/2026:08:54:30 -0400] "POST /xmlrpc.php HTTP/1.1" 403 1242 "-" "WordPress.com; https://wordpress.com"
66.249.68.100 - - [11/Sep/2026:08:54:29 -0400] "GET /search/79833281499/feed/rss2/ HTTP/1.1" 200 483 "-" "Mozilla/5.0 (Linux; Android 6.0.1; Nexus 5X Build/MMB29P) AppleWebKit/537.36 (KHTML, like Gecko) Chrome/153.0.8010.36 Mobile Safari/537.36 (compatible; Googlebot/2.1; +http://www.google.com/bot.html)"
115.42.66.89 - - [11/Sep/2026:08:54:41 -0400] "POST /xmlrpc.php HTTP/1.1" 403 1242 "-" "Jetpack/12.0; WordPress/6.3; http://site76726960.com"
57.141.20.28 - - [11/Sep/2026:08:54:41 -0400] "GET /%e9%80%90%e6%97%a5%e7%94%9f%e7%a7%80%e5%82%b3%e9%86%ab%e9%99%a2%e9%ab%94%e6%aa%a2%e9%a0%85%e7%9b%ae%e8%82%96%e9%81%8b%e7%a8%8b/ HTTP/2" 200 24225 "-" "Mozilla/5.0 (Windows NT 10.0; Win64; x64) AppleWebKit/537.36 (KHTML, like Gecko) Chrome/145.0.0.0 Safari/537.36 (compatible; meta-externalagent/1.1 (+https://developers.facebook.com/docs/sharing/webmasters/crawler))"
115.42.66.89 - - [11/Sep/2026:08:54:52 -0400] "POST /xmlrpc.php HTTP/1.1" 403 1242 "-" "WordPress.com; https://wordpress.com"
115.42.66.89 - - [11/Sep/2026:08:55:02 -0400] "POST /xmlrpc.php HTTP/1.1" 403 1242 "-" "Jetpack by WordPress.com (Jetpack 13.0; WordPress 6.4)"
115.42.66.89 - - [11/Sep/2026:08:55:12 -0400] "POST /xmlrpc.php HTTP/1.1" 403 1242 "-" "WordPress.com; https://wordpress.com"
40.77.167.37 - - [11/Sep/2026:08:55:14 -0400] "GET /%E5%A4%AB%E5%A6%BB%E5%9B%A0%E5%AE%B6%E5%BA%AD%E9%A1%8C%E7%9B%AE%E7%88%AD%E8%AB%96-pregnant%E8%80%81%E5%A9%86%E8%B7%B3%E6%B2%B3%E8%BC%95%E7%94%9F%E5%A4%96%E7%B8%A3%E5%B8%82-%E6%88%BF%E7%94%A2%E5%9C%96/ HTTP/2" 404 17861 "-" "Mozilla/5.0 AppleWebKit/537.36 (KHTML, like Gecko; compatible; bingbot/2.0; +http://www.bing.com/bingbot.htm) Chrome/116.0.1938.76 Safari/537.36"
115.42.66.89 - - [11/Sep/2026:08:55:23 -0400] "POST /xmlrpc.php HTTP/1.1" 403 1242 "-" "Jetpack/12.5; WordPress/6.1; http://site32752316.com"
18.97.9.172 - - [11/Sep/2026:08:55:29 -0400] "GET /%E7%AC%AC%E5%9B%9B%E5%B1%86%E5%99%B4%E9%BC%BB%E6%B8%AF%E6%96%87%E5%8D%9A%E6%9C%835%E6%9C%88%E8%88%89%E8%A1%8C-%E5%85%A8jiuyi%E4%BF%B1%E6%84%8F%E7%A9%BA%E9%96%93%E8%A8%AD%E8%A8%88%E5%8A%9B%E6%89%93/ HTTP/2" 200 22667 "-" "CCBot/2.0 (https://commoncrawl.org/faq/)"
66.249.68.100 - - [11/Sep/2026:08:55:29 -0400] "GET /%E9%80%90%E6%97%A5%E7%A7%80%E5%82%B3%E9%86%AB%E9%99%A2%E4%BE%9B%E8%86%B3%E7%94%9F%E8%82%96%E9%81%8B%E7%A8%8B-4/ HTTP/1.1" 200 20703 "-" "Mozilla/5.0 (Linux; Android 6.0.1; Nexus 5X Build/MMB29P) AppleWebKit/537.36 (KHTML, like Gecko) Chrome/153.0.8010.36 Mobile Safari/537.36 (compatible; Googlebot/2.1; +http://www.google.com/bot.html)"
57.141.20.43 - - [11/Sep/2026:08:55:30 -0400] "GET /%e6%89%93%e5%b7%a5%e5%89%8d%e6%b2%bf%e5%8f%b0%e5%8c%85%e9%a4%8a%e7%b6%b2%e5%bf%83%e5%be%97%ef%bd%9c%e6%94%af%e5%87%ba%e5%80%bc%e5%be%97%e8%a2%ab%e7%9c%8b%e8%a6%8b%ef%bc%8c%e8%8e%8a%e5%9a%b4%e6%9b%b4/ HTTP/2" 200 26114 "-" "Mozilla/5.0 (Windows NT 10.0; Win64; x64) AppleWebKit/537.36 (KHTML, like Gecko) Chrome/145.0.0.0 Safari/537.36 (compatible; meta-externalagent/1.1 (+https://developers.facebook.com/docs/sharing/webmasters/crawler))"
57.141.16.21 - - [11/Sep/2026:08:55:34 -0400] "GET / HTTP/2" 200 24615 "-" "facebookexternalhit/1.1 (+http://www.facebook.com/externalhit_uatext.php)"
115.42.66.89 - - [11/Sep/2026:08:55:34 -0400] "POST /xmlrpc.php HTTP/1.1" 403 1242 "-" "Jetpack/13.0; WordPress/6.1; http://site76657893.com"
115.42.66.89 - - [11/Sep/2026:08:55:44 -0400] "POST /xmlrpc.php HTTP/1.1" 403 1242 "-" "Jetpack by WordPress.com (Jetpack 13.0; WordPress 6.1)"
115.42.66.89 - - [11/Sep/2026:08:55:55 -0400] "POST /xmlrpc.php HTTP/1.1" 403 1242 "-" "Jetpack by WordPress.com (Jetpack 12.1; WordPress 6.4)"
115.42.66.89 - - [11/Sep/2026:08:56:05 -0400] "POST /xmlrpc.php HTTP/1.1" 403 1242 "-" "Jetpack by WordPress.com (Jetpack 12.1; WordPress 6.1)"
40.77.167.37 - - [11/Sep/2026:08:56:09 -0400] "GET /%E5%AE%B6%E5%9C%A8%E5%93%AA%E9%87%8C-%E7%89%87%E5%AD%90%E6%96%87%E5%AD%B8%E7%A4%BE%E5%8D%80%E8%85%B3%E6%9C%AC%E3%80%90%E4%BA%8C%E3%80%91/ HTTP/2" 404 17861 "-" "Mozilla/5.0 AppleWebKit/537.36 (KHTML, like Gecko; compatible; bingbot/2.0; +http://www.bing.com/bingbot.htm) Chrome/116.0.1938.76 Safari/537.36"
57.141.20.14 - - [11/Sep/2026:08:56:12 -0400] "GET /%e9%8a%b3%e8%b2%a1%e7%b6%93%ef%bd%9c%e5%a4%ae%e8%a1%8c%e7%99%bc%e5%b8%83%e4%b8%80%e5%ad%a3%e5%ba%a6%e4%b8%ad%e5%a4%96%e8%b2%a8%e5%b9%a3%e6%94%bf%e5%b0%88%e5%8c%85%e9%a4%8a%e7%b6%b2%e7%ab%99%e6%af%94/ HTTP/2" 200 28306 "-" "Mozilla/5.0 (Macintosh; Intel Mac OS X 10_15_7) AppleWebKit/537.36 (KHTML, like Gecko) Chrome/145.0.0.0 Safari/537.36 (compatible; meta-externalagent/1.1 (+https://developers.facebook.com/docs/sharing/webmasters/crawler))"
57.141.20.4 - - [11/Sep/2026:08:56:12 -0400] "GET /%e6%99%ba%e7%86%b1%e5%9b%9e%e9%80%94%ef%bc%8c%e9%bb%9e%e4%ba%ae%e6%af%8f%e6%ae%b5%e5%b0%88%e5%8c%85%e9%a4%8a%e8%a1%8c%e6%83%85%e5%9b%9e%e5%ae%b6%e8%b7%af/ HTTP/2" 200 30253 "-" "Mozilla/5.0 (Windows NT 10.0; Win64; x64) AppleWebKit/537.36 (KHTML, like Gecko) Chrome/145.0.0.0 Safari/537.36 (compatible; meta-externalagent/1.1 (+https://developers.facebook.com/docs/sharing/webmasters/crawler))"
115.42.66.89 - - [11/Sep/2026:08:56:15 -0400] "POST /xmlrpc.php HTTP/1.1" 403 1242 "-" "Jetpack/12.1; WordPress/6.2; http://site64816814.com"
115.42.66.89 - - [11/Sep/2026:08:56:26 -0400] "POST /xmlrpc.php HTTP/1.1" 403 1242 "-" "Jetpack by WordPress.com (Jetpack 12.5; WordPress 6.3)"
115.42.66.89 - - [11/Sep/2026:08:56:36 -0400] "POST /xmlrpc.php HTTP/1.1" 403 1242 "-" "Jetpack by WordPress.com"
57.141.20.59 - - [11/Sep/2026:08:56:38 -0400] "GET /%e7%94%98%e8%82%85%e5%af%a6%e8%a1%8c%e4%ba%94%e5%bc%b7%e8%88%89%e5%8b%95%e8%88%88%e5%8b%95%e5%8f%b0%e5%8c%85%e9%a4%8a%e5%83%b9%e6%a0%bc%e8%83%bd/ HTTP/2" 200 26902 "-" "Mozilla/5.0 (Windows NT 10.0; Win64; x64) AppleWebKit/537.36 (KHTML, like Gecko) Chrome/145.0.0.0 Safari/537.36 (compatible; meta-externalagent/1.1 (+https://developers.facebook.com/docs/sharing/webmasters/crawler))"
52.167.144.141 - - [11/Sep/2026:08:56:17 -0400] "GET /?s=1240836400199 HTTP/2" 200 18619 "-" "Mozilla/5.0 AppleWebKit/537.36 (KHTML, like Gecko; compatible; bingbot/2.0; +http://www.bing.com/bingbot.htm) Chrome/116.0.1938.76 Safari/537.36"
115.42.66.89 - - [11/Sep/2026:08:56:47 -0400] "POST /xmlrpc.php HTTP/1.1" 403 1242 "-" "Jetpack/13.0; WordPress/6.2; http://site71180060.com"
115.42.66.89 - - [11/Sep/2026:08:56:58 -0400] "POST /xmlrpc.php HTTP/1.1" 403 1242 "-" "WordPress.com; https://wordpress.com"
57.141.20.12 - - [11/Sep/2026:08:57:06 -0400] "GET /%e7%82%ba%e5%b9%b3%e6%98%93%e8%bf%91%e7%9c%be%e5%b9%b4%e5%a4%9c%e7%9c%81%e9%8c%a2-%e7%89%b9%e6%9c%97%e6%99%ae%e6%89%a3%e9%a0%ad%e5%83%b9%e8%99%95%e6%96%b9%e8%97%a5%e7%b6%b2%e7%ab%99%e4%b8%8a-2/ HTTP/2" 200 24518 "-" "Mozilla/5.0 (Windows NT 10.0; Win64; x64) AppleWebKit/537.36 (KHTML, like Gecko) Chrome/145.0.0.0 Safari/537.36 (compatible; meta-externalagent/1.1 (+https://developers.facebook.com/docs/sharing/webmasters/crawler))"
115.42.66.89 - - [11/Sep/2026:08:57:08 -0400] "POST /xmlrpc.php HTTP/1.1" 403 1242 "-" "WordPress.com; https://wordpress.com"
57.141.20.73 - - [11/Sep/2026:08:57:12 -0400] "GET /7%e5%88%b0%e4%b9%9d%e5%ae%ae%e6%a0%bc%e4%ba%a4%e6%b5%81%e8%90%ac%e4%bd%99%e4%ba%ba%e6%ac%a1%e6%b2%89%e9%86%89%e5%bc%8f%e6%89%93%e5%8d%a1%e7%a7%91%e5%8d%9a%e5%98%89%e6%9c%83/ HTTP/2" 200 28374 "-" "Mozilla/5.0 (Macintosh; Intel Mac OS X 10_15_7) AppleWebKit/537.36 (KHTML, like Gecko) Chrome/145.0.0.0 Safari/537.36 (compatible; meta-externalagent/1.1 (+https://developers.facebook.com/docs/sharing/webmasters/crawler))"
52.167.144.141 - - [11/Sep/2026:08:57:17 -0400] "GET /%E6%B3%89%E5%B7%9E%E5%B7%A5%E6%9C%83%EF%BC%9A%E9%AB%94%E9%A9%97%E8%A6%93%E5%8C%85%E9%A4%8A%E5%83%B9%E6%A0%BC%E4%BA%92%E5%8B%95%E9%A0%98%E5%AD%B8%E6%8E%A8%E9%80%B2%E9%9B%99%E5%90%91/ HTTP/2" 404 17861 "-" "Mozilla/5.0 AppleWebKit/537.36 (KHTML, like Gecko; compatible; bingbot/2.0; +http://www.bing.com/bingbot.htm) Chrome/116.0.1938.76 Safari/537.36"
115.42.66.89 - - [11/Sep/2026:08:57:19 -0400] "POST /xmlrpc.php HTTP/1.1" 403 1242 "-" "Jetpack by WordPress.com"
52.167.144.141 - - [11/Sep/2026:08:57:23 -0400] "GET /12%E6%AD%B2%E5%A5%B3%E5%AD%A9%E8%B2%B7%E5%B9%B3%E6%98%93%E8%BF%91%E6%B3%95%E5%85%B8%E5%B0%88%E6%89%BE%E5%8C%85%E9%A4%8A%E7%B6%93%E9%A9%97%E9%96%80%E5%B0%8D%E6%96%BC%E6%AF%8D%E8%A6%AA%E4%B8%8D/ HTTP/2" 404 17861 "-" "Mozilla/5.0 AppleWebKit/537.36 (KHTML, like Gecko; compatible; bingbot/2.0; +http://www.bing.com/bingbot.htm) Chrome/116.0.1938.76 Safari/537.36"
115.42.66.89 - - [11/Sep/2026:08:57:29 -0400] "POST /xmlrpc.php HTTP/1.1" 403 1242 "-" "Jetpack by WordPress.com (Jetpack 13.0; WordPress 6.3)"
157.148.59.106 - - [11/Sep/2026:08:57:33 -0400] "GET /page/82?_bd_prev_page=https%3A%2F%2Fbfl.com.tw%2Fdetail.php%3Fclass%2F1525-6974200069.html&_bdsid=2ulvIJ.n%7EZXCIW.1721886656070.1721886848&_ga=2.198040047.1958808748.1721886654-862398307.1699453578 HTTP/1.1" 301 0 "-" "Mozilla/5.0 (Windows NT 10.0; Win64; x64) AppleWebKit/537.36 (KHTML, like Gecko) Chrome/110.0.0.0 Safari/537.36"
57.141.20.52 - - [11/Sep/2026:08:57:36 -0400] "GET /%e5%9c%a8%e9%96%a9%e5%bc%8f%e7%ac%91%e5%8a%87%e5%9d%8a%ef%bc%8c%e6%84%9f%e5%b0%88%e5%8c%85%e9%a4%8a%e7%b6%b2%e5%bf%83%e5%be%97%e8%a7%b8%e6%84%9f%e6%9f%93%e7%b4%9b%e6%ad%a7%e6%a8%a3/ HTTP/2" 200 29375 "-" "Mozilla/5.0 (Windows NT 10.0; Win64; x64) AppleWebKit/537.36 (KHTML, like Gecko) Chrome/145.0.0.0 Safari/537.36 (compatible; meta-externalagent/1.1 (+https://developers.facebook.com/docs/sharing/webmasters/crawler))"
120.233.111.230 - - [11/Sep/2026:08:57:36 -0400] "GET /page/82/?_bd_prev_page=https%3A%2F%2Fbfl.com.tw%2Fdetail.php%3Fclass%2F1525-6974200069.html&_bdsid=2ulvIJ.n~ZXCIW.1721886656070.1721886848&_ga=2.198040047.1958808748.1721886654-862398307.1699453578 HTTP/1.1" 200 24948 "-" "Mozilla/5.0 (Windows NT 10.0; Win64; x64) AppleWebKit/537.36 (KHTML, like Gecko) Chrome/110.0.0.0 Safari/537.36"
57.141.20.52 - - [11/Sep/2026:08:57:36 -0400] "GET /upload/resources/image/2026/01/27/2702738_4096x10000.jpeg HTTP/2" 404 21717 "https://bfl.com.tw/%e5%9c%a8%e9%96%a9%e5%bc%8f%e7%ac%91%e5%8a%87%e5%9d%8a%ef%bc%8c%e6%84%9f%e5%b0%88%e5%8c%85%e9%a4%8a%e7%b6%b2%e5%bf%83%e5%be%97%e8%a7%b8%e6%84%9f%e6%9f%93%e7%b4%9b%e6%ad%a7%e6%a8%a3/" "Mozilla/5.0 (Windows NT 10.0; Win64; x64) AppleWebKit/537.36 (KHTML, like Gecko) Chrome/145.0.0.0 Safari/537.36 (compatible; meta-externalagent/1.1 (+https://developers.facebook.com/docs/sharing/webmasters/crawler))"
115.42.66.89 - - [11/Sep/2026:08:57:40 -0400] "POST /xmlrpc.php HTTP/1.1" 403 1242 "-" "WordPress.com; https://wordpress.com"
57.141.20.55 - - [11/Sep/2026:08:57:47 -0400] "GET /%e7%bf%92%e8%bf%91%e5%b9%b3%e7%b8%bd%e6%9b%b8%e8%a8%98%e7%94%9c%e5%bf%83%e5%b0%88%e5%8c%85%e9%a4%8a%e7%b6%b2%e9%97%9c%e5%bf%83%e4%ba%8b%c2%b7%e9%a2%a8%e6%a0%bc%e4%b9%8b%e8%ae%8a%ef%bd%9c%e9%a2%a8/ HTTP/2" 200 38098 "-" "Mozilla/5.0 (Windows NT 10.0; Win64; x64) AppleWebKit/537.36 (KHTML, like Gecko) Chrome/145.0.0.0 Safari/537.36 Edg/145.0.0.0 (compatible; meta-externalagent/1.1 (+https://developers.facebook.com/docs/sharing/webmasters/crawler))"
115.42.66.89 - - [11/Sep/2026:08:57:51 -0400] "POST /xmlrpc.php HTTP/1.1" 403 1242 "-" "WordPress.com; https://wordpress.com"
115.42.66.89 - - [11/Sep/2026:08:58:01 -0400] "POST /xmlrpc.php HTTP/1.1" 403 1242 "-" "WordPress.com; https://wordpress.com"
115.42.66.89 - - [11/Sep/2026:08:58:11 -0400] "POST /xmlrpc.php HTTP/1.1" 403 1242 "-" "Jetpack by WordPress.com (Jetpack 13.0; WordPress 6.1)"
57.141.20.33 - - [11/Sep/2026:08:58:17 -0400] "GET /%e4%b8%8a%e5%84%84%e5%b5%90%e9%9b%bb%e7%ab%b6%e6%a4%85%e6%b5%b7%e8%bb%8a%e5%b1%95%e4%b8%89%e5%8d%81%e5%85%ab%e5%b9%b4%ef%bc%9a%e6%98%af%e7%aa%97%e5%8f%a3%ef%bc%8c%e4%b9%9f%e6%98%af%e6%bc%94%e6%ad%a6/ HTTP/2" 200 33016 "-" "Mozilla/5.0 (Windows NT 10.0; Win64; x64) AppleWebKit/537.36 (KHTML, like Gecko) Chrome/145.0.0.0 Safari/537.36 (compatible; meta-externalagent/1.1 (+https://developers.facebook.com/docs/sharing/webmasters/crawler))"
115.42.66.89 - - [11/Sep/2026:08:58:22 -0400] "POST /xmlrpc.php HTTP/1.1" 403 1242 "-" "Jetpack by WordPress.com (Jetpack 12.5; WordPress 6.3)"
115.42.66.89 - - [11/Sep/2026:08:58:33 -0400] "POST /xmlrpc.php HTTP/1.1" 403 1242 "-" "Jetpack/13.0; WordPress/6.4; http://site41588208.com"
57.141.20.2 - - [11/Sep/2026:08:58:41 -0400] "GET /%e7%ab%99%e7%9b%b4%e4%ba%8632jiuyi%e4%bf%b1%e6%84%8f%e7%bf%bb%e4%bf%ae%e8%a8%ad%e8%a8%88%e5%88%a5%e7%a9%bf%e6%8f%92-4/ HTTP/2" 200 26037 "-" "Mozilla/5.0 (Windows NT 10.0; Win64; x64) AppleWebKit/537.36 (KHTML, like Gecko) Chrome/145.0.0.0 Safari/537.36 (compatible; meta-externalagent/1.1 (+https://developers.facebook.com/docs/sharing/webmasters/crawler))"
115.42.66.89 - - [11/Sep/2026:08:58:44 -0400] "POST /xmlrpc.php HTTP/1.1" 403 1242 "-" "Jetpack by WordPress.com (Jetpack 12.0; WordPress 6.2)"
115.42.66.89 - - [11/Sep/2026:08:58:54 -0400] "POST /xmlrpc.php HTTP/1.1" 403 1242 "-" "Jetpack by WordPress.com (Jetpack 12.0; WordPress 6.2)"
5.161.177.47 - - [11/Sep/2026:08:58:57 -0400] "HEAD / HTTP/1.1" 200 0 "https://bfl.com.tw/" "Mozilla/5.0+(compatible; UptimeRobot/2.0; http://www.uptimerobot.com/)"
115.42.66.89 - - [11/Sep/2026:08:59:05 -0400] "POST /xmlrpc.php HTTP/1.1" 403 1242 "-" "WordPress.com; https://wordpress.com"
18.97.9.172 - - [11/Sep/2026:08:59:08 -0400] "GET /%E9%91%84%E5%88%B0%E4%B9%9D%E5%AE%AE%E6%A0%BC%E7%A7%81%E5%AF%86%E7%A9%BA%E9%96%93%E9%80%A0%E8%B2%A1%E7%94%A2%E5%B7%A5%E4%BA%BA%E7%9A%84%E9%BB%83%E9%87%91%E6%99%82%E6%9C%9F/ HTTP/2" 200 23955 "-" "CCBot/2.0 (https://commoncrawl.org/faq/)"
115.42.66.89 - - [11/Sep/2026:08:59:15 -0400] "POST /xmlrpc.php HTTP/1.1" 403 1242 "-" "WordPress.com; https://wordpress.com"
115.42.66.89 - - [11/Sep/2026:08:59:26 -0400] "POST /xmlrpc.php HTTP/1.1" 403 1242 "-" "Jetpack by WordPress.com (Jetpack 13.0; WordPress 6.2)"
115.42.66.89 - - [11/Sep/2026:08:59:36 -0400] "POST /xmlrpc.php HTTP/1.1" 403 1242 "-" "Jetpack/13.0; WordPress/6.3; http://site91182857.com"
57.141.20.62 - - [11/Sep/2026:08:59:45 -0400] "GET /%e5%86%b7%e6%bd%ae%e5%88%b0%e8%87%a8%e5%b0%88%e5%ae%b6%ef%bc%9a%e6%96%b0%e7%ab%b9%e6%a3%ae%e5%92%8c%e8%a8%ba%e6%89%80%e9%98%b2%e5%86%b7%e4%bf%9d%e7%86%b1%e9%98%b2%e6%ad%a2%e5%91%bc-2/ HTTP/2" 200 26177 "-" "Mozilla/5.0 (Macintosh; Intel Mac OS X 10_15_7) AppleWebKit/537.36 (KHTML, like Gecko) Chrome/145.0.0.0 Safari/537.36 (compatible; meta-externalagent/1.1 (+https://developers.facebook.com/docs/sharing/webmasters/crawler))"
115.42.66.89 - - [11/Sep/2026:08:59:47 -0400] "POST /xmlrpc.php HTTP/1.1" 403 1242 "-" "WordPress.com; https://wordpress.com"
115.42.66.89 - - [11/Sep/2026:08:59:58 -0400] "POST /xmlrpc.php HTTP/1.1" 403 1242 "-" "Jetpack by WordPress.com (Jetpack 12.1; WordPress 6.2)"
115.42.66.89 - - [11/Sep/2026:09:00:08 -0400] "POST /xmlrpc.php HTTP/1.1" 403 1242 "-" "Jetpack by WordPress.com (Jetpack 13.0; WordPress 6.3)"
52.167.144.141 - - [11/Sep/2026:09:00:13 -0400] "GET /class/2344-9033700015.html HTTP/2" 404 17861 "-" "Mozilla/5.0 AppleWebKit/537.36 (KHTML, like Gecko; compatible; bingbot/2.0; +http://www.bing.com/bingbot.htm) Chrome/116.0.1938.76 Safari/537.36"
115.42.66.89 - - [11/Sep/2026:09:00:18 -0400] "POST /xmlrpc.php HTTP/1.1" 403 1242 "-" "Jetpack by WordPress.com"
18.97.9.172 - - [11/Sep/2026:09:00:27 -0400] "GET /%E5%90%88%E8%82%A5%E5%84%84%E5%B5%90%E7%B3%BB%E7%B5%B1%E6%AB%83%E8%AB%8B%E6%82%A8%E4%BE%86%E7%AC%AC%E4%BA%8C%E5%A0%B4%E9%AB%98%E6%A0%A1%E7%B5%90%E6%A5%AD%E7%94%9F%E7%8F%BE%E5%A0%B4-8/ HTTP/2" 200 24884 "-" "CCBot/2.0 (https://commoncrawl.org/faq/)"
115.42.66.89 - - [11/Sep/2026:09:00:29 -0400] "POST /xmlrpc.php HTTP/1.1" 403 1242 "-" "WordPress.com; https://wordpress.com"
115.42.66.89 - - [11/Sep/2026:09:00:40 -0400] "POST /xmlrpc.php HTTP/1.1" 403 1242 "-" "WordPress.com; https://wordpress.com"
115.42.66.89 - - [11/Sep/2026:09:00:50 -0400] "POST /xmlrpc.php HTTP/1.1" 403 1242 "-" "WordPress.com; https://wordpress.com"
115.42.66.89 - - [11/Sep/2026:09:01:00 -0400] "POST /xmlrpc.php HTTP/1.1" 403 1242 "-" "WordPress.com; https://wordpress.com"
57.141.20.73 - - [11/Sep/2026:09:01:01 -0400] "GET /%e8%bf%91%e7%99%be%e5%a0%b4%e7%89%b9%e9%bb%9e%e6%b4%bb%e5%8b%95%e9%bb%9e%e7%87%83%e9%84%89%e6%9d%91%e6%96%b0%e6%98%a5%e7%86%b1%e6%bd%ae-jiuyi%e4%bf%b1%e6%84%8f%e7%a9%ba%e9%96%93%e8%a8%ad%e8%a8%88/ HTTP/2" 200 26440 "-" "Mozilla/5.0 (Windows NT 10.0; Win64; x64) AppleWebKit/537.36 (KHTML, like Gecko) Chrome/145.0.0.0 Safari/537.36 (compatible; meta-externalagent/1.1 (+https://developers.facebook.com/docs/sharing/webmasters/crawler))"
115.42.66.89 - - [11/Sep/2026:09:01:12 -0400] "POST /xmlrpc.php HTTP/1.1" 403 1242 "-" "Jetpack by WordPress.com (Jetpack 12.1; WordPress 6.2)"
115.42.66.89 - - [11/Sep/2026:09:01:22 -0400] "POST /xmlrpc.php HTTP/1.1" 403 1242 "-" "Jetpack by WordPress.com"
66.249.68.101 - - [11/Sep/2026:09:01:01 -0400] "GET /search/1224306131199/feed/rss2/ HTTP/1.1" 200 484 "-" "Mozilla/5.0 (Linux; Android 6.0.1; Nexus 5X Build/MMB29P) AppleWebKit/537.36 (KHTML, like Gecko) Chrome/153.0.8010.36 Mobile Safari/537.36 (compatible; Googlebot/2.1; +http://www.google.com/bot.html)"
18.97.9.172 - - [11/Sep/2026:09:01:29 -0400] "GET /%E5%A4%8F%E5%AD%A3%E9%A2%A8%E8%A1%8C%E7%97%85%E9%AB%98%E7%99%BC%EF%BC%8C%E4%B8%80%E5%B0%8F%E4%B8%80%E8%80%81%E6%96%B0%E7%AB%B9%E6%A3%AE%E5%92%8C%E8%A8%BA%E6%89%80%E8%8B%A5%E4%BD%95-18/ HTTP/2" 200 23107 "-" "CCBot/2.0 (https://commoncrawl.org/faq/)"
115.42.66.89 - - [11/Sep/2026:09:01:33 -0400] "POST /xmlrpc.php HTTP/1.1" 403 1242 "-" "Jetpack/12.1; WordPress/6.3; http://site75485413.com"
