114.119.140.56 - - [11/Sep/2026:14:20:07 -0400] "GET /%e7%8e%8b%e5%ad%b8%e8%bb%8d%e4%bb%a3%e8%a1%a8%ef%bc%9a%e7%a9%a9%e6%ad%a5%e9%80%b2%e5%88%b0%e4%b9%9d%e5%ae%ae%e6%a0%bc%e4%ba%a4%e6%b5%81%e6%ad%a5%e6%96%b0%e5%9e%8b%e5%9f%8e%e9%8e%ae%e5%8c%96%e6%9d%b1/ HTTP/1.1" 200 22454 "https://bfl.com.tw/%e7%8e%8b%e5%ad%b8%e8%bb%8d%e4%bb%a3%e8%a1%a8%ef%bc%9a%e7%a9%a9%e6%ad%a5%e9%80%b2%e5%88%b0%e4%b9%9d%e5%ae%ae%e6%a0%bc%e4%ba%a4%e6%b5%81%e6%ad%a5%e6%96%b0%e5%9e%8b%e5%9f%8e%e9%8e%ae%e5%8c%96%e6%9d%b1/" "Mozilla/5.0 (Linux; Android 7.0;) AppleWebKit/537.36 (HTML, like Gecko) Mobile Safari/537.36 (compatible; PetalBot;+https://webmaster.petalsearch.com/site/petalbot)"
117.152.122.110 - - [11/Sep/2026:14:20:11 -0400] "GET /%E9%99%B6%E5%85%AC%E9%86%AC%E9%85%92-%E8%83%BD%E9%81%87%E4%B8%8A%E7%A4%BE%E5%8D%80%E5%A4%A7%E6%A8%93%E8%8C%85%E8%87%BA%E5%97%8E%EF%BC%9F%E6%95%A3%E6%96%87/102757qp2n766al5pz62n5.jpg HTTP/1.1" 404 20974 "https://bfl.com.tw/" "Mozilla/5.0 (Windows NT 10.0; Win64; x64) AppleWebKit/537.36 (KHTML, like Gecko) Chrome/103.0.0.0 Safari/537.36"
119.45.37.105 - - [11/Sep/2026:14:20:12 -0400] "GET /%E9%99%B6%E5%85%AC%E9%86%AC%E9%85%92-%E8%83%BD%E9%81%87%E4%B8%8A%E7%A4%BE%E5%8D%80%E5%A4%A7%E6%A8%93%E8%8C%85%E8%87%BA%E5%97%8E%EF%BC%9F%E6%95%A3%E6%96%87/102757qp2n766al5pz62n5.jpg HTTP/1.1" 404 20974 "https://bfl.com.tw/" "Mozilla/5.0 (Windows NT 10.0; Win64; x64) AppleWebKit/537.36 (KHTML, like Gecko) Chrome/103.0.0.0 Safari/537.36"
39.180.215.218 - - [11/Sep/2026:14:20:14 -0400] "GET /%E5%A4%A9%E6%B0%A3%E5%BF%BD%E5%86%B7%E5%BF%BD%E7%86%B1jiuyi%E4%BF%B1%E6%84%8F%E7%BF%BB%E4%BF%AE%E8%A8%AD%E8%A8%88%EF%BC%8C%E5%82%B7%E9%A2%A8%E3%80%81%E9%BC%BB%E7%82%8E%E9%A0%BB%E7%99%BC%EF%BC%8C/20260131/83416.jpg HTTP/1.1" 404 21717 "https://bfl.com.tw/" "Mozilla/5.0 (Windows NT 10.0; Win64; x64) AppleWebKit/537.36 (KHTML, like Gecko) Chrome/108.0.0.0 Safari/537.36"
118.195.159.158 - - [11/Sep/2026:14:20:15 -0400] "GET /%E5%A4%A9%E6%B0%A3%E5%BF%BD%E5%86%B7%E5%BF%BD%E7%86%B1jiuyi%E4%BF%B1%E6%84%8F%E7%BF%BB%E4%BF%AE%E8%A8%AD%E8%A8%88%EF%BC%8C%E5%82%B7%E9%A2%A8%E3%80%81%E9%BC%BB%E7%82%8E%E9%A0%BB%E7%99%BC%EF%BC%8C/20260131/83416.jpg HTTP/1.1" 404 21717 "https://bfl.com.tw/" "Mozilla/5.0 (Windows NT 10.0; Win64; x64) AppleWebKit/537.36 (KHTML, like Gecko) Chrome/108.0.0.0 Safari/537.36"
57.141.20.18 - - [11/Sep/2026:14:20:42 -0400] "GET /%e6%b8%85%e6%98%8e%e9%9d%a2%e7%87%95%e9%8a%9c%e6%98%a5%e6%84%8f%e6%95%85%e9%84%89%e5%b0%88%e5%8c%85%e9%a4%8a%e7%b6%b2%e5%91%b3%e6%92%ac%e5%8b%95%e6%99%82/ HTTP/2" 200 27255 "-" "Mozilla/5.0 (Windows NT 10.0; Win64; x64) AppleWebKit/537.36 (KHTML, like Gecko) Chrome/145.0.0.0 Safari/537.36 (compatible; meta-externalagent/1.1 (+https://developers.facebook.com/docs/sharing/webmasters/crawler))"
57.141.20.57 - - [11/Sep/2026:14:20:56 -0400] "GET /%e8%85%ab%e7%98%a4%e9%98%b2%e6%b2%bb%e6%97%a9%e4%ba%86%e8%a7%a3%ef%bd%9c%e7%a7%80%e5%82%b3%e9%86%ab%e9%99%a2%e5%81%a5%e6%aa%a2%e9%a0%85%e7%9b%ae%e8%82%ba%e7%99%8c%ef%bc%9a%e6%b8%85%e6%a5%9a%e5%ae%83-2/ HTTP/2" 200 27731 "-" "Mozilla/5.0 (Windows NT 10.0; Win64; x64) AppleWebKit/537.36 (KHTML, like Gecko) Chrome/145.0.0.0 Safari/537.36 (compatible; meta-externalagent/1.1 (+https://developers.facebook.com/docs/sharing/webmasters/crawler))"
57.141.20.25 - - [11/Sep/2026:14:21:10 -0400] "GET /%e5%b9%b4%e5%a4%9c%e5%ad%b8%e5%b0%88%e9%96%80%e7%a0%94%e7%a9%b6%e8%aa%bf%e5%8a%91%e7%94%9c%e5%bf%83%e5%b0%88%e5%8c%85%e9%a4%8a%e7%b6%b2%e4%b8%8d%e6%98%af%e7%b0%a1%e7%95%a5%e7%9a%84%e5%8a%a0/ HTTP/2" 200 28155 "-" "Mozilla/5.0 (Windows NT 10.0; Win64; x64) AppleWebKit/537.36 (KHTML, like Gecko) Chrome/145.0.0.0 Safari/537.36 (compatible; meta-externalagent/1.1 (+https://developers.facebook.com/docs/sharing/webmasters/crawler))"
114.119.152.216 - - [11/Sep/2026:14:21:30 -0400] "GET /%e7%89%b9%e5%88%a5%e7%9a%84%e6%96%b0%e7%ab%b9%e6%a3%ae%e5%92%8c%e8%a8%ba%e6%89%80%e6%96%b0%e5%b9%b4%e7%89%b9%e6%ae%8a%e7%9a%84%e8%8b%a6%e5%ae%88-%e7%89%9b%e5%b9%b4%e6%96%b0-5/ HTTP/1.1" 200 26082 "https://bfl.com.tw/%e7%89%b9%e5%88%a5%e7%9a%84%e6%96%b0%e7%ab%b9%e6%a3%ae%e5%92%8c%e8%a8%ba%e6%89%80%e6%96%b0%e5%b9%b4%e7%89%b9%e6%ae%8a%e7%9a%84%e8%8b%a6%e5%ae%88-%e7%89%9b%e5%b9%b4%e6%96%b0-5/" "Mozilla/5.0 (Linux; Android 7.0;) AppleWebKit/537.36 (HTML, like Gecko) Mobile Safari/537.36 (compatible; PetalBot;+https://webmaster.petalsearch.com/site/petalbot)"
57.141.20.8 - - [11/Sep/2026:14:21:30 -0400] "GET /%e8%b1%ac%e8%b9%84%e8%80%81%e6%9d%bf27%e8%90%ac%e5%85%83osder%e5%a5%a7%e6%96%af%e5%be%b7%e6%b1%bd%e8%bb%8a%e6%9d%90%e6%96%99%e6%8b%bf%e4%b8%8b%e7%b6%b2%e7%b4%85%e6%94%a4%e4%bd%8d%ef%bc%8c%e6%97%a5/ HTTP/2" 200 26231 "-" "Mozilla/5.0 (Windows NT 10.0; Win64; x64) AppleWebKit/537.36 (KHTML, like Gecko) Chrome/145.0.0.0 Safari/537.36 (compatible; meta-externalagent/1.1 (+https://developers.facebook.com/docs/sharing/webmasters/crawler))"
57.141.20.6 - - [11/Sep/2026:14:22:00 -0400] "GET /%e7%9b%9c%e9%87%87%e7%a4%a6jiuyi%e4%bf%b1%e6%84%8f%e7%a9%ba%e9%96%93%e8%a8%ad%e8%a8%88%e7%94%a2%e3%80%81%e8%bf%ab%e5%ae%b3%e7%8f%8d%e8%b2%b4%e7%80%95%e5%8d%b1%e9%87%8e%e7%94%9f%e5%8b%95%e6%a4%8d/ HTTP/2" 200 28072 "-" "Mozilla/5.0 (Windows NT 10.0; Win64; x64) AppleWebKit/537.36 (KHTML, like Gecko) Chrome/145.0.0.0 Safari/537.36 (compatible; meta-externalagent/1.1 (+https://developers.facebook.com/docs/sharing/webmasters/crawler))"
57.141.20.57 - - [11/Sep/2026:14:22:36 -0400] "GET /%e6%9a%91%e6%9c%9f%e7%a4%be%e6%9c%83%e7%94%9c%e5%bf%83%e5%af%b6%e8%b2%9d%e5%b0%88%e5%8c%85%e9%a4%8a%e7%b6%b2%e5%af%a6%e8%a1%8c%e6%89%93%e9%80%a0%e8%82%b2%e4%ba%ba%e6%96%b0%e7%a9%ba%e9%96%93/ HTTP/2" 200 29537 "-" "Mozilla/5.0 (Windows NT 10.0; Win64; x64) AppleWebKit/537.36 (KHTML, like Gecko) Chrome/145.0.0.0 Safari/537.36 (compatible; meta-externalagent/1.1 (+https://developers.facebook.com/docs/sharing/webmasters/crawler))"
57.141.20.37 - - [11/Sep/2026:14:22:53 -0400] "GET /%e7%a4%be%e8%ab%96%ef%bc%9a%e5%a4%9a%e5%85%83%e6%b7%b1%e5%ba%a6%e4%b8%80%e8%b5%b7%e9%85%8d%e5%90%88%e6%87%89%e5%b0%8d%e5%9c%8b%e5%85%a7%e5%a4%96%e6%8c%91%e7%a7%80%e5%82%b3%e9%86%ab%e9%99%a2%e9%ab%94/ HTTP/2" 200 24561 "-" "Mozilla/5.0 (Windows NT 10.0; Win64; x64) AppleWebKit/537.36 (KHTML, like Gecko) Chrome/145.0.0.0 Safari/537.36 (compatible; meta-externalagent/1.1 (+https://developers.facebook.com/docs/sharing/webmasters/crawler))"
114.119.156.129 - - [11/Sep/2026:14:22:53 -0400] "GET /%e6%96%87%e6%98%8e%e4%b8%ad%e5%9c%8b%e8%a1%8c%ef%bd%9c%e9%80%99%e4%ba%9b%e5%b9%b4%e4%bf%97%ef%bc%8c%e8%ae%93%e5%b9%b4%e5%91%b3%e5%b0%88%e5%8c%85%e9%a4%8a%e7%b6%b2%e6%9b%b4%e6%bf%83/ HTTP/1.1" 200 26661 "https://bfl.com.tw/page/473/" "Mozilla/5.0 (Linux; Android 7.0;) AppleWebKit/537.36 (HTML, like Gecko) Mobile Safari/537.36 (compatible; PetalBot;+https://webmaster.petalsearch.com/site/petalbot)"
52.167.144.211 - - [11/Sep/2026:14:23:06 -0400] "GET /%E9%99%9C%E8%A5%BF%E7%9C%81%E8%81%B7%E5%B7%A5%E4%B9%92%E4%B9%93%E7%90%83%E7%AB%B6%E8%B3%BD%E5%9C%A8%E7%94%9C%E5%BF%83%E6%89%BE%E5%8C%85%E9%A4%8A%E7%B6%B2%E8%A5%BF%E5%AE%89%E9%96%8B%E8%B3%BD/ HTTP/2" 404 17861 "-" "Mozilla/5.0 AppleWebKit/537.36 (KHTML, like Gecko; compatible; bingbot/2.0; +http://www.bing.com/bingbot.htm) Chrome/116.0.1938.76 Safari/537.36"
183.47.100.223 - - [11/Sep/2026:14:23:08 -0400] "GET /page/5?_bd_prev_page=https%3A%2F%2Fbfl.com.tw%2Fdetail.php%3Fclass%2F1525-6974200069.html&_bdsid=2ulvIJ.n%7EZXCIW.1721886656070.1721886848&_ga=2.198040047.1958808748.1721886654-862398307.1699453578 HTTP/1.1" 301 0 "-" "Mozilla/5.0 (Windows NT 10.0; Win64; x64) AppleWebKit/537.36 (KHTML, like Gecko) Chrome/108.0.0.0 Safari/537.36"
112.90.2.195 - - [11/Sep/2026:14:23:09 -0400] "GET /page/5/?_bd_prev_page=https%3A%2F%2Fbfl.com.tw%2Fdetail.php%3Fclass%2F1525-6974200069.html&_bdsid=2ulvIJ.n~ZXCIW.1721886656070.1721886848&_ga=2.198040047.1958808748.1721886654-862398307.1699453578 HTTP/1.1" 200 24909 "-" "Mozilla/5.0 (Windows NT 10.0; Win64; x64) AppleWebKit/537.36 (KHTML, like Gecko) Chrome/108.0.0.0 Safari/537.36"
57.141.20.42 - - [11/Sep/2026:14:23:09 -0400] "GET /%e5%8d%97%e6%96%b9%e5%b9%b4%e5%a4%9c%e9%83%a8%e6%99%b4%e7%86%b1%e5%b0%91%e9%9b%a8%ef%bc%8c%e5%8d%97%e9%82%8a%e6%9c%89%e8%bc%83%e5%bc%b7%e9%99%8d%e9%9b%a8%ef%bc%81osder%e5%a5%a7%e6%96%af%e5%be%b7/ HTTP/2" 200 25735 "-" "Mozilla/5.0 (Macintosh; Intel Mac OS X 10_15_7) AppleWebKit/537.36 (KHTML, like Gecko) Chrome/145.0.0.0 Safari/537.36 (compatible; meta-externalagent/1.1 (+https://developers.facebook.com/docs/sharing/webmasters/crawler))"
57.141.20.41 - - [11/Sep/2026:14:23:14 -0400] "GET /%e5%a4%9a%e9%83%a8%e5%88%86%e5%8d%94%e5%90%8c%e4%b8%80%e8%b5%b7%e9%85%8d%e5%90%88%e8%ad%b7%e8%88%aa%e5%b0%88%e5%8c%85%e9%a4%8a%e7%b6%93%e9%a9%97%e4%ba%94%e4%b8%80%e5%81%87%e6%9c%9f/ HTTP/2" 200 28187 "-" "Mozilla/5.0 (Windows NT 10.0; Win64; x64) AppleWebKit/537.36 (KHTML, like Gecko) Chrome/145.0.0.0 Safari/537.36 (compatible; meta-externalagent/1.1 (+https://developers.facebook.com/docs/sharing/webmasters/crawler))"
152.53.181.85 - - [11/Sep/2026:14:23:16 -0400] "GET /%e5%a4%a9%e6%b4%a5%e6%89%93%e9%80%a015%e5%88%86%e9%90%98%e8%a5%bf%e9%86%ab%e8%97%a5%e6%a3%ae%e5%92%8c%e8%a8%ba%e6%89%80%e5%81%a5%e6%aa%a2%e5%ae%89%e5%ba%b7%e5%9c%88-2/feed/ HTTP/2" 200 563 "-" "Mozilla/5.0 (Macintosh; Intel Mac OS X 10.15; rv:144.0) Gecko/20100101 Firefox/144.0"
57.141.20.45 - - [11/Sep/2026:14:23:27 -0400] "GET /%e8%99%95%e7%90%86%e9%80%b2%e5%9f%8e%e9%9b%a3%ef%bc%8c%e5%b0%88%e5%b1%ac%e5%ba%a7%e9%a7%95%e6%89%bf%e8%bc%89%e8%8f%9c%e8%be%b2%e5%a2%9e%e6%94%b6%e6%9c%9f%e7%94%9c%e5%bf%83%e5%af%b6/ HTTP/2" 200 28456 "-" "Mozilla/5.0 (Macintosh; Intel Mac OS X 10_15_7) AppleWebKit/537.36 (KHTML, like Gecko) Chrome/145.0.0.0 Safari/537.36 (compatible; meta-externalagent/1.1 (+https://developers.facebook.com/docs/sharing/webmasters/crawler))"
57.141.20.4 - - [11/Sep/2026:14:23:28 -0400] "GET /%e5%8c%97%e4%ba%ac%e5%85%ad%e5%80%8b%e7%81%ab%e8%bb%8a%e7%ab%99%e5%8a%a0%e5%b9%b4%e5%a4%9c%e5%91%a8%e9%81%ad%e7%9a%84%e7%8b%80%e5%84%84%e5%b5%90%e8%be%a6%e5%85%ac%e5%ae%b6%e5%85%b7%e6%b3%81%e9%87%87-4/ HTTP/2" 200 27343 "-" "Mozilla/5.0 (X11; Linux x86_64) AppleWebKit/537.36 (KHTML, like Gecko) Chrome/145.0.0.0 Safari/537.36 (compatible; meta-externalagent/1.1 (+https://developers.facebook.com/docs/sharing/webmasters/crawler))"
57.141.20.71 - - [11/Sep/2026:14:23:29 -0400] "GET /html/files/2021-01/28/20210128092325071189405.jpg HTTP/2" 404 21717 "https://bfl.com.tw/%e5%8c%97%e4%ba%ac%e5%85%ad%e5%80%8b%e7%81%ab%e8%bb%8a%e7%ab%99%e5%8a%a0%e5%b9%b4%e5%a4%9c%e5%91%a8%e9%81%ad%e7%9a%84%e7%8b%80%e5%84%84%e5%b5%90%e8%be%a6%e5%85%ac%e5%ae%b6%e5%85%b7%e6%b3%81%e9%87%87-4/" "Mozilla/5.0 (X11; Linux x86_64) AppleWebKit/537.36 (KHTML, like Gecko) Chrome/145.0.0.0 Safari/537.36 (compatible; meta-externalagent/1.1 (+https://developers.facebook.com/docs/sharing/webmasters/crawler))"
57.141.20.72 - - [11/Sep/2026:14:23:34 -0400] "GET /%e4%b8%ad%e5%9c%8b%e7%a7%bb%e5%8b%95aiot%ef%bc%8c%e5%8a%a9%e5%8a%9b%e6%b1%95%e9%a0%ad%e7%8e%a9%e5%85%b7%e4%bc%81jiuyi%e4%bf%b1%e6%84%8f%e7%bf%bb%e4%bf%ae%e8%a8%ad%e8%a8%88%e6%a5%ad%e9%82%81%e5%90%91/ HTTP/2" 200 36479 "-" "Mozilla/5.0 (Macintosh; Intel Mac OS X 10_15_7) AppleWebKit/537.36 (KHTML, like Gecko) Chrome/145.0.0.0 Safari/537.36 (compatible; meta-externalagent/1.1 (+https://developers.facebook.com/docs/sharing/webmasters/crawler))"
57.141.20.65 - - [11/Sep/2026:14:23:49 -0400] "GET /%e5%86%8d%e5%ba%a6%e5%8f%97%e9%82%80%e4%bb%8b%e5%85%a5%e5%8c%97%e4%ba%ac%e9%9f%b3%e6%a8%82%e5%88%b0%e4%b9%9d%e5%ae%ae%e6%a0%bc%e4%ba%a4%e6%b5%81%e5%bb%b3%e6%a8%82%e8%a6%8b%e5%8f%a4%e5%85%b8/ HTTP/2" 200 36557 "-" "Mozilla/5.0 (Macintosh; Intel Mac OS X 10_15_7) AppleWebKit/537.36 (KHTML, like Gecko) Chrome/145.0.0.0 Safari/537.36 (compatible; meta-externalagent/1.1 (+https://developers.facebook.com/docs/sharing/webmasters/crawler))"
42.85.144.157 - - [11/Sep/2026:14:24:13 -0400] "GET /upload/resources/image/2026/01/16/2692376_4096x10000.png HTTP/1.1" 404 21717 "https://bfl.com.tw/" "Mozilla/5.0 (Windows NT 10.0; Win64; x64) AppleWebKit/537.36 (KHTML, like Gecko) Chrome/104.0.5112.81 Safari/537.36"
119.45.119.55 - - [11/Sep/2026:14:24:14 -0400] "GET /upload/resources/image/2026/01/16/2692376_4096x10000.png HTTP/1.1" 404 21717 "https://bfl.com.tw/" "Mozilla/5.0 (Windows NT 10.0; Win64; x64) AppleWebKit/537.36 (KHTML, like Gecko) Chrome/104.0.5112.81 Safari/537.36"
114.119.152.216 - - [11/Sep/2026:14:24:17 -0400] "GET /%e5%85%a9%e6%9c%83%e7%8f%be%e5%a0%b4%e9%80%9f%e9%81%9e%e4%b8%a8%e9%ab%98%e6%95%88%ef%bc%81%e4%bb%a3%e8%a1%a8%e5%bb%ba%e8%a8%80%e7%ae%97%e5%8a%9b%e6%99%ae%e6%83%a0%ef%bc%8c%e9%83%a8%e5%a7%94%e4%bb%bb/ HTTP/1.1" 200 23649 "https://bfl.com.tw/%e5%85%a9%e6%9c%83%e7%8f%be%e5%a0%b4%e9%80%9f%e9%81%9e%e4%b8%a8%e9%ab%98%e6%95%88%ef%bc%81%e4%bb%a3%e8%a1%a8%e5%bb%ba%e8%a8%80%e7%ae%97%e5%8a%9b%e6%99%ae%e6%83%a0%ef%bc%8c%e9%83%a8%e5%a7%94%e4%bb%bb/" "Mozilla/5.0 (Linux; Android 7.0;) AppleWebKit/537.36 (HTML, like Gecko) Mobile Safari/537.36 (compatible; PetalBot;+https://webmaster.petalsearch.com/site/petalbot)"
110.249.202.163 - - [11/Sep/2026:14:24:30 -0400] "GET /robots.txt HTTP/1.1" 200 108 "-" "Mozilla/5.0 (Linux; Android 5.0) AppleWebKit/537.36 (KHTML, like Gecko) Mobile Safari/537.36 (compatible; Bytespider; https://zhanzhang.toutiao.com/)"
57.141.20.0 - - [11/Sep/2026:14:24:36 -0400] "GET /%e8%8b%b1%e9%86%ab%e5%ad%b8%e6%9c%83%e8%ab%8b%e6%b1%82%e7%b8%ae%e7%9f%ad%e8%bc%9d%e7%91%9e%e5%85%a9%e5%8a%91%e7%96%ab%e8%8b%97%e6%8e%a5%e7%a7%80%e5%82%b3%e9%86%ab%e9%99%a2%e9%ab%94%e6%aa%a2%e9%a0%85/ HTTP/2" 200 24470 "-" "Mozilla/5.0 (Windows NT 10.0; Win64; x64) AppleWebKit/537.36 (KHTML, like Gecko) Chrome/145.0.0.0 Safari/537.36 (compatible; meta-externalagent/1.1 (+https://developers.facebook.com/docs/sharing/webmasters/crawler))"
57.141.20.35 - - [11/Sep/2026:14:24:59 -0400] "GET /%e4%b8%89%e5%b0%88%e5%8c%85%e9%a4%8a%e5%83%b9%e6%a0%bc%e5%b7%a5%e5%af%9f%e7%9c%8b%ef%bd%9c%e5%87%9d%e9%9b%86%e5%b9%b2%e5%8b%81%e5%90%91%e6%96%b0%e8%80%8c%e8%a1%8c/ HTTP/2" 200 32091 "-" "Mozilla/5.0 (Macintosh; Intel Mac OS X 10_15_7) AppleWebKit/537.36 (KHTML, like Gecko) Chrome/145.0.0.0 Safari/537.36 (compatible; meta-externalagent/1.1 (+https://developers.facebook.com/docs/sharing/webmasters/crawler))"
57.141.20.52 - - [11/Sep/2026:14:25:06 -0400] "GET /%e6%96%b0%e6%98%a5%e5%95%8f%e7%86%b1%e8%a6%8b%e5%88%9d%e5%bf%83%ef%bc%8c%e5%b9%b3%e6%98%93%e8%bf%91%e7%94%9f%e7%82%8a%e7%81%ab%e6%9c%80%e5%8b%95%e5%b0%88%e5%8c%85%e9%a4%8a%e5%83%b9%e6%a0%bc%e8%81%bd/ HTTP/2" 200 27301 "-" "Mozilla/5.0 (X11; Linux x86_64) AppleWebKit/537.36 (KHTML, like Gecko) Chrome/145.0.0.0 Safari/537.36 (compatible; meta-externalagent/1.1 (+https://developers.facebook.com/docs/sharing/webmasters/crawler))"
117.153.194.178 - - [11/Sep/2026:14:25:13 -0400] "GET /upload/resources/image/2024/01/18/1730933.png?r=1705550680050 HTTP/1.1" 404 21717 "https://bfl.com.tw/" "Mozilla/5.0 (Windows NT 10.0; Win64; x64) AppleWebKit/537.36 (KHTML, like Gecko) Chrome/104.0.5112.81 Safari/537.36"
117.153.194.178 - - [11/Sep/2026:14:25:14 -0400] "GET /upload/resources/image/2026/01/09/2685674_4096x10000.jpeg HTTP/1.1" 404 21717 "https://bfl.com.tw/" "Mozilla/5.0 (Windows NT 10.0; Win64; x64) AppleWebKit/537.36 (KHTML, like Gecko) Chrome/103.0.0.0 Safari/537.36"
162.14.204.212 - - [11/Sep/2026:14:25:15 -0400] "GET /upload/resources/image/2026/01/09/2685674_4096x10000.jpeg HTTP/1.1" 404 21717 "https://bfl.com.tw/" "Mozilla/5.0 (Windows NT 10.0; Win64; x64) AppleWebKit/537.36 (KHTML, like Gecko) Chrome/103.0.0.0 Safari/537.36"
57.141.20.52 - - [11/Sep/2026:14:25:19 -0400] "GET /%ef%bc%88%e6%96%b0%e6%98%a5%e8%b5%b0%e5%9f%ba%e5%b1%a4%ef%bc%89%e5%be%9e%e6%84%8f%e5%b9%b4osder%e5%a5%a7%e6%96%af%e5%be%b7%e6%b1%bd%e8%bb%8a%e6%9d%90%e6%96%99%e5%a4%9c%e5%88%a9%e5%88%b0%e6%b5%b7/ HTTP/2" 200 27566 "-" "Mozilla/5.0 (Windows NT 10.0; Win64; x64) AppleWebKit/537.36 (KHTML, like Gecko) Chrome/145.0.0.0 Safari/537.36 (compatible; meta-externalagent/1.1 (+https://developers.facebook.com/docs/sharing/webmasters/crawler))"
49.234.60.150 - - [11/Sep/2026:14:25:19 -0400] "GET /upload/resources/image/2024/01/18/1730933.png?r=1705550680050 HTTP/1.1" 404 21717 "https://bfl.com.tw/" "Mozilla/5.0 (Windows NT 10.0; Win64; x64) AppleWebKit/537.36 (KHTML, like Gecko) Chrome/104.0.5112.81 Safari/537.36"
57.141.20.73 - - [11/Sep/2026:14:25:30 -0400] "GET /%e7%82%ba%e4%b8%ad%e5%9c%8b%e5%bc%8f%e5%8f%a4%e5%b0%88%e5%8c%85%e9%a4%8a%e7%b6%b2%e7%ab%99%e6%af%94%e8%bc%83%e4%bb%a3%e5%8c%96%e6%89%b6%e6%a4%8d%e9%80%b2%e7%8d%bb%e5%9c%8b%e8%b3%87%e5%a4%ae%e4%bc%81/ HTTP/2" 200 32521 "-" "Mozilla/5.0 (Windows NT 10.0; Win64; x64) AppleWebKit/537.36 (KHTML, like Gecko) Chrome/145.0.0.0 Safari/537.36 (compatible; meta-externalagent/1.1 (+https://developers.facebook.com/docs/sharing/webmasters/crawler))"
114.119.131.43 - - [11/Sep/2026:14:25:40 -0400] "GET /%e8%a6%96%e9%a0%bb%e4%b8%a8%e5%a5%bd%e7%8e%a9%e5%8f%88%e9%83%bd%e9%9b%85-%e6%98%a5%e7%af%80%e5%81%87%e6%9c%9f%e9%80%99%e4%ba%9b%e8%99%95%e6%89%80%e5%be%88osder%e5%a5%a7%e6%96%af%e5%be%b7/ HTTP/1.1" 200 23197 "https://bfl.com.tw/%e8%a6%96%e9%a0%bb%e4%b8%a8%e5%a5%bd%e7%8e%a9%e5%8f%88%e9%83%bd%e9%9b%85-%e6%98%a5%e7%af%80%e5%81%87%e6%9c%9f%e9%80%99%e4%ba%9b%e8%99%95%e6%89%80%e5%be%88osder%e5%a5%a7%e6%96%af%e5%be%b7/" "Mozilla/5.0 (Linux; Android 7.0;) AppleWebKit/537.36 (HTML, like Gecko) Mobile Safari/537.36 (compatible; PetalBot;+https://webmaster.petalsearch.com/site/petalbot)"
57.141.20.26 - - [11/Sep/2026:14:26:06 -0400] "GET /%e5%9c%8b%e5%ba%a6%e8%a1%9b%e7%94%9f%e5%ae%89%e5%ba%b7%e5%a7%94%ef%bc%9a%e6%8e%a8%e8%a1%8c%e4%b8%89%e6%98%8e%e5%b8%82%e5%88%86%e7%b4%9a%e8%a8%ba%e7%99%82%e5%92%8cjiuyi%e4%bf%b1%e6%84%8f%e5%ae%a4-5/ HTTP/2" 200 30629 "-" "Mozilla/5.0 (Windows NT 10.0; Win64; x64) AppleWebKit/537.36 (KHTML, like Gecko) Chrome/145.0.0.0 Safari/537.36 (compatible; meta-externalagent/1.1 (+https://developers.facebook.com/docs/sharing/webmasters/crawler))"
23.251.146.115 - - [11/Sep/2026:14:26:18 -0400] "HEAD /robots.txt HTTP/2" 301 0 "-" "Mozilla/5.0 (X11; Linux x86_64) AppleWebKit/537.36 (KHTML, like Gecko) Chrome/136.0.0.0 Safari/537.36"
23.251.146.115 - - [11/Sep/2026:14:26:18 -0400] "HEAD /robots.txt HTTP/2" 200 0 "-" "Mozilla/5.0 (X11; Linux x86_64) AppleWebKit/537.36 (KHTML, like Gecko) Chrome/136.0.0.0 Safari/537.36"
23.251.146.115 - - [11/Sep/2026:14:26:18 -0400] "GET /robots.txt HTTP/2" 301 0 "-" "Mozilla/5.0 (X11; Linux x86_64) AppleWebKit/537.36 (KHTML, like Gecko) Chrome/136.0.0.0 Safari/537.36"
23.251.146.115 - - [11/Sep/2026:14:26:18 -0400] "GET /robots.txt HTTP/2" 200 108 "-" "Mozilla/5.0 (X11; Linux x86_64) AppleWebKit/537.36 (KHTML, like Gecko) Chrome/136.0.0.0 Safari/537.36"
34.45.55.180 - - [11/Sep/2026:14:26:19 -0400] "HEAD / HTTP/2" 301 0 "-" "Mozilla/5.0 AppleWebKit/537.36 (KHTML, like Gecko); compatible; ShapBot/0.1.0"
34.45.55.180 - - [11/Sep/2026:14:26:19 -0400] "GET / HTTP/2" 301 0 "-" "Mozilla/5.0 AppleWebKit/537.36 (KHTML, like Gecko); compatible; ShapBot/0.1.0"
34.31.203.120 - - [11/Sep/2026:14:26:20 -0400] "HEAD / HTTP/2" 200 0 "-" "Mozilla/5.0 AppleWebKit/537.36 (KHTML, like Gecko); compatible; ShapBot/0.1.0"
34.31.203.120 - - [11/Sep/2026:14:26:20 -0400] "GET / HTTP/2" 200 24615 "-" "Mozilla/5.0 AppleWebKit/537.36 (KHTML, like Gecko); compatible; ShapBot/0.1.0"
34.31.203.120 - - [11/Sep/2026:14:26:21 -0400] "HEAD /robots.txt HTTP/2" 200 0 "-" "Mozilla/5.0 (X11; Linux x86_64) AppleWebKit/537.36 (KHTML, like Gecko) Chrome/136.0.0.0 Safari/537.36"
34.31.203.120 - - [11/Sep/2026:14:26:21 -0400] "GET /robots.txt HTTP/2" 200 108 "-" "Mozilla/5.0 (X11; Linux x86_64) AppleWebKit/537.36 (KHTML, like Gecko) Chrome/136.0.0.0 Safari/537.36"
34.122.173.216 - - [11/Sep/2026:14:26:21 -0400] "HEAD /sitemap.xml HTTP/2" 301 0 "-" "Mozilla/5.0 AppleWebKit/537.36 (KHTML, like Gecko); compatible; ShapBot/0.1.0"
34.122.173.216 - - [11/Sep/2026:14:26:22 -0400] "GET /sitemap.xml HTTP/2" 301 0 "-" "Mozilla/5.0 AppleWebKit/537.36 (KHTML, like Gecko); compatible; ShapBot/0.1.0"
34.45.55.180 - - [11/Sep/2026:14:26:25 -0400] "HEAD /wp-sitemap.xml HTTP/2" 200 0 "-" "Mozilla/5.0 AppleWebKit/537.36 (KHTML, like Gecko); compatible; ShapBot/0.1.0"
34.45.55.180 - - [11/Sep/2026:14:26:25 -0400] "GET /wp-sitemap.xml HTTP/2" 200 243 "-" "Mozilla/5.0 AppleWebKit/537.36 (KHTML, like Gecko); compatible; ShapBot/0.1.0"
39.182.61.220 - - [11/Sep/2026:14:26:27 -0400] "GET /upload/resources/image/2023/11/15/1620624_4096x10000.jpeg HTTP/1.1" 404 21717 "https://bfl.com.tw/" "Mozilla/5.0 (Windows NT 10.0; Win64; x64) AppleWebKit/537.36 (KHTML, like Gecko) Chrome/133.0.0.0 Safari/537.36"
34.122.173.216 - - [11/Sep/2026:14:26:21 -0400] "HEAD /author/admin HTTP/2" 301 0 "-" "Mozilla/5.0 AppleWebKit/537.36 (KHTML, like Gecko); compatible; ShapBot/0.1.0"
34.44.142.114 - - [11/Sep/2026:14:26:21 -0400] "HEAD /category/uncategorized HTTP/2" 301 0 "-" "Mozilla/5.0 AppleWebKit/537.36 (KHTML, like Gecko); compatible; ShapBot/0.1.0"
34.44.142.114 - - [11/Sep/2026:14:26:28 -0400] "HEAD /page/2 HTTP/2" 301 0 "-" "Mozilla/5.0 AppleWebKit/537.36 (KHTML, like Gecko); compatible; ShapBot/0.1.0"
34.44.142.114 - - [11/Sep/2026:14:26:28 -0400] "HEAD /page/2 HTTP/2" 301 0 "-" "Mozilla/5.0 AppleWebKit/537.36 (KHTML, like Gecko); compatible; ShapBot/0.1.0"
119.45.220.242 - - [11/Sep/2026:14:26:28 -0400] "GET /upload/resources/image/2023/11/15/1620624_4096x10000.jpeg HTTP/1.1" 404 21717 "https://bfl.com.tw/" "Mozilla/5.0 (Windows NT 10.0; Win64; x64) AppleWebKit/537.36 (KHTML, like Gecko) Chrome/133.0.0.0 Safari/537.36"
34.44.142.114 - - [11/Sep/2026:14:26:28 -0400] "HEAD /page/2/ HTTP/2" 200 0 "-" "Mozilla/5.0 AppleWebKit/537.36 (KHTML, like Gecko); compatible; ShapBot/0.1.0"
34.44.142.114 - - [11/Sep/2026:14:26:28 -0400] "GET /page/2 HTTP/2" 301 0 "-" "Mozilla/5.0 AppleWebKit/537.36 (KHTML, like Gecko); compatible; ShapBot/0.1.0"
34.44.142.114 - - [11/Sep/2026:14:26:28 -0400] "GET /page/2/ HTTP/2" 200 24788 "-" "Mozilla/5.0 AppleWebKit/537.36 (KHTML, like Gecko); compatible; ShapBot/0.1.0"
34.122.173.216 - - [11/Sep/2026:14:26:27 -0400] "HEAD /author/admin HTTP/2" 301 0 "-" "Mozilla/5.0 AppleWebKit/537.36 (KHTML, like Gecko); compatible; ShapBot/0.1.0"
34.44.142.114 - - [11/Sep/2026:14:26:27 -0400] "HEAD /category/uncategorized HTTP/2" 301 0 "-" "Mozilla/5.0 AppleWebKit/537.36 (KHTML, like Gecko); compatible; ShapBot/0.1.0"
34.44.142.114 - - [11/Sep/2026:14:26:32 -0400] "HEAD /page/3 HTTP/2" 301 0 "-" "Mozilla/5.0 AppleWebKit/537.36 (KHTML, like Gecko); compatible; ShapBot/0.1.0"
34.44.142.114 - - [11/Sep/2026:14:26:32 -0400] "HEAD /page/3 HTTP/2" 301 0 "-" "Mozilla/5.0 AppleWebKit/537.36 (KHTML, like Gecko); compatible; ShapBot/0.1.0"
34.44.142.114 - - [11/Sep/2026:14:26:32 -0400] "HEAD /page/3/ HTTP/2" 200 0 "-" "Mozilla/5.0 AppleWebKit/537.36 (KHTML, like Gecko); compatible; ShapBot/0.1.0"
34.44.142.114 - - [11/Sep/2026:14:26:32 -0400] "GET /page/3 HTTP/2" 301 0 "-" "Mozilla/5.0 AppleWebKit/537.36 (KHTML, like Gecko); compatible; ShapBot/0.1.0"
34.44.142.114 - - [11/Sep/2026:14:26:32 -0400] "GET /page/3/ HTTP/2" 200 25018 "-" "Mozilla/5.0 AppleWebKit/537.36 (KHTML, like Gecko); compatible; ShapBot/0.1.0"
34.122.173.216 - - [11/Sep/2026:14:26:31 -0400] "HEAD /author/admin/ HTTP/2" 200 0 "-" "Mozilla/5.0 AppleWebKit/537.36 (KHTML, like Gecko); compatible; ShapBot/0.1.0"
34.44.142.114 - - [11/Sep/2026:14:26:31 -0400] "HEAD /category/uncategorized/ HTTP/2" 200 0 "-" "Mozilla/5.0 AppleWebKit/537.36 (KHTML, like Gecko); compatible; ShapBot/0.1.0"
34.44.142.114 - - [11/Sep/2026:14:26:33 -0400] "HEAD /page/4 HTTP/2" 301 0 "-" "Mozilla/5.0 AppleWebKit/537.36 (KHTML, like Gecko); compatible; ShapBot/0.1.0"
34.44.142.114 - - [11/Sep/2026:14:26:34 -0400] "HEAD /page/4 HTTP/2" 301 0 "-" "Mozilla/5.0 AppleWebKit/537.36 (KHTML, like Gecko); compatible; ShapBot/0.1.0"
34.44.142.114 - - [11/Sep/2026:14:26:34 -0400] "HEAD /page/4/ HTTP/2" 200 0 "-" "Mozilla/5.0 AppleWebKit/537.36 (KHTML, like Gecko); compatible; ShapBot/0.1.0"
34.44.142.114 - - [11/Sep/2026:14:26:34 -0400] "GET /page/4 HTTP/2" 301 0 "-" "Mozilla/5.0 AppleWebKit/537.36 (KHTML, like Gecko); compatible; ShapBot/0.1.0"
34.44.142.114 - - [11/Sep/2026:14:26:34 -0400] "GET /page/4/ HTTP/2" 200 25012 "-" "Mozilla/5.0 AppleWebKit/537.36 (KHTML, like Gecko); compatible; ShapBot/0.1.0"
34.44.142.114 - - [11/Sep/2026:14:26:34 -0400] "GET /category/uncategorized HTTP/2" 301 0 "-" "Mozilla/5.0 AppleWebKit/537.36 (KHTML, like Gecko); compatible; ShapBot/0.1.0"
34.122.173.216 - - [11/Sep/2026:14:26:34 -0400] "GET /author/admin HTTP/2" 301 0 "-" "Mozilla/5.0 AppleWebKit/537.36 (KHTML, like Gecko); compatible; ShapBot/0.1.0"
57.141.20.1 - - [11/Sep/2026:14:26:35 -0400] "GET /%e6%a3%ae%e5%92%8c%e8%a8%ba%e6%89%80%e5%ae%b6%e9%86%ab%e7%a7%91%e5%92%b3%e5%97%bd%e4%b8%8d%e6%96%b7%ef%bc%8c%e6%98%af%e4%b8%8d%e6%98%af%e6%b2%be%e6%9f%93%e6%b8%9b%e8%bc%95%ef%bc%9f/ HTTP/2" 200 26738 "-" "Mozilla/5.0 (Windows NT 10.0; Win64; x64) AppleWebKit/537.36 (KHTML, like Gecko) Chrome/145.0.0.0 Safari/537.36 (compatible; meta-externalagent/1.1 (+https://developers.facebook.com/docs/sharing/webmasters/crawler))"
34.122.173.216 - - [11/Sep/2026:14:26:35 -0400] "GET /author/admin/ HTTP/2" 200 25091 "-" "Mozilla/5.0 AppleWebKit/537.36 (KHTML, like Gecko); compatible; ShapBot/0.1.0"
34.44.142.114 - - [11/Sep/2026:14:26:35 -0400] "GET /category/uncategorized/ HTTP/2" 200 24780 "-" "Mozilla/5.0 AppleWebKit/537.36 (KHTML, like Gecko); compatible; ShapBot/0.1.0"
34.44.196.215 - - [11/Sep/2026:14:26:36 -0400] "HEAD /page/5 HTTP/2" 301 0 "-" "Mozilla/5.0 AppleWebKit/537.36 (KHTML, like Gecko); compatible; ShapBot/0.1.0"
34.44.196.215 - - [11/Sep/2026:14:26:36 -0400] "HEAD /page/5 HTTP/2" 301 0 "-" "Mozilla/5.0 AppleWebKit/537.36 (KHTML, like Gecko); compatible; ShapBot/0.1.0"
34.44.196.215 - - [11/Sep/2026:14:26:36 -0400] "HEAD /page/5/ HTTP/2" 200 0 "-" "Mozilla/5.0 AppleWebKit/537.36 (KHTML, like Gecko); compatible; ShapBot/0.1.0"
34.44.196.215 - - [11/Sep/2026:14:26:36 -0400] "GET /page/5 HTTP/2" 301 0 "-" "Mozilla/5.0 AppleWebKit/537.36 (KHTML, like Gecko); compatible; ShapBot/0.1.0"
34.122.173.216 - - [11/Sep/2026:14:26:36 -0400] "HEAD /category/uncategorized/page/2 HTTP/2" 301 0 "-" "Mozilla/5.0 AppleWebKit/537.36 (KHTML, like Gecko); compatible; ShapBot/0.1.0"
34.44.196.215 - - [11/Sep/2026:14:26:36 -0400] "GET /page/5/ HTTP/2" 200 24759 "-" "Mozilla/5.0 AppleWebKit/537.36 (KHTML, like Gecko); compatible; ShapBot/0.1.0"
34.122.173.216 - - [11/Sep/2026:14:26:36 -0400] "HEAD /category/uncategorized/page/2 HTTP/2" 301 0 "-" "Mozilla/5.0 AppleWebKit/537.36 (KHTML, like Gecko); compatible; ShapBot/0.1.0"
34.44.196.215 - - [11/Sep/2026:14:26:36 -0400] "HEAD /category/uncategorized/page/607 HTTP/2" 301 0 "-" "Mozilla/5.0 AppleWebKit/537.36 (KHTML, like Gecko); compatible; ShapBot/0.1.0"
34.122.173.216 - - [11/Sep/2026:14:26:36 -0400] "HEAD /category/uncategorized/page/2/ HTTP/2" 200 0 "-" "Mozilla/5.0 AppleWebKit/537.36 (KHTML, like Gecko); compatible; ShapBot/0.1.0"
34.45.55.180 - - [11/Sep/2026:14:26:36 -0400] "HEAD /author/admin/page/2 HTTP/2" 301 0 "-" "Mozilla/5.0 AppleWebKit/537.36 (KHTML, like Gecko); compatible; ShapBot/0.1.0"
34.44.196.215 - - [11/Sep/2026:14:26:37 -0400] "HEAD /category/uncategorized/page/607 HTTP/2" 301 0 "-" "Mozilla/5.0 AppleWebKit/537.36 (KHTML, like Gecko); compatible; ShapBot/0.1.0"
34.122.173.216 - - [11/Sep/2026:14:26:37 -0400] "GET /category/uncategorized/page/2 HTTP/2" 301 0 "-" "Mozilla/5.0 AppleWebKit/537.36 (KHTML, like Gecko); compatible; ShapBot/0.1.0"
34.45.55.180 - - [11/Sep/2026:14:26:37 -0400] "HEAD /author/admin/page/2 HTTP/2" 301 0 "-" "Mozilla/5.0 AppleWebKit/537.36 (KHTML, like Gecko); compatible; ShapBot/0.1.0"
34.44.196.215 - - [11/Sep/2026:14:26:37 -0400] "HEAD /category/uncategorized/page/607/ HTTP/2" 200 0 "-" "Mozilla/5.0 AppleWebKit/537.36 (KHTML, like Gecko); compatible; ShapBot/0.1.0"
34.45.55.180 - - [11/Sep/2026:14:26:37 -0400] "HEAD /author/admin/page/2/ HTTP/2" 200 0 "-" "Mozilla/5.0 AppleWebKit/537.36 (KHTML, like Gecko); compatible; ShapBot/0.1.0"
34.122.173.216 - - [11/Sep/2026:14:26:37 -0400] "GET /category/uncategorized/page/2/ HTTP/2" 200 24938 "-" "Mozilla/5.0 AppleWebKit/537.36 (KHTML, like Gecko); compatible; ShapBot/0.1.0"
34.44.196.215 - - [11/Sep/2026:14:26:37 -0400] "GET /category/uncategorized/page/607 HTTP/2" 301 0 "-" "Mozilla/5.0 AppleWebKit/537.36 (KHTML, like Gecko); compatible; ShapBot/0.1.0"
34.45.55.180 - - [11/Sep/2026:14:26:37 -0400] "GET /author/admin/page/2 HTTP/2" 301 0 "-" "Mozilla/5.0 AppleWebKit/537.36 (KHTML, like Gecko); compatible; ShapBot/0.1.0"
34.44.196.215 - - [11/Sep/2026:14:26:37 -0400] "GET /category/uncategorized/page/607/ HTTP/2" 200 23451 "-" "Mozilla/5.0 AppleWebKit/537.36 (KHTML, like Gecko); compatible; ShapBot/0.1.0"
34.45.55.180 - - [11/Sep/2026:14:26:37 -0400] "GET /author/admin/page/2/ HTTP/2" 200 25259 "-" "Mozilla/5.0 AppleWebKit/537.36 (KHTML, like Gecko); compatible; ShapBot/0.1.0"
34.122.173.216 - - [11/Sep/2026:14:26:38 -0400] "HEAD /hello-world HTTP/2" 301 0 "-" "Mozilla/5.0 AppleWebKit/537.36 (KHTML, like Gecko); compatible; ShapBot/0.1.0"
34.44.142.114 - - [11/Sep/2026:14:26:38 -0400] "HEAD /author/admin/page/607 HTTP/2" 301 0 "-" "Mozilla/5.0 AppleWebKit/537.36 (KHTML, like Gecko); compatible; ShapBot/0.1.0"
34.45.55.180 - - [11/Sep/2026:14:26:38 -0400] "HEAD /author/admin/page/3 HTTP/2" 301 0 "-" "Mozilla/5.0 AppleWebKit/537.36 (KHTML, like Gecko); compatible; ShapBot/0.1.0"
34.122.173.216 - - [11/Sep/2026:14:26:38 -0400] "HEAD /hello-world HTTP/2" 301 0 "-" "Mozilla/5.0 AppleWebKit/537.36 (KHTML, like Gecko); compatible; ShapBot/0.1.0"
34.46.138.166 - - [11/Sep/2026:14:26:38 -0400] "HEAD /page/6 HTTP/2" 301 0 "-" "Mozilla/5.0 AppleWebKit/537.36 (KHTML, like Gecko); compatible; ShapBot/0.1.0"
34.44.142.114 - - [11/Sep/2026:14:26:38 -0400] "HEAD /author/admin/page/607 HTTP/2" 301 0 "-" "Mozilla/5.0 AppleWebKit/537.36 (KHTML, like Gecko); compatible; ShapBot/0.1.0"
34.45.55.180 - - [11/Sep/2026:14:26:38 -0400] "HEAD /author/admin/page/3 HTTP/2" 301 0 "-" "Mozilla/5.0 AppleWebKit/537.36 (KHTML, like Gecko); compatible; ShapBot/0.1.0"
34.122.173.216 - - [11/Sep/2026:14:26:38 -0400] "HEAD /hello-world/ HTTP/2" 200 0 "-" "Mozilla/5.0 AppleWebKit/537.36 (KHTML, like Gecko); compatible; ShapBot/0.1.0"
34.46.138.166 - - [11/Sep/2026:14:26:38 -0400] "HEAD /page/6 HTTP/2" 301 0 "-" "Mozilla/5.0 AppleWebKit/537.36 (KHTML, like Gecko); compatible; ShapBot/0.1.0"
34.44.142.114 - - [11/Sep/2026:14:26:38 -0400] "HEAD /author/admin/page/607/ HTTP/2" 200 0 "-" "Mozilla/5.0 AppleWebKit/537.36 (KHTML, like Gecko); compatible; ShapBot/0.1.0"
34.45.55.180 - - [11/Sep/2026:14:26:39 -0400] "HEAD /author/admin/page/3/ HTTP/2" 200 0 "-" "Mozilla/5.0 AppleWebKit/537.36 (KHTML, like Gecko); compatible; ShapBot/0.1.0"
34.122.173.216 - - [11/Sep/2026:14:26:39 -0400] "GET /hello-world HTTP/2" 301 0 "-" "Mozilla/5.0 AppleWebKit/537.36 (KHTML, like Gecko); compatible; ShapBot/0.1.0"
34.46.138.166 - - [11/Sep/2026:14:26:39 -0400] "HEAD /page/6/ HTTP/2" 200 0 "-" "Mozilla/5.0 AppleWebKit/537.36 (KHTML, like Gecko); compatible; ShapBot/0.1.0"
34.44.142.114 - - [11/Sep/2026:14:26:39 -0400] "GET /author/admin/page/607 HTTP/2" 301 0 "-" "Mozilla/5.0 AppleWebKit/537.36 (KHTML, like Gecko); compatible; ShapBot/0.1.0"
34.45.55.180 - - [11/Sep/2026:14:26:39 -0400] "GET /author/admin/page/3 HTTP/2" 301 0 "-" "Mozilla/5.0 AppleWebKit/537.36 (KHTML, like Gecko); compatible; ShapBot/0.1.0"
34.46.138.166 - - [11/Sep/2026:14:26:39 -0400] "GET /page/6 HTTP/2" 301 0 "-" "Mozilla/5.0 AppleWebKit/537.36 (KHTML, like Gecko); compatible; ShapBot/0.1.0"
34.122.173.216 - - [11/Sep/2026:14:26:39 -0400] "GET /hello-world/ HTTP/2" 200 23039 "-" "Mozilla/5.0 AppleWebKit/537.36 (KHTML, like Gecko); compatible; ShapBot/0.1.0"
34.44.142.114 - - [11/Sep/2026:14:26:39 -0400] "GET /author/admin/page/607/ HTTP/2" 200 23799 "-" "Mozilla/5.0 AppleWebKit/537.36 (KHTML, like Gecko); compatible; ShapBot/0.1.0"
122.14.225.121 - - [11/Sep/2026:14:26:39 -0400] "GET /robots.txt HTTP/2" 200 108 "-" "Mozilla/5.0 (X11; Linux x86_64) AppleWebKit/537.36 (KHTML, like Gecko) Chrome/120.0.0.0 Safari/537.36 Bytespider;https://zhanzhang.toutiao.com/"
34.45.55.180 - - [11/Sep/2026:14:26:39 -0400] "GET /author/admin/page/3/ HTTP/2" 200 25478 "-" "Mozilla/5.0 AppleWebKit/537.36 (KHTML, like Gecko); compatible; ShapBot/0.1.0"
34.46.138.166 - - [11/Sep/2026:14:26:39 -0400] "GET /page/6/ HTTP/2" 200 24723 "-" "Mozilla/5.0 AppleWebKit/537.36 (KHTML, like Gecko); compatible; ShapBot/0.1.0"
34.44.196.215 - - [11/Sep/2026:14:26:39 -0400] "HEAD /author/admin/page/4 HTTP/2" 301 0 "-" "Mozilla/5.0 AppleWebKit/537.36 (KHTML, like Gecko); compatible; ShapBot/0.1.0"
34.44.196.215 - - [11/Sep/2026:14:26:40 -0400] "HEAD /author/admin/page/4 HTTP/2" 301 0 "-" "Mozilla/5.0 AppleWebKit/537.36 (KHTML, like Gecko); compatible; ShapBot/0.1.0"
34.68.39.29 - - [11/Sep/2026:14:26:40 -0400] "HEAD /page/7 HTTP/2" 301 0 "-" "Mozilla/5.0 AppleWebKit/537.36 (KHTML, like Gecko); compatible; ShapBot/0.1.0"
34.44.196.215 - - [11/Sep/2026:14:26:40 -0400] "HEAD /author/admin/page/4/ HTTP/2" 200 0 "-" "Mozilla/5.0 AppleWebKit/537.36 (KHTML, like Gecko); compatible; ShapBot/0.1.0"
34.68.39.29 - - [11/Sep/2026:14:26:40 -0400] "HEAD /page/7 HTTP/2" 301 0 "-" "Mozilla/5.0 AppleWebKit/537.36 (KHTML, like Gecko); compatible; ShapBot/0.1.0"
34.44.196.215 - - [11/Sep/2026:14:26:40 -0400] "GET /author/admin/page/4 HTTP/2" 301 0 "-" "Mozilla/5.0 AppleWebKit/537.36 (KHTML, like Gecko); compatible; ShapBot/0.1.0"
34.68.39.29 - - [11/Sep/2026:14:26:40 -0400] "HEAD /page/7/ HTTP/2" 200 0 "-" "Mozilla/5.0 AppleWebKit/537.36 (KHTML, like Gecko); compatible; ShapBot/0.1.0"
34.44.142.114 - - [11/Sep/2026:14:26:40 -0400] "HEAD /category/uncategorized/page/3 HTTP/2" 301 0 "-" "Mozilla/5.0 AppleWebKit/537.36 (KHTML, like Gecko); compatible; ShapBot/0.1.0"
34.44.142.114 - - [11/Sep/2026:14:26:40 -0400] "HEAD /category/uncategorized/page/606 HTTP/2" 301 0 "-" "Mozilla/5.0 AppleWebKit/537.36 (KHTML, like Gecko); compatible; ShapBot/0.1.0"
34.44.196.215 - - [11/Sep/2026:14:26:40 -0400] "GET /author/admin/page/4/ HTTP/2" 200 25472 "-" "Mozilla/5.0 AppleWebKit/537.36 (KHTML, like Gecko); compatible; ShapBot/0.1.0"
34.68.39.29 - - [11/Sep/2026:14:26:40 -0400] "GET /page/7 HTTP/2" 301 0 "-" "Mozilla/5.0 AppleWebKit/537.36 (KHTML, like Gecko); compatible; ShapBot/0.1.0"
34.44.142.114 - - [11/Sep/2026:14:26:40 -0400] "HEAD /category/uncategorized/page/3 HTTP/2" 301 0 "-" "Mozilla/5.0 AppleWebKit/537.36 (KHTML, like Gecko); compatible; ShapBot/0.1.0"
34.44.142.114 - - [11/Sep/2026:14:26:40 -0400] "HEAD /category/uncategorized/page/606 HTTP/2" 301 0 "-" "Mozilla/5.0 AppleWebKit/537.36 (KHTML, like Gecko); compatible; ShapBot/0.1.0"
34.68.39.29 - - [11/Sep/2026:14:26:40 -0400] "GET /page/7/ HTTP/2" 200 24856 "-" "Mozilla/5.0 AppleWebKit/537.36 (KHTML, like Gecko); compatible; ShapBot/0.1.0"
34.44.142.114 - - [11/Sep/2026:14:26:40 -0400] "HEAD /category/uncategorized/page/3/ HTTP/2" 200 0 "-" "Mozilla/5.0 AppleWebKit/537.36 (KHTML, like Gecko); compatible; ShapBot/0.1.0"
34.44.142.114 - - [11/Sep/2026:14:26:40 -0400] "HEAD /category/uncategorized/page/606/ HTTP/2" 200 0 "-" "Mozilla/5.0 AppleWebKit/537.36 (KHTML, like Gecko); compatible; ShapBot/0.1.0"
34.44.142.114 - - [11/Sep/2026:14:26:41 -0400] "GET /category/uncategorized/page/3 HTTP/2" 301 0 "-" "Mozilla/5.0 AppleWebKit/537.36 (KHTML, like Gecko); compatible; ShapBot/0.1.0"
34.44.142.114 - - [11/Sep/2026:14:26:41 -0400] "GET /category/uncategorized/page/606 HTTP/2" 301 0 "-" "Mozilla/5.0 AppleWebKit/537.36 (KHTML, like Gecko); compatible; ShapBot/0.1.0"
34.44.142.114 - - [11/Sep/2026:14:26:41 -0400] "GET /category/uncategorized/page/3/ HTTP/2" 200 25149 "-" "Mozilla/5.0 AppleWebKit/537.36 (KHTML, like Gecko); compatible; ShapBot/0.1.0"
34.44.142.114 - - [11/Sep/2026:14:26:41 -0400] "GET /category/uncategorized/page/606/ HTTP/2" 200 24251 "-" "Mozilla/5.0 AppleWebKit/537.36 (KHTML, like Gecko); compatible; ShapBot/0.1.0"
34.31.203.120 - - [11/Sep/2026:14:26:41 -0400] "HEAD /author/admin/page/5 HTTP/2" 301 0 "-" "Mozilla/5.0 AppleWebKit/537.36 (KHTML, like Gecko); compatible; ShapBot/0.1.0"
34.31.203.120 - - [11/Sep/2026:14:26:41 -0400] "HEAD /author/admin/page/5 HTTP/2" 301 0 "-" "Mozilla/5.0 AppleWebKit/537.36 (KHTML, like Gecko); compatible; ShapBot/0.1.0"
34.31.203.120 - - [11/Sep/2026:14:26:42 -0400] "HEAD /author/admin/page/5/ HTTP/2" 200 0 "-" "Mozilla/5.0 AppleWebKit/537.36 (KHTML, like Gecko); compatible; ShapBot/0.1.0"
34.31.203.120 - - [11/Sep/2026:14:26:42 -0400] "GET /author/admin/page/5 HTTP/2" 301 0 "-" "Mozilla/5.0 AppleWebKit/537.36 (KHTML, like Gecko); compatible; ShapBot/0.1.0"
34.31.203.120 - - [11/Sep/2026:14:26:42 -0400] "HEAD /author/admin/page/606 HTTP/2" 301 0 "-" "Mozilla/5.0 AppleWebKit/537.36 (KHTML, like Gecko); compatible; ShapBot/0.1.0"
34.31.203.120 - - [11/Sep/2026:14:26:42 -0400] "GET /author/admin/page/5/ HTTP/2" 200 25230 "-" "Mozilla/5.0 AppleWebKit/537.36 (KHTML, like Gecko); compatible; ShapBot/0.1.0"
34.31.203.120 - - [11/Sep/2026:14:26:42 -0400] "HEAD /category/uncategorized/page/4 HTTP/2" 301 0 "-" "Mozilla/5.0 AppleWebKit/537.36 (KHTML, like Gecko); compatible; ShapBot/0.1.0"
34.31.203.120 - - [11/Sep/2026:14:26:42 -0400] "HEAD /author/admin/page/606 HTTP/2" 301 0 "-" "Mozilla/5.0 AppleWebKit/537.36 (KHTML, like Gecko); compatible; ShapBot/0.1.0"
34.31.203.120 - - [11/Sep/2026:14:26:42 -0400] "HEAD /category/uncategorized/page/4 HTTP/2" 301 0 "-" "Mozilla/5.0 AppleWebKit/537.36 (KHTML, like Gecko); compatible; ShapBot/0.1.0"
34.31.203.120 - - [11/Sep/2026:14:26:42 -0400] "HEAD /author/admin/page/606/ HTTP/2" 200 0 "-" "Mozilla/5.0 AppleWebKit/537.36 (KHTML, like Gecko); compatible; ShapBot/0.1.0"
34.31.203.120 - - [11/Sep/2026:14:26:42 -0400] "HEAD /category/uncategorized/page/4/ HTTP/2" 200 0 "-" "Mozilla/5.0 AppleWebKit/537.36 (KHTML, like Gecko); compatible; ShapBot/0.1.0"
34.31.203.120 - - [11/Sep/2026:14:26:42 -0400] "GET /author/admin/page/606 HTTP/2" 301 0 "-" "Mozilla/5.0 AppleWebKit/537.36 (KHTML, like Gecko); compatible; ShapBot/0.1.0"
34.31.203.120 - - [11/Sep/2026:14:26:42 -0400] "GET /category/uncategorized/page/4 HTTP/2" 301 0 "-" "Mozilla/5.0 AppleWebKit/537.36 (KHTML, like Gecko); compatible; ShapBot/0.1.0"
34.122.173.216 - - [11/Sep/2026:14:26:43 -0400] "HEAD /category/uncategorized/page/605 HTTP/2" 301 0 "-" "Mozilla/5.0 AppleWebKit/537.36 (KHTML, like Gecko); compatible; ShapBot/0.1.0"
34.31.203.120 - - [11/Sep/2026:14:26:43 -0400] "GET /author/admin/page/606/ HTTP/2" 200 24547 "-" "Mozilla/5.0 AppleWebKit/537.36 (KHTML, like Gecko); compatible; ShapBot/0.1.0"
34.31.203.120 - - [11/Sep/2026:14:26:43 -0400] "GET /category/uncategorized/page/4/ HTTP/2" 200 25138 "-" "Mozilla/5.0 AppleWebKit/537.36 (KHTML, like Gecko); compatible; ShapBot/0.1.0"
34.122.173.216 - - [11/Sep/2026:14:26:43 -0400] "HEAD /category/uncategorized/page/605 HTTP/2" 301 0 "-" "Mozilla/5.0 AppleWebKit/537.36 (KHTML, like Gecko); compatible; ShapBot/0.1.0"
34.122.173.216 - - [11/Sep/2026:14:26:43 -0400] "HEAD /category/uncategorized/page/605/ HTTP/2" 200 0 "-" "Mozilla/5.0 AppleWebKit/537.36 (KHTML, like Gecko); compatible; ShapBot/0.1.0"
34.122.173.216 - - [11/Sep/2026:14:26:43 -0400] "GET /category/uncategorized/page/605 HTTP/2" 301 0 "-" "Mozilla/5.0 AppleWebKit/537.36 (KHTML, like Gecko); compatible; ShapBot/0.1.0"
34.31.203.120 - - [11/Sep/2026:14:26:43 -0400] "HEAD /author/admin/page/6 HTTP/2" 301 0 "-" "Mozilla/5.0 AppleWebKit/537.36 (KHTML, like Gecko); compatible; ShapBot/0.1.0"
34.45.55.180 - - [11/Sep/2026:14:26:43 -0400] "HEAD /category/uncategorized/page/5 HTTP/2" 301 0 "-" "Mozilla/5.0 AppleWebKit/537.36 (KHTML, like Gecko); compatible; ShapBot/0.1.0"
34.122.173.216 - - [11/Sep/2026:14:26:43 -0400] "GET /category/uncategorized/page/605/ HTTP/2" 200 24604 "-" "Mozilla/5.0 AppleWebKit/537.36 (KHTML, like Gecko); compatible; ShapBot/0.1.0"
34.31.203.120 - - [11/Sep/2026:14:26:43 -0400] "HEAD /author/admin/page/6 HTTP/2" 301 0 "-" "Mozilla/5.0 AppleWebKit/537.36 (KHTML, like Gecko); compatible; ShapBot/0.1.0"
34.45.55.180 - - [11/Sep/2026:14:26:43 -0400] "HEAD /category/uncategorized/page/5 HTTP/2" 301 0 "-" "Mozilla/5.0 AppleWebKit/537.36 (KHTML, like Gecko); compatible; ShapBot/0.1.0"
34.31.203.120 - - [11/Sep/2026:14:26:43 -0400] "HEAD /author/admin/page/6/ HTTP/2" 200 0 "-" "Mozilla/5.0 AppleWebKit/537.36 (KHTML, like Gecko); compatible; ShapBot/0.1.0"
34.45.55.180 - - [11/Sep/2026:14:26:44 -0400] "HEAD /category/uncategorized/page/5/ HTTP/2" 200 0 "-" "Mozilla/5.0 AppleWebKit/537.36 (KHTML, like Gecko); compatible; ShapBot/0.1.0"
34.31.203.120 - - [11/Sep/2026:14:26:44 -0400] "GET /author/admin/page/6 HTTP/2" 301 0 "-" "Mozilla/5.0 AppleWebKit/537.36 (KHTML, like Gecko); compatible; ShapBot/0.1.0"
34.45.55.180 - - [11/Sep/2026:14:26:44 -0400] "GET /category/uncategorized/page/5 HTTP/2" 301 0 "-" "Mozilla/5.0 AppleWebKit/537.36 (KHTML, like Gecko); compatible; ShapBot/0.1.0"
34.68.39.29 - - [11/Sep/2026:14:26:44 -0400] "HEAD /author/admin/page/605 HTTP/2" 301 0 "-" "Mozilla/5.0 AppleWebKit/537.36 (KHTML, like Gecko); compatible; ShapBot/0.1.0"
34.31.203.120 - - [11/Sep/2026:14:26:44 -0400] "GET /author/admin/page/6/ HTTP/2" 200 25196 "-" "Mozilla/5.0 AppleWebKit/537.36 (KHTML, like Gecko); compatible; ShapBot/0.1.0"
34.45.55.180 - - [11/Sep/2026:14:26:44 -0400] "GET /category/uncategorized/page/5/ HTTP/2" 200 24904 "-" "Mozilla/5.0 AppleWebKit/537.36 (KHTML, like Gecko); compatible; ShapBot/0.1.0"
34.68.39.29 - - [11/Sep/2026:14:26:44 -0400] "HEAD /author/admin/page/605 HTTP/2" 301 0 "-" "Mozilla/5.0 AppleWebKit/537.36 (KHTML, like Gecko); compatible; ShapBot/0.1.0"
34.68.39.29 - - [11/Sep/2026:14:26:44 -0400] "HEAD /author/admin/page/605/ HTTP/2" 200 0 "-" "Mozilla/5.0 AppleWebKit/537.36 (KHTML, like Gecko); compatible; ShapBot/0.1.0"
34.68.39.29 - - [11/Sep/2026:14:26:44 -0400] "GET /author/admin/page/605 HTTP/2" 301 0 "-" "Mozilla/5.0 AppleWebKit/537.36 (KHTML, like Gecko); compatible; ShapBot/0.1.0"
34.45.55.180 - - [11/Sep/2026:14:26:44 -0400] "HEAD /category/uncategorized/page/604 HTTP/2" 301 0 "-" "Mozilla/5.0 AppleWebKit/537.36 (KHTML, like Gecko); compatible; ShapBot/0.1.0"
34.68.39.29 - - [11/Sep/2026:14:26:45 -0400] "GET /author/admin/page/605/ HTTP/2" 200 24917 "-" "Mozilla/5.0 AppleWebKit/537.36 (KHTML, like Gecko); compatible; ShapBot/0.1.0"
34.45.55.180 - - [11/Sep/2026:14:26:45 -0400] "HEAD /category/uncategorized/page/604 HTTP/2" 301 0 "-" "Mozilla/5.0 AppleWebKit/537.36 (KHTML, like Gecko); compatible; ShapBot/0.1.0"
34.45.55.180 - - [11/Sep/2026:14:26:45 -0400] "HEAD /category/uncategorized/page/604/ HTTP/2" 200 0 "-" "Mozilla/5.0 AppleWebKit/537.36 (KHTML, like Gecko); compatible; ShapBot/0.1.0"
34.44.196.215 - - [11/Sep/2026:14:26:45 -0400] "HEAD /page/607 HTTP/2" 301 0 "-" "Mozilla/5.0 AppleWebKit/537.36 (KHTML, like Gecko); compatible; ShapBot/0.1.0"
34.45.55.180 - - [11/Sep/2026:14:26:45 -0400] "GET /category/uncategorized/page/604 HTTP/2" 301 0 "-" "Mozilla/5.0 AppleWebKit/537.36 (KHTML, like Gecko); compatible; ShapBot/0.1.0"
34.122.173.216 - - [11/Sep/2026:14:26:45 -0400] "HEAD /category/uncategorized/page/6 HTTP/2" 301 0 "-" "Mozilla/5.0 AppleWebKit/537.36 (KHTML, like Gecko); compatible; ShapBot/0.1.0"
34.44.196.215 - - [11/Sep/2026:14:26:45 -0400] "HEAD /page/607 HTTP/2" 301 0 "-" "Mozilla/5.0 AppleWebKit/537.36 (KHTML, like Gecko); compatible; ShapBot/0.1.0"
34.45.55.180 - - [11/Sep/2026:14:26:45 -0400] "GET /category/uncategorized/page/604/ HTTP/2" 200 24417 "-" "Mozilla/5.0 AppleWebKit/537.36 (KHTML, like Gecko); compatible; ShapBot/0.1.0"
34.122.173.216 - - [11/Sep/2026:14:26:45 -0400] "HEAD /category/uncategorized/page/6 HTTP/2" 301 0 "-" "Mozilla/5.0 AppleWebKit/537.36 (KHTML, like Gecko); compatible; ShapBot/0.1.0"
34.44.196.215 - - [11/Sep/2026:14:26:45 -0400] "HEAD /page/607/ HTTP/2" 200 0 "-" "Mozilla/5.0 AppleWebKit/537.36 (KHTML, like Gecko); compatible; ShapBot/0.1.0"
34.122.173.216 - - [11/Sep/2026:14:26:45 -0400] "HEAD /category/uncategorized/page/6/ HTTP/2" 200 0 "-" "Mozilla/5.0 AppleWebKit/537.36 (KHTML, like Gecko); compatible; ShapBot/0.1.0"
34.31.203.120 - - [11/Sep/2026:14:26:45 -0400] "HEAD /author/admin/page/604 HTTP/2" 301 0 "-" "Mozilla/5.0 AppleWebKit/537.36 (KHTML, like Gecko); compatible; ShapBot/0.1.0"
34.44.196.215 - - [11/Sep/2026:14:26:45 -0400] "GET /page/607 HTTP/2" 301 0 "-" "Mozilla/5.0 AppleWebKit/537.36 (KHTML, like Gecko); compatible; ShapBot/0.1.0"
34.122.173.216 - - [11/Sep/2026:14:26:45 -0400] "GET /category/uncategorized/page/6 HTTP/2" 301 0 "-" "Mozilla/5.0 AppleWebKit/537.36 (KHTML, like Gecko); compatible; ShapBot/0.1.0"
34.31.203.120 - - [11/Sep/2026:14:26:45 -0400] "HEAD /author/admin/page/604 HTTP/2" 301 0 "-" "Mozilla/5.0 AppleWebKit/537.36 (KHTML, like Gecko); compatible; ShapBot/0.1.0"
34.44.196.215 - - [11/Sep/2026:14:26:45 -0400] "GET /page/607/ HTTP/2" 200 23298 "-" "Mozilla/5.0 AppleWebKit/537.36 (KHTML, like Gecko); compatible; ShapBot/0.1.0"
34.122.173.216 - - [11/Sep/2026:14:26:46 -0400] "GET /category/uncategorized/page/6/ HTTP/2" 200 24868 "-" "Mozilla/5.0 AppleWebKit/537.36 (KHTML, like Gecko); compatible; ShapBot/0.1.0"
34.31.203.120 - - [11/Sep/2026:14:26:46 -0400] "HEAD /author/admin/page/604/ HTTP/2" 200 0 "-" "Mozilla/5.0 AppleWebKit/537.36 (KHTML, like Gecko); compatible; ShapBot/0.1.0"
34.31.203.120 - - [11/Sep/2026:14:26:46 -0400] "GET /author/admin/page/604 HTTP/2" 301 0 "-" "Mozilla/5.0 AppleWebKit/537.36 (KHTML, like Gecko); compatible; ShapBot/0.1.0"
34.122.173.216 - - [11/Sep/2026:14:26:46 -0400] "HEAD /page/606 HTTP/2" 301 0 "-" "Mozilla/5.0 AppleWebKit/537.36 (KHTML, like Gecko); compatible; ShapBot/0.1.0"
34.31.203.120 - - [11/Sep/2026:14:26:46 -0400] "GET /author/admin/page/604/ HTTP/2" 200 24730 "-" "Mozilla/5.0 AppleWebKit/537.36 (KHTML, like Gecko); compatible; ShapBot/0.1.0"
34.122.173.216 - - [11/Sep/2026:14:26:46 -0400] "HEAD /page/606 HTTP/2" 301 0 "-" "Mozilla/5.0 AppleWebKit/537.36 (KHTML, like Gecko); compatible; ShapBot/0.1.0"
34.45.55.180 - - [11/Sep/2026:14:26:46 -0400] "HEAD /category/uncategorized/page/603 HTTP/2" 301 0 "-" "Mozilla/5.0 AppleWebKit/537.36 (KHTML, like Gecko); compatible; ShapBot/0.1.0"
34.122.173.216 - - [11/Sep/2026:14:26:46 -0400] "HEAD /page/606/ HTTP/2" 200 0 "-" "Mozilla/5.0 AppleWebKit/537.36 (KHTML, like Gecko); compatible; ShapBot/0.1.0"
34.45.55.180 - - [11/Sep/2026:14:26:46 -0400] "HEAD /category/uncategorized/page/603 HTTP/2" 301 0 "-" "Mozilla/5.0 AppleWebKit/537.36 (KHTML, like Gecko); compatible; ShapBot/0.1.0"
34.122.173.216 - - [11/Sep/2026:14:26:46 -0400] "GET /page/606 HTTP/2" 301 0 "-" "Mozilla/5.0 AppleWebKit/537.36 (KHTML, like Gecko); compatible; ShapBot/0.1.0"
34.45.55.180 - - [11/Sep/2026:14:26:47 -0400] "HEAD /category/uncategorized/page/603/ HTTP/2" 200 0 "-" "Mozilla/5.0 AppleWebKit/537.36 (KHTML, like Gecko); compatible; ShapBot/0.1.0"
34.122.173.216 - - [11/Sep/2026:14:26:47 -0400] "GET /page/606/ HTTP/2" 200 24117 "-" "Mozilla/5.0 AppleWebKit/537.36 (KHTML, like Gecko); compatible; ShapBot/0.1.0"
34.45.55.180 - - [11/Sep/2026:14:26:47 -0400] "GET /category/uncategorized/page/603 HTTP/2" 301 0 "-" "Mozilla/5.0 AppleWebKit/537.36 (KHTML, like Gecko); compatible; ShapBot/0.1.0"
34.68.39.29 - - [11/Sep/2026:14:26:47 -0400] "HEAD /author/admin/page/603 HTTP/2" 301 0 "-" "Mozilla/5.0 AppleWebKit/537.36 (KHTML, like Gecko); compatible; ShapBot/0.1.0"
34.45.55.180 - - [11/Sep/2026:14:26:47 -0400] "GET /category/uncategorized/page/603/ HTTP/2" 200 24428 "-" "Mozilla/5.0 AppleWebKit/537.36 (KHTML, like Gecko); compatible; ShapBot/0.1.0"
34.68.39.29 - - [11/Sep/2026:14:26:47 -0400] "HEAD /author/admin/page/603 HTTP/2" 301 0 "-" "Mozilla/5.0 AppleWebKit/537.36 (KHTML, like Gecko); compatible; ShapBot/0.1.0"
34.68.39.29 - - [11/Sep/2026:14:26:47 -0400] "HEAD /author/admin/page/603/ HTTP/2" 200 0 "-" "Mozilla/5.0 AppleWebKit/537.36 (KHTML, like Gecko); compatible; ShapBot/0.1.0"
34.68.39.29 - - [11/Sep/2026:14:26:47 -0400] "GET /author/admin/page/603 HTTP/2" 301 0 "-" "Mozilla/5.0 AppleWebKit/537.36 (KHTML, like Gecko); compatible; ShapBot/0.1.0"
34.68.39.29 - - [11/Sep/2026:14:26:48 -0400] "GET /author/admin/page/603/ HTTP/2" 200 24735 "-" "Mozilla/5.0 AppleWebKit/537.36 (KHTML, like Gecko); compatible; ShapBot/0.1.0"
34.46.138.166 - - [11/Sep/2026:14:26:48 -0400] "HEAD /page/605 HTTP/2" 301 0 "-" "Mozilla/5.0 AppleWebKit/537.36 (KHTML, like Gecko); compatible; ShapBot/0.1.0"
34.46.138.166 - - [11/Sep/2026:14:26:48 -0400] "HEAD /page/605 HTTP/2" 301 0 "-" "Mozilla/5.0 AppleWebKit/537.36 (KHTML, like Gecko); compatible; ShapBot/0.1.0"
34.46.138.166 - - [11/Sep/2026:14:26:48 -0400] "HEAD /page/605/ HTTP/2" 200 0 "-" "Mozilla/5.0 AppleWebKit/537.36 (KHTML, like Gecko); compatible; ShapBot/0.1.0"
34.46.138.166 - - [11/Sep/2026:14:26:48 -0400] "GET /page/605 HTTP/2" 301 0 "-" "Mozilla/5.0 AppleWebKit/537.36 (KHTML, like Gecko); compatible; ShapBot/0.1.0"
34.46.138.166 - - [11/Sep/2026:14:26:48 -0400] "GET /page/605/ HTTP/2" 200 24452 "-" "Mozilla/5.0 AppleWebKit/537.36 (KHTML, like Gecko); compatible; ShapBot/0.1.0"
34.44.142.114 - - [11/Sep/2026:14:26:49 -0400] "HEAD /page/604 HTTP/2" 301 0 "-" "Mozilla/5.0 AppleWebKit/537.36 (KHTML, like Gecko); compatible; ShapBot/0.1.0"
34.44.142.114 - - [11/Sep/2026:14:26:49 -0400] "HEAD /page/604 HTTP/2" 301 0 "-" "Mozilla/5.0 AppleWebKit/537.36 (KHTML, like Gecko); compatible; ShapBot/0.1.0"
34.44.142.114 - - [11/Sep/2026:14:26:50 -0400] "HEAD /page/604/ HTTP/2" 200 0 "-" "Mozilla/5.0 AppleWebKit/537.36 (KHTML, like Gecko); compatible; ShapBot/0.1.0"
34.44.142.114 - - [11/Sep/2026:14:26:50 -0400] "GET /page/604 HTTP/2" 301 0 "-" "Mozilla/5.0 AppleWebKit/537.36 (KHTML, like Gecko); compatible; ShapBot/0.1.0"
34.44.142.114 - - [11/Sep/2026:14:26:50 -0400] "GET /page/604/ HTTP/2" 200 24259 "-" "Mozilla/5.0 AppleWebKit/537.36 (KHTML, like Gecko); compatible; ShapBot/0.1.0"
