54.166.204.138 - - [11/Sep/2026:10:34:13 -0400] "GET /html/files/2021-06/10/20210610135559855849241.png HTTP/1.1" 404 11311 "-" "ImageBot/1.0 (compatible; research crawler; +https://github.com/rom1504/img2dataset; opt-out: abuse.notification.dcomp12b@gmail.com;"
39.52.236.62 - - [11/Sep/2026:10:34:14 -0400] "POST /xmlrpc.php HTTP/1.1" 403 1242 "-" "Jetpack by WordPress.com (Jetpack 12.0; WordPress 6.2)"
52.1.250.135 - - [11/Sep/2026:10:34:15 -0400] "GET /%E8%B5%B0%E5%85%A8%E5%9C%8B%EF%BC%9A%E5%9C%A8%E5%8F%B0%E5%8D%97%E6%88%BF%E7%94%A2%E9%82%A3%E7%B6%A0%E6%A6%95%E6%88%90%E8%94%AD%E9%AE%AE%E8%8A%B1%E6%80%92%E6%94%BE%E7%9A%84%E6%9D%91%E8%90%BD/115337tdh4zcbf3vivhcb4.jpg HTTP/1.1" 404 11311 "-" "ImageBot/1.0 (compatible; research crawler; +https://github.com/rom1504/img2dataset; opt-out: abuse.notification.dcomp12b@gmail.com;"
52.23.26.158 - - [11/Sep/2026:10:34:16 -0400] "GET /2023/10/20/%E5%9C%8B%E4%B9%92%E4%BA%9E%E9%81%8B%E5%8C%85%E9%A4%8A%EF%BC%9A%E5%A5%B3%E5%96%AE%E4%B8%83%E9%80%A3%E5%86%A0%EF%BC%8C%E7%94%B7%E9%9B%99%E4%B8%89%E9%80%A3%E5%86%A0%EF%BC%81/1c66e60817294d578efd736694ad0795.jpg HTTP/1.1" 404 11311 "-" "ImageBot/1.0 (compatible; research crawler; +https://github.com/rom1504/img2dataset; opt-out: abuse.notification.dcomp12b@gmail.com;"
169.1.145.186 - - [11/Sep/2026:10:34:18 -0400] "POST /xmlrpc.php HTTP/1.1" 403 1242 "-" "Jetpack/12.5; WordPress/6.1; http://site78376290.com"
50.19.85.253 - - [11/Sep/2026:10:34:18 -0400] "GET /2023/12/02/%E5%B1%B1%E7%94%9C%E5%BF%83%E5%AF%B6%E8%B2%9D%E6%89%BE%E5%8C%85%E9%A4%8A%E7%B6%B2%E6%9D%B1%E9%84%92%E5%B9%B3%EF%BC%9A%E8%81%AF%E8%A2%82%E5%90%88%E4%BC%99%E4%BA%BA%EF%BC%8C%E5%85%A8%E5%9C%8B/3655d99d13cc480c8743ab4ae239b427/images/8999270c3d8144a5b44e879b74c9f95f.jpg HTTP/1.1" 404 11311 "-" "ImageBot/1.0 (compatible; research crawler; +https://github.com/rom1504/img2dataset; opt-out: abuse.notification.dcomp12b@gmail.com;"
54.166.204.138 - - [11/Sep/2026:10:34:19 -0400] "GET /upload/resources/image/2026/03/25/2754762_4096x10000.jpeg HTTP/1.1" 404 11311 "-" "ImageBot/1.0 (compatible; research crawler; +https://github.com/rom1504/img2dataset; opt-out: abuse.notification.dcomp12b@gmail.com;"
50.19.85.253 - - [11/Sep/2026:10:34:21 -0400] "GET /2023/08/12/%E7%A8%BB%E5%99%B4%E9%BC%BB%E4%B8%96%E7%95%8C%C2%B7%E8%A9%A9%E7%95%AB%E6%B4%AA%E6%B1%9F%EF%BC%8C%E4%B9%8B%E9%BB%94%E9%99%BD%E5%8C%85%E9%A4%8A%E8%A1%8C%E6%83%85%E5%8F%A4%E5%9F%8E/094603iw621zkyl81e66a6.jpg HTTP/1.1" 404 11311 "-" "ImageBot/1.0 (compatible; research crawler; +https://github.com/rom1504/img2dataset; opt-out: abuse.notification.dcomp12b@gmail.com;"
50.19.85.253 - - [11/Sep/2026:10:34:25 -0400] "GET /2023/12/28/%E5%B9%B3%E8%A3%9D%E6%94%B6%E6%88%BF%E4%B8%80%E8%87%89%E6%87%B5%EF%BC%81%E8%A6%81%E4%B8%8D%E8%A6%81%E6%89%BE%E7%9B%A3%E7%90%86%EF%BC%9F%E8%AB%8B%E4%B8%8D%E8%AB%8Bdesign%E5%B8%AB%EF%BC%9F%E5%B0%8F/182825579ba51446cb27a4.gif HTTP/1.1" 404 11311 "-" "ImageBot/1.0 (compatible; research crawler; +https://github.com/rom1504/img2dataset; opt-out: abuse.notification.dcomp12b@gmail.com;"
52.1.250.135 - - [11/Sep/2026:10:34:28 -0400] "GET /%E6%9D%91ba%E3%80%81%E7%86%B1jiuyi%E4%BF%B1%E6%84%8F%E8%B1%AA%E5%AE%85%E8%A8%AD%E8%A8%88%E5%BF%83%E9%A9%9B%E7%AB%99%E3%80%81%E5%AD%9D%E7%BE%A9%E9%A3%9F%E5%A0%82/20260323/287626.jpg HTTP/1.1" 404 11311 "-" "ImageBot/1.0 (compatible; research crawler; +https://github.com/rom1504/img2dataset; opt-out: abuse.notification.dcomp12b@gmail.com;"
52.23.26.158 - - [11/Sep/2026:10:34:29 -0400] "GET /%E7%99%BEjiuyi%E4%BF%B1%E6%84%8F%E8%A8%BA%E6%89%80%E8%A8%AD%E8%A8%88%E7%B1%B3%E5%9C%B0%E9%9D%A2%E7%9A%84%E5%AE%88%E6%AD%B2%E4%BA%BA%E4%B8%A8%E6%96%B0%E6%98%A5%E8%B5%B0%E5%9F%BA%E5%B1%A4/20260222/101014.jpg HTTP/1.1" 404 11311 "-" "ImageBot/1.0 (compatible; research crawler; +https://github.com/rom1504/img2dataset; opt-out: abuse.notification.dcomp12b@gmail.com;"
52.23.26.158 - - [11/Sep/2026:10:34:30 -0400] "GET /%E4%B8%80%E4%BD%8D%E5%9D%90%E6%9D%9F%E7%B8%9B%E7%89%8C%E4%B8%8D%E5%8B%95%E7%94%A2%E8%B2%A8%E8%BB%8A%E6%96%B0%E5%A8%98%E7%9A%84%E5%AF%86%E6%84%8F%E5%9B%9E%E7%9C%B8%EF%BC%88%E6%95%A3%E6%96%87%EF%BC%89/095605e9qvz560k0saqv6d.jpg HTTP/1.1" 404 11311 "-" "ImageBot/1.0 (compatible; research crawler; +https://github.com/rom1504/img2dataset; opt-out: abuse.notification.dcomp12b@gmail.com;"
216.73.216.141 - - [11/Sep/2026:10:34:31 -0400] "GET /?p=8201 HTTP/2" 301 0 "-" "Mozilla/5.0 AppleWebKit/537.36 (KHTML, like Gecko; compatible; ClaudeBot/1.0; +claudebot@anthropic.com)"
216.73.216.141 - - [11/Sep/2026:10:34:31 -0400] "GET /?p=854 HTTP/2" 301 0 "-" "Mozilla/5.0 AppleWebKit/537.36 (KHTML, like Gecko; compatible; ClaudeBot/1.0; +claudebot@anthropic.com)"
216.73.216.141 - - [11/Sep/2026:10:34:31 -0400] "GET /%e8%aa%b0%e8%a6%81%e9%ab%98%e8%80%83%ef%bc%9f%e9%ab%98%e4%b8%89%e7%94%b7%e7%94%9f%e4%b8%8a%e5%bd%80%e8%aa%b2%e7%88%ba%e7%88%ba%e8%81%bd%e5%be%97%e6%9b%b4%e7%95%b6%e7%9c%9f/ HTTP/2" 200 14930 "https://big-wife.com.tw/?p=8201" "Mozilla/5.0 AppleWebKit/537.36 (KHTML, like Gecko; compatible; ClaudeBot/1.0; +claudebot@anthropic.com)"
216.73.216.141 - - [11/Sep/2026:10:34:31 -0400] "GET /sora%e7%99%bc%e5%84%84%e5%b5%90%e5%b7%a5%e5%ad%b8%e6%a4%85%e5%b8%83%ef%bc%8c%e4%bb%8d%e6%98%af%e7%be%8e%e5%9c%8b%e5%85%ac%e5%8f%b8%ef%bc%8c%e6%88%91%e5%9c%8bai%e6%88%90%e9%95%b7%e4%b8%bb%e5%8b%95-6/ HTTP/2" 200 17663 "https://big-wife.com.tw/?p=854" "Mozilla/5.0 AppleWebKit/537.36 (KHTML, like Gecko; compatible; ClaudeBot/1.0; +claudebot@anthropic.com)"
39.52.236.62 - - [11/Sep/2026:10:34:31 -0400] "POST /xmlrpc.php HTTP/1.1" 403 1242 "-" "Jetpack by WordPress.com (Jetpack 12.5; WordPress 6.4)"
52.23.26.158 - - [11/Sep/2026:10:34:37 -0400] "GET /upload/resources/image/2026/01/23/2699652_4096x10000.jpeg HTTP/1.1" 404 11311 "-" "ImageBot/1.0 (compatible; research crawler; +https://github.com/rom1504/img2dataset; opt-out: abuse.notification.dcomp12b@gmail.com;"
52.1.250.135 - - [11/Sep/2026:10:34:45 -0400] "GET /2024/03/27/%E5%A5%BD%E5%A5%BD%E5%90%83%E9%A3%AF%EF%BC%8C%E7%B1%B3%E5%A4%AB%E9%82%80%E6%88%BF%E7%94%A2%E8%B3%87%E8%A8%8A%E6%82%A8%E5%85%B1%E4%BA%AB%E7%BE%8E%E5%A6%99%E9%A3%9F%E5%85%89/004813akorcrtvkhaz0oz9.jpg HTTP/1.1" 404 11311 "-" "ImageBot/1.0 (compatible; research crawler; +https://github.com/rom1504/img2dataset; opt-out: abuse.notification.dcomp12b@gmail.com;"
54.166.204.138 - - [11/Sep/2026:10:34:45 -0400] "GET /2024/03/15/%E8%90%AC%E5%85%AC%E9%87%8C%E8%B7%91%E8%80%85%E9%84%A7%E8%89%AF%E8%8F%AF%E6%88%BF%E5%9C%B0%E7%94%A2%E8%B7%91%E5%87%BA%E5%9C%8B%E9%96%80%E5%8D%81%E5%A4%A9%E8%A8%98/212548kxg7geeqfek5afyx.jpg HTTP/1.1" 404 11311 "-" "ImageBot/1.0 (compatible; research crawler; +https://github.com/rom1504/img2dataset; opt-out: abuse.notification.dcomp12b@gmail.com;"
50.19.85.253 - - [11/Sep/2026:10:34:45 -0400] "GET /%E9%99%BD%E5%8F%B0%E5%8C%97-%E7%A4%BE%E5%8D%80%E5%86%AC%E8%8F%AF-%E4%B8%A8-%E6%B4%A3%E6%B0%B4%E6%B2%B3%E7%95%94%E7%9A%84%E5%A5%B3%E4%BA%BA%EF%BC%8C%E8%8C%B6%E6%B2%B9%E5%92%8C%E9%98%BF%E6%A0%B9/113125udjjz8paqvvqopvo.jpg HTTP/1.1" 404 11311 "-" "ImageBot/1.0 (compatible; research crawler; +https://github.com/rom1504/img2dataset; opt-out: abuse.notification.dcomp12b@gmail.com;"
169.1.145.186 - - [11/Sep/2026:10:34:46 -0400] "POST /xmlrpc.php HTTP/1.1" 403 1242 "-" "Jetpack by WordPress.com"
52.1.250.135 - - [11/Sep/2026:10:34:48 -0400] "GET /2024/03/11/%E8%90%AC%E5%85%AC%E9%87%8C%E8%B7%91%E8%80%85%E9%84%A7%E8%89%AF%E8%8F%AF%E8%B7%91%E5%87%BA%E5%9C%8B%E9%96%80%E5%8D%81%E5%A4%A9%E8%A8%98-2/212043qy0rysyshjkjjj3y.jpg HTTP/1.1" 404 11311 "-" "ImageBot/1.0 (compatible; research crawler; +https://github.com/rom1504/img2dataset; opt-out: abuse.notification.dcomp12b@gmail.com;"
54.166.204.138 - - [11/Sep/2026:10:34:52 -0400] "GET /upload/resources/image/2025/02/26/2314277.jpg?r=1740514662340 HTTP/1.1" 404 11311 "-" "ImageBot/1.0 (compatible; research crawler; +https://github.com/rom1504/img2dataset; opt-out: abuse.notification.dcomp12b@gmail.com;"
52.23.26.158 - - [11/Sep/2026:10:34:56 -0400] "GET /%E5%B9%B4%E5%A4%9C%E7%88%BA%E8%BA%BA%E9%A6%AC%E8%B7%AF%E4%B8%AD%E9%96%93%E6%9B%AC%E5%A4%AA%E9%99%BD-%E8%BB%8Ajiuyi%E4%BF%B1%E6%84%8F%E7%BF%BB%E4%BF%AE%E8%A8%AD%E8%A8%88%E8%BC%9B%E7%B4%9B%E7%B4%9B/20260428/555664.png HTTP/1.1" 404 11311 "-" "ImageBot/1.0 (compatible; research crawler; +https://github.com/rom1504/img2dataset; opt-out: abuse.notification.dcomp12b@gmail.com;"
114.119.150.110 - - [11/Sep/2026:10:34:56 -0400] "GET /%e5%9c%a8%e5%bb%a2%e5%a2%9f%e4%b8%8a%e5%be%9e%e9%a0%ad%e6%89%93%e5%9c%b0%e5%9f%ba%ef%bc%8c%e8%86%9d%e9%97%9c%e7%af%80%e7%bf%bb%e4%bf%aejiuyi%e4%bf%b1%e6%84%8f/ HTTP/1.1" 200 17832 "https://big-wife.com.tw/%e8%b0%b7%e6%84%9b%e5%87%8c%ef%bc%9a2025%e5%b9%b4%e6%98%af%e4%ba%ba%e7%94%9f%e4%b8%ad%e6%9c%80%e9%9b%a3%e7%9a%84%e4%b8%80%e5%b9%b4%ef%bc%8c%e5%82%b7jiuyi%e4%bf%b1%e6%84%8f%e8%b1%aa%e5%ae%85%e8%a8%ad/" "Mozilla/5.0 (Linux; Android 7.0;) AppleWebKit/537.36 (HTML, like Gecko) Mobile Safari/537.36 (compatible; PetalBot;+https://webmaster.petalsearch.com/site/petalbot)"
3.234.103.5 - - [11/Sep/2026:10:34:56 -0400] "GET /2024/01/18/%E6%B2%83%E6%9F%91%E5%9C%92%E9%87%8C%E9%AB%94%E4%B8%80%E5%8C%85%E9%A4%8A%E5%BF%83%E5%BE%97%E9%A9%97%E6%9D%91%E8%90%BD%E7%94%9F%E6%B6%AF/200709qqaba3ftdaca4tfj.jpg HTTP/1.1" 404 11311 "-" "ImageBot/1.0 (compatible; research crawler; +https://github.com/rom1504/img2dataset; opt-out: abuse.notification.dcomp12b@gmail.com;"
52.23.26.158 - - [11/Sep/2026:10:34:57 -0400] "GET /2024/01/30/%E5%BC%B5%E4%B8%80%E5%B1%B1%E6%84%9B%E6%83%85%E5%86%8D%E6%9B%9D%E5%85%89%EF%BC%8C%E5%AD%9F%E7%BE%8E%E5%B2%90%E8%A6%93%E5%8C%85%E9%A4%8A%E7%B6%B2%E5%BF%83%E5%BE%97%E5%B9%AB%E9%96%A8%E8%9C%9C%E4%B8%8A/160125f3d76e64a8c6312e.jpg HTTP/1.1" 404 11311 "-" "ImageBot/1.0 (compatible; research crawler; +https://github.com/rom1504/img2dataset; opt-out: abuse.notification.dcomp12b@gmail.com;"
52.23.26.158 - - [11/Sep/2026:10:34:58 -0400] "GET /upload/resources/image/2026/02/16/2722545_4096x10000.jpeg HTTP/1.1" 404 11311 "-" "ImageBot/1.0 (compatible; research crawler; +https://github.com/rom1504/img2dataset; opt-out: abuse.notification.dcomp12b@gmail.com;"
52.23.26.158 - - [11/Sep/2026:10:34:59 -0400] "GET /upload/resources/image/2024/07/02/1998929_4096x10000.jpeg HTTP/1.1" 404 11311 "-" "ImageBot/1.0 (compatible; research crawler; +https://github.com/rom1504/img2dataset; opt-out: abuse.notification.dcomp12b@gmail.com;"
50.19.85.253 - - [11/Sep/2026:10:34:59 -0400] "GET /%E4%BA%94%E4%B8%80%E5%BE%80%E5%BB%A3%E5%B7%9E%E5%8D%97%E6%B2%99%E7%9C%8B%E6%B5%B7%E7%9C%8B%E5%B0%91%E5%B9%B4%EF%BC%81%E8%A6%93%E9%A3%9Fosder%E5%A5%A7%E6%96%AF%E5%BE%B7%E5%8F%B0%E5%8C%97%E6%B1%BD/20260416/467679.jpg HTTP/1.1" 404 11311 "-" "ImageBot/1.0 (compatible; research crawler; +https://github.com/rom1504/img2dataset; opt-out: abuse.notification.dcomp12b@gmail.com;"
52.1.250.135 - - [11/Sep/2026:10:34:59 -0400] "GET /%E4%B8%80%E4%BD%8D%E5%9D%90%E5%8F%B0%E4%B8%AD-%E7%A4%BE%E5%8D%80%E5%A4%A7%E5%BB%88%E6%9D%9F%E7%B8%9B%E7%89%8C%E8%B2%A8%E8%BB%8A%E6%96%B0%E5%A8%98%E7%9A%84%E5%AF%86%E6%84%8F%E5%9B%9E%E7%9C%B8%EF%BC%88/100853bkmcllvrz5boyysb.jpg HTTP/1.1" 404 11311 "-" "ImageBot/1.0 (compatible; research crawler; +https://github.com/rom1504/img2dataset; opt-out: abuse.notification.dcomp12b@gmail.com;"
52.23.26.158 - - [11/Sep/2026:10:35:01 -0400] "GET /%E3%80%90%E7%8D%A8%E5%AE%B6%E5%B0%88%E8%A8%AA%E3%80%91%E8%B1%A1%E6%A3%8B%E7%89%B9%E7%B4%9A%E5%B9%B4%E5%A4%9C%E5%B8%AB%E5%94%90%E4%B8%B9%EF%BC%9A%E4%BA%94%E7%BE%8A%E6%9D%AF%E6%98%AF/20260303/168807.jpg HTTP/1.1" 404 11311 "-" "ImageBot/1.0 (compatible; research crawler; +https://github.com/rom1504/img2dataset; opt-out: abuse.notification.dcomp12b@gmail.com;"
52.23.26.158 - - [11/Sep/2026:10:35:01 -0400] "GET /2024/03/04/%E8%90%AC%E5%85%AC%E9%87%8C%E8%B7%91%E8%80%85%E9%84%A7%E8%89%AF%E8%8F%AF%E8%B7%91%E5%87%BA%E5%9C%8B%E9%96%80%E6%96%B0%E5%8C%97%E6%88%BF%E7%94%A2%E5%8D%81%E5%A4%A9%E8%A8%98/212559kvtt8s6zsygbzbvn.jpg HTTP/1.1" 404 11311 "-" "ImageBot/1.0 (compatible; research crawler; +https://github.com/rom1504/img2dataset; opt-out: abuse.notification.dcomp12b@gmail.com;"
39.52.236.62 - - [11/Sep/2026:10:35:03 -0400] "POST /xmlrpc.php HTTP/1.1" 403 1242 "-" "WordPress.com; https://wordpress.com"
52.23.26.158 - - [11/Sep/2026:10:35:02 -0400] "GET /%E7%B4%85%E6%97%971%E8%99%9F%E8%8A%AF%E7%89%87%E7%A0%94jiuyi%E4%BF%B1%E6%84%8F%E8%B1%AA%E5%AE%85%E8%A8%AD%E8%A8%88%E5%88%B6%E5%8B%9D%E5%88%A9%EF%BC%8C%E5%B9%B6%E9%9D%9E%E5%82%B3/20260420/493163.jpg HTTP/1.1" 404 11311 "-" "ImageBot/1.0 (compatible; research crawler; +https://github.com/rom1504/img2dataset; opt-out: abuse.notification.dcomp12b@gmail.com;"
52.23.26.158 - - [11/Sep/2026:10:35:06 -0400] "GET /%E4%BD%99%E5%83%8Fjiuyi%E4%BF%B1%E6%84%8F%E7%BF%BB%E4%BF%AE%E8%A8%AD%E8%A8%88%E8%88%87%E5%AD%A4%E6%97%A8%EF%BC%9A%E5%82%B3%E7%B5%B1%E7%9A%84%E5%80%8B%E4%BA%BA%E7%99%BC%E6%98%8E/20260325/309140.jpg HTTP/1.1" 404 11311 "-" "ImageBot/1.0 (compatible; research crawler; +https://github.com/rom1504/img2dataset; opt-out: abuse.notification.dcomp12b@gmail.com;"
50.19.85.253 - - [11/Sep/2026:10:35:07 -0400] "GET /2023/11/27/%E3%80%90%E5%B0%8B%E5%8C%85%E9%A4%8A%E7%B6%B2vip%E6%99%AF%E6%B9%96%E5%8D%97%E3%80%91%E3%80%90%E5%BE%A9%E8%88%88%E6%9D%AF%E3%80%91%E8%AE%80%E4%BD%A0%E5%8D%83%E9%81%8D%E4%B8%8D%E5%8E%AD%E5%80%A6/110343oo0iup5yx0n5ixx0.jpg HTTP/1.1" 404 11311 "-" "ImageBot/1.0 (compatible; research crawler; +https://github.com/rom1504/img2dataset; opt-out: abuse.notification.dcomp12b@gmail.com;"
50.19.85.253 - - [11/Sep/2026:10:35:09 -0400] "GET /2024/01/18/%E5%86%B6%E9%87%91%EF%BC%8C%E6%88%91%E4%B8%80%E5%8C%85%E9%A4%8A%E5%8F%88%E9%9D%9C%E9%9D%9C%E5%9C%B0%E4%BE%86%E4%BA%86/235935qzkt7fg9k2gtt83g.jpg HTTP/1.1" 404 11311 "-" "ImageBot/1.0 (compatible; research crawler; +https://github.com/rom1504/img2dataset; opt-out: abuse.notification.dcomp12b@gmail.com;"
52.1.250.135 - - [11/Sep/2026:10:35:10 -0400] "GET /2024/03/09/%E5%AE%B6%E5%9C%92%E7%BE%8E%E4%B8%8D%E5%8B%95%E7%94%A2%E5%A6%82%E7%95%AB/111629bmswfesawzgnabyz.jpg HTTP/1.1" 404 11311 "-" "ImageBot/1.0 (compatible; research crawler; +https://github.com/rom1504/img2dataset; opt-out: abuse.notification.dcomp12b@gmail.com;"
169.1.145.186 - - [11/Sep/2026:10:35:12 -0400] "POST /xmlrpc.php HTTP/1.1" 403 1242 "-" "Jetpack by WordPress.com (Jetpack 13.0; WordPress 6.3)"
54.166.204.138 - - [11/Sep/2026:10:35:14 -0400] "GET /html/files/2022-07/07/20220707202744812461016.jpg HTTP/1.1" 404 11311 "-" "ImageBot/1.0 (compatible; research crawler; +https://github.com/rom1504/img2dataset; opt-out: abuse.notification.dcomp12b@gmail.com;"
3.234.103.5 - - [11/Sep/2026:10:35:14 -0400] "GET /upload/resources/image/2026/04/21/2779098_4096x10000.jpeg HTTP/1.1" 404 11311 "-" "ImageBot/1.0 (compatible; research crawler; +https://github.com/rom1504/img2dataset; opt-out: abuse.notification.dcomp12b@gmail.com;"
52.1.250.135 - - [11/Sep/2026:10:35:17 -0400] "GET /2024/03/11/%E8%90%AC%E5%85%AC%E9%87%8C%E8%B7%91%E8%80%85%E9%84%A7%E8%89%AF%E8%8F%AF%E8%B7%91%E5%87%BA%E5%9C%8B%E9%96%80%E5%8D%81%E5%A4%A9%E8%A8%98-2/212029afgtoyy0etbrs0ts.png HTTP/1.1" 404 11311 "-" "ImageBot/1.0 (compatible; research crawler; +https://github.com/rom1504/img2dataset; opt-out: abuse.notification.dcomp12b@gmail.com;"
52.23.26.158 - - [11/Sep/2026:10:35:23 -0400] "GET /2023/11/13/%E5%BE%AE%E9%8C%84%E5%83%8F%EF%BD%9C%E9%AB%94%E8%82%B2%E5%BC%B7%E5%8C%85%E9%A4%8A%E5%83%B9%E6%A0%BC%E5%89%87%E4%B8%AD%E5%9C%8B%E5%BC%B7-%E7%BF%92%E8%BF%91%E5%B9%B3%E7%9A%84%E9%AB%94/b982bdc9f3f04650a0a76b151a46fbe0.jpeg HTTP/1.1" 404 11311 "-" "ImageBot/1.0 (compatible; research crawler; +https://github.com/rom1504/img2dataset; opt-out: abuse.notification.dcomp12b@gmail.com;"
39.52.236.62 - - [11/Sep/2026:10:35:24 -0400] "POST /xmlrpc.php HTTP/1.1" 403 1242 "-" "WordPress.com; https://wordpress.com"
3.234.103.5 - - [11/Sep/2026:10:35:26 -0400] "GET /2024/03/08/%E6%93%8D%E5%A0%B4%E7%89%A9%E5%93%81%E6%93%BA%E6%94%BE%E5%83%8F%E5%87%BA%E6%93%8D%E5%88%97%E5%85%B5%EF%BC%8C%E6%A1%91%E6%A4%8D%E8%90%83%E8%8B%B1%E9%BB%8C%E4%B8%8D%E5%8B%95%E7%94%A2%E8%88%8D%E4%B9%9D/161627i4fcz9cf93lcn39h.jpg HTTP/1.1" 404 11311 "-" "ImageBot/1.0 (compatible; research crawler; +https://github.com/rom1504/img2dataset; opt-out: abuse.notification.dcomp12b@gmail.com;"
52.1.250.135 - - [11/Sep/2026:10:35:26 -0400] "GET /%E9%A6%AC%E4%B8%8A%E8%BF%8E%E6%96%B0%E5%89%B5%E6%84%8F%E4%B8%8D%E6%96%B7-%E9%A6%AC%E8%B8%8F%E7%A6%8F%E4%BE%86%E7%AB%8B%E5%88%BB%E9%83%BD%E4%BE%86/20260119/8602.png HTTP/1.1" 404 11311 "-" "ImageBot/1.0 (compatible; research crawler; +https://github.com/rom1504/img2dataset; opt-out: abuse.notification.dcomp12b@gmail.com;"
52.23.26.158 - - [11/Sep/2026:10:35:26 -0400] "GET /%E4%BA%BA%E4%B8%96%E6%8F%9B%E5%B1%8B%E9%A9%9A%E9%B4%BB%EF%BC%8C%E5%AE%A2%E5%98%86%E6%AD%B2%E6%9C%88%EF%BC%88%E4%B8%80%EF%BC%89/105354zvxx3vx9q6kj9mej.jpg HTTP/1.1" 404 11311 "-" "ImageBot/1.0 (compatible; research crawler; +https://github.com/rom1504/img2dataset; opt-out: abuse.notification.dcomp12b@gmail.com;"
3.234.103.5 - - [11/Sep/2026:10:35:27 -0400] "GET /%E9%82%B5%E9%99%BD%E6%88%BF%E5%83%B9%E6%80%AA%E8%B1%A1/195132xbptb023n3btbcsq.jpg HTTP/1.1" 404 11311 "-" "ImageBot/1.0 (compatible; research crawler; +https://github.com/rom1504/img2dataset; opt-out: abuse.notification.dcomp12b@gmail.com;"
50.19.85.253 - - [11/Sep/2026:10:35:27 -0400] "GET /upload/resources/image/2024/02/18/1787989_700x700.jpeg HTTP/1.1" 404 11311 "-" "ImageBot/1.0 (compatible; research crawler; +https://github.com/rom1504/img2dataset; opt-out: abuse.notification.dcomp12b@gmail.com;"
50.19.85.253 - - [11/Sep/2026:10:35:31 -0400] "GET /html/files/2022-02/25/20220225085217651190138.jpg HTTP/1.1" 404 11311 "-" "ImageBot/1.0 (compatible; research crawler; +https://github.com/rom1504/img2dataset; opt-out: abuse.notification.dcomp12b@gmail.com;"
50.19.85.253 - - [11/Sep/2026:10:35:31 -0400] "GET /2023/12/08/%E5%B9%B4%E5%A4%9C%E5%8C%85%E9%A4%8A%E7%B6%B2%E9%BB%83/112950mg14gng7vp4vob74.jpeg HTTP/1.1" 404 11311 "-" "ImageBot/1.0 (compatible; research crawler; +https://github.com/rom1504/img2dataset; opt-out: abuse.notification.dcomp12b@gmail.com;"
3.234.103.5 - - [11/Sep/2026:10:35:34 -0400] "GET /upload/resources/image/2024/01/19/1731783_4096x10000.jpeg HTTP/1.1" 404 11311 "-" "ImageBot/1.0 (compatible; research crawler; +https://github.com/rom1504/img2dataset; opt-out: abuse.notification.dcomp12b@gmail.com;"
52.23.26.158 - - [11/Sep/2026:10:35:34 -0400] "GET /2023/09/05/%E5%99%B4%E5%8C%85%E9%A4%8A%E7%B6%B2%E9%BC%BB%E7%AB%BD/093951qdvl9zummdezoeov.jpg HTTP/1.1" 404 11311 "-" "ImageBot/1.0 (compatible; research crawler; +https://github.com/rom1504/img2dataset; opt-out: abuse.notification.dcomp12b@gmail.com;"
52.1.250.135 - - [11/Sep/2026:10:35:35 -0400] "GET /upload/resources/image/2024/02/18/1787879.jpg?r=1708220170431 HTTP/1.1" 404 11311 "-" "ImageBot/1.0 (compatible; research crawler; +https://github.com/rom1504/img2dataset; opt-out: abuse.notification.dcomp12b@gmail.com;"
50.19.85.253 - - [11/Sep/2026:10:35:35 -0400] "GET /2024/04/01/%E3%80%90%E5%9B%9E%E7%9C%B82023%E3%80%91%E6%B9%96%E5%8D%97%E4%B9%9D%E6%BE%A7%E5%90%8D%E6%A8%93-%E7%99%BE%E5%A4%A7%E5%93%A5%E5%BA%97%E6%B4%A5%E5%B8%82%E7%9C%8B%E6%B1%9F%E6%A8%93%E6%96%B0%E5%BA%97/211222yftf3zodeox8hkoo.jpg HTTP/1.1" 404 11311 "-" "ImageBot/1.0 (compatible; research crawler; +https://github.com/rom1504/img2dataset; opt-out: abuse.notification.dcomp12b@gmail.com;"
169.1.145.186 - - [11/Sep/2026:10:35:37 -0400] "POST /xmlrpc.php HTTP/1.1" 403 1242 "-" "Jetpack/12.0; WordPress/6.3; http://site71940326.com"
54.166.204.138 - - [11/Sep/2026:10:35:37 -0400] "GET /2024/03/29/%E5%8F%B0%E4%B8%AD-%E7%A4%BE%E5%8D%80%E6%99%82%E9%9A%94%E5%A4%9A%E5%B9%B4%E6%B8%B8%E5%8D%97%E5%B2%B3%E8%A1%A1%E5%B1%B1/165104d2l95xb53u3zitr9.jpg HTTP/1.1" 404 11311 "-" "ImageBot/1.0 (compatible; research crawler; +https://github.com/rom1504/img2dataset; opt-out: abuse.notification.dcomp12b@gmail.com;"
50.19.85.253 - - [11/Sep/2026:10:35:37 -0400] "GET /%E5%9C%A8%E6%98%A5%E6%99%9A%E5%BD%A9%E6%8E%92%E6%9C%9F%E9%96%93%E5%90%91%E7%B2%89%E7%B5%B2%E4%B8%89%E9%9E%A0%E8%BA%AC%E5%BC%95%E7%86%B1%E8%AD%B0%EF%BC%8C%E6%A2%81%E5%AE%B6%E8%BC%9D%E5%9B%9E%E6%87%89/20260224/115708.jpg HTTP/1.1" 404 11311 "-" "ImageBot/1.0 (compatible; research crawler; +https://github.com/rom1504/img2dataset; opt-out: abuse.notification.dcomp12b@gmail.com;"
52.23.26.158 - - [11/Sep/2026:10:35:38 -0400] "GET /2024/01/18/%E5%86%B6%E9%87%91%EF%BC%8C%E6%88%91%E4%B8%80%E5%8C%85%E9%A4%8A%E5%8F%88%E9%9D%9C%E9%9D%9C%E5%9C%B0%E4%BE%86%E4%BA%86/233128byf3373mfzncqn2f.jpg HTTP/1.1" 404 11311 "-" "ImageBot/1.0 (compatible; research crawler; +https://github.com/rom1504/img2dataset; opt-out: abuse.notification.dcomp12b@gmail.com;"
54.166.204.138 - - [11/Sep/2026:10:35:41 -0400] "GET /2024/07/25/%E8%BE%B2%E6%A5%AD%E9%84%89%E6%9D%91%E9%83%A8%EF%BC%9A%E5%85%A8%E5%8A%9B%E6%8E%A8%E5%8B%95%E9%AB%98%E7%A8%8B%E5%BA%A6%E8%BE%B2%E6%A5%AD%E7%94%9C%E5%BF%83%E6%89%BE%E5%8C%85%E9%A4%8A%E7%B6%B2%E7%A7%91/618b2d19fab24b9ebec75a7995226611/images/0f125e01dc174e369a4be3d2d8e4cda1.png HTTP/1.1" 404 11311 "-" "ImageBot/1.0 (compatible; research crawler; +https://github.com/rom1504/img2dataset; opt-out: abuse.notification.dcomp12b@gmail.com;"
54.166.204.138 - - [11/Sep/2026:10:35:45 -0400] "GET /upload/resources/image/2025/12/02/2650256_4096x10000.jpeg HTTP/1.1" 404 11311 "-" "ImageBot/1.0 (compatible; research crawler; +https://github.com/rom1504/img2dataset; opt-out: abuse.notification.dcomp12b@gmail.com;"
52.23.26.158 - - [11/Sep/2026:10:35:45 -0400] "GET /%E6%96%B0osder%E5%A5%A7%E6%96%AF%E5%BE%B7%E9%9B%B6%E4%BB%B6%E5%95%86%E6%98%A5%E8%B5%B0%E5%9F%BA%E5%B1%A4%E4%B8%A8%E5%81%87%E5%A6%82%E9%BB%9E%E4%BA%86%E7%BE%8E%E5%BC%8F%E5%8D%BB%E4%BE%86/20260303/166388.jpg HTTP/1.1" 404 11311 "-" "ImageBot/1.0 (compatible; research crawler; +https://github.com/rom1504/img2dataset; opt-out: abuse.notification.dcomp12b@gmail.com;"
54.166.204.138 - - [11/Sep/2026:10:35:46 -0400] "GET /upload/resources/image/2026/04/26/2783937_4096x10000.jpeg HTTP/1.1" 404 11311 "-" "ImageBot/1.0 (compatible; research crawler; +https://github.com/rom1504/img2dataset; opt-out: abuse.notification.dcomp12b@gmail.com;"
52.1.250.135 - - [11/Sep/2026:10:35:46 -0400] "GET /2023/11/01/%E8%AA%B0%E7%82%BA%E6%B5%99%E6%B1%9F%E5%9C%8B%E7%A5%A5ipo%E6%92%90%E8%85%B0%EF%BC%9F%E8%A5%BF%E6%96%B9%E8%AD%89%E5%88%B8%E6%94%AC1-85%E5%84%84%E5%8C%85%E9%A4%8A%E5%83%B9%E6%A0%BC/2583a79a16644ccd8c5fc9addff90a55.jpeg HTTP/1.1" 404 11311 "-" "ImageBot/1.0 (compatible; research crawler; +https://github.com/rom1504/img2dataset; opt-out: abuse.notification.dcomp12b@gmail.com;"
39.52.236.62 - - [11/Sep/2026:10:35:46 -0400] "POST /xmlrpc.php HTTP/1.1" 403 1242 "-" "Jetpack/12.5; WordPress/6.4; http://site92310719.com"
54.166.204.138 - - [11/Sep/2026:10:35:47 -0400] "GET /%E6%99%A8%E5%AE%89%E4%B8%96%E7%95%8C%E4%B8%A8osder%E5%A5%A7%E6%96%AF%E5%BE%B7%E6%B1%BD%E8%BB%8A%E9%9B%B6%E4%BB%B6%E4%BF%84%E7%BE%85%E6%96%AF%E5%BC%B7%E7%A1%AC%E8%A1%A8%E6%85%8B%EF%BC%9A%E6%B8%85/20260501/579963.jpg HTTP/1.1" 404 11311 "-" "ImageBot/1.0 (compatible; research crawler; +https://github.com/rom1504/img2dataset; opt-out: abuse.notification.dcomp12b@gmail.com;"
50.19.85.253 - - [11/Sep/2026:10:35:51 -0400] "GET /2023/08/02/%E3%80%90%E5%BE%A9%E5%8C%85%E9%A4%8A%E7%B6%B2%E7%AB%99%E8%88%88%E6%9D%AF%E3%80%91%E8%AC%9D%E6%9B%99%E7%B4%85%EF%BD%9C%E6%82%A0%E6%82%A0%E5%9F%8E%E6%AD%A5%E6%83%85/094105akk7f8zjymg7ty8k.jpg HTTP/1.1" 404 11311 "-" "ImageBot/1.0 (compatible; research crawler; +https://github.com/rom1504/img2dataset; opt-out: abuse.notification.dcomp12b@gmail.com;"
3.234.103.5 - - [11/Sep/2026:10:35:56 -0400] "GET /2024/03/29/%E5%A5%BD%E5%A5%BD%E5%90%83%E9%A3%AF%EF%BC%8C%E7%B1%B3%E5%A4%AB%E7%A4%BE%E5%8D%80%E5%A4%A7%E6%A8%93%E9%82%80%E6%82%A8%E5%85%B1%E4%BA%AB%E7%BE%8E%E5%A6%99%E9%A3%9F%E5%85%89/112035x00gj0h00j10p0pu.jpg HTTP/1.1" 404 11311 "-" "ImageBot/1.0 (compatible; research crawler; +https://github.com/rom1504/img2dataset; opt-out: abuse.notification.dcomp12b@gmail.com;"
3.234.103.5 - - [11/Sep/2026:10:35:58 -0400] "GET /upload/resources/image/2026/02/09/2715637.jpeg HTTP/1.1" 404 11311 "-" "ImageBot/1.0 (compatible; research crawler; +https://github.com/rom1504/img2dataset; opt-out: abuse.notification.dcomp12b@gmail.com;"
3.234.103.5 - - [11/Sep/2026:10:36:04 -0400] "GET /2024/03/04/%E8%90%AC%E5%85%AC%E9%87%8C%E8%B7%91%E8%80%85%E9%84%A7%E8%89%AF%E8%8F%AF%E8%B7%91%E5%87%BA%E5%9C%8B%E9%96%80%E6%96%B0%E5%8C%97%E6%88%BF%E7%94%A2%E5%8D%81%E5%A4%A9%E8%A8%98/212608ovpprziv7e56rn7l.jpg HTTP/1.1" 404 11311 "-" "ImageBot/1.0 (compatible; research crawler; +https://github.com/rom1504/img2dataset; opt-out: abuse.notification.dcomp12b@gmail.com;"
54.166.204.138 - - [11/Sep/2026:10:36:05 -0400] "GET /2024/03/13/%E4%B8%80%E4%BD%8D%E5%9D%90%E5%8F%B0%E4%B8%AD-%E7%A4%BE%E5%8D%80%E5%A4%A7%E5%BB%88%E6%9D%9F%E7%B8%9B%E7%89%8C%E8%B2%A8%E8%BB%8A%E6%96%B0%E5%A8%98%E7%9A%84%E5%AF%86%E6%84%8F%E5%9B%9E%E7%9C%B8%EF%BC%88/094842hdqewx1hqgw1z1e8.jpg HTTP/1.1" 404 11311 "-" "ImageBot/1.0 (compatible; research crawler; +https://github.com/rom1504/img2dataset; opt-out: abuse.notification.dcomp12b@gmail.com;"
54.166.204.138 - - [11/Sep/2026:10:36:06 -0400] "GET /upload/resources/image/2023/11/28/1639483_4096x10000.jpeg HTTP/1.1" 404 11311 "-" "ImageBot/1.0 (compatible; research crawler; +https://github.com/rom1504/img2dataset; opt-out: abuse.notification.dcomp12b@gmail.com;"
50.19.85.253 - - [11/Sep/2026:10:36:06 -0400] "GET /2024/03/14/%E4%B8%80%E4%BD%8D%E5%9D%90%E6%9D%9F%E7%B8%9B%E7%89%8C%E8%B2%A8%E8%BB%8A%E6%96%B0%E5%A8%98%E7%9A%84%E5%AF%86%E6%84%8F%E5%9B%9E%E7%9C%B8%EF%BC%88%E6%95%A3%E6%96%87%EF%BC%89/101634wnl4dpdw4pnznww3.jpg HTTP/1.1" 404 11311 "-" "ImageBot/1.0 (compatible; research crawler; +https://github.com/rom1504/img2dataset; opt-out: abuse.notification.dcomp12b@gmail.com;"
39.52.236.62 - - [11/Sep/2026:10:36:08 -0400] "POST /xmlrpc.php HTTP/1.1" 403 1242 "-" "WordPress.com; https://wordpress.com"
3.234.103.5 - - [11/Sep/2026:10:36:08 -0400] "GET /wp-content/themes/twentytwentyfour/assets/images/building-exterior.webp HTTP/1.1" 200 199724 "-" "ImageBot/1.0 (compatible; research crawler; +https://github.com/rom1504/img2dataset; opt-out: abuse.notification.dcomp12b@gmail.com;"
3.234.103.5 - - [11/Sep/2026:10:36:08 -0400] "GET /%E6%96%B0%E7%96%86%EF%BC%9A%E5%96%AC%E3%80%81%E7%81%8C%E3%80%81%E8%97%A5%E7%AB%8B%E9%AB%94%E7%B9%94%E5%AF%86%E7%B6%A0osder%E5%A5%A7%E6%96%AF%E5%BE%B7%E5%8F%B0%E5%8C%97%E6%B1%BD/20260418/481764.jpg HTTP/1.1" 404 11311 "-" "ImageBot/1.0 (compatible; research crawler; +https://github.com/rom1504/img2dataset; opt-out: abuse.notification.dcomp12b@gmail.com;"
52.1.250.135 - - [11/Sep/2026:10:36:10 -0400] "GET /upload/resources/image/2026/03/26/2755947.jpg HTTP/1.1" 404 11311 "-" "ImageBot/1.0 (compatible; research crawler; +https://github.com/rom1504/img2dataset; opt-out: abuse.notification.dcomp12b@gmail.com;"
54.166.204.138 - - [11/Sep/2026:10:36:10 -0400] "GET /%E4%B8%80%E4%BD%8D%E5%9D%90%E6%9D%9F%E7%B8%9B%E7%89%8C%E4%B8%8D%E5%8B%95%E7%94%A2%E8%B2%A8%E8%BB%8A%E6%96%B0%E5%A8%98%E7%9A%84%E5%AF%86%E6%84%8F%E5%9B%9E%E7%9C%B8%EF%BC%88%E6%95%A3%E6%96%87%EF%BC%89/103403krge49i47ryk9e4g.jpg HTTP/1.1" 404 11311 "-" "ImageBot/1.0 (compatible; research crawler; +https://github.com/rom1504/img2dataset; opt-out: abuse.notification.dcomp12b@gmail.com;"
3.234.103.5 - - [11/Sep/2026:10:36:12 -0400] "GET /upload/resources/image/2024/02/08/1774212_4096x50000.png HTTP/1.1" 404 11311 "-" "ImageBot/1.0 (compatible; research crawler; +https://github.com/rom1504/img2dataset; opt-out: abuse.notification.dcomp12b@gmail.com;"
52.23.26.158 - - [11/Sep/2026:10:36:12 -0400] "GET /%E4%B8%80%E4%BD%8D%E5%9D%90%E5%8F%B0%E4%B8%AD-%E7%A4%BE%E5%8D%80%E5%A4%A7%E5%BB%88%E6%9D%9F%E7%B8%9B%E7%89%8C%E8%B2%A8%E8%BB%8A%E6%96%B0%E5%A8%98%E7%9A%84%E5%AF%86%E6%84%8F%E5%9B%9E%E7%9C%B8%EF%BC%88/094900oxl6luxi6midma7c.jpg HTTP/1.1" 404 11311 "-" "ImageBot/1.0 (compatible; research crawler; +https://github.com/rom1504/img2dataset; opt-out: abuse.notification.dcomp12b@gmail.com;"
169.1.145.186 - - [11/Sep/2026:10:36:12 -0400] "POST /xmlrpc.php HTTP/1.1" 403 1242 "-" "WordPress.com; https://wordpress.com"
50.19.85.253 - - [11/Sep/2026:10:36:13 -0400] "GET /upload/resources/image/2026/03/05/2736999_4096x10000.png HTTP/1.1" 404 11311 "-" "ImageBot/1.0 (compatible; research crawler; +https://github.com/rom1504/img2dataset; opt-out: abuse.notification.dcomp12b@gmail.com;"
54.166.204.138 - - [11/Sep/2026:10:36:14 -0400] "GET /%E4%B8%80%E4%BD%8D%E5%9D%90%E6%9D%9F%E7%B8%9B%E7%89%8C%E8%B2%A8%E8%BB%8A%E6%96%B0%E5%A8%98%E7%9A%84%E5%AF%86%E6%84%8F%E5%9B%9E%E7%9C%B8%EF%BC%88%E6%95%A3%E6%96%87%EF%BC%89-2/103312e839r3mp00smmph3.jpg HTTP/1.1" 404 11311 "-" "ImageBot/1.0 (compatible; research crawler; +https://github.com/rom1504/img2dataset; opt-out: abuse.notification.dcomp12b@gmail.com;"
52.23.26.158 - - [11/Sep/2026:10:36:15 -0400] "GET /2023/12/08/%E9%BC%8E%E5%9F%8E%E5%8D%80%E4%BA%BA%E5%B9%B4%E5%A4%9C%E5%B8%B8%E5%A7%94%E6%9C%83%E6%A9%9F%E9%97%9C%E9%97%9C%E5%B7%A5%E5%A7%94%E8%AA%BF%E7%A0%94%E6%A9%8B%E5%8D%97%E4%B9%9D%E5%AE%AE%E6%A0%BC%E7%A7%81/230011p1qrzgiiei0s6587.png HTTP/1.1" 404 11311 "-" "ImageBot/1.0 (compatible; research crawler; +https://github.com/rom1504/img2dataset; opt-out: abuse.notification.dcomp12b@gmail.com;"
54.166.204.138 - - [11/Sep/2026:10:36:16 -0400] "GET /2023/11/11/%E5%8E%9F%E5%89%B5-%E8%A2%AB%E4%BB%A5%E8%89%B2%E5%88%97%E5%B0%81%E9%96%89%E7%9A%84%E5%8A%A0%E6%B2%99%E5%9C%B0%E5%B8%B6%EF%BC%9A%E7%94%A8%E6%B0%B4%E7%94%A8%E9%9B%BB%E9%9D%A0%E6%96%BD/599e73d8972a4c01971a45d851e70f50.png HTTP/1.1" 404 11311 "-" "ImageBot/1.0 (compatible; research crawler; +https://github.com/rom1504/img2dataset; opt-out: abuse.notification.dcomp12b@gmail.com;"
54.166.204.138 - - [11/Sep/2026:10:36:17 -0400] "GET /2024/03/17/%E4%B8%80%E4%BD%8D%E5%9D%90%E6%9D%9F%E7%B8%9B%E7%89%8C%E4%B8%8D%E5%8B%95%E7%94%A2%E8%B2%A8%E8%BB%8A%E6%96%B0%E5%A8%98%E7%9A%84%E5%AF%86%E6%84%8F%E5%9B%9E%E7%9C%B8%EF%BC%88%E6%95%A3%E6%96%87%EF%BC%89/103439j4xw4j842617ntg8.jpg HTTP/1.1" 404 11311 "-" "ImageBot/1.0 (compatible; research crawler; +https://github.com/rom1504/img2dataset; opt-out: abuse.notification.dcomp12b@gmail.com;"
39.52.236.62 - - [11/Sep/2026:10:36:18 -0400] "POST /xmlrpc.php HTTP/1.1" 403 1242 "-" "Jetpack by WordPress.com (Jetpack 12.1; WordPress 6.4)"
52.1.250.135 - - [11/Sep/2026:10:36:19 -0400] "GET /upload/resources/image/2026/02/16/2722722_4096x10000.jpeg HTTP/1.1" 404 11311 "-" "ImageBot/1.0 (compatible; research crawler; +https://github.com/rom1504/img2dataset; opt-out: abuse.notification.dcomp12b@gmail.com;"
52.23.26.158 - - [11/Sep/2026:10:36:19 -0400] "GET /2024/03/23/%E9%87%87%E9%A2%A8%E5%BE%80%E5%93%AA%E9%87%8C%EF%BC%9F%E5%BE%80%E7%9B%8A%E9%99%BD%EF%BC%8C%E4%B8%80%E8%B7%AF%E5%BE%80%E5%87%9D%E8%81%BD%E6%84%9B%E5%B1%8B%E7%81%A3%E5%AD%B8%E9%9C%B8%E6%9D%91-3/142645ggc5xg55ss76utsx.jpg HTTP/1.1" 404 11311 "-" "ImageBot/1.0 (compatible; research crawler; +https://github.com/rom1504/img2dataset; opt-out: abuse.notification.dcomp12b@gmail.com;"
52.23.26.158 - - [11/Sep/2026:10:36:19 -0400] "GET /2024/03/04/%E8%B3%BC%E5%B1%8B%EF%BC%882021-2035%E5%B9%B4%EF%BC%89%E9%80%99%E5%BC%B5%E9%95%B7%E6%B2%99%E5%9C%B0%E9%90%B5%E6%96%B0%E8%A8%88%E5%8A%83%E5%9C%96%E5%B0%B1%E6%98%AF%E5%B0%87%E4%BE%86%E7%9A%84%E6%98%9F/093456lvggewemge9w9emm.jpg HTTP/1.1" 404 11311 "-" "ImageBot/1.0 (compatible; research crawler; +https://github.com/rom1504/img2dataset; opt-out: abuse.notification.dcomp12b@gmail.com;"
114.119.139.118 - - [11/Sep/2026:10:36:20 -0400] "GET /%e5%9c%a8%e5%8d%97%e4%ba%ac%e5%8c%97%e7%ab%99%e8%a7%b8%e6%91%b8%e6%99%ba%e7%b6%a0%e5%8f%b0%e5%8c%85%e9%a4%8a%e8%84%88%e6%90%8f/ HTTP/1.1" 200 27691 "https://big-wife.com.tw/2026/06/page/17/" "Mozilla/5.0 (Linux; Android 7.0;) AppleWebKit/537.36 (HTML, like Gecko) Mobile Safari/537.36 (compatible; PetalBot;+https://webmaster.petalsearch.com/site/petalbot)"
185.191.171.15 - - [11/Sep/2026:10:36:21 -0400] "GET /%E5%9F%B7%E5%8B%A4%E8%BC%94%E8%AD%A6%E4%B8%AD%E6%9A%91%E6%9A%88%E5%84%84%E5%B5%90%E5%B7%A5%E5%AD%B8%E6%A4%85%E5%80%922%E6%AC%A1%E4%B8%96%E4%BA%BA%E7%86%B1%E5%BF%83%E5%AE%88%E8%AD%B7-3/ HTTP/1.1" 403 1242 "-" "Mozilla/5.0 (compatible; SemrushBot/7~bl; +http://www.semrush.com/bot.html)"
54.166.204.138 - - [11/Sep/2026:10:36:22 -0400] "GET /2023/12/13/%E5%B9%B4%E5%A4%9Cs%E8%A2%AB%E6%B1%AA%E5%B0%8F%E8%8F%B2%E6%89%87%E8%80%B3%E5%85%89%EF%BC%9F%E5%B0%8Fs%E9%82%A3%E8%8B%B1%E4%BA%92%E5%97%86%EF%BC%9F%E7%8E%8B%E6%80%9D%E8%81%B0%E9%9A%94%E7%A9%BA%E9%96%8B/14273104bfc8e72747aa18.jpg HTTP/1.1" 404 11311 "-" "ImageBot/1.0 (compatible; research crawler; +https://github.com/rom1504/img2dataset; opt-out: abuse.notification.dcomp12b@gmail.com;"
54.166.204.138 - - [11/Sep/2026:10:36:24 -0400] "GET /2024/03/08/2023%E5%B9%B4%E6%B4%AA%E6%B1%9F%E7%AD%96%E5%8A%83%E7%B8%A3%E5%9F%8E%E6%95%99%E6%88%BF%E7%94%A2%E6%8A%95%E8%B3%87%E5%B0%8E%E5%BE%A9%E8%88%88/230108ydslsbriwirdrzbi.jpg HTTP/1.1" 404 11311 "-" "ImageBot/1.0 (compatible; research crawler; +https://github.com/rom1504/img2dataset; opt-out: abuse.notification.dcomp12b@gmail.com;"
39.52.236.62 - - [11/Sep/2026:10:36:27 -0400] "POST /xmlrpc.php HTTP/1.1" 403 1242 "-" "Jetpack by WordPress.com"
3.234.103.5 - - [11/Sep/2026:10:36:28 -0400] "GET /upload/resources/image/2024/09/04/2082009_4096x10000.jpeg HTTP/1.1" 404 11311 "-" "ImageBot/1.0 (compatible; research crawler; +https://github.com/rom1504/img2dataset; opt-out: abuse.notification.dcomp12b@gmail.com;"
54.166.204.138 - - [11/Sep/2026:10:36:29 -0400] "GET /2024/03/11/%E8%90%AC%E5%85%AC%E9%87%8C%E8%B7%91%E8%80%85%E9%84%A7%E8%89%AF%E8%8F%AF%E8%B7%91%E5%87%BA%E5%9C%8B%E9%96%80%E5%8D%81%E5%A4%A9%E8%A8%98-2/212043q79a334x25zzx321.jpg HTTP/1.1" 404 11311 "-" "ImageBot/1.0 (compatible; research crawler; +https://github.com/rom1504/img2dataset; opt-out: abuse.notification.dcomp12b@gmail.com;"
14.116.239.96 - - [11/Sep/2026:10:36:29 -0400] "GET /%e5%a5%ae%e6%96%97%c2%b7%e5%9c%a8%e7%bf%92%e8%bf%91%e5%b9%b3%e7%b8%bd%e6%9b%b8%e8%a8%98%e4%b8%bb%e8%a6%81%e8%ac%9b%e8%a9%b1%e5%b0%88%e5%8c%85%e9%a4%8a%e5%83%b9%e6%a0%bc%e7%b2%be%e5%8a%9b%e6%8c%87 HTTP/1.1" 301 0 "-" "Mozilla/5.0 (Windows NT 10.0; Win64; x64) AppleWebKit/537.36 (KHTML, like Gecko) Chrome/116.0.0.0 Safari/537.36"
112.90.2.145 - - [11/Sep/2026:10:36:31 -0400] "GET /%e5%a5%ae%e6%96%97%c2%b7%e5%9c%a8%e7%bf%92%e8%bf%91%e5%b9%b3%e7%b8%bd%e6%9b%b8%e8%a8%98%e4%b8%bb%e8%a6%81%e8%ac%9b%e8%a9%b1%e5%b0%88%e5%8c%85%e9%a4%8a%e5%83%b9%e6%a0%bc%e7%b2%be%e5%8a%9b%e6%8c%87/ HTTP/1.1" 200 27293 "-" "Mozilla/5.0 (Windows NT 10.0; Win64; x64) AppleWebKit/537.36 (KHTML, like Gecko) Chrome/116.0.0.0 Safari/537.36"
185.191.171.2 - - [11/Sep/2026:10:36:32 -0400] "GET /%E6%BE%B3%E9%96%80%E7%86%8A%E8%B2%93%E7%94%9F%E6%85%8B%E6%A8%99osder%E5%A5%A7%E6%96%AF%E5%BE%B7%E6%B1%BD%E8%BB%8A%E6%9D%90%E6%96%99%E5%BF%97%E5%9C%A8%E5%BB%A3%E5%B7%9E%E8%8D%94%E7%81%A3%E6%AD%A3/ HTTP/1.1" 403 1242 "-" "Mozilla/5.0 (compatible; SemrushBot/7~bl; +http://www.semrush.com/bot.html)"
185.170.167.18 - - [11/Sep/2026:10:36:32 -0400] "GET /%E5%9F%B7%E5%8B%A4%E8%BC%94%E8%AD%A6%E4%B8%AD%E6%9A%91%E6%9A%88%E5%84%84%E5%B5%90%E5%B7%A5%E5%AD%B8%E6%A4%85%E5%80%922%E6%AC%A1%E4%B8%96%E4%BA%BA%E7%86%B1%E5%BF%83%E5%AE%88%E8%AD%B7-3/ HTTP/1.1" 200 17531 "-" "Mozilla/5.0 (compatible; BacklinksExtendedBot)"
50.19.85.253 - - [11/Sep/2026:10:36:32 -0400] "GET /2024/03/09/%E8%A1%97%E6%8B%8D-%E5%86%AC%E9%9C%A7%E7%A4%BE%E5%8D%80%E6%BF%83%E7%BD%A9%E5%AE%89%E9%84%89%E5%9F%8E/125805hlwrztauuw2kdkcl.jpg HTTP/1.1" 404 11311 "-" "ImageBot/1.0 (compatible; research crawler; +https://github.com/rom1504/img2dataset; opt-out: abuse.notification.dcomp12b@gmail.com;"
52.23.26.158 - - [11/Sep/2026:10:36:34 -0400] "GET /upload/resources/image/2024/07/02/1998930_4096x10000.jpeg HTTP/1.1" 404 11311 "-" "ImageBot/1.0 (compatible; research crawler; +https://github.com/rom1504/img2dataset; opt-out: abuse.notification.dcomp12b@gmail.com;"
54.166.204.138 - - [11/Sep/2026:10:36:34 -0400] "GET /2023/11/26/%E4%B8%80%E5%90%8D%E9%AB%98%E5%8C%85%E9%A4%8A%E7%B6%B2%E5%96%AE%E6%AC%A1%E6%A0%A1%E6%95%99%E5%93%A1%E7%B4%9B%E6%AD%A7%E6%A8%A3%E7%9A%84%E5%AF%92%E5%81%87%E7%94%9F%E6%B6%AF/221529sx9ceeesz6szry96.jpg HTTP/1.1" 404 11311 "-" "ImageBot/1.0 (compatible; research crawler; +https://github.com/rom1504/img2dataset; opt-out: abuse.notification.dcomp12b@gmail.com;"
52.23.26.158 - - [11/Sep/2026:10:36:35 -0400] "GET /upload/resources/image/2026/03/03/2734388_4096x10000.jpeg HTTP/1.1" 404 11311 "-" "ImageBot/1.0 (compatible; research crawler; +https://github.com/rom1504/img2dataset; opt-out: abuse.notification.dcomp12b@gmail.com;"
3.234.103.5 - - [11/Sep/2026:10:36:37 -0400] "GET /upload/resources/image/2026/01/14/2690481_4096x10000.jpeg HTTP/1.1" 404 11311 "-" "ImageBot/1.0 (compatible; research crawler; +https://github.com/rom1504/img2dataset; opt-out: abuse.notification.dcomp12b@gmail.com;"
52.23.26.158 - - [11/Sep/2026:10:36:38 -0400] "GET /%E7%89%B9%E5%AF%AB%EF%BD%9C%E4%BD%A0%E5%A5%BD%EF%BC%8C%E8%AB%96%E5%A3%87%E7%8F%BE%E5%9C%A8%E5%8F%AA%E5%87%BA%E4%B8%8D%E9%80%B2%E4%BA%86jiuyi%E4%BF%B1%E6%84%8F%E8%A8%BA%E6%89%80%E8%A8%AD/20260418/485512.jpg HTTP/1.1" 404 11311 "-" "ImageBot/1.0 (compatible; research crawler; +https://github.com/rom1504/img2dataset; opt-out: abuse.notification.dcomp12b@gmail.com;"
3.234.103.5 - - [11/Sep/2026:10:36:39 -0400] "GET /%E6%B9%98%E6%BD%AD%E5%B8%82%E4%BA%A4%E8%AD%A6%E6%94%AF%E9%9A%8A%EF%BC%9A%E5%9F%8E%E5%8D%80%E9%80%94%E5%BE%91%E5%8A%83%E7%B7%9A%E4%B8%8D%E5%8B%95%E7%94%A2%E6%B3%8A%E8%BB%8A%E6%9C%89%E4%BA%9B%E9%A1%8C/153636h4p83uu3d7u454n8.png HTTP/1.1" 404 11311 "-" "ImageBot/1.0 (compatible; research crawler; +https://github.com/rom1504/img2dataset; opt-out: abuse.notification.dcomp12b@gmail.com;"
50.19.85.253 - - [11/Sep/2026:10:36:41 -0400] "GET /2023/11/17/%E6%A0%AA%E6%B4%B2-%E8%98%86%E6%B7%9E-%E8%B3%80%E5%AE%B6%E5%9C%9F%E8%A1%97%E9%81%93-%E9%95%B7%E5%A1%98%E7%81%A3%E7%A4%BE%E5%8D%80%E6%96%B0%E6%99%82%E6%9C%9F%E4%B9%9D%E5%AE%AE%E6%A0%BC%E8%81%9A/190658zxlxefpx0qkcrd7l.jpg HTTP/1.1" 404 11311 "-" "ImageBot/1.0 (compatible; research crawler; +https://github.com/rom1504/img2dataset; opt-out: abuse.notification.dcomp12b@gmail.com;"
169.1.145.186 - - [11/Sep/2026:10:36:44 -0400] "POST /xmlrpc.php HTTP/1.1" 403 1242 "-" "Jetpack by WordPress.com (Jetpack 13.0; WordPress 6.2)"
3.234.103.5 - - [11/Sep/2026:10:36:44 -0400] "GET /%E7%B2%B5ba%E9%96%8Bosder%E5%A5%A7%E6%96%AF%E5%BE%B7%E9%9B%B6%E4%BB%B6%E5%A0%B1%E5%83%B9%E5%B9%95%E6%88%B0%E7%90%83%E8%BF%B7%E7%9B%B4%E6%93%8A%EF%BC%9A%E7%B4%B0%E9%9B%A8%E9%9B%A3%E6%93%8B%E7%86%B1/20260321/275602.jpg HTTP/1.1" 404 11311 "-" "ImageBot/1.0 (compatible; research crawler; +https://github.com/rom1504/img2dataset; opt-out: abuse.notification.dcomp12b@gmail.com;"
85.208.96.206 - - [11/Sep/2026:10:36:45 -0400] "GET /%E6%A8%82%E5%AE%89%E5%BA%B7%EF%BD%9C%E5%A4%8F%E7%A7%8B%E4%B9%8B%E4%BA%A4%E7%81%AB%E6%B0%A3%E5%A4%AA%E6%97%BA%E6%80%8E%E4%B9%88%E8%BE%A6%EF%BC%9F%E7%AB%8B%E7%A7%8B%E6%94%9D%E7%94%9F-41/ HTTP/1.1" 403 1242 "-" "Mozilla/5.0 (compatible; SemrushBot/7~bl; +http://www.semrush.com/bot.html)"
124.238.97.204 - - [11/Sep/2026:10:36:48 -0400] "GET /%e8%a8%98%e8%80%85%e6%89%8b%e8%a8%98%e4%b8%a8%e7%94%a8%e6%88%b0%e6%96%97%e7%b2%be%e5%8a%9b%e5%92%8c%e9%80%a3%e5%90%88%e5%9b%9e%e6%87%89%e8%a6%81%e6%8c%be-%e8%a8%98/ HTTP/1.1" 200 20238 "-" "Mozilla/5.0 (Macintosh; Intel Mac OS X 15_0_1) AppleWebKit/537.36 (KHTML, like Gecko) Chrome/130.0.6723.116 Safari/537.36"
54.166.204.138 - - [11/Sep/2026:10:36:49 -0400] "GET /2023/08/09/%E5%8C%85%E9%A4%8A%E7%B6%93%E9%A9%97/193859ivimctibmm16m6bt.jpg HTTP/1.1" 404 11311 "-" "ImageBot/1.0 (compatible; research crawler; +https://github.com/rom1504/img2dataset; opt-out: abuse.notification.dcomp12b@gmail.com;"
3.234.103.5 - - [11/Sep/2026:10:36:52 -0400] "GET /upload/resources/image/2026/04/19/2777311.jpg HTTP/1.1" 404 11311 "-" "ImageBot/1.0 (compatible; research crawler; +https://github.com/rom1504/img2dataset; opt-out: abuse.notification.dcomp12b@gmail.com;"
52.23.26.158 - - [11/Sep/2026:10:36:52 -0400] "GET /2023/09/28/%E5%BF%BD%E5%8C%85%E9%A4%8A%E7%B6%93%E9%A9%97%E7%84%B6%EF%BC%8C%E5%B4%A9%E7%9E%AD%EF%BC%81/099b34c07f0d4c6eb1c92fb13ce3ce47.png HTTP/1.1" 404 11311 "-" "ImageBot/1.0 (compatible; research crawler; +https://github.com/rom1504/img2dataset; opt-out: abuse.notification.dcomp12b@gmail.com;"
52.23.26.158 - - [11/Sep/2026:10:36:53 -0400] "GET /2024/03/12/%E9%83%AD%E5%B9%B2%E8%BC%9D%EF%BD%9C%E5%AE%B6%E6%95%99%E6%97%A5%E8%AA%8C%EF%BC%88%E4%B8%89%E5%8D%81%E8%B3%BC%E5%B1%8B%E4%B9%9D%EF%BC%89/074831lahjbjh406jvwwk2.jpg HTTP/1.1" 404 11311 "-" "ImageBot/1.0 (compatible; research crawler; +https://github.com/rom1504/img2dataset; opt-out: abuse.notification.dcomp12b@gmail.com;"
39.52.236.62 - - [11/Sep/2026:10:36:54 -0400] "POST /xmlrpc.php HTTP/1.1" 403 1242 "-" "Jetpack by WordPress.com"
3.234.103.5 - - [11/Sep/2026:10:36:56 -0400] "GET /%E5%81%BD%E8%A3%9D%E6%88%90%E6%A0%A1%E5%8F%8B%E3%80%81%E6%87%89%E7%94%A8ai%E5%A4%A9%E7%94%9F%E5%85%A7%E9%83%A8%E8%80%83%E8%A9%A6%E8%B3%87%E6%96%99%E8%A9%90jiuyi%E4%BF%B1%E6%84%8F/20260319/266102.png HTTP/1.1" 404 11311 "-" "ImageBot/1.0 (compatible; research crawler; +https://github.com/rom1504/img2dataset; opt-out: abuse.notification.dcomp12b@gmail.com;"
50.19.85.253 - - [11/Sep/2026:10:36:56 -0400] "GET /upload/resources/image/2024/10/30/2148655_4096x50000.jpeg HTTP/1.1" 404 11311 "-" "ImageBot/1.0 (compatible; research crawler; +https://github.com/rom1504/img2dataset; opt-out: abuse.notification.dcomp12b@gmail.com;"
52.1.250.135 - - [11/Sep/2026:10:36:59 -0400] "GET /%E4%BC%8A%E6%9C%97%E5%A4%96%E9%95%B7%EF%BC%9A%E4%BC%8A%E6%9C%97%E7%9A%84%E6%94%BF%E7%AD%96%E6%98%AF%E7%B9%BC%E7%BA%8C%E6%8A%B5%E7%A6%A6%EF%BC%8Camerican%E8%AB%87%E8%AB%96%E8%AB%87%E5%88%A4/20260326/316035.jpg HTTP/1.1" 404 11311 "-" "ImageBot/1.0 (compatible; research crawler; +https://github.com/rom1504/img2dataset; opt-out: abuse.notification.dcomp12b@gmail.com;"
54.166.204.138 - - [11/Sep/2026:10:37:01 -0400] "GET /2023/09/28/%E6%95%98%E5%88%A9%E4%BA%9E%E7%AC%AC%E4%B8%80%E5%A4%AB%E4%BA%BA%EF%BC%9A48%E6%AD%B2%E5%84%AA%E9%9B%85%E8%AA%98%E4%BA%BA%EF%BC%8C%E8%BA%AB%E6%82%A3%E9%87%8D%E7%96%BE%E7%94%9C%E5%BF%83%E5%AF%B6%E8%B2%9D/9ddc37542ff2477497764556b619cfe2.png HTTP/1.1" 404 11311 "-" "ImageBot/1.0 (compatible; research crawler; +https://github.com/rom1504/img2dataset; opt-out: abuse.notification.dcomp12b@gmail.com;"
54.166.204.138 - - [11/Sep/2026:10:37:04 -0400] "GET /2023/12/21/%E6%B8%85%E9%BB%9E2018%E5%B9%B4%E4%BA%BA%E8%A8%AD%E7%94%9C%E5%BF%83%E5%AF%B6%E8%B2%9D%E5%8C%85%E9%A4%8A%E7%B6%B2%E5%B4%A9%E5%A1%8C%E7%9A%84%E6%98%8E%E6%98%9F%E5%B9%B4%E5%A4%9C%E5%92%96%EF%BC%8C/172946f7b96eb15dd41c75.png HTTP/1.1" 404 11311 "-" "ImageBot/1.0 (compatible; research crawler; +https://github.com/rom1504/img2dataset; opt-out: abuse.notification.dcomp12b@gmail.com;"
50.19.85.253 - - [11/Sep/2026:10:37:09 -0400] "GET /upload/resources/image/2026/01/18/2694038_4096x10000.png HTTP/1.1" 404 11311 "-" "ImageBot/1.0 (compatible; research crawler; +https://github.com/rom1504/img2dataset; opt-out: abuse.notification.dcomp12b@gmail.com;"
169.1.145.186 - - [11/Sep/2026:10:37:15 -0400] "POST /xmlrpc.php HTTP/1.1" 403 1242 "-" "Jetpack/12.5; WordPress/6.3; http://site26972217.com"
50.19.85.253 - - [11/Sep/2026:10:37:15 -0400] "GET /2023/11/26/%E4%B8%80%E5%90%8D%E9%AB%98%E5%8C%85%E9%A4%8A%E7%B6%B2%E5%96%AE%E6%AC%A1%E6%A0%A1%E6%95%99%E5%93%A1%E7%B4%9B%E6%AD%A7%E6%A8%A3%E7%9A%84%E5%AF%92%E5%81%87%E7%94%9F%E6%B6%AF/221532btfawtjoifmj7j95.jpg HTTP/1.1" 404 11311 "-" "ImageBot/1.0 (compatible; research crawler; +https://github.com/rom1504/img2dataset; opt-out: abuse.notification.dcomp12b@gmail.com;"
52.23.26.158 - - [11/Sep/2026:10:37:17 -0400] "GET /upload/resources/image/2024/01/25/1746085_4096x10000.jpeg HTTP/1.1" 404 11311 "-" "ImageBot/1.0 (compatible; research crawler; +https://github.com/rom1504/img2dataset; opt-out: abuse.notification.dcomp12b@gmail.com;"
39.52.236.62 - - [11/Sep/2026:10:37:19 -0400] "POST /xmlrpc.php HTTP/1.1" 403 1242 "-" "Jetpack by WordPress.com"
52.1.250.135 - - [11/Sep/2026:10:37:19 -0400] "GET /upload/resources/image/2026/01/25/2701202_4096x10000.jpeg HTTP/1.1" 404 11311 "-" "ImageBot/1.0 (compatible; research crawler; +https://github.com/rom1504/img2dataset; opt-out: abuse.notification.dcomp12b@gmail.com;"
52.1.250.135 - - [11/Sep/2026:10:37:21 -0400] "GET /upload/resources/image/2026/02/15/2721914.jpg?r=1771085198757 HTTP/1.1" 404 11311 "-" "ImageBot/1.0 (compatible; research crawler; +https://github.com/rom1504/img2dataset; opt-out: abuse.notification.dcomp12b@gmail.com;"
54.166.204.138 - - [11/Sep/2026:10:37:22 -0400] "GET /2024/03/06/%E8%B2%B7%E6%88%BF%E5%84%8B%E5%B7%9E%E6%95%A3%E8%A8%98/221535isoniij2gsesfwfj.jpg HTTP/1.1" 404 11311 "-" "ImageBot/1.0 (compatible; research crawler; +https://github.com/rom1504/img2dataset; opt-out: abuse.notification.dcomp12b@gmail.com;"
50.19.85.253 - - [11/Sep/2026:10:37:23 -0400] "GET /0%E7%B3%96%E6%98%AF%E5%95%86%E6%A8%99%EF%BC%8C%E6%9D%B1%E9%B5%AC%E7%89%B9%E9%A3%B2%E8%A2%AB%E7%BD%B5%E5%86%A4jiuyi%E4%BF%B1%E6%84%8F%E7%A9%BA%E9%96%93%E8%A8%AD%E8%A8%88%E4%B8%8D/20260424/524181.jpg HTTP/1.1" 404 11311 "-" "ImageBot/1.0 (compatible; research crawler; +https://github.com/rom1504/img2dataset; opt-out: abuse.notification.dcomp12b@gmail.com;"
117.152.134.4 - - [11/Sep/2026:10:37:24 -0400] "GET /upload/resources/image/2026/04/29/2786629.jpg?r=1777407279942 HTTP/1.1" 404 11311 "https://big-wife.com.tw/" "Mozilla/5.0 (Windows NT 10.0; Win64; x64) AppleWebKit/537.36 (KHTML, like Gecko) Chrome/124.0.0.0 Safari/537.36"
111.230.97.66 - - [11/Sep/2026:10:37:26 -0400] "GET /upload/resources/image/2026/04/29/2786629.jpg?r=1777407279942 HTTP/1.1" 404 11311 "https://big-wife.com.tw/" "Mozilla/5.0 (Windows NT 10.0; Win64; x64) AppleWebKit/537.36 (KHTML, like Gecko) Chrome/124.0.0.0 Safari/537.36"
52.23.26.158 - - [11/Sep/2026:10:37:27 -0400] "GET /2023/11/04/%EF%BC%88%E6%9D%AD%E5%B7%9E%E4%BA%9E%E5%8C%85%E9%A4%8A%E7%B6%93%E9%A9%97%E9%81%8B%E6%9C%83%EF%BC%89%E4%B8%AD%E5%9C%8B%E8%87%BA%E5%8C%97%E9%81%B8%E6%89%8B%E5%8A%89%E5%B7%A7%E5%85%AE%E7%8D%B2%E7%94%B7/79b7ebff3992489cb8f4480074b492e0.jpg HTTP/1.1" 404 11311 "-" "ImageBot/1.0 (compatible; research crawler; +https://github.com/rom1504/img2dataset; opt-out: abuse.notification.dcomp12b@gmail.com;"
3.234.103.5 - - [11/Sep/2026:10:37:27 -0400] "GET /upload/resources/image/2024/01/24/1741942_4096x10000.jpeg HTTP/1.1" 404 11311 "-" "ImageBot/1.0 (compatible; research crawler; +https://github.com/rom1504/img2dataset; opt-out: abuse.notification.dcomp12b@gmail.com;"
52.1.250.135 - - [11/Sep/2026:10:37:28 -0400] "GET /%E8%97%9D%E9%A6%AC%E7%95%B6%E5%85%88%EF%BC%8C%E5%94%AF%E6%9C%89%E6%94%B9%E9%80%A0%EF%BC%81%E5%BB%A3%E6%9D%B1%E9%A6%96%E5%BA%A6%E5%B0%8Dosder%E5%A5%A7%E6%96%AF%E5%BE%B7%E6%9D%90/20260131/84352.png HTTP/1.1" 404 11311 "-" "ImageBot/1.0 (compatible; research crawler; +https://github.com/rom1504/img2dataset; opt-out: abuse.notification.dcomp12b@gmail.com;"
52.23.26.158 - - [11/Sep/2026:10:37:29 -0400] "GET /upload/resources/image/2026/04/24/2783150.jpg HTTP/1.1" 404 11311 "-" "ImageBot/1.0 (compatible; research crawler; +https://github.com/rom1504/img2dataset; opt-out: abuse.notification.dcomp12b@gmail.com;"
39.52.236.62 - - [11/Sep/2026:10:37:30 -0400] "POST /xmlrpc.php HTTP/1.1" 403 1242 "-" "Jetpack by WordPress.com"
216.73.216.141 - - [11/Sep/2026:10:37:38 -0400] "GET /%e4%b8%8a%e9%96%80%e5%89%83%e9%a0%ad%e5%84%84%e5%b5%90%e8%be%a6%e5%85%ac%e5%ae%b6%e5%85%b7%e7%86%b1%e4%ba%86%e8%81%b7%e5%b7%a5%e5%bf%83%e5%9d%8e-5/ HTTP/2" 200 16579 "-" "Mozilla/5.0 AppleWebKit/537.36 (KHTML, like Gecko; compatible; ClaudeBot/1.0; +claudebot@anthropic.com)"
39.52.236.62 - - [11/Sep/2026:10:37:41 -0400] "POST /xmlrpc.php HTTP/1.1" 403 1242 "-" "WordPress.com; https://wordpress.com"
54.166.204.138 - - [11/Sep/2026:10:37:43 -0400] "GET /%E6%B9%9B%E6%B1%9F%EF%BC%8C%E4%B8%80%E5%80%8B%E4%B8%96%E7%95%8C%E7%B4%9A%E9%A0%85%E7%9B%AEjiuyi%E4%BF%B1%E6%84%8F%E5%AE%A4%E5%85%A7%E8%A8%AD%E8%A8%88%E6%A8%99%E4%B8%AD%E5%9C%8B%E8%AC%8E/20260326/315718.png HTTP/1.1" 404 11311 "-" "ImageBot/1.0 (compatible; research crawler; +https://github.com/rom1504/img2dataset; opt-out: abuse.notification.dcomp12b@gmail.com;"
114.119.158.58 - - [11/Sep/2026:10:37:43 -0400] "GET /%e5%9c%96%e8%a7%a3%ef%bc%9a2015%e5%b9%b3%e6%98%93%e8%bf%91%e7%94%9f%e5%b9%b4%e5%a4%9c%e7%a6%ae%e5%8c%85-%e6%99%89%e9%99%9e%e8%92%bc%e7%94%9f%e7%9a%84%e5%b9%b8%e7%a6%8f%e6%84%9f_%e4%b8%ad%e5%9c%8b/ HTTP/1.1" 200 20755 "https://big-wife.com.tw/%e8%be%a6%e4%ba%8b%e7%ab%8b%e8%a1%8c-%e9%83%b5%e5%84%b2%e9%8a%80%e8%a1%8c%e6%a3%97%e8%8e%8a%e5%b8%82%e5%88%86%e8%a1%8c%e7%a9%a9%e6%ad%a5%e6%99%89%e6%96%b0%e7%ab%b9%e6%a3%ae%e5%92%8c%e8%a8%ba%e6%89%80/" "Mozilla/5.0 (Linux; Android 7.0;) AppleWebKit/537.36 (HTML, like Gecko) Mobile Safari/537.36 (compatible; PetalBot;+https://webmaster.petalsearch.com/site/petalbot)"
169.1.145.186 - - [11/Sep/2026:10:37:44 -0400] "POST /xmlrpc.php HTTP/1.1" 403 1242 "-" "Jetpack/12.0; WordPress/6.2; http://site59005343.com"
43.157.174.69 - - [11/Sep/2026:10:37:45 -0400] "GET /?p=8201 HTTP/1.1" 301 0 "-" "Mozilla/5.0 (iPhone; CPU iPhone OS 13_2_3 like Mac OS X) AppleWebKit/605.1.15 (KHTML, like Gecko) Version/13.0.3 Mobile/15E148 Safari/604.1"
54.166.204.138 - - [11/Sep/2026:10:37:46 -0400] "GET /%E4%B8%AD%E5%9C%8B%E7%B6%93%E6%BF%9F%E5%8B%95osder%E5%A5%A7%E6%96%AF%E5%BE%B7%E5%BE%B7%E7%B3%BB%E8%BB%8A%E5%8A%9B%E5%BD%AD%E6%B9%83-%E4%B8%8A%E5%91%A8%E7%A1%AC%E6%A0%B8%E6%95%B8%E6%93%9A%E5%86%8D/20260420/495083.png HTTP/1.1" 404 11311 "-" "ImageBot/1.0 (compatible; research crawler; +https://github.com/rom1504/img2dataset; opt-out: abuse.notification.dcomp12b@gmail.com;"
