216.73.216.71 - - [11/Sep/2026:08:37:20 -0400] "GET /wp-content/themes/ashe/assets/js/custom-plugins.js?ver=1.8.2 HTTP/2" 200 22775 "https://big-wife.com.tw/%E6%96%B0%E8%8F%AF%E5%85%A8%E5%AA%92%C2%B7%E6%94%B9%E9%80%A0%E6%95%85%E4%BA%8B%EF%BD%9C%E5%B0%8F%E5%B4%97%E6%9D%91%EF%BC%9A%E8%B9%9A%E8%B7%AF%E8%80%85%E9%82%81%E5%87%BA%E6%96%B0-2/" "Mozilla/5.0 (Macintosh; Intel Mac OS X 10_15_7) AppleWebKit/537.36 (KHTML, like Gecko) Chrome/131.0.0.0 Safari/537.36; ClaudeBot/1.0; +claudebot@anthropic.com)"
216.73.216.71 - - [11/Sep/2026:08:37:20 -0400] "GET /wp-content/themes/ashe/assets/js/custom-scripts.js?ver=1.9.7 HTTP/2" 200 3880 "https://big-wife.com.tw/%E6%96%B0%E8%8F%AF%E5%85%A8%E5%AA%92%C2%B7%E6%94%B9%E9%80%A0%E6%95%85%E4%BA%8B%EF%BD%9C%E5%B0%8F%E5%B4%97%E6%9D%91%EF%BC%9A%E8%B9%9A%E8%B7%AF%E8%80%85%E9%82%81%E5%87%BA%E6%96%B0-2/" "Mozilla/5.0 (Macintosh; Intel Mac OS X 10_15_7) AppleWebKit/537.36 (KHTML, like Gecko) Chrome/131.0.0.0 Safari/537.36; ClaudeBot/1.0; +claudebot@anthropic.com)"
216.73.216.71 - - [11/Sep/2026:08:37:21 -0400] "GET /wp-content/themes/ashe/assets/images/ashe_bg.jpg HTTP/2" 200 492249 "https://big-wife.com.tw/%E6%96%B0%E8%8F%AF%E5%85%A8%E5%AA%92%C2%B7%E6%94%B9%E9%80%A0%E6%95%85%E4%BA%8B%EF%BD%9C%E5%B0%8F%E5%B4%97%E6%9D%91%EF%BC%9A%E8%B9%9A%E8%B7%AF%E8%80%85%E9%82%81%E5%87%BA%E6%96%B0-2/" "Mozilla/5.0 (Macintosh; Intel Mac OS X 10_15_7) AppleWebKit/537.36 (KHTML, like Gecko) Chrome/131.0.0.0 Safari/537.36; ClaudeBot/1.0; +claudebot@anthropic.com)"
216.73.216.71 - - [11/Sep/2026:08:37:21 -0400] "GET /wp-content/themes/ashe/assets/fonts/fa-regular-400.woff2 HTTP/2" 200 25452 "https://big-wife.com.tw/wp-content/themes/ashe/assets/css/fontawesome.min.css?ver=6.5.1" "Mozilla/5.0 (Macintosh; Intel Mac OS X 10_15_7) AppleWebKit/537.36 (KHTML, like Gecko) Chrome/131.0.0.0 Safari/537.36; ClaudeBot/1.0; +claudebot@anthropic.com)"
216.73.216.71 - - [11/Sep/2026:08:37:21 -0400] "GET /wp-content/themes/ashe/assets/fonts/fa-solid-900.woff2 HTTP/2" 200 156496 "https://big-wife.com.tw/wp-content/themes/ashe/assets/css/fontawesome.min.css?ver=6.5.1" "Mozilla/5.0 (Macintosh; Intel Mac OS X 10_15_7) AppleWebKit/537.36 (KHTML, like Gecko) Chrome/131.0.0.0 Safari/537.36; ClaudeBot/1.0; +claudebot@anthropic.com)"
3.234.103.5 - - [11/Sep/2026:08:37:21 -0400] "GET /%E5%80%92%E8%A8%88%E6%99%822%E5%A4%A9%EF%BC%812023%E5%B9%B4%E6%AD%A6%E9%9A%86%E4%BB%99%E5%A5%B3%E5%B1%B1%E5%9C%8B%E9%9A%9B%E9%9C%B2%E7%87%9F%E9%9F%B3%E6%A8%82%E7%AF%80%E8%B6%85%E5%85%A8%E6%94%BB/214038t7mbmu8jc8705u0t.png HTTP/1.1" 404 11311 "-" "ImageBot/1.0 (compatible; research crawler; +https://github.com/rom1504/img2dataset; opt-out: abuse.notification.dcomp12b@gmail.com;"
52.1.250.135 - - [11/Sep/2026:08:37:24 -0400] "GET /upload/resources/image/2025/12/13/2661252.jpg?r=1765606266411 HTTP/1.1" 404 11311 "-" "ImageBot/1.0 (compatible; research crawler; +https://github.com/rom1504/img2dataset; opt-out: abuse.notification.dcomp12b@gmail.com;"
54.166.204.138 - - [11/Sep/2026:08:37:26 -0400] "GET /upload/resources/image/2026/01/15/2692183_4096x10000.jpeg HTTP/1.1" 404 11311 "-" "ImageBot/1.0 (compatible; research crawler; +https://github.com/rom1504/img2dataset; opt-out: abuse.notification.dcomp12b@gmail.com;"
52.23.26.158 - - [11/Sep/2026:08:37:27 -0400] "GET /upload/resources/image/2025/10/30/2617248_4096x10000.jpeg HTTP/1.1" 404 11311 "-" "ImageBot/1.0 (compatible; research crawler; +https://github.com/rom1504/img2dataset; opt-out: abuse.notification.dcomp12b@gmail.com;"
50.19.85.253 - - [11/Sep/2026:08:37:29 -0400] "GET /%E7%AC%AC%E5%85%AD%E9%9B%86%EF%BC%9A%E3%80%8A%E5%88%91%E5%BA%AD%E8%A8%A3%E5%88%A5%EF%BC%9A%E9%84%A7%E4%B8%AD%E5%A4%8F%E8%88%87jiuyi%E4%BF%B1%E6%84%8F%E7%BF%BB%E4%BF%AE%E8%A8%AD%E8%A8%88%E6%9D%8E/20260413/442336.jpg HTTP/1.1" 404 11311 "-" "ImageBot/1.0 (compatible; research crawler; +https://github.com/rom1504/img2dataset; opt-out: abuse.notification.dcomp12b@gmail.com;"
54.166.204.138 - - [11/Sep/2026:08:37:30 -0400] "GET /upload/resources/image/2026/04/20/2778206_4096x10000.jpeg HTTP/1.1" 404 11311 "-" "ImageBot/1.0 (compatible; research crawler; +https://github.com/rom1504/img2dataset; opt-out: abuse.notification.dcomp12b@gmail.com;"
50.19.85.253 - - [11/Sep/2026:08:37:32 -0400] "GET /2024/03/22/%E5%8F%B0%E4%B8%AD-%E7%A4%BE%E5%8D%80%E9%80%9B%E4%B8%80%E9%80%9B%E8%8F%9C%E5%B8%82%E5%A0%B4-%E4%B8%A8%E6%9B%BE%E7%A7%89%E7%82%8E/161758iy5rb4q6bl6n8rxr.jpg HTTP/1.1" 404 11311 "-" "ImageBot/1.0 (compatible; research crawler; +https://github.com/rom1504/img2dataset; opt-out: abuse.notification.dcomp12b@gmail.com;"
52.23.26.158 - - [11/Sep/2026:08:37:33 -0400] "GET /2024/03/10/%E9%83%AD%E5%B9%B2%E8%BC%9D%EF%BD%9C%E5%AE%B6%E6%88%BF%E7%94%A2%E6%8A%95%E8%B3%87%E6%95%99%E6%97%A5%E8%AA%8C%EF%BC%88%E4%B8%89%E5%8D%81%E4%B9%9D%EF%BC%89/074831lahjbjh406jvwwk2.jpg HTTP/1.1" 404 11311 "-" "ImageBot/1.0 (compatible; research crawler; +https://github.com/rom1504/img2dataset; opt-out: abuse.notification.dcomp12b@gmail.com;"
3.234.103.5 - - [11/Sep/2026:08:37:33 -0400] "GET /2024/03/22/%E8%90%AC%E5%85%AC%E9%87%8C%E8%B7%91%E8%80%85%E9%84%A7%E5%8F%B0%E5%8C%97-%E7%A4%BE%E5%8D%80%E8%89%AF%E8%8F%AF%E8%B7%91%E5%87%BA%E5%9C%8B%E9%96%80%E5%8D%81%E5%A4%A9%E8%A8%98/212556vdx05pyx4mq558e5.jpg HTTP/1.1" 404 11311 "-" "ImageBot/1.0 (compatible; research crawler; +https://github.com/rom1504/img2dataset; opt-out: abuse.notification.dcomp12b@gmail.com;"
52.23.26.158 - - [11/Sep/2026:08:37:33 -0400] "GET /2023/12/13/%E5%B9%B4%E5%A4%9Cs%E8%A2%AB%E6%B1%AA%E5%B0%8F%E8%8F%B2%E6%89%87%E8%80%B3%E5%85%89%EF%BC%9F%E5%B0%8Fs%E9%82%A3%E8%8B%B1%E4%BA%92%E5%97%86%EF%BC%9F%E7%8E%8B%E6%80%9D%E8%81%B0%E9%9A%94%E7%A9%BA%E9%96%8B/142709d0e8110c57ccefae.png HTTP/1.1" 404 11311 "-" "ImageBot/1.0 (compatible; research crawler; +https://github.com/rom1504/img2dataset; opt-out: abuse.notification.dcomp12b@gmail.com;"
50.19.85.253 - - [11/Sep/2026:08:37:37 -0400] "GET /1-4%E5%80%8B%E4%B8%96%E7%B4%80%E9%81%8E%E5%BE%80jiuyi%E4%BF%B1%E6%84%8F%E7%BF%BB%E4%BF%AE%E8%A8%AD%E8%A8%88%E4%BA%86%EF%BC%8C%E5%BE%9E%E9%A0%AD%E8%AA%8D%E8%AD%98%E4%B8%80%E4%B8%8B%E9%80%99%E5%80%8B/20260326/311716.jpg HTTP/1.1" 404 11311 "-" "ImageBot/1.0 (compatible; research crawler; +https://github.com/rom1504/img2dataset; opt-out: abuse.notification.dcomp12b@gmail.com;"
52.23.26.158 - - [11/Sep/2026:08:37:39 -0400] "GET /upload/resources/image/2026/02/21/2725238_4096x10000.jpeg HTTP/1.1" 404 11311 "-" "ImageBot/1.0 (compatible; research crawler; +https://github.com/rom1504/img2dataset; opt-out: abuse.notification.dcomp12b@gmail.com;"
50.19.85.253 - - [11/Sep/2026:08:37:41 -0400] "GET /upload/resources/image/2026/02/26/2729882_4096x10000.jpeg HTTP/1.1" 404 11311 "-" "ImageBot/1.0 (compatible; research crawler; +https://github.com/rom1504/img2dataset; opt-out: abuse.notification.dcomp12b@gmail.com;"
50.19.85.253 - - [11/Sep/2026:08:37:42 -0400] "GET /upload/resources/image/2026/02/05/2711326_4096x10000.jpeg HTTP/1.1" 404 11311 "-" "ImageBot/1.0 (compatible; research crawler; +https://github.com/rom1504/img2dataset; opt-out: abuse.notification.dcomp12b@gmail.com;"
3.234.103.5 - - [11/Sep/2026:08:37:42 -0400] "GET /upload/resources/image/2024/10/17/2132737_4096x10000.jpeg HTTP/1.1" 404 11311 "-" "ImageBot/1.0 (compatible; research crawler; +https://github.com/rom1504/img2dataset; opt-out: abuse.notification.dcomp12b@gmail.com;"
114.119.139.118 - - [11/Sep/2026:08:37:42 -0400] "GET /%e6%81%b0%e7%95%b6%e6%b4%bb%e5%8b%95%e5%8f%af%e4%bb%a5%e9%81%bf%e5%85%8d%e8%80%81%e5%b9%b4%e4%ba%ba%e5%84%84%e5%b5%90%e5%ae%a4%e5%85%a7%e8%a8%ad%e8%a8%88%e6%91%94%e5%80%92-8/ HTTP/1.1" 200 17496 "https://big-wife.com.tw/%e5%9c%a8%e5%b9%b4%e5%a4%9c%e5%b1%b1%e6%b7%b1%e5%84%84%e5%b5%90%e7%b3%bb%e7%b5%b1%e5%82%a2%e4%bf%b1%e8%99%95%e5%ae%88%e7%9c%8b%e4%b8%96%e7%95%8c-5/" "Mozilla/5.0 (Linux; Android 7.0;) AppleWebKit/537.36 (HTML, like Gecko) Mobile Safari/537.36 (compatible; PetalBot;+https://webmaster.petalsearch.com/site/petalbot)"
85.208.96.202 - - [11/Sep/2026:08:37:43 -0400] "GET /%E6%BC%B2%E4%B8%80%E5%B9%B4%E4%BA%86%EF%BC%8C%E7%A7%80%E5%82%B3%E9%86%AB%E9%99%A2%E5%8B%9E%E6%AA%A2%E5%92%96%E5%95%A1%E8%B1%86%E5%83%B9%E9%8C%A2%E9%80%99%E6%98%AF%E9%AC%A7%E5%93%AA%E6%A8%A3%EF%BC%9F/ HTTP/1.1" 403 1242 "-" "Mozilla/5.0 (compatible; SemrushBot/7~bl; +http://www.semrush.com/bot.html)"
54.166.204.138 - - [11/Sep/2026:08:37:43 -0400] "GET /%E8%A6%96%E9%A0%BB%E4%B8%A8%E5%88%B0%E4%B8%AD%E5%9C%8B%E9%81%8Ejiuyi%E4%BF%B1%E6%84%8F%E5%AE%A4%E5%85%A7%E8%A8%AD%E8%A8%88%E5%B9%B4%E6%99%AF%E7%86%B1%E6%BD%AE-%E6%B5%B7%E5%8D%97%E6%98%A5%E7%AF%80/20260213/30493.jpg HTTP/1.1" 404 11311 "-" "ImageBot/1.0 (compatible; research crawler; +https://github.com/rom1504/img2dataset; opt-out: abuse.notification.dcomp12b@gmail.com;"
52.23.26.158 - - [11/Sep/2026:08:37:43 -0400] "GET /2024/03/11/%E8%90%AC%E5%85%AC%E9%87%8C%E8%B7%91%E8%80%85%E9%84%A7%E8%89%AF%E8%8F%AF%E8%B7%91%E5%87%BA%E5%9C%8B%E9%96%80%E5%8D%81%E5%A4%A9%E8%A8%98-2/212050n5rni7qnla3b5c3f.jpg HTTP/1.1" 404 11311 "-" "ImageBot/1.0 (compatible; research crawler; +https://github.com/rom1504/img2dataset; opt-out: abuse.notification.dcomp12b@gmail.com;"
52.1.250.135 - - [11/Sep/2026:08:37:44 -0400] "GET /2024/03/31/%E7%9B%A1%E6%83%85%E6%88%BF%E7%94%A2%E8%B3%87%E8%A8%8A%E4%BA%94%E6%BA%AA%E8%B0%B7-%E6%B2%89%E9%86%89%E5%B1%B1%E5%B7%9D%E9%96%93/225305uw7cw3ns2ciszghi.png HTTP/1.1" 404 11311 "-" "ImageBot/1.0 (compatible; research crawler; +https://github.com/rom1504/img2dataset; opt-out: abuse.notification.dcomp12b@gmail.com;"
54.166.204.138 - - [11/Sep/2026:08:37:50 -0400] "GET /2023/09/24/%E6%B1%9F%E8%98%87%E5%A4%9A%E5%9C%B0%E5%91%88%E7%8F%BE%E9%BE%8D%E5%8D%B7%E9%A2%A8%EF%BC%81%E7%95%A2%E7%AB%9F%E8%A9%B2%E8%8B%A5%E4%BD%95%E9%80%B2%E6%94%BB%E5%8C%85%E9%A4%8A%E7%B6%B2%EF%BC%9F/ef089bf1425e45ce981aeb3868a34fdb.jpg HTTP/1.1" 404 11311 "-" "ImageBot/1.0 (compatible; research crawler; +https://github.com/rom1504/img2dataset; opt-out: abuse.notification.dcomp12b@gmail.com;"
52.1.250.135 - - [11/Sep/2026:08:37:52 -0400] "GET /2024/03/30/%E4%B8%83%E8%A8%80%E7%9B%A1%E5%8F%A5-%E6%98%A5%E6%AC%B2%E6%B1%82/064302joa8ojeqo87tzmxu.jpg HTTP/1.1" 404 11311 "-" "ImageBot/1.0 (compatible; research crawler; +https://github.com/rom1504/img2dataset; opt-out: abuse.notification.dcomp12b@gmail.com;"
52.1.250.135 - - [11/Sep/2026:08:37:53 -0400] "GET /yw_208727/_attachment/2023/10/12/16258243_7656e7d6c43473a1027ee3d19df9edb4.png HTTP/1.1" 404 11311 "-" "ImageBot/1.0 (compatible; research crawler; +https://github.com/rom1504/img2dataset; opt-out: abuse.notification.dcomp12b@gmail.com;"
185.170.167.18 - - [11/Sep/2026:08:37:53 -0400] "GET /%E6%BC%B2%E4%B8%80%E5%B9%B4%E4%BA%86%EF%BC%8C%E7%A7%80%E5%82%B3%E9%86%AB%E9%99%A2%E5%8B%9E%E6%AA%A2%E5%92%96%E5%95%A1%E8%B1%86%E5%83%B9%E9%8C%A2%E9%80%99%E6%98%AF%E9%AC%A7%E5%93%AA%E6%A8%A3%EF%BC%9F/ HTTP/1.1" 200 19835 "-" "Mozilla/5.0 (compatible; BacklinksExtendedBot)"
52.23.26.158 - - [11/Sep/2026:08:37:54 -0400] "GET /%E7%A4%BE%E5%8D%80%E5%A4%A7%E6%A8%93%E4%B8%80%E4%B8%8A%E3%80%81%E4%BA%8C%E4%B8%8A%E7%96%91%E4%BC%BC%E9%8C%AF%E8%AA%A447/172515t1gtrddz19urird1.jpg HTTP/1.1" 404 11311 "-" "ImageBot/1.0 (compatible; research crawler; +https://github.com/rom1504/img2dataset; opt-out: abuse.notification.dcomp12b@gmail.com;"
223.85.219.71 - - [11/Sep/2026:08:37:55 -0400] "GET /%e5%a5%b3%e8%b3%bd%e5%b0%88%e5%8c%85%e9%a4%8aapp%e8%bb%8a%e6%89%8b%e7%9a%84%e4%b8%80%e5%a4%a9%ef%bc%8c%e4%b8%8d%e5%8f%aa%e8%a6%81%e6%b1%97%e6%b0%b4%e8%88%87%e6%b7%9a%e6%b0%b4/ HTTP/1.1" 404 11311 "-" "Mozilla/5.0 (Macintosh; Intel Mac OS X 13_6_3) AppleWebKit/537.36 (KHTML, like Gecko) Chrome/127.0.6533.17 Safari/537.36"
54.166.204.138 - - [11/Sep/2026:08:37:55 -0400] "GET /%E8%B3%AD%E7%8E%8B%E5%A5%B3%E5%85%92%E4%BD%95%E8%B6%85jiuyi%E4%BF%B1%E6%84%8F%E7%BF%BB%E4%BF%AE%E8%A8%AD%E8%A8%88%E6%AC%A3%E7%A8%B1%E6%B8%85%E8%8F%AF%E7%95%A2%E6%A5%AD%E5%90%8E/20260429/568274.jpg HTTP/1.1" 404 11311 "-" "ImageBot/1.0 (compatible; research crawler; +https://github.com/rom1504/img2dataset; opt-out: abuse.notification.dcomp12b@gmail.com;"
54.166.204.138 - - [11/Sep/2026:08:37:56 -0400] "GET /%E5%9C%A8%E6%98%A5%E6%99%9A%E5%BD%A9%E6%8E%92%E6%9C%9F%E9%96%93%E5%90%91%E7%B2%89%E7%B5%B2%E4%B8%89%E9%9E%A0%E8%BA%AC%E5%BC%95%E7%86%B1%E8%AD%B0%EF%BC%8C%E6%A2%81%E5%AE%B6%E8%BC%9D%E5%9B%9E%E6%87%89/20260224/115700.jpg HTTP/1.1" 404 11311 "-" "ImageBot/1.0 (compatible; research crawler; +https://github.com/rom1504/img2dataset; opt-out: abuse.notification.dcomp12b@gmail.com;"
50.19.85.253 - - [11/Sep/2026:08:37:58 -0400] "GET /2023/11/14/%E9%87%91%E5%83%B9%E9%80%A3%E8%B7%8C9%E6%97%A5%EF%BC%8C%E7%AF%80%E5%89%8D%E8%B2%B7%E9%87%91%E6%88%90%E5%B9%B4%E5%8C%85%E9%A4%8A%E7%B6%B2%E5%A4%9C%E5%86%A4%E7%A8%AE%EF%BC%9F%E4%BB%80/741a6d3956a045bbaa84ad48441275a6.jpg HTTP/1.1" 404 11311 "-" "ImageBot/1.0 (compatible; research crawler; +https://github.com/rom1504/img2dataset; opt-out: abuse.notification.dcomp12b@gmail.com;"
3.234.103.5 - - [11/Sep/2026:08:37:58 -0400] "GET /upload/resources/image/2026/04/09/2768005_4096x10000.jpeg HTTP/1.1" 404 11311 "-" "ImageBot/1.0 (compatible; research crawler; +https://github.com/rom1504/img2dataset; opt-out: abuse.notification.dcomp12b@gmail.com;"
52.1.250.135 - - [11/Sep/2026:08:37:58 -0400] "GET /2024/03/28/%E8%90%AC%E5%85%AC%E9%87%8C%E8%B7%91%E8%80%85%E9%84%A7%E8%89%AF%E8%8F%AF%E8%B7%91%E7%A4%BE%E5%8D%80%E5%A4%A7%E6%A8%93%E5%87%BA%E5%9C%8B%E9%96%80%E5%8D%81%E5%A4%A9%E8%A8%98/212548mnrfepozweixocow.jpg HTTP/1.1" 404 11311 "-" "ImageBot/1.0 (compatible; research crawler; +https://github.com/rom1504/img2dataset; opt-out: abuse.notification.dcomp12b@gmail.com;"
52.1.250.135 - - [11/Sep/2026:08:37:59 -0400] "GET /upload/resources/image/2026/03/27/2756606_4096x10000.jpeg HTTP/1.1" 404 11311 "-" "ImageBot/1.0 (compatible; research crawler; +https://github.com/rom1504/img2dataset; opt-out: abuse.notification.dcomp12b@gmail.com;"
54.166.204.138 - - [11/Sep/2026:08:38:03 -0400] "GET /%E5%85%A8%E7%90%83%E5%AA%92%E9%AB%94%E8%81%9A%E7%84%A6%EF%BD%9C%E8%8B%B1%E5%AA%92%EF%BC%9Aamerican%E6%94%BF%E6%B2%BB%E6%9A%B4%E5%8A%9B%E8%88%87%E6%A7%8Dosder%E5%A5%A7%E6%96%AF%E5%BE%B7%E5%8F%B0/20260428/555890.png HTTP/1.1" 404 11311 "-" "ImageBot/1.0 (compatible; research crawler; +https://github.com/rom1504/img2dataset; opt-out: abuse.notification.dcomp12b@gmail.com;"
52.23.26.158 - - [11/Sep/2026:08:38:05 -0400] "GET /2023/12/08/%E6%B9%96%E5%8C%97%E6%97%A5%E5%A0%B1%E5%82%B3%E5%AA%92%E5%9C%98%E9%AB%94%E5%B9%B4%E5%A4%9C%E6%A8%93%EF%BC%8C8%E8%99%9F%E7%B7%9A%E7%9C%81%E5%8D%9A%E5%9C%B0%E9%90%B5%E5%8F%A350%E7%B1%B3%E5%85%B1/171711e0d75faa66b0174c.jpg HTTP/1.1" 404 11311 "-" "ImageBot/1.0 (compatible; research crawler; +https://github.com/rom1504/img2dataset; opt-out: abuse.notification.dcomp12b@gmail.com;"
54.166.204.138 - - [11/Sep/2026:08:38:06 -0400] "GET /%E6%87%89%E7%94%A8%E6%8F%92%E7%B7%9A%E6%9D%BF%E5%8D%83%E8%90%AC%E5%88%A5%E6%8D%86%E8%B5%B7%E4%BE%86%EF%BC%81%E4%BB%A5%E7%82%BA%E6%98%AF%E6%94%B6%E7%B4%8Dosder%E5%A5%A7%E6%96%AF%E5%BE%B7%E6%B1%BD/20260318/259702.png HTTP/1.1" 404 11311 "-" "ImageBot/1.0 (compatible; research crawler; +https://github.com/rom1504/img2dataset; opt-out: abuse.notification.dcomp12b@gmail.com;"
50.19.85.253 - - [11/Sep/2026:08:38:10 -0400] "GET /upload/resources/image/2026/01/29/2704422_4096x10000.jpeg HTTP/1.1" 404 11311 "-" "ImageBot/1.0 (compatible; research crawler; +https://github.com/rom1504/img2dataset; opt-out: abuse.notification.dcomp12b@gmail.com;"
54.166.204.138 - - [11/Sep/2026:08:38:14 -0400] "GET /jiuyi%E4%BF%B1%E6%84%8F%E7%BF%BB%E4%BF%AE%E8%A8%AD%E8%A8%88%E9%BB%83%E9%87%91%E4%B9%9D%E9%80%A3%E8%B7%8C%EF%BC%8C%E5%91%A8%E5%B9%B4%E5%A4%9C%E7%A6%8F%E6%9A%AB%E7%B7%A9%E6%BC%B2/20260324/300196.png HTTP/1.1" 404 11311 "-" "ImageBot/1.0 (compatible; research crawler; +https://github.com/rom1504/img2dataset; opt-out: abuse.notification.dcomp12b@gmail.com;"
50.19.85.253 - - [11/Sep/2026:08:38:14 -0400] "GET /2024/01/30/%E5%BC%B5%E4%B8%80%E5%B1%B1%E6%84%9B%E6%83%85%E5%86%8D%E6%9B%9D%E5%85%89%EF%BC%8C%E5%AD%9F%E7%BE%8E%E5%B2%90%E8%A6%93%E5%8C%85%E9%A4%8A%E7%B6%B2%E5%BF%83%E5%BE%97%E5%B9%AB%E9%96%A8%E8%9C%9C%E4%B8%8A/160836980bb3346f7034f4.jpg HTTP/1.1" 404 11311 "-" "ImageBot/1.0 (compatible; research crawler; +https://github.com/rom1504/img2dataset; opt-out: abuse.notification.dcomp12b@gmail.com;"
3.234.103.5 - - [11/Sep/2026:08:38:15 -0400] "GET /%E5%85%A8%E7%90%83%E5%AA%92%E9%AB%94%E8%81%9A%E7%84%A6-%E7%BE%8E%E5%AA%92%EF%BC%9Aamerican%E7%9A%84%E9%97%9C%E7%A8%85%E6%94%BF%E7%AD%96%E6%98%AF%E7%95%B6%E5%B1%80%E7%9A%84jiuyi%E4%BF%B1%E6%84%8F/20260213/33564.png HTTP/1.1" 404 11311 "-" "ImageBot/1.0 (compatible; research crawler; +https://github.com/rom1504/img2dataset; opt-out: abuse.notification.dcomp12b@gmail.com;"
52.23.26.158 - - [11/Sep/2026:08:38:15 -0400] "GET /upload/resources/image/2026/03/13/2744916_4096x10000.jpeg HTTP/1.1" 404 11311 "-" "ImageBot/1.0 (compatible; research crawler; +https://github.com/rom1504/img2dataset; opt-out: abuse.notification.dcomp12b@gmail.com;"
3.234.103.5 - - [11/Sep/2026:08:38:19 -0400] "GET /2024/03/15/%E7%94%9F%E6%B6%AF%E9%9B%9C%E8%AD%B0%EF%BC%88%E6%96%B0%E5%8C%97-%E7%A4%BE%E5%8D%80%E5%A4%A7%E6%A8%93%E4%B8%89%EF%BC%89/160754dkes36km6gmsz4zk.jpg HTTP/1.1" 404 11311 "-" "ImageBot/1.0 (compatible; research crawler; +https://github.com/rom1504/img2dataset; opt-out: abuse.notification.dcomp12b@gmail.com;"
3.234.103.5 - - [11/Sep/2026:08:38:19 -0400] "GET /2024/03/04/%E8%90%AC%E5%85%AC%E9%87%8C%E8%B7%91%E8%80%85%E9%84%A7%E8%89%AF%E8%8F%AF%E8%B7%91%E5%87%BA%E5%9C%8B%E9%96%80%E6%96%B0%E5%8C%97%E6%88%BF%E7%94%A2%E5%8D%81%E5%A4%A9%E8%A8%98/212539vxvvjs9jl8jxewgx.jpg HTTP/1.1" 404 11311 "-" "ImageBot/1.0 (compatible; research crawler; +https://github.com/rom1504/img2dataset; opt-out: abuse.notification.dcomp12b@gmail.com;"
52.1.250.135 - - [11/Sep/2026:08:38:20 -0400] "GET /upload/resources/image/2026/03/30/2759450_4096x10000.jpeg HTTP/1.1" 404 11311 "-" "ImageBot/1.0 (compatible; research crawler; +https://github.com/rom1504/img2dataset; opt-out: abuse.notification.dcomp12b@gmail.com;"
52.1.250.135 - - [11/Sep/2026:08:38:22 -0400] "GET /2024/03/14/%E4%B8%80%E4%BD%8D%E5%9D%90%E6%9D%9F%E7%B8%9B%E7%89%8C%E8%B2%A8%E8%BB%8A%E6%96%B0%E5%A8%98%E7%9A%84%E5%AF%86%E6%84%8F%E5%9B%9E%E7%9C%B8%EF%BC%88%E6%95%A3%E6%96%87%EF%BC%89/095833tndjbnbmxbpfdntr.jpg HTTP/1.1" 404 11311 "-" "ImageBot/1.0 (compatible; research crawler; +https://github.com/rom1504/img2dataset; opt-out: abuse.notification.dcomp12b@gmail.com;"
54.166.204.138 - - [11/Sep/2026:08:38:22 -0400] "GET /%E4%B8%80%E4%BD%8D%E5%9D%90%E6%9D%9F%E7%B8%9B%E7%89%8C%E8%B2%A8%E8%BB%8A%E6%96%B0%E5%A8%98%E7%9A%84%E5%AF%86%E6%84%8F%E5%9B%9E%E7%9C%B8%EF%BC%88%E6%95%A3%E6%96%87%EF%BC%89-2/105034a9o2mowj5o3uj255.jpg HTTP/1.1" 404 11311 "-" "ImageBot/1.0 (compatible; research crawler; +https://github.com/rom1504/img2dataset; opt-out: abuse.notification.dcomp12b@gmail.com;"
3.234.103.5 - - [11/Sep/2026:08:38:23 -0400] "GET /upload/resources/image/2024/07/30/2033695.jpg HTTP/1.1" 404 11311 "-" "ImageBot/1.0 (compatible; research crawler; +https://github.com/rom1504/img2dataset; opt-out: abuse.notification.dcomp12b@gmail.com;"
52.1.250.135 - - [11/Sep/2026:08:38:23 -0400] "GET /2023/11/24/%E6%B0%B8%E4%B8%8D%E7%94%A8%E9%80%9D%E5%8C%85%E9%A4%8A%E7%B6%B2ppt%E7%9A%84%E9%9A%A7%E6%B4%9E/100824d6qa9wz0f60g2he0.jpg HTTP/1.1" 404 11311 "-" "ImageBot/1.0 (compatible; research crawler; +https://github.com/rom1504/img2dataset; opt-out: abuse.notification.dcomp12b@gmail.com;"
43.157.62.101 - - [11/Sep/2026:08:38:27 -0400] "GET /?p=2576 HTTP/1.1" 301 0 "-" "Mozilla/5.0 (iPhone; CPU iPhone OS 13_2_3 like Mac OS X) AppleWebKit/605.1.15 (KHTML, like Gecko) Version/13.0.3 Mobile/15E148 Safari/604.1"
52.23.26.158 - - [11/Sep/2026:08:38:28 -0400] "GET /2024/03/28/%E6%8F%9B%E5%B1%8B%E3%80%90%E6%94%9D%E5%BD%B1%E4%BA%AE%E9%BB%9E%E3%80%91%E8%B5%B0%E9%80%B2%E7%9A%96%E5%8D%97%E7%9F%B3%E8%87%BA%EF%BC%9A%E6%AD%A1%E4%BA%AB%E5%AF%8C%E7%A1%92%E8%B2%A0%E6%B0%A7%E7%9A%84/212238r45wwuqcq3awcg4w.jpg HTTP/1.1" 404 11311 "-" "ImageBot/1.0 (compatible; research crawler; +https://github.com/rom1504/img2dataset; opt-out: abuse.notification.dcomp12b@gmail.com;"
43.157.62.101 - - [11/Sep/2026:08:38:28 -0400] "GET /%e7%94%9c%e5%bf%83%e5%b0%88%e5%8c%85%e9%a4%8a%e7%b6%b2%e7%9c%8b%e5%8d%83%e5%b9%b4%e5%8f%a4%e6%9d%91%e5%a5%a7%e6%b2%bb%e4%b9%8b%e5%a5%a7/ HTTP/1.1" 200 21187 "https://big-wife.com.tw/?p=2576" "Mozilla/5.0 (iPhone; CPU iPhone OS 13_2_3 like Mac OS X) AppleWebKit/605.1.15 (KHTML, like Gecko) Version/13.0.3 Mobile/15E148 Safari/604.1"
52.23.26.158 - - [11/Sep/2026:08:38:29 -0400] "GET /2024/03/26/%E6%B5%B8%E5%B3%AA-%E5%8F%B0%E5%8D%97-%E6%88%BF%E7%94%A2-%E6%A1%91%E6%A4%8D%E5%B9%B4%E5%A4%9C%E5%B1%B1%E4%B8%AD%E7%9A%84%E6%98%8E%E7%8F%A0/230309lgtgnjnnn6z5tcjg.jpg HTTP/1.1" 404 11311 "-" "ImageBot/1.0 (compatible; research crawler; +https://github.com/rom1504/img2dataset; opt-out: abuse.notification.dcomp12b@gmail.com;"
54.166.204.138 - - [11/Sep/2026:08:38:33 -0400] "GET /%E4%BD%9B%E5%B1%B1%E5%AE%98%E5%AE%A3jiuyi%E4%BF%B1%E6%84%8F%E7%A9%BA%E9%96%93%E8%A8%AD%E8%A8%88%E9%80%B2%E5%A4%8F%EF%BC%8C%E7%B3%BB%E8%BF%9110%E5%B9%B4%E4%BE%86%E6%9C%80%E6%97%A9/20260323/287345.jpg HTTP/1.1" 404 11311 "-" "ImageBot/1.0 (compatible; research crawler; +https://github.com/rom1504/img2dataset; opt-out: abuse.notification.dcomp12b@gmail.com;"
52.23.26.158 - - [11/Sep/2026:08:38:35 -0400] "GET /upload/resources/image/2024/02/18/1787983_4096x10000.jpeg HTTP/1.1" 404 11311 "-" "ImageBot/1.0 (compatible; research crawler; +https://github.com/rom1504/img2dataset; opt-out: abuse.notification.dcomp12b@gmail.com;"
54.166.204.138 - - [11/Sep/2026:08:38:36 -0400] "GET /html/files/2021-06/19/20210619143307741984180.jpg HTTP/1.1" 404 11311 "-" "ImageBot/1.0 (compatible; research crawler; +https://github.com/rom1504/img2dataset; opt-out: abuse.notification.dcomp12b@gmail.com;"
3.234.103.5 - - [11/Sep/2026:08:38:36 -0400] "GET /2024/03/06/%E6%96%B0%E6%99%82%E5%8F%B0%E5%8C%97-%E7%A4%BE%E5%8D%80%E5%A4%A7%E6%A8%93%E6%9C%9F%EF%BC%8C%E4%BA%94%E8%80%81%E5%A6%82%E8%A8%B1%E5%BC%95%E9%A0%98%E9%9D%92%E5%B9%B4%E6%82%9F%E9%81%93/171902xf7nxbxf5zgxnrz6.jpg HTTP/1.1" 404 11311 "-" "ImageBot/1.0 (compatible; research crawler; +https://github.com/rom1504/img2dataset; opt-out: abuse.notification.dcomp12b@gmail.com;"
54.166.204.138 - - [11/Sep/2026:08:38:36 -0400] "GET /upload/resources/image/2025/03/02/2320375_4096x10000.jpeg HTTP/1.1" 404 11311 "-" "ImageBot/1.0 (compatible; research crawler; +https://github.com/rom1504/img2dataset; opt-out: abuse.notification.dcomp12b@gmail.com;"
52.23.26.158 - - [11/Sep/2026:08:38:37 -0400] "GET /2023/08/04/%E6%89%93%E9%80%A0%E6%9B%B8%E9%99%A2%E6%96%87%E6%98%8E%E6%89%8B%E5%88%BA%EF%BC%8C%E5%82%BE%E5%8F%B0%E4%B8%AD-%E7%A4%BE%E5%8D%80%E5%A4%A7%E6%A8%93%E8%81%BD%E6%B9%98%E6%BD%AD%E6%95%85%E4%BA%8B/141114jqjn6qdt4nbhbtix.jpg HTTP/1.1" 404 11311 "-" "ImageBot/1.0 (compatible; research crawler; +https://github.com/rom1504/img2dataset; opt-out: abuse.notification.dcomp12b@gmail.com;"
52.1.250.135 - - [11/Sep/2026:08:38:41 -0400] "GET /attachments/2015/09/22/1_20150922152353163kO.jpg HTTP/1.1" 404 11311 "-" "ImageBot/1.0 (compatible; research crawler; +https://github.com/rom1504/img2dataset; opt-out: abuse.notification.dcomp12b@gmail.com;"
3.234.103.5 - - [11/Sep/2026:08:38:44 -0400] "GET /2024/01/18/%E5%A3%93%E6%AD%B2%E9%8C%A2%E6%AD%A3%E5%9C%A8%E6%8A%8A%E4%BA%BA%E4%B8%80%E5%8C%85%E9%A4%8A%E5%BF%83%E5%BE%97%E5%A3%93%E5%BE%97%E5%96%98%E4%B8%8D%E5%A4%96%E6%B0%A3%E4%BE%86/114326vzgzkwhqwlnkwpps.jpg HTTP/1.1" 404 11311 "-" "ImageBot/1.0 (compatible; research crawler; +https://github.com/rom1504/img2dataset; opt-out: abuse.notification.dcomp12b@gmail.com;"
54.166.204.138 - - [11/Sep/2026:08:38:48 -0400] "GET /%E7%89%B9%E9%BB%9E%E9%9B%86%E5%B8%82%E5%A4%9A%E5%BD%A9%E9%A2%A8%E4%BF%97%E5%8B%BE%E7%95%ABosder%E5%A5%A7%E6%96%AF%E5%BE%B7%E5%8F%B0%E5%8C%97%E6%B1%BD%E8%BB%8A%E6%96%B0%E6%98%A5/20260209/2717.jpg HTTP/1.1" 404 11311 "-" "ImageBot/1.0 (compatible; research crawler; +https://github.com/rom1504/img2dataset; opt-out: abuse.notification.dcomp12b@gmail.com;"
52.23.26.158 - - [11/Sep/2026:08:38:49 -0400] "GET /%E6%99%AE%E5%AF%A7%E8%8B%B1%E6%AD%8C%E9%9A%8A%E6%96%B0%E6%98%A5%E6%94%9C%E5%BB%A3%E8%B2%A8%E9%80%B2%E8%BB%8D%E6%AD%90%E6%B4%B2%EF%BC%81%E9%A6%96%E6%94%AF%E5%BF%AB%E6%9D%BF%E7%94%B7/20260215/49298.jpg HTTP/1.1" 404 11311 "-" "ImageBot/1.0 (compatible; research crawler; +https://github.com/rom1504/img2dataset; opt-out: abuse.notification.dcomp12b@gmail.com;"
3.234.103.5 - - [11/Sep/2026:08:38:53 -0400] "GET /%E5%9C%8B%E9%9A%9B%E9%8A%B3%E8%A9%95%E4%B8%A8%E6%AD%90%E6%B4%B2%E6%94%BF%E8%A6%81%E5%AF%86%E9%9B%86%E8%A8%AA%E8%8F%AF%E8%83%8C%E5%90%8E%E7%9A%84%E6%99%82%E8%88%87jiuyi%E4%BF%B1%E6%84%8F%E8%B1%AA/20260131/82369.png HTTP/1.1" 404 11311 "-" "ImageBot/1.0 (compatible; research crawler; +https://github.com/rom1504/img2dataset; opt-out: abuse.notification.dcomp12b@gmail.com;"
50.19.85.253 - - [11/Sep/2026:08:38:54 -0400] "GET /upload/resources/image/2026/01/08/2684488_4096x10000.jpeg HTTP/1.1" 404 11311 "-" "ImageBot/1.0 (compatible; research crawler; +https://github.com/rom1504/img2dataset; opt-out: abuse.notification.dcomp12b@gmail.com;"
50.19.85.253 - - [11/Sep/2026:08:38:54 -0400] "GET /%E5%9F%BA%E5%B1%A4%E8%AD%A6%E4%BA%8B%EF%BC%9A%E7%BC%BA%E6%B0%A7%E4%B8%8D%E7%BC%BAjiuyi%E4%BF%B1%E6%84%8F%E8%B1%AA%E5%AE%85%E8%A8%AD%E8%A8%88%E7%B2%BE%E5%8A%9B%EF%BC%8C%E9%AB%98%E5%8E%9F%E5%AF%AB/20260418/485534.jpg HTTP/1.1" 404 11311 "-" "ImageBot/1.0 (compatible; research crawler; +https://github.com/rom1504/img2dataset; opt-out: abuse.notification.dcomp12b@gmail.com;"
85.208.96.205 - - [11/Sep/2026:08:38:57 -0400] "GET /%E8%B2%B4%E5%B7%9E%E5%B9%B4%E5%A4%9C%E5%AD%B8%E5%9C%8B%E5%AD%B8%E7%A4%BE%E4%B8%99%E7%94%B3%E9%87%8B%E5%A5%A0%E6%89%BE%E4%B9%9D%E5%AE%AE%E6%A0%BC%E8%AC%9B%E5%BA%A7%E7%A6%AE%E4%BA%8E%E8%B2%B4%E5%B7%9E/ HTTP/1.1" 403 1242 "-" "Mozilla/5.0 (compatible; SemrushBot/7~bl; +http://www.semrush.com/bot.html)"
50.19.85.253 - - [11/Sep/2026:08:38:58 -0400] "GET /upload/resources/image/2026/01/19/2695221_4096x10000.jpeg HTTP/1.1" 404 11311 "-" "ImageBot/1.0 (compatible; research crawler; +https://github.com/rom1504/img2dataset; opt-out: abuse.notification.dcomp12b@gmail.com;"
52.1.250.135 - - [11/Sep/2026:08:38:58 -0400] "GET /2023/12/13/%E5%B9%B4%E5%A4%9Cs%E8%A2%AB%E6%B1%AA%E5%B0%8F%E8%8F%B2%E6%89%87%E8%80%B3%E5%85%89%EF%BC%9F%E5%B0%8Fs%E9%82%A3%E8%8B%B1%E4%BA%92%E5%97%86%EF%BC%9F%E7%8E%8B%E6%80%9D%E8%81%B0%E9%9A%94%E7%A9%BA%E9%96%8B/142749da118b7f8f145531.jpg HTTP/1.1" 404 11311 "-" "ImageBot/1.0 (compatible; research crawler; +https://github.com/rom1504/img2dataset; opt-out: abuse.notification.dcomp12b@gmail.com;"
52.23.26.158 - - [11/Sep/2026:08:39:01 -0400] "GET /upload/resources/image/2026/01/29/2704051_4096x10000.jpeg HTTP/1.1" 404 11311 "-" "ImageBot/1.0 (compatible; research crawler; +https://github.com/rom1504/img2dataset; opt-out: abuse.notification.dcomp12b@gmail.com;"
50.19.85.253 - - [11/Sep/2026:08:39:01 -0400] "GET /upload/resources/image/2026/04/19/2777441_4096x10000.jpeg HTTP/1.1" 404 11311 "-" "ImageBot/1.0 (compatible; research crawler; +https://github.com/rom1504/img2dataset; opt-out: abuse.notification.dcomp12b@gmail.com;"
114.119.134.216 - - [11/Sep/2026:08:39:05 -0400] "GET /%e5%bf%ab%e9%81%9e%e5%b0%8f%e5%93%a5%e8%a9%a9%e4%ba%ba%e8%b5%b0%e9%80%b2%e7%94%9c%e5%bf%83%e5%af%b6%e8%b2%9d%e5%8f%b0%e5%8c%85%e9%a4%8a%e7%b6%b2%e8%a1%97%e9%81%93%e9%a9%9b%e7%ab%99%e5%88%86%e9%80%81/ HTTP/1.1" 200 17375 "https://big-wife.com.tw/%e5%ad%9d%e6%98%8c%e4%b8%ad%e5%b0%8f%e5%ad%b8%e9%a3%9f%e5%a0%82%e5%84%aa%e5%85%88%e8%81%98%e8%ab%8b%e6%af%8d%e8%a6%aa%e5%93%a1%e5%b7%a5jiuyi%e4%bf%b1%e6%84%8f%e8%b1%aa%e5%ae%85%e8%a8%ad/" "Mozilla/5.0 (Linux; Android 7.0;) AppleWebKit/537.36 (HTML, like Gecko) Mobile Safari/537.36 (compatible; PetalBot;+https://webmaster.petalsearch.com/site/petalbot)"
3.234.103.5 - - [11/Sep/2026:08:39:07 -0400] "GET /osder%E5%A5%A7%E6%96%AF%E5%BE%B7%E6%B1%BD%E8%BB%8A%E9%9B%B6%E4%BB%B6%E5%BB%A3%E6%9D%B1%E9%9B%BB%E5%BD%B1%E5%B8%82%E5%A0%B4%E5%96%9C%E8%BF%8E%E9%96%8B%E9%96%80%E7%B4%85%EF%BC%8C%E5%85%AB%E5%B9%B4/20260204/115897.jpg HTTP/1.1" 404 11311 "-" "ImageBot/1.0 (compatible; research crawler; +https://github.com/rom1504/img2dataset; opt-out: abuse.notification.dcomp12b@gmail.com;"
85.208.96.211 - - [11/Sep/2026:08:39:13 -0400] "GET /%E5%9C%8B%E9%98%B2%E9%83%A8%E6%B6%88%E6%81%AF%E8%AC%9B%E5%B0%88%E5%8C%85%E9%A4%8Aapp%E8%A9%B1%E4%BA%BA%E5%B0%B1%E8%BF%91%E6%9C%9F%E6%B6%89%E8%BB%8D%E9%A1%8C%E7%9B%AE%E7%99%BC%E5%B8%83%E6%96%B0/ HTTP/1.1" 403 1242 "-" "Mozilla/5.0 (compatible; SemrushBot/7~bl; +http://www.semrush.com/bot.html)"
54.166.204.138 - - [11/Sep/2026:08:39:17 -0400] "GET /%E6%B9%98%E6%B0%B4%E6%94%BE%E6%AD%8C%EF%BC%8C%E7%99%BE%E6%AD%B2%E5%8F%88%E6%96%B0%E7%A8%8B/185258tfl3m5mbcnhvu43h.jpg HTTP/1.1" 404 11311 "-" "ImageBot/1.0 (compatible; research crawler; +https://github.com/rom1504/img2dataset; opt-out: abuse.notification.dcomp12b@gmail.com;"
50.19.85.253 - - [11/Sep/2026:08:39:18 -0400] "GET /upload/resources/image/2024/01/04/1704686_4096x10000.jpeg HTTP/1.1" 404 11311 "-" "ImageBot/1.0 (compatible; research crawler; +https://github.com/rom1504/img2dataset; opt-out: abuse.notification.dcomp12b@gmail.com;"
185.170.167.18 - - [11/Sep/2026:08:39:21 -0400] "GET /%E5%9C%8B%E9%98%B2%E9%83%A8%E6%B6%88%E6%81%AF%E8%AC%9B%E5%B0%88%E5%8C%85%E9%A4%8Aapp%E8%A9%B1%E4%BA%BA%E5%B0%B1%E8%BF%91%E6%9C%9F%E6%B6%89%E8%BB%8D%E9%A1%8C%E7%9B%AE%E7%99%BC%E5%B8%83%E6%96%B0/ HTTP/1.1" 200 21152 "-" "Mozilla/5.0 (compatible; BacklinksExtendedBot)"
3.234.103.5 - - [11/Sep/2026:08:39:21 -0400] "GET /%E8%90%AC%E5%85%AC%E9%87%8C%E8%B7%91%E8%80%85%E9%84%A7%E8%89%AF%E8%8F%AF%E8%B7%91%E5%87%BA%E5%9C%8B%E9%96%80%E5%8D%81%E5%A4%A9%E8%A8%98-2/212035rzeb3h71gsrpeabp.jpg HTTP/1.1" 404 11311 "-" "ImageBot/1.0 (compatible; research crawler; +https://github.com/rom1504/img2dataset; opt-out: abuse.notification.dcomp12b@gmail.com;"
3.234.103.5 - - [11/Sep/2026:08:39:23 -0400] "GET /%E5%BB%A3%E6%9D%B1%E5%85%AC%E5%AE%89%E4%BA%A4%E6%98%A5%E7%AF%80%E5%AE%89%E7%84%B6%E7%AD%94%E5%8D%B7%EF%BC%9A%E5%88%91%E4%BA%8B%E6%B2%BB%E5%AE%89%E8%AD%A6%E6%83%85%E3%80%81%E8%B7%AF/20260224/115269.jpg HTTP/1.1" 404 11311 "-" "ImageBot/1.0 (compatible; research crawler; +https://github.com/rom1504/img2dataset; opt-out: abuse.notification.dcomp12b@gmail.com;"
52.23.26.158 - - [11/Sep/2026:08:39:24 -0400] "GET /%E5%BB%A3%E8%B2%A8%E8%A1%8C%E5%85%A8%E5%9C%8B%EF%BC%8C%E7%BE%8E%E9%A3%9F%E5%9C%A8%E5%BB%A3%E6%9D%B1%EF%BD%9C2026%E5%B9%B4%E9%9D%9E%E9%81%BA%E8%B3%80%E6%96%B0%E6%98%A5%C2%B7%E5%B0%8B%E5%91%B3/20260123/46170.jpg HTTP/1.1" 404 11311 "-" "ImageBot/1.0 (compatible; research crawler; +https://github.com/rom1504/img2dataset; opt-out: abuse.notification.dcomp12b@gmail.com;"
3.234.103.5 - - [11/Sep/2026:08:39:24 -0400] "GET /%E8%83%96%E6%9D%B1%E4%BE%86599%E5%85%83%E7%BE%BD%E7%B5%A8%E6%9C%8D%E5%85%85%E7%B5%A8%E9%87%8F213%E5%85%8B%EF%BC%8C5%E6%AD%A5%E9%81%BF%E5%9D%91%E6%B3%95%E6%95%99%E4%BD%A0%E9%81%B8%E8%B3%BC%E7%BE%BD/20260120/23333.png HTTP/1.1" 404 11311 "-" "ImageBot/1.0 (compatible; research crawler; +https://github.com/rom1504/img2dataset; opt-out: abuse.notification.dcomp12b@gmail.com;"
3.234.103.5 - - [11/Sep/2026:08:39:28 -0400] "GET /%E8%A9%A9%E6%9C%83jiuyi%E4%BF%B1%E6%84%8F%E7%A9%BA%E9%96%93%E8%A8%AD%E8%A8%88%E9%82%84%E8%83%BD%E9%80%99%E4%B9%88%E7%8E%A9%EF%BC%9F2026%E5%BB%A3%E5%B7%9E%E6%96%B0%E5%B9%B4%E8%A9%A9%E6%9C%83/20260119/8947.jpg HTTP/1.1" 404 11311 "-" "ImageBot/1.0 (compatible; research crawler; +https://github.com/rom1504/img2dataset; opt-out: abuse.notification.dcomp12b@gmail.com;"
52.1.250.135 - - [11/Sep/2026:08:39:32 -0400] "GET /upload/resources/image/2025/09/17/2574443.jpg HTTP/1.1" 404 11311 "-" "ImageBot/1.0 (compatible; research crawler; +https://github.com/rom1504/img2dataset; opt-out: abuse.notification.dcomp12b@gmail.com;"
52.23.26.158 - - [11/Sep/2026:08:39:33 -0400] "GET /html/files/2022-05/11/20220511143150697669406.png HTTP/1.1" 404 11305 "-" "ImageBot/1.0 (compatible; research crawler; +https://github.com/rom1504/img2dataset; opt-out: abuse.notification.dcomp12b@gmail.com;"
52.1.250.135 - - [11/Sep/2026:08:39:35 -0400] "GET /upload/resources/image/2026/01/29/2704051_4096x10000.jpeg HTTP/1.1" 404 11311 "-" "ImageBot/1.0 (compatible; research crawler; +https://github.com/rom1504/img2dataset; opt-out: abuse.notification.dcomp12b@gmail.com;"
50.19.85.253 - - [11/Sep/2026:08:39:39 -0400] "GET /2023/12/08/%E9%BC%8E%E5%9F%8E%E5%8D%80%E4%BA%BA%E5%B9%B4%E5%A4%9C%E5%B8%B8%E5%A7%94%E6%9C%83%E6%A9%9F%E9%97%9C%E9%97%9C%E5%B7%A5%E5%A7%94%E8%AA%BF%E7%A0%94%E6%A9%8B%E5%8D%97%E4%B9%9D%E5%AE%AE%E6%A0%BC%E7%A7%81/225743zla33g2x8aa8zz3l.png HTTP/1.1" 404 11311 "-" "ImageBot/1.0 (compatible; research crawler; +https://github.com/rom1504/img2dataset; opt-out: abuse.notification.dcomp12b@gmail.com;"
52.1.250.135 - - [11/Sep/2026:08:39:41 -0400] "GET /2023/08/02/%E8%B4%88%E5%8C%85%E9%A4%8A%E5%BF%83%E5%BE%97%E6%9B%B8%E8%BB%BC%E4%BA%8B/125754fdf98tffdt8ttttn.jpg HTTP/1.1" 404 11311 "-" "ImageBot/1.0 (compatible; research crawler; +https://github.com/rom1504/img2dataset; opt-out: abuse.notification.dcomp12b@gmail.com;"
54.166.204.138 - - [11/Sep/2026:08:39:44 -0400] "GET /2023/10/18/%E6%9C%89%E5%90%8D%E5%A5%B3%E9%9B%95%E5%A1%91%E5%82%A2%E9%99%B3%E6%B7%91%E5%85%89%E5%8E%BB%E4%B8%96%EF%BC%8C%E6%9B%BE%E4%BB%8B%E5%85%A5%E5%9C%8B%E6%B0%91%E5%A5%BD%E6%BC%A2%E7%95%99%E5%BF%B5%E7%A2%91/cf4b2901c6cc4680ae920238739f130d.png HTTP/1.1" 404 11311 "-" "ImageBot/1.0 (compatible; research crawler; +https://github.com/rom1504/img2dataset; opt-out: abuse.notification.dcomp12b@gmail.com;"
216.73.216.141 - - [11/Sep/2026:08:39:47 -0400] "GET /robots.txt HTTP/2" 200 94 "-" "Mozilla/5.0 AppleWebKit/537.36 (KHTML, like Gecko; compatible; ClaudeBot/1.0; +claudebot@anthropic.com)"
216.73.216.141 - - [11/Sep/2026:08:39:47 -0400] "GET /?p=856 HTTP/2" 301 0 "-" "Mozilla/5.0 AppleWebKit/537.36 (KHTML, like Gecko; compatible; ClaudeBot/1.0; +claudebot@anthropic.com)"
216.73.216.141 - - [11/Sep/2026:08:39:48 -0400] "GET /%e7%89%b9%e6%8a%80%e7%9b%a1%e6%b4%bb%ef%bd%9c%e8%aa%bf%e4%b8%ad%e6%9d%b1%e8%a5%bf%e5%84%84%e5%b5%90%e9%9b%bb%e7%ab%b6%e6%a4%8532%e7%9c%81%e9%8c%a2%e7%9c%81%e5%8a%9b/ HTTP/2" 200 16169 "https://big-wife.com.tw/?p=856" "Mozilla/5.0 AppleWebKit/537.36 (KHTML, like Gecko; compatible; ClaudeBot/1.0; +claudebot@anthropic.com)"
52.1.250.135 - - [11/Sep/2026:08:39:50 -0400] "GET /%E5%BE%9E%E9%BB%A8%E7%9A%84%E4%BA%8C%E5%8D%81jiuyi%E4%BF%B1%E6%84%8F%E8%B1%AA%E5%AE%85%E8%A8%AD%E8%A8%88%E5%B1%86%E5%9B%9B%E4%B8%AD%E5%85%A8%E6%9C%83%E5%88%B02026%E5%B9%B4%E5%85%A8%E5%9C%8B%E5%85%A9/20260320/272160.jpg HTTP/1.1" 404 11311 "-" "ImageBot/1.0 (compatible; research crawler; +https://github.com/rom1504/img2dataset; opt-out: abuse.notification.dcomp12b@gmail.com;"
98.84.200.43 - - [11/Sep/2026:08:39:50 -0400] "GET /wp-json/oembed/1.0/embed?format=xml&url=https://big-wife.com.tw/%25e7%25a7%2580%25e5%2582%25b3%25e9%2586%25ab%25e9%2599%25a2%25e5%2581%25a5%25e6%25aa%25a2%25e9%25a0%2585%25e7%259b%25ae%25e6%2596%25b0%25e6%2598%25a5%25e5%25b9%25b4%25e5%25a4%259c%25e6%258e%2583%25e9%2599%25a4%25e4%25b9%259f%25e5%2585%25bc%25e9%25a1%25a7%25e5%25ae%2589%25e5%25ba%25b7/ HTTP/1.1" 200 1342 "-" "Mozilla/5.0 AppleWebKit/537.36 (KHTML, like Gecko; compatible; Amazonbot/0.1; +https://developer.amazon.com/support/amazonbot) Chrome/119.0.6045.214 Safari/537.36"
3.234.103.5 - - [11/Sep/2026:08:39:53 -0400] "GET /%E6%99%82%E6%94%BF%E5%BE%AE%E8%A7%80%E5%AF%9F%E4%B8%A8%E5%B9%B4%E5%A4%9C%E5%9C%8B%E4%B8%80%E8%B5%B7%E9%85%8D%E5%90%88%EF%BC%8C%E5%BE%9E%E5%B9%B4%E5%A4%9C%E6%9C%89%E5%8F%AF%E7%82%BA/20260201/93646.jpg HTTP/1.1" 404 11311 "-" "ImageBot/1.0 (compatible; research crawler; +https://github.com/rom1504/img2dataset; opt-out: abuse.notification.dcomp12b@gmail.com;"
52.1.250.135 - - [11/Sep/2026:08:39:53 -0400] "GET /upload/resources/image/2024/08/04/2039744.jpg?r=1722733825973 HTTP/1.1" 404 11311 "-" "ImageBot/1.0 (compatible; research crawler; +https://github.com/rom1504/img2dataset; opt-out: abuse.notification.dcomp12b@gmail.com;"
54.166.204.138 - - [11/Sep/2026:08:39:54 -0400] "GET /2024/03/24/%E8%A2%AB%E7%94%9F%E6%B6%AF%E6%8A%98%E6%96%B7%E7%9A%84%E5%90%8C%E9%BB%A8%E3%80%90%E4%B8%89%E3%80%91/210731h61azdyh6yqy1xqd.jpeg HTTP/1.1" 404 11311 "-" "ImageBot/1.0 (compatible; research crawler; +https://github.com/rom1504/img2dataset; opt-out: abuse.notification.dcomp12b@gmail.com;"
3.234.103.5 - - [11/Sep/2026:08:39:58 -0400] "GET /2024/03/09/%E5%AE%B6%E5%9C%92%E7%BE%8E%E4%B8%8D%E5%8B%95%E7%94%A2%E5%A6%82%E7%95%AB/113418kpqngdqhoq1d8spa.jpg HTTP/1.1" 404 11311 "-" "ImageBot/1.0 (compatible; research crawler; +https://github.com/rom1504/img2dataset; opt-out: abuse.notification.dcomp12b@gmail.com;"
216.73.216.141 - - [11/Sep/2026:08:39:59 -0400] "GET /%e9%ac%bc%e7%89%87%e3%80%81%e5%8f%af%e6%80%95%e7%89%87%e9%ac%bc%e6%9c%88%e6%a3%ae%e5%92%8c%e8%a8%ba%e6%89%80%e5%81%a5%e6%aa%a2%e9%80%b2%e5%a0%b4-%e3%80%8a%e9%9d%88%e5%aa%92%e6%83%a1%e5%92%92%e3%80%8b/ HTTP/2" 200 14864 "-" "Mozilla/5.0 AppleWebKit/537.36 (KHTML, like Gecko; compatible; ClaudeBot/1.0; +claudebot@anthropic.com)"
52.23.26.158 - - [11/Sep/2026:08:40:03 -0400] "GET /%E5%AD%B8%E7%BF%92jiuyi%E4%BF%B1%E6%84%8F%E8%A8%BA%E6%89%80%E8%A8%AD%E8%A8%88%E7%AD%86%E8%A8%98-%E9%80%99%E4%BA%9B%E6%94%BF%E7%B8%BE%E8%A7%80%E9%8C%AF%E4%BD%8D%E7%9A%84%E8%A1%A8%E7%8F%BE%EF%BC%8C/20260318/260968.jpg HTTP/1.1" 404 11311 "-" "ImageBot/1.0 (compatible; research crawler; +https://github.com/rom1504/img2dataset; opt-out: abuse.notification.dcomp12b@gmail.com;"
52.23.26.158 - - [11/Sep/2026:08:40:09 -0400] "GET /2023/08/02/%E6%8F%AE%E5%88%A5%E6%AF%8D%E6%A0%A1%EF%BC%8C%E8%B3%A1%E7%BA%8C%E5%8C%85%E9%A4%8A%E7%B6%93%E9%A9%97%E9%81%A0%E8%A1%8C%EF%BC%81/082752w8t8zxyas4jmjxyj.jpg HTTP/1.1" 404 11311 "-" "ImageBot/1.0 (compatible; research crawler; +https://github.com/rom1504/img2dataset; opt-out: abuse.notification.dcomp12b@gmail.com;"
52.1.250.135 - - [11/Sep/2026:08:40:09 -0400] "GET /%E5%8F%8D%E5%90%91%E6%98%A5%E9%81%8B%E7%81%AB%E4%BA%86%EF%BC%81%E5%8C%97%E4%B8%8A%E5%BB%A3%E6%A9%9F%E5%A0%B4%E6%93%A0%E6%BB%BF%E6%8E%A5%E6%80%99jiuyi%E4%BF%B1%E6%84%8F%E5%AE%A4%E5%85%A7%E8%A8%AD/20260214/39851.jpg HTTP/1.1" 404 11311 "-" "ImageBot/1.0 (compatible; research crawler; +https://github.com/rom1504/img2dataset; opt-out: abuse.notification.dcomp12b@gmail.com;"
50.19.85.253 - - [11/Sep/2026:08:40:11 -0400] "GET /%E5%BB%A3%E5%B7%9E%E5%8D%97%E6%B2%99%E5%9C%8B%E9%9A%9B%E5%AF%B5%E7%89%A9%E7%A4%BE%E5%8D%80%E6%8F%AD%E7%89%8C%EF%BC%8C%E6%89%93%E9%80%A0%E5%B9%B4%E5%A4%9C%E7%81%A3%E5%8D%80%E5%AF%B5osder%E5%A5%A7/20260201/92709.jpg HTTP/1.1" 404 11311 "-" "ImageBot/1.0 (compatible; research crawler; +https://github.com/rom1504/img2dataset; opt-out: abuse.notification.dcomp12b@gmail.com;"
3.234.103.5 - - [11/Sep/2026:08:40:11 -0400] "GET /%E4%B8%80%E5%90%8D%E9%AB%98%E5%8C%85%E9%A4%8A%E7%B6%B2%E5%96%AE%E6%AC%A1%E6%A0%A1%E6%95%99%E5%93%A1%E7%B4%9B%E6%AD%A7%E6%A8%A3%E7%9A%84%E5%AF%92%E5%81%87%E7%94%9F%E6%B6%AF/221537lnbmbmm7b0gp9407.jpg HTTP/1.1" 404 11311 "-" "ImageBot/1.0 (compatible; research crawler; +https://github.com/rom1504/img2dataset; opt-out: abuse.notification.dcomp12b@gmail.com;"
52.23.26.158 - - [11/Sep/2026:08:40:18 -0400] "GET /2024/03/09/%E5%AE%B6%E5%9C%92%E7%BE%8E%E4%B8%8D%E5%8B%95%E7%94%A2%E5%A6%82%E7%95%AB/103451dtopgz9qntp0hggo.jpg HTTP/1.1" 404 11311 "-" "ImageBot/1.0 (compatible; research crawler; +https://github.com/rom1504/img2dataset; opt-out: abuse.notification.dcomp12b@gmail.com;"
88.253.9.148 - - [11/Sep/2026:08:40:15 -0400] "GET /wp-sitemap-posts-post-1.xml HTTP/1.1" 200 115811 "-" "Mozilla/5.0 (Macintosh; Intel Mac OS X 11.4; rv:130.0) Gecko/20100101 Firefox/130.0"
3.234.103.5 - - [11/Sep/2026:08:40:20 -0400] "GET /2024/03/28/%E8%90%AC%E5%85%AC%E9%87%8C%E8%B7%91%E8%80%85%E9%84%A7%E8%89%AF%E8%8F%AF%E8%B7%91%E7%A4%BE%E5%8D%80%E5%A4%A7%E6%A8%93%E5%87%BA%E5%9C%8B%E9%96%80%E5%8D%81%E5%A4%A9%E8%A8%98/212555qtw82qwny89k29ue.jpg HTTP/1.1" 404 11311 "-" "ImageBot/1.0 (compatible; research crawler; +https://github.com/rom1504/img2dataset; opt-out: abuse.notification.dcomp12b@gmail.com;"
3.234.103.5 - - [11/Sep/2026:08:40:20 -0400] "GET /2024/03/30/%E5%AE%89%E6%B0%B8%E8%BB%8D%E4%B8%A8%E6%B3%A1%E6%A1%90%E8%8A%B1%E9%96%8B%E4%B9%9F%E8%8A%B3%E8%8F%B2%EF%BC%88%E6%95%A3%E6%8F%9B%E5%B1%8B%E6%96%87%EF%BC%89/102307vx8u2nd2fld3ci6f.jpg HTTP/1.1" 404 11311 "-" "ImageBot/1.0 (compatible; research crawler; +https://github.com/rom1504/img2dataset; opt-out: abuse.notification.dcomp12b@gmail.com;"
52.23.26.158 - - [11/Sep/2026:08:40:22 -0400] "GET /2024/03/28/%E8%90%AC%E5%85%AC%E9%87%8C%E8%B7%91%E8%80%85%E9%84%A7%E8%89%AF%E8%8F%AF%E8%B7%91%E7%A4%BE%E5%8D%80%E5%A4%A7%E6%A8%93%E5%87%BA%E5%9C%8B%E9%96%80%E5%8D%81%E5%A4%A9%E8%A8%98/212540eshzppjqebhxxeoq.png HTTP/1.1" 404 11311 "-" "ImageBot/1.0 (compatible; research crawler; +https://github.com/rom1504/img2dataset; opt-out: abuse.notification.dcomp12b@gmail.com;"
54.166.204.138 - - [11/Sep/2026:08:40:22 -0400] "GET /%E3%80%90%E5%86%B0%E9%9B%AA%E6%98%A5%E5%A4%A9%E3%80%91%E7%BF%92%E8%A8%80%E9%81%93%EF%BD%9C%E6%8E%A8jiuyi%E4%BF%B1%E6%84%8F%E8%A8%BA%E6%89%80%E8%A8%AD%E8%A8%88%E5%8B%95%E5%86%B0%E9%9B%AA%E9%81%8B/20260121/36626.jpg HTTP/1.1" 404 11311 "-" "ImageBot/1.0 (compatible; research crawler; +https://github.com/rom1504/img2dataset; opt-out: abuse.notification.dcomp12b@gmail.com;"
52.23.26.158 - - [11/Sep/2026:08:40:26 -0400] "GET /upload/resources/image/2026/02/04/2710342_4096x10000.jpeg HTTP/1.1" 404 11311 "-" "ImageBot/1.0 (compatible; research crawler; +https://github.com/rom1504/img2dataset; opt-out: abuse.notification.dcomp12b@gmail.com;"
52.23.26.158 - - [11/Sep/2026:08:40:29 -0400] "GET /%E7%82%BA%E5%85%A9%E5%B2%B8%E8%AC%80%E6%88%B0%E7%88%AD%E3%80%81%E7%82%BA%E5%90%8C%E8%83%9E%E8%AC%80%E7%A6%8F%E7%A5%89%E3%80%81%E7%82%BA%E5%B9%B3%E6%98%93%E8%BF%91%E6%97%8F%E8%AC%80%E5%BE%A9%E8%88%88/20260412/435454.png HTTP/1.1" 404 11311 "-" "ImageBot/1.0 (compatible; research crawler; +https://github.com/rom1504/img2dataset; opt-out: abuse.notification.dcomp12b@gmail.com;"
114.119.158.58 - - [11/Sep/2026:08:40:29 -0400] "GET /%e5%be%9e%e7%a8%ae%e8%8c%b6%e5%b0%8f%e7%99%bd%e5%88%b0%e9%84%89%e6%9d%91osder%e5%a5%a7%e6%96%af%e5%be%b7%e9%9b%b6%e4%bb%b6%e5%95%86%e5%b7%a5%e5%8c%a0%ef%bc%81%e6%bd%ae%e5%b7%9e/ HTTP/1.1" 200 18712 "https://big-wife.com.tw/%e5%bf%83%e9%99%84%e8%bf%91%ef%bd%9c%e9%80%99%e4%bb%bd%e5%bb%b6%e7%ba%8c41%e5%b9%b4%e7%9a%84%e5%8f%8b%e8%aa%bc%ef%bc%8c%e7%bf%92%e8%bf%91%e5%b9%b3%e4%b8%bb%e5%b8%ad%e4%b8%80%e5%90%91%e7%8f%8dosder/" "Mozilla/5.0 (Linux; Android 7.0;) AppleWebKit/537.36 (HTML, like Gecko) Mobile Safari/537.36 (compatible; PetalBot;+https://webmaster.petalsearch.com/site/petalbot)"
52.23.26.158 - - [11/Sep/2026:08:40:32 -0400] "GET /2024/01/29/%E5%B0%8F%E7%B7%A8%E8%A6%AA%E6%B8%AC%EF%BC%81%E7%9C%9F%E4%BA%BA%E5%87%BA%E9%8F%A1%EF%BC%81%E5%A4%9A%E5%9C%96%E9%A0%90%E8%AD%A6%EF%BC%81%EF%BC%81%E8%A6%93%E5%8C%85%E9%A4%8Aapp%E7%B5%A6%E4%BD%A0/170009cezc5tahcugmvhli.jpg HTTP/1.1" 404 11311 "-" "ImageBot/1.0 (compatible; research crawler; +https://github.com/rom1504/img2dataset; opt-out: abuse.notification.dcomp12b@gmail.com;"
52.1.250.135 - - [11/Sep/2026:08:40:32 -0400] "GET /upload/resources/image/2024/02/03/1762865_4096x10000.jpeg HTTP/1.1" 404 11311 "-" "ImageBot/1.0 (compatible; research crawler; +https://github.com/rom1504/img2dataset; opt-out: abuse.notification.dcomp12b@gmail.com;"
50.19.85.253 - - [11/Sep/2026:08:40:32 -0400] "GET /%E8%AD%A6%E6%88%92%E5%B9%B4%E5%A4%9C%E4%BD%90%E5%9B%9E%E6%AD%B8%EF%BC%81japan%E6%97%A5%E6%9C%AC%E7%95%B6%E5%B1%80%E6%93%AC%E4%BF%AE%E6%AD%A3%E8%87%AA%E8%A1%9Bosder%E5%A5%A7/20260428/556961.jpg HTTP/1.1" 404 11311 "-" "ImageBot/1.0 (compatible; research crawler; +https://github.com/rom1504/img2dataset; opt-out: abuse.notification.dcomp12b@gmail.com;"
52.23.26.158 - - [11/Sep/2026:08:40:32 -0400] "GET /2024/03/14/%E4%B8%80%E4%BD%8D%E5%9D%90%E6%9D%9F%E7%B8%9B%E7%89%8C%E8%B2%A8%E8%BB%8A%E6%96%B0%E5%A8%98%E7%9A%84%E5%AF%86%E6%84%8F%E5%9B%9E%E7%9C%B8%EF%BC%88%E6%95%A3%E6%96%87%EF%BC%89/094900oxl6luxi6midma7c.jpg HTTP/1.1" 404 11311 "-" "ImageBot/1.0 (compatible; research crawler; +https://github.com/rom1504/img2dataset; opt-out: abuse.notification.dcomp12b@gmail.com;"
52.23.26.158 - - [11/Sep/2026:08:40:33 -0400] "GET /upload/resources/image/2023/07/22/1412639_4096x10000.jpeg HTTP/1.1" 404 11311 "-" "ImageBot/1.0 (compatible; research crawler; +https://github.com/rom1504/img2dataset; opt-out: abuse.notification.dcomp12b@gmail.com;"
52.1.250.135 - - [11/Sep/2026:08:40:37 -0400] "GET /2023/08/01/%E6%A0%A1%E5%9C%92%E6%96%87%E6%98%8E%E3%80%8C%E5%8C%85%E9%A4%8Aapp%E6%8A%97%E7%BE%8E%E6%8F%B4%E6%9C%9D%E6%88%B0%E9%AC%A5%E6%88%90%E5%8A%9F70%E5%91%A8%E5%B9%B4%E3%80%8D%E8%AE%93%E6%88%91%E5%80%91/202639nb1v3gr10v04i9gt.jpg HTTP/1.1" 404 11311 "-" "ImageBot/1.0 (compatible; research crawler; +https://github.com/rom1504/img2dataset; opt-out: abuse.notification.dcomp12b@gmail.com;"
50.19.85.253 - - [11/Sep/2026:08:40:38 -0400] "GET /%E8%82%87%E6%85%B6%E9%AB%98%E8%A6%81%E5%8D%80%E9%90%B5%E5%B4%97%E7%A4%BE%E5%8D%80%EF%BC%9A%E5%92%96%E5%95%A1%E5%99%B4%E9%BC%BB%E9%87%8C-%E5%8F%A4%E6%9D%91%E7%94%9F%E9%87%91-%E5%B9%B4%E5%A4%9C/20260124/49421.jpg HTTP/1.1" 404 11311 "-" "ImageBot/1.0 (compatible; research crawler; +https://github.com/rom1504/img2dataset; opt-out: abuse.notification.dcomp12b@gmail.com;"
50.19.85.253 - - [11/Sep/2026:08:40:41 -0400] "GET /2024/03/04/%E8%B3%BC%E5%B1%8B%EF%BC%882021-2035%E5%B9%B4%EF%BC%89%E9%80%99%E5%BC%B5%E9%95%B7%E6%B2%99%E5%9C%B0%E9%90%B5%E6%96%B0%E8%A8%88%E5%8A%83%E5%9C%96%E5%B0%B1%E6%98%AF%E5%B0%87%E4%BE%86%E7%9A%84%E6%98%9F/093457hjxwjzajwkw6pa5x.jpg HTTP/1.1" 404 11311 "-" "ImageBot/1.0 (compatible; research crawler; +https://github.com/rom1504/img2dataset; opt-out: abuse.notification.dcomp12b@gmail.com;"
54.166.204.138 - - [11/Sep/2026:08:40:43 -0400] "GET /upload/resources/image/2024/01/23/1740718_4096x10000.jpeg HTTP/1.1" 404 11311 "-" "ImageBot/1.0 (compatible; research crawler; +https://github.com/rom1504/img2dataset; opt-out: abuse.notification.dcomp12b@gmail.com;"
52.23.26.158 - - [11/Sep/2026:08:40:44 -0400] "GET /%E4%B8%80%E5%90%8D%E9%AB%98%E5%8C%85%E9%A4%8A%E7%B6%B2%E5%96%AE%E6%AC%A1%E6%A0%A1%E6%95%99%E5%93%A1%E7%B4%9B%E6%AD%A7%E6%A8%A3%E7%9A%84%E5%AF%92%E5%81%87%E7%94%9F%E6%B6%AF/222031p935e37xx0kffuku.png HTTP/1.1" 404 11311 "-" "ImageBot/1.0 (compatible; research crawler; +https://github.com/rom1504/img2dataset; opt-out: abuse.notification.dcomp12b@gmail.com;"
3.234.103.5 - - [11/Sep/2026:08:40:49 -0400] "GET /upload/resources/image/2026/04/13/2771008_4096x10000.jpeg HTTP/1.1" 404 11311 "-" "ImageBot/1.0 (compatible; research crawler; +https://github.com/rom1504/img2dataset; opt-out: abuse.notification.dcomp12b@gmail.com;"
85.208.96.207 - - [11/Sep/2026:08:40:50 -0400] "GET /%E9%9B%AA%E7%AA%96%E5%86%B0%E5%A4%A9%E4%B9%9F%E6%98%AF%E9%87%91%E5%B1%B1%E9%8A%80%E5%B1%B1%EF%BD%9C%E7%AD%91%E7%89%A2%E5%86%B0%E9%9B%AA%E6%B4%BB%E5%8B%95%E5%B0%88%E5%8C%85%E9%A4%8A%E7%B6%B2%E5%BF%83/ HTTP/1.1" 403 1242 "-" "Mozilla/5.0 (compatible; SemrushBot/7~bl; +http://www.semrush.com/bot.html)"
50.19.85.253 - - [11/Sep/2026:08:40:52 -0400] "GET /2024/06/25/100%E5%B9%B4%E4%BA%86%EF%BC%81%E9%80%99%E5%80%8B%E5%90%8D%E5%AD%97%EF%BC%8C%E7%85%A7%E8%88%8A%E9%96%83%E7%94%9C%E5%BF%83%E5%AF%B6%E8%B2%9D%E6%89%BE%E5%8C%85%E9%A4%8A%E7%B6%B2%E7%88%8D/d65ef95df7404221a1c07a157d377b66/images/65ca9bee9ddd41409873710bf601f98a.jpg HTTP/1.1" 404 11311 "-" "ImageBot/1.0 (compatible; research crawler; +https://github.com/rom1504/img2dataset; opt-out: abuse.notification.dcomp12b@gmail.com;"
52.1.250.135 - - [11/Sep/2026:08:40:54 -0400] "GET /2023/11/17/%E6%A0%AA%E6%B4%B2-%E8%98%86%E6%B7%9E-%E8%B3%80%E5%AE%B6%E5%9C%9F%E8%A1%97%E9%81%93-%E9%95%B7%E5%A1%98%E7%81%A3%E7%A4%BE%E5%8D%80%E6%96%B0%E6%99%82%E6%9C%9F%E4%B9%9D%E5%AE%AE%E6%A0%BC%E8%81%9A/190703vynncmpmy15pzp5i.jpg HTTP/1.1" 404 11311 "-" "ImageBot/1.0 (compatible; research crawler; +https://github.com/rom1504/img2dataset; opt-out: abuse.notification.dcomp12b@gmail.com;"
54.166.204.138 - - [11/Sep/2026:08:40:58 -0400] "GET /upload/resources/image/2026/04/21/2779325.jpg?r=1776754376965 HTTP/1.1" 404 11311 "-" "ImageBot/1.0 (compatible; research crawler; +https://github.com/rom1504/img2dataset; opt-out: abuse.notification.dcomp12b@gmail.com;"
52.23.26.158 - - [11/Sep/2026:08:40:59 -0400] "GET /upload/resources/image/2026/02/17/2723392_4096x10000.jpeg HTTP/1.1" 404 11311 "-" "ImageBot/1.0 (compatible; research crawler; +https://github.com/rom1504/img2dataset; opt-out: abuse.notification.dcomp12b@gmail.com;"
88.13.20.76 - - [11/Sep/2026:08:41:00 -0400] "GET /page-sitemap.xml HTTP/1.1" 404 11311 "-" "Mozilla/5.0 (Windows NT 10.0; WOW64; rv:133.0) Gecko/20100101 Firefox/133.0"
3.234.103.5 - - [11/Sep/2026:08:41:00 -0400] "GET /%E5%BB%A3%E5%B7%9E%E4%B8%80%E5%B0%8F%E5%AD%B8%E7%94%9F%E9%99%B8%E7%BA%8C%E6%8B%BE%E5%88%B023%E6%A2%9D%E9%81%BA%E6%8E%89%E7%B4%85%E9%A0%98%E5%B7%BE%EF%BC%8C%E5%B0%87%E5%85%B6%E6%B4%97%E5%87%88%E7%86%A8/20260120/16858.jpg HTTP/1.1" 404 11311 "-" "ImageBot/1.0 (compatible; research crawler; +https://github.com/rom1504/img2dataset; opt-out: abuse.notification.dcomp12b@gmail.com;"
54.166.204.138 - - [11/Sep/2026:08:41:01 -0400] "GET /%E5%BC%B5%E9%9B%AA%E6%A9%9F%E8%BB%8A%EF%BC%8C%E4%B8%80%E6%88%B0%E5%B0%81%E7%A5%9E%EF%BC%81%E8%BA%AB%E8%83%8Cosder%E5%A5%A7%E6%96%AF%E5%BE%B7%E6%9D%90%E6%96%99%E5%A0%B1%E5%83%B9%E7%A0%B4%E5%8C%85/20260331/350315.png HTTP/1.1" 404 11311 "-" "ImageBot/1.0 (compatible; research crawler; +https://github.com/rom1504/img2dataset; opt-out: abuse.notification.dcomp12b@gmail.com;"
