54.166.204.138 - - [11/Sep/2026:10:16:03 -0400] "GET /2024/03/28/%E8%90%AC%E5%85%AC%E9%87%8C%E8%B7%91%E8%80%85%E9%84%A7%E8%89%AF%E8%8F%AF%E8%B7%91%E7%A4%BE%E5%8D%80%E5%A4%A7%E6%A8%93%E5%87%BA%E5%9C%8B%E9%96%80%E5%8D%81%E5%A4%A9%E8%A8%98/212610n2qgoiy5yfwxh3hq.jpg HTTP/1.1" 404 11305 "-" "ImageBot/1.0 (compatible; research crawler; +https://github.com/rom1504/img2dataset; opt-out: abuse.notification.dcomp12b@gmail.com;"
169.1.145.186 - - [11/Sep/2026:10:16:04 -0400] "POST /xmlrpc.php HTTP/1.1" 403 1242 "-" "WordPress.com; https://wordpress.com"
54.166.204.138 - - [11/Sep/2026:10:16:06 -0400] "GET /2023/10/12/%E7%BE%8E%E5%9C%8B%E7%BD%B7%E5%B7%A5%E6%BD%AE%E9%80%A3%E7%BA%8C%E8%88%92%E7%94%9C%E5%BF%83%E5%8C%85%E9%A4%8A%E7%B6%B2%E5%B1%95%EF%BC%8C%E6%9C%80%E5%B9%B4%E5%A4%9C%E9%86%AB%E7%99%82%E6%A9%9F%E6%A7%8B/239b3ca52013444bb6b2524efd2fbda7.jpg HTTP/1.1" 404 11311 "-" "ImageBot/1.0 (compatible; research crawler; +https://github.com/rom1504/img2dataset; opt-out: abuse.notification.dcomp12b@gmail.com;"
52.1.250.135 - - [11/Sep/2026:10:16:07 -0400] "GET /2024/03/14/%E7%94%9F%E6%B6%AF%E9%9B%9C%E8%AD%B0%EF%BC%88%E4%B8%89%EF%BC%89/160754dkes36km6gmsz4zk.jpg HTTP/1.1" 404 11311 "-" "ImageBot/1.0 (compatible; research crawler; +https://github.com/rom1504/img2dataset; opt-out: abuse.notification.dcomp12b@gmail.com;"
54.166.204.138 - - [11/Sep/2026:10:16:08 -0400] "GET /2024/03/27/%E7%9B%8A%E9%99%BD%E5%9C%B0%E5%9F%9F%E7%9A%84%E8%BF%AD%E7%A4%BE%E5%8D%80%E8%AE%8A%E3%80%82/113923cv5kx5yiva0uzyy6.jpg HTTP/1.1" 404 11311 "-" "ImageBot/1.0 (compatible; research crawler; +https://github.com/rom1504/img2dataset; opt-out: abuse.notification.dcomp12b@gmail.com;"
52.23.26.158 - - [11/Sep/2026:10:16:09 -0400] "GET /2024/03/31/%E7%8D%B5%E8%B1%B9car-%E8%A2%AB%E8%A1%A1%E9%99%BD%E5%B8%82%E5%9C%8B%E8%B3%87%E5%A7%94%E5%9B%9E%E7%94%9F%E9%A6%96%E6%AC%BE%E8%BB%8A%E5%9E%8Bcs01ev%E5%8F%B0%E5%8C%97-%E6%88%BF%E5%9C%B0%E7%94%A2%E4%B8%8A/101801mkmuzv8tmmu8erhq.jpg HTTP/1.1" 404 11311 "-" "ImageBot/1.0 (compatible; research crawler; +https://github.com/rom1504/img2dataset; opt-out: abuse.notification.dcomp12b@gmail.com;"
52.23.26.158 - - [11/Sep/2026:10:16:09 -0400] "GET /%E4%BA%94%E4%B8%80%E5%81%87%E6%9C%9F%E8%B7%A8%E5%9F%8E%E8%BF%BD%E5%B9%B4%E5%A4%9C%E7%81%A3%E9%9B%9Eosder%E5%A5%A7%E6%96%AF%E5%BE%B7%E6%B1%BD%E8%BB%8A%E9%9B%B6/20260501/580714.jpg HTTP/1.1" 404 11311 "-" "ImageBot/1.0 (compatible; research crawler; +https://github.com/rom1504/img2dataset; opt-out: abuse.notification.dcomp12b@gmail.com;"
39.52.236.62 - - [11/Sep/2026:10:16:10 -0400] "POST /xmlrpc.php HTTP/1.1" 403 1242 "-" "Jetpack/12.5; WordPress/6.1; http://site91658671.com"
54.166.204.138 - - [11/Sep/2026:10:16:12 -0400] "GET /%E5%B0%8F%E5%81%B7%E7%9A%84%E6%89%8B%E9%82%84%E6%98%AF%E4%BC%B8%E5%90%91%E4%BA%86%E7%BE%BD%E6%AF%9B%E7%90%83%EF%BC%8C%E5%85%A9%E4%BA%BA%E7%B4%AF%E8%A8%88%E4%B8%8D%E7%AC%A6%E5%90%88%E6%B3%95jiuyi/20260120/24965.jpg HTTP/1.1" 404 11311 "-" "ImageBot/1.0 (compatible; research crawler; +https://github.com/rom1504/img2dataset; opt-out: abuse.notification.dcomp12b@gmail.com;"
54.166.204.138 - - [11/Sep/2026:10:16:12 -0400] "GET /upload/resources/image/2026/01/23/2699659_4096x10000.jpeg HTTP/1.1" 404 11311 "-" "ImageBot/1.0 (compatible; research crawler; +https://github.com/rom1504/img2dataset; opt-out: abuse.notification.dcomp12b@gmail.com;"
50.19.85.253 - - [11/Sep/2026:10:16:15 -0400] "GET /upload/resources/image/2025/06/28/2483401.jpeg HTTP/1.1" 404 11311 "-" "ImageBot/1.0 (compatible; research crawler; +https://github.com/rom1504/img2dataset; opt-out: abuse.notification.dcomp12b@gmail.com;"
50.19.85.253 - - [11/Sep/2026:10:16:17 -0400] "GET /upload/resources/image/2026/02/09/2715468.jpg HTTP/1.1" 404 11311 "-" "ImageBot/1.0 (compatible; research crawler; +https://github.com/rom1504/img2dataset; opt-out: abuse.notification.dcomp12b@gmail.com;"
50.19.85.253 - - [11/Sep/2026:10:16:20 -0400] "GET /2024/03/28/%E8%90%AC%E5%85%AC%E9%87%8C%E8%B7%91%E8%80%85%E9%84%A7%E8%89%AF%E8%8F%AF%E8%B7%91%E7%A4%BE%E5%8D%80%E5%A4%A7%E6%A8%93%E5%87%BA%E5%9C%8B%E9%96%80%E5%8D%81%E5%A4%A9%E8%A8%98/212602c60obinpbe4ine26.jpg HTTP/1.1" 404 11311 "-" "ImageBot/1.0 (compatible; research crawler; +https://github.com/rom1504/img2dataset; opt-out: abuse.notification.dcomp12b@gmail.com;"
52.23.26.158 - - [11/Sep/2026:10:16:20 -0400] "GET /2023/11/29/%E6%95%A2%E6%89%93%E6%95%A2%E6%8B%BC%EF%BC%81%E4%B8%AD%E5%9C%8B%E5%A5%B3%E6%8E%923-0%E6%93%8A%E7%94%9C%E5%BF%83%E5%AF%B6%E8%B2%9D%E5%8C%85%E9%A4%8A%E7%B6%B2%E6%95%97japan%E6%97%A5%E6%9C%AC%EF%BC%8C/63acd9608a154c18b86b915f3794cbf8.jpg HTTP/1.1" 404 11311 "-" "ImageBot/1.0 (compatible; research crawler; +https://github.com/rom1504/img2dataset; opt-out: abuse.notification.dcomp12b@gmail.com;"
52.1.250.135 - - [11/Sep/2026:10:16:21 -0400] "GET /upload/resources/image/2025/06/29/2484619_4096x10000.jpeg HTTP/1.1" 404 11311 "-" "ImageBot/1.0 (compatible; research crawler; +https://github.com/rom1504/img2dataset; opt-out: abuse.notification.dcomp12b@gmail.com;"
169.1.145.186 - - [11/Sep/2026:10:16:31 -0400] "POST /xmlrpc.php HTTP/1.1" 403 1242 "-" "Jetpack by WordPress.com (Jetpack 13.0; WordPress 6.3)"
52.23.26.158 - - [11/Sep/2026:10:16:33 -0400] "GET /2023/09/13/%E6%87%B7%E5%8C%96%E4%B9%9D%E5%AE%AE%E6%A0%BC%E4%BA%A4%E6%B5%81%E5%95%8F%E7%A8%BB-%E7%A8%BB%E6%BA%90%E7%AF%87/102351g22ycrr87xr2qnjc.jpg HTTP/1.1" 404 11311 "-" "ImageBot/1.0 (compatible; research crawler; +https://github.com/rom1504/img2dataset; opt-out: abuse.notification.dcomp12b@gmail.com;"
52.23.26.158 - - [11/Sep/2026:10:16:34 -0400] "GET /2024/03/04/%E8%90%AC%E5%85%AC%E9%87%8C%E8%B7%91%E8%80%85%E9%84%A7%E8%89%AF%E8%8F%AF%E8%B7%91%E5%87%BA%E5%9C%8B%E9%96%80%E6%96%B0%E5%8C%97%E6%88%BF%E7%94%A2%E5%8D%81%E5%A4%A9%E8%A8%98/212606bl30n44n4u4ghzal.jpg HTTP/1.1" 404 11311 "-" "ImageBot/1.0 (compatible; research crawler; +https://github.com/rom1504/img2dataset; opt-out: abuse.notification.dcomp12b@gmail.com;"
52.23.26.158 - - [11/Sep/2026:10:16:41 -0400] "GET /upload/resources/image/2026/02/28/2731981_4096x10000.jpeg HTTP/1.1" 404 11311 "-" "ImageBot/1.0 (compatible; research crawler; +https://github.com/rom1504/img2dataset; opt-out: abuse.notification.dcomp12b@gmail.com;"
3.234.103.5 - - [11/Sep/2026:10:16:42 -0400] "GET /upload/resources/image/2026/02/13/2720622_4096x10000.jpeg HTTP/1.1" 404 11311 "-" "ImageBot/1.0 (compatible; research crawler; +https://github.com/rom1504/img2dataset; opt-out: abuse.notification.dcomp12b@gmail.com;"
39.52.236.62 - - [11/Sep/2026:10:16:44 -0400] "POST /xmlrpc.php HTTP/1.1" 403 1242 "-" "WordPress.com; https://wordpress.com"
52.23.26.158 - - [11/Sep/2026:10:16:46 -0400] "GET /2023%E6%A1%83%E5%9C%92-%E7%A4%BE%E5%8D%80%E5%A4%A7%E5%BB%88%E5%B9%B4%E6%B4%AA%E6%B1%9F%E7%AD%96%E5%8A%83%E7%B8%A3%E5%9F%8E%E6%95%99%E5%B0%8E%E5%BE%A9%E8%88%88/230111h8tt6oxg2cwllbgt.jpg HTTP/1.1" 404 11311 "-" "ImageBot/1.0 (compatible; research crawler; +https://github.com/rom1504/img2dataset; opt-out: abuse.notification.dcomp12b@gmail.com;"
50.19.85.253 - - [11/Sep/2026:10:16:48 -0400] "GET /2024/04/19/4%E6%9C%8819%E6%89%BE%E5%8C%85%E9%A4%8A%E7%B6%B2%E7%AB%99%E6%AF%94%E8%BC%83%E6%97%A5%E8%B0%B7%E9%9B%A8%EF%BC%9A%E5%B1%B1%E6%B0%B4%E9%BB%9B%E8%89%B2%E9%9D%92/855e46c307f345bead03eec103ef051c/images/4c4ebb382e1248648686fd1056129d51.gif HTTP/1.1" 404 11311 "-" "ImageBot/1.0 (compatible; research crawler; +https://github.com/rom1504/img2dataset; opt-out: abuse.notification.dcomp12b@gmail.com;"
114.119.158.58 - - [11/Sep/2026:10:16:48 -0400] "GET /%e5%a4%a9%e6%b4%a5%e5%b8%82%e7%ac%ac4%e5%b1%86%e5%b0%91%e5%b9%b4%e5%85%92%e7%ab%a5%e5%b0%88%e5%8c%85%e9%a4%8a%e5%bf%83%e5%be%97%e5%a4%8f%e5%ad%a3%e9%ab%94%e8%82%b2%e7%af%80%e6%8f%ad%e5%b9%95-2/ HTTP/1.1" 200 16489 "https://big-wife.com.tw/2026%ef%bc%8c%e9%80%99%e4%ba%9b%e5%b0%88%e5%8c%85%e9%a4%8a%e7%b6%b2%e7%ab%99%e6%95%99%e5%b0%8e%e4%bb%bb%e5%8b%99%e9%97%9c%e4%b9%8e%e4%bd%a0%e6%88%91/" "Mozilla/5.0 (Linux; Android 7.0;) AppleWebKit/537.36 (HTML, like Gecko) Mobile Safari/537.36 (compatible; PetalBot;+https://webmaster.petalsearch.com/site/petalbot)"
54.166.204.138 - - [11/Sep/2026:10:16:49 -0400] "GET /2024/03/04/%E5%8F%B0%E5%8D%97-%E7%A4%BE%E5%8D%80%E5%A4%A7%E5%BB%88%E7%8F%A0%E6%B1%9F%E5%A4%9C%E8%A9%B1%E4%BA%94%E4%B8%8A%E3%80%81%E5%85%AD%E4%B8%8A%E7%96%91%E4%BC%BC%E9%8C%AF%E8%AA%A4516/100320hpv8zaebevpepa2r.jpg HTTP/1.1" 404 11311 "-" "ImageBot/1.0 (compatible; research crawler; +https://github.com/rom1504/img2dataset; opt-out: abuse.notification.dcomp12b@gmail.com;"
50.19.85.253 - - [11/Sep/2026:10:16:49 -0400] "GET /2023/11/07/%E7%8E%8B%E6%80%9D%E9%9B%A8%E7%9B%A1%E6%AE%BA%EF%BC%81%E4%B8%AD%E5%9C%8B%E5%A5%B3%E7%B1%832%E5%88%86%E5%85%8B%E6%9C%8Djapan%E6%97%A5%E6%9C%AC%EF%BC%8C%E8%A1%9B%E5%86%95%E4%BA%9E%E5%8C%85%E9%A4%8A/fa22ce92204a46cca515481d25b574af.jpg HTTP/1.1" 404 11311 "-" "ImageBot/1.0 (compatible; research crawler; +https://github.com/rom1504/img2dataset; opt-out: abuse.notification.dcomp12b@gmail.com;"
52.1.250.135 - - [11/Sep/2026:10:16:49 -0400] "GET /evisu%E6%9C%8D%E8%A3%9D%E5%95%86%E6%A8%99%E8%A2%AB%E8%80%B3%E6%A9%9F%E8%B7%A8osder%E5%A5%A7%E6%96%AF%E5%BE%B7%E6%B1%BD%E8%BB%8A%E6%9D%90%E6%96%99%E9%A1%9E%E4%BE%B5%E6%AC%8A%EF%BC%8C/20260426/540373.png HTTP/1.1" 404 11311 "-" "ImageBot/1.0 (compatible; research crawler; +https://github.com/rom1504/img2dataset; opt-out: abuse.notification.dcomp12b@gmail.com;"
52.23.26.158 - - [11/Sep/2026:10:16:51 -0400] "GET /%E8%80%81%E5%BB%A3%E5%9F%B7%E8%91%97%E7%9A%84jiuyi%E4%BF%B1%E6%84%8F%E7%A9%BA%E9%96%93%E8%A8%AD%E8%A8%88%E7%A5%9B%E6%BF%95%EF%BC%8C%E4%B8%AD%E9%86%AB%E6%9C%89%E9%96%80%E9%81%93/20260327/326042.jpg HTTP/1.1" 404 11311 "-" "ImageBot/1.0 (compatible; research crawler; +https://github.com/rom1504/img2dataset; opt-out: abuse.notification.dcomp12b@gmail.com;"
54.166.204.138 - - [11/Sep/2026:10:16:52 -0400] "GET /upload/resources/image/2024/09/02/2078203_4096x10000.jpeg HTTP/1.1" 404 11311 "-" "ImageBot/1.0 (compatible; research crawler; +https://github.com/rom1504/img2dataset; opt-out: abuse.notification.dcomp12b@gmail.com;"
52.1.250.135 - - [11/Sep/2026:10:16:53 -0400] "GET /2023/10/11/%E6%9D%AD%E5%B7%9E%E4%BA%9E%E9%81%8B%E6%9C%83-%E6%B6%88%E6%81%AF%E5%89%96%E6%9E%90%EF%BC%9A%E7%82%BA%E5%AE%89%E5%9C%A8%E4%BA%9E%E9%81%8B%E6%9C%83%E4%B8%8A%E9%A0%92%E5%B8%83%E5%8C%85%E9%A4%8A/68964a3311244cdab71e28c7fbeec46b.jpg HTTP/1.1" 404 11311 "-" "ImageBot/1.0 (compatible; research crawler; +https://github.com/rom1504/img2dataset; opt-out: abuse.notification.dcomp12b@gmail.com;"
50.19.85.253 - - [11/Sep/2026:10:16:54 -0400] "GET /2024/01/29/%E5%B0%8F%E7%B7%A8%E8%A6%AA%E6%B8%AC%EF%BC%81%E7%9C%9F%E4%BA%BA%E5%87%BA%E9%8F%A1%EF%BC%81%E5%A4%9A%E5%9C%96%E9%A0%90%E8%AD%A6%EF%BC%81%EF%BC%81%E8%A6%93%E5%8C%85%E9%A4%8Aapp%E7%B5%A6%E4%BD%A0/172344em4x7b0w2xx7t6z4.jpg HTTP/1.1" 404 11311 "-" "ImageBot/1.0 (compatible; research crawler; +https://github.com/rom1504/img2dataset; opt-out: abuse.notification.dcomp12b@gmail.com;"
50.19.85.253 - - [11/Sep/2026:10:16:55 -0400] "GET /upload/resources/image/2022/08/01/58600_790x440.png HTTP/1.1" 404 11311 "-" "ImageBot/1.0 (compatible; research crawler; +https://github.com/rom1504/img2dataset; opt-out: abuse.notification.dcomp12b@gmail.com;"
169.1.145.186 - - [11/Sep/2026:10:16:56 -0400] "POST /xmlrpc.php HTTP/1.1" 403 1242 "-" "WordPress.com; https://wordpress.com"
52.23.26.158 - - [11/Sep/2026:10:16:56 -0400] "GET /2024/03/10/%E6%BC%AB%E6%AD%A5%E8%B5%B0%E5%88%B0%E9%A6%AC%E6%AC%84%E5%8F%B0%E5%8C%97-%E7%A4%BE%E5%8D%80%E5%B1%B1/113211zhshbkyo7z7qkp7r.jpg HTTP/1.1" 404 11311 "-" "ImageBot/1.0 (compatible; research crawler; +https://github.com/rom1504/img2dataset; opt-out: abuse.notification.dcomp12b@gmail.com;"
3.234.103.5 - - [11/Sep/2026:10:16:57 -0400] "GET /upload/resources/image/2025/11/09/2627287_4096x10000.png HTTP/1.1" 404 11311 "-" "ImageBot/1.0 (compatible; research crawler; +https://github.com/rom1504/img2dataset; opt-out: abuse.notification.dcomp12b@gmail.com;"
54.166.204.138 - - [11/Sep/2026:10:17:01 -0400] "GET /2024/07/25/%E5%B1%95%E7%A4%BA%E6%96%B0%E6%99%AF%E8%B1%A1-%E9%A6%96%E5%89%B5%E6%96%B0%E5%B1%80%E5%8B%A2-%E5%AF%AB%E5%9C%A8%E6%96%87%E6%98%8E%E5%82%B3%E6%89%BF%E6%88%90%E9%95%B7%E5%BA%A7%E8%AB%87/20240725/16313156_25f61eae5a55791b83a608793c0b1888.jpg HTTP/1.1" 404 11311 "-" "ImageBot/1.0 (compatible; research crawler; +https://github.com/rom1504/img2dataset; opt-out: abuse.notification.dcomp12b@gmail.com;"
3.234.103.5 - - [11/Sep/2026:10:17:01 -0400] "GET /2024/03/10/%E6%BC%AB%E6%AD%A5%E8%B5%B0%E5%88%B0%E9%A6%AC%E6%AC%84%E5%8F%B0%E5%8C%97-%E7%A4%BE%E5%8D%80%E5%B1%B1/113211zhshbkyo7z7qkp7r.jpg HTTP/1.1" 404 11311 "-" "ImageBot/1.0 (compatible; research crawler; +https://github.com/rom1504/img2dataset; opt-out: abuse.notification.dcomp12b@gmail.com;"
3.234.103.5 - - [11/Sep/2026:10:17:01 -0400] "GET /2024/03/06/%E6%88%91%E7%9A%84%E5%B9%B4%E5%A4%9C%E5%9F%8E%E5%B0%8F%E9%8E%AE%EF%BC%9A%E6%98%A5%E7%AF%80-%E9%84%B0%E4%BA%BA%E5%AE%B6%E7%9A%84%E8%B3%BC%E5%B1%8B%E8%A1%9B%E7%94%9F%E9%96%93%E5%A0%B5%E4%BA%86/094926f3lvwcwda7zz944v.jpg HTTP/1.1" 404 11311 "-" "ImageBot/1.0 (compatible; research crawler; +https://github.com/rom1504/img2dataset; opt-out: abuse.notification.dcomp12b@gmail.com;"
3.234.103.5 - - [11/Sep/2026:10:17:01 -0400] "GET /%E3%80%90%E5%B0%8B%E6%99%AF%E6%B9%96%E5%8D%97%E3%80%91%E5%8F%B0%E4%B8%AD-%E6%88%BF%E5%9C%B0%E7%94%A2%E5%A5%A7%E7%A7%98%E7%9A%84%E6%83%B9%E5%B7%B4%E6%8B%89%E5%9C%9F%E5%AE%B6%E5%8F%A4%E6%9D%91%E5%AF%A8/171108h27qa7h4hoa3hhql.jpg HTTP/1.1" 404 11311 "-" "ImageBot/1.0 (compatible; research crawler; +https://github.com/rom1504/img2dataset; opt-out: abuse.notification.dcomp12b@gmail.com;"
52.1.250.135 - - [11/Sep/2026:10:17:02 -0400] "GET /upload/resources/image/2025/12/13/2661250.jpg?r=1765606252659 HTTP/1.1" 404 11311 "-" "ImageBot/1.0 (compatible; research crawler; +https://github.com/rom1504/img2dataset; opt-out: abuse.notification.dcomp12b@gmail.com;"
3.234.103.5 - - [11/Sep/2026:10:17:03 -0400] "GET /%E3%80%90%E6%88%91%E5%80%91%E7%9A%84%E8%85%B3%E6%AD%A5%E3%80%91%E5%BC%B5%E6%9C%88%E5%AC%8B%E4%B8%A8%E8%B5%B0%EF%BC%8C%E5%BE%80%E5%B9%B4%E5%A4%9C%E4%BA%AC%EF%BC%88%E6%95%A3%E6%96%87%E5%8F%B0%E5%8D%97/114120fdfdsaf9at9ddsap.jpg HTTP/1.1" 404 11311 "-" "ImageBot/1.0 (compatible; research crawler; +https://github.com/rom1504/img2dataset; opt-out: abuse.notification.dcomp12b@gmail.com;"
50.19.85.253 - - [11/Sep/2026:10:17:05 -0400] "GET /upload/resources/image/2024/09/16/2095885_4096x10000.jpeg HTTP/1.1" 404 11311 "-" "ImageBot/1.0 (compatible; research crawler; +https://github.com/rom1504/img2dataset; opt-out: abuse.notification.dcomp12b@gmail.com;"
39.52.236.62 - - [11/Sep/2026:10:17:06 -0400] "POST /xmlrpc.php HTTP/1.1" 403 1242 "-" "WordPress.com; https://wordpress.com"
52.1.250.135 - - [11/Sep/2026:10:17:09 -0400] "GET /2024/05/19/%E6%B2%B3%E5%8C%97%E5%BB%BA%E6%8A%95%E7%B5%90%E5%90%88huaw%E6%89%BE%E5%8C%85%E9%A4%8Aei%E6%89%93%E9%80%A0%E8%81%B0%E6%98%8E%E5%9C%92%E5%8D%80%E6%A8%A3%E6%9D%BF%E5%B7%A5%E7%A8%8B/2e8803806ccc4ef8a54a3256b1bb74e8/images/fbaa208046de4fb59a703148727c1a8f.jpg HTTP/1.1" 404 11311 "-" "ImageBot/1.0 (compatible; research crawler; +https://github.com/rom1504/img2dataset; opt-out: abuse.notification.dcomp12b@gmail.com;"
54.166.204.138 - - [11/Sep/2026:10:17:11 -0400] "GET /%E5%B0%8F%E7%B7%A8%E8%A6%AA%E6%B8%AC%EF%BC%81%E7%9C%9F%E4%BA%BA%E5%87%BA%E9%8F%A1%EF%BC%81%E5%A4%9A%E5%9C%96%E9%A0%90%E8%AD%A6%EF%BC%81%EF%BC%81%E8%A6%93%E5%8C%85%E9%A4%8Aapp%E7%B5%A6%E4%BD%A0/164635ro9m4d1u5euk5col.jpg HTTP/1.1" 404 11311 "-" "ImageBot/1.0 (compatible; research crawler; +https://github.com/rom1504/img2dataset; opt-out: abuse.notification.dcomp12b@gmail.com;"
52.1.250.135 - - [11/Sep/2026:10:17:16 -0400] "GET /2024/03/20/%E6%B4%AA%E6%B1%9F%E5%8D%80%E7%A9%A9%E5%AD%97%E7%95%B6%E9%A0%AD%EF%BC%8C%E7%89%A2%E7%89%A2%E7%89%BD%E4%BD%8F%E9%A0%85%E7%9B%AE%E6%89%B6%E6%A4%8D%E6%8A%95%E8%B3%87%E7%89%9B%E9%BC%BB%E5%AD%90/170944x1qa99dz52p04cj0.jpg HTTP/1.1" 404 11301 "-" "ImageBot/1.0 (compatible; research crawler; +https://github.com/rom1504/img2dataset; opt-out: abuse.notification.dcomp12b@gmail.com;"
3.234.103.5 - - [11/Sep/2026:10:17:17 -0400] "GET /upload/resources/image/2024/09/27/2109242_4096x10000.jpeg HTTP/1.1" 404 11311 "-" "ImageBot/1.0 (compatible; research crawler; +https://github.com/rom1504/img2dataset; opt-out: abuse.notification.dcomp12b@gmail.com;"
52.23.26.158 - - [11/Sep/2026:10:17:18 -0400] "GET /2023/11/09/%E5%8A%89%E5%BE%B7%E8%8F%AF%E4%BB%A3%E8%A8%80%E5%A4%96%E8%B2%A8%E5%8C%85%E9%A4%8A%E9%81%AD%E6%9D%B1%E6%96%B9%E6%8A%B5%E6%8A%973%E5%A4%A9%E6%90%8D6%E5%84%84%E7%9B%B4%E6%92%AD%E9%97%9C%E6%89%93/22ba8c99f6ab49e5a0ddcb51049c3677.jpeg HTTP/1.1" 404 11311 "-" "ImageBot/1.0 (compatible; research crawler; +https://github.com/rom1504/img2dataset; opt-out: abuse.notification.dcomp12b@gmail.com;"
50.19.85.253 - - [11/Sep/2026:10:17:19 -0400] "GET /%E3%80%90%E8%A6%96%E9%A0%BB%E3%80%91%E5%9F%B7%E4%BF%A1%E6%B2%B3%E6%BC%A2%E6%A0%A1%E5%8D%80%EF%BC%9A%E7%82%BA%E6%AF%8F%E5%80%8B%E5%AD%A9%E5%AD%90%E6%A8%B9%E7%AB%8B%E5%80%8B%E4%BA%BA%E5%BF%83jiuyi/20260329/339521.jpg HTTP/1.1" 404 11311 "-" "ImageBot/1.0 (compatible; research crawler; +https://github.com/rom1504/img2dataset; opt-out: abuse.notification.dcomp12b@gmail.com;"
52.1.250.135 - - [11/Sep/2026:10:17:20 -0400] "GET /2023/09/08/%E5%8A%89%E5%A0%85-%E6%9A%91%E5%A4%8F%E6%B0%B4%E9%9B%BB%E8%A1%8C%E5%9F%8E%E6%AD%A5%E5%8D%97%E5%B1%B1%E6%B8%B8/071226e88657lrm83ok688.jpg HTTP/1.1" 404 11311 "-" "ImageBot/1.0 (compatible; research crawler; +https://github.com/rom1504/img2dataset; opt-out: abuse.notification.dcomp12b@gmail.com;"
169.1.145.186 - - [11/Sep/2026:10:17:22 -0400] "POST /xmlrpc.php HTTP/1.1" 403 1242 "-" "Jetpack by WordPress.com (Jetpack 12.1; WordPress 6.4)"
17.166.232.15 - - [11/Sep/2026:10:17:24 -0400] "GET /%E5%BE%9E%E4%BE%BF%E5%B9%B3%E6%98%93%E8%BF%91%E8%BE%A6%E4%BA%8B%E7%AB%99%E5%88%B0%E5%B9%B3%E6%98%93%E8%BF%91%E7%94%9F%E8%BE%A6%E4%BA%8B%E7%AA%97%E5%8F%A3osder%E5%A5%A7/ HTTP/2" 200 18905 "-" "Mozilla/5.0 (Macintosh; Intel Mac OS X 10_15_7) AppleWebKit/605.1.15 (KHTML, like Gecko) Version/17.4 Safari/605.1.15 (Applebot/0.1; +http://www.apple.com/go/applebot)"
39.52.236.62 - - [11/Sep/2026:10:17:25 -0400] "POST /xmlrpc.php HTTP/1.1" 403 1242 "-" "Jetpack/13.0; WordPress/6.4; http://site24770059.com"
17.166.232.15 - - [11/Sep/2026:10:17:26 -0400] "GET /wp-includes/js/jquery/jquery.min.js?ver=3.7.1 HTTP/2" 200 29744 "https://big-wife.com.tw/%e5%be%9e%e4%be%bf%e5%b9%b3%e6%98%93%e8%bf%91%e8%be%a6%e4%ba%8b%e7%ab%99%e5%88%b0%e5%b9%b3%e6%98%93%e8%bf%91%e7%94%9f%e8%be%a6%e4%ba%8b%e7%aa%97%e5%8f%a3osder%e5%a5%a7/" "Mozilla/5.0 (Macintosh; Intel Mac OS X 10_15_7) AppleWebKit/605.1.15 (KHTML, like Gecko) Version/17.4 Safari/605.1.15 (Applebot/0.1; +http://www.apple.com/go/applebot)"
52.23.26.158 - - [11/Sep/2026:10:17:26 -0400] "GET /2024/03/21/%E8%B5%B0%E5%85%A8%E5%9C%8B%EF%BC%9A%E5%9C%A8%E5%8F%B0%E5%8D%97%E6%88%BF%E7%94%A2%E9%82%A3%E7%B6%A0%E6%A6%95%E6%88%90%E8%94%AD%E9%AE%AE%E8%8A%B1%E6%80%92%E6%94%BE%E7%9A%84%E6%9D%91%E8%90%BD/115329f0vazsv0ss375vza.jpg HTTP/1.1" 404 11311 "-" "ImageBot/1.0 (compatible; research crawler; +https://github.com/rom1504/img2dataset; opt-out: abuse.notification.dcomp12b@gmail.com;"
17.166.232.15 - - [11/Sep/2026:10:17:27 -0400] "GET /wp-includes/js/jquery/jquery-migrate.min.js?ver=3.4.1 HTTP/2" 200 4678 "https://big-wife.com.tw/%e5%be%9e%e4%be%bf%e5%b9%b3%e6%98%93%e8%bf%91%e8%be%a6%e4%ba%8b%e7%ab%99%e5%88%b0%e5%b9%b3%e6%98%93%e8%bf%91%e7%94%9f%e8%be%a6%e4%ba%8b%e7%aa%97%e5%8f%a3osder%e5%a5%a7/" "Mozilla/5.0 (Macintosh; Intel Mac OS X 10_15_7) AppleWebKit/605.1.15 (KHTML, like Gecko) Version/17.4 Safari/605.1.15 (Applebot/0.1; +http://www.apple.com/go/applebot)"
54.166.204.138 - - [11/Sep/2026:10:17:28 -0400] "GET /%E5%90%84%E5%9C%B0%E5%A4%9A%E6%8E%AA%E5%B9%B6%E8%88%89%E5%AE%88%E8%AD%B7%E5%B8%82%E5%B9%B3%E6%98%93osder%E5%A5%A7%E6%96%AF%E5%BE%B7%E6%9D%90%E6%96%99%E5%A0%B1%E5%83%B9%E8%BF%91%E8%8F%9C/20260206/131156.png HTTP/1.1" 404 11311 "-" "ImageBot/1.0 (compatible; research crawler; +https://github.com/rom1504/img2dataset; opt-out: abuse.notification.dcomp12b@gmail.com;"
17.166.232.15 - - [11/Sep/2026:10:17:29 -0400] "GET /wp-content/themes/ashe/assets/js/custom-scripts.js?ver=1.9.7 HTTP/2" 200 3880 "https://big-wife.com.tw/%e5%be%9e%e4%be%bf%e5%b9%b3%e6%98%93%e8%bf%91%e8%be%a6%e4%ba%8b%e7%ab%99%e5%88%b0%e5%b9%b3%e6%98%93%e8%bf%91%e7%94%9f%e8%be%a6%e4%ba%8b%e7%aa%97%e5%8f%a3osder%e5%a5%a7/" "Mozilla/5.0 (Macintosh; Intel Mac OS X 10_15_7) AppleWebKit/605.1.15 (KHTML, like Gecko) Version/17.4 Safari/605.1.15 (Applebot/0.1; +http://www.apple.com/go/applebot)"
17.166.232.15 - - [11/Sep/2026:10:17:30 -0400] "GET /wp-content/themes/ashe/assets/js/custom-plugins.js?ver=1.8.2 HTTP/2" 200 22775 "https://big-wife.com.tw/%e5%be%9e%e4%be%bf%e5%b9%b3%e6%98%93%e8%bf%91%e8%be%a6%e4%ba%8b%e7%ab%99%e5%88%b0%e5%b9%b3%e6%98%93%e8%bf%91%e7%94%9f%e8%be%a6%e4%ba%8b%e7%aa%97%e5%8f%a3osder%e5%a5%a7/" "Mozilla/5.0 (Macintosh; Intel Mac OS X 10_15_7) AppleWebKit/605.1.15 (KHTML, like Gecko) Version/17.4 Safari/605.1.15 (Applebot/0.1; +http://www.apple.com/go/applebot)"
17.166.232.15 - - [11/Sep/2026:10:17:32 -0400] "GET /wp-includes/js/wp-emoji-release.min.js?ver=7.1 HTTP/2" 200 4974 "https://big-wife.com.tw/%e5%be%9e%e4%be%bf%e5%b9%b3%e6%98%93%e8%bf%91%e8%be%a6%e4%ba%8b%e7%ab%99%e5%88%b0%e5%b9%b3%e6%98%93%e8%bf%91%e7%94%9f%e8%be%a6%e4%ba%8b%e7%aa%97%e5%8f%a3osder%e5%a5%a7/" "Mozilla/5.0 (Macintosh; Intel Mac OS X 10_15_7) AppleWebKit/605.1.15 (KHTML, like Gecko) Version/17.4 Safari/605.1.15 (Applebot/0.1; +http://www.apple.com/go/applebot)"
39.52.236.62 - - [11/Sep/2026:10:17:34 -0400] "POST /xmlrpc.php HTTP/1.1" 403 1242 "-" "Jetpack/13.0; WordPress/6.1; http://site76239138.com"
52.1.250.135 - - [11/Sep/2026:10:17:37 -0400] "GET /upload/resources/image/2024/04/02/1868535_4096x10000.jpeg HTTP/1.1" 404 11311 "-" "ImageBot/1.0 (compatible; research crawler; +https://github.com/rom1504/img2dataset; opt-out: abuse.notification.dcomp12b@gmail.com;"
52.1.250.135 - - [11/Sep/2026:10:17:39 -0400] "GET /upload/resources/image/2026/02/01/2706566_4096x10000.jpeg HTTP/1.1" 404 11311 "-" "ImageBot/1.0 (compatible; research crawler; +https://github.com/rom1504/img2dataset; opt-out: abuse.notification.dcomp12b@gmail.com;"
3.234.103.5 - - [11/Sep/2026:10:17:42 -0400] "GET /2023/12/03/%E7%8F%A0%E5%B3%B0%E9%9B%AA%E8%B1%B9%E7%B6%AD%E8%AD%B7%E3%80%81%E6%95%85%E5%AE%AE%E9%9B%B6%E6%94%BE%E6%A3%84%E3%80%81%E5%85%89%E4%BC%8F%E8%A7%92%E7%94%9C%E5%BF%83%E6%89%BE%E5%8C%85%E9%A4%8A/81670079670b42ab95748816a0df056a/images/bce7f41078db40d2901967fb5cb95511.jpg HTTP/1.1" 404 11311 "-" "ImageBot/1.0 (compatible; research crawler; +https://github.com/rom1504/img2dataset; opt-out: abuse.notification.dcomp12b@gmail.com;"
3.234.103.5 - - [11/Sep/2026:10:17:43 -0400] "GET /%E6%B9%98%E6%B0%B4%E6%94%BE%E6%AD%8C%EF%BC%8C%E7%99%BE%E6%AD%B2%E5%8F%88%E6%96%B0%E7%A8%8B/185204smf8p9bmdm5dfd4f.jpg HTTP/1.1" 404 11311 "-" "ImageBot/1.0 (compatible; research crawler; +https://github.com/rom1504/img2dataset; opt-out: abuse.notification.dcomp12b@gmail.com;"
52.1.250.135 - - [11/Sep/2026:10:17:45 -0400] "GET /2023/11/11/%E5%8E%9F%E5%89%B5-%E5%A5%B3%E4%B9%92%E9%8D%9B%E7%B7%B4%E9%A6%AC%E7%90%B3%E4%B8%8B%E8%AA%B2%EF%BC%9F%E5%8A%89%E5%9C%8B%E6%A2%81%E7%94%9C%E5%BF%83%E5%8C%85%E9%A4%8A%E7%B6%B2%E9%84%A7/a6c521928a3f4eb1b3a20f72fc88df34.jpeg HTTP/1.1" 404 11311 "-" "ImageBot/1.0 (compatible; research crawler; +https://github.com/rom1504/img2dataset; opt-out: abuse.notification.dcomp12b@gmail.com;"
3.234.103.5 - - [11/Sep/2026:10:17:46 -0400] "GET /upload/resources/image/2026/03/23/2753510_4096x50000.jpeg HTTP/1.1" 404 11311 "-" "ImageBot/1.0 (compatible; research crawler; +https://github.com/rom1504/img2dataset; opt-out: abuse.notification.dcomp12b@gmail.com;"
3.234.103.5 - - [11/Sep/2026:10:17:46 -0400] "GET /upload/resources/image/2026/03/26/2756492_4096x10000.jpeg HTTP/1.1" 404 11311 "-" "ImageBot/1.0 (compatible; research crawler; +https://github.com/rom1504/img2dataset; opt-out: abuse.notification.dcomp12b@gmail.com;"
39.52.236.62 - - [11/Sep/2026:10:17:46 -0400] "POST /xmlrpc.php HTTP/1.1" 403 1242 "-" "Jetpack by WordPress.com (Jetpack 12.0; WordPress 6.4)"
50.19.85.253 - - [11/Sep/2026:10:17:46 -0400] "GET /2024/03/27/%E5%A5%BD%E5%A5%BD%E5%90%83%E9%A3%AF%EF%BC%8C%E7%B1%B3%E5%A4%AB%E9%82%80%E6%88%BF%E7%94%A2%E8%B3%87%E8%A8%8A%E6%82%A8%E5%85%B1%E4%BA%AB%E7%BE%8E%E5%A6%99%E9%A3%9F%E5%85%89/112035x00gj0h00j10p0pu.jpg HTTP/1.1" 404 11311 "-" "ImageBot/1.0 (compatible; research crawler; +https://github.com/rom1504/img2dataset; opt-out: abuse.notification.dcomp12b@gmail.com;"
169.1.145.186 - - [11/Sep/2026:10:17:50 -0400] "POST /xmlrpc.php HTTP/1.1" 403 1242 "-" "WordPress.com; https://wordpress.com"
54.166.204.138 - - [11/Sep/2026:10:17:52 -0400] "GET /%E8%B5%B0%E5%85%A8%E5%9C%8B%EF%BC%9A%E5%9C%A8%E5%8F%B0%E5%8D%97%E6%88%BF%E7%94%A2%E9%82%A3%E7%B6%A0%E6%A6%95%E6%88%90%E8%94%AD%E9%AE%AE%E8%8A%B1%E6%80%92%E6%94%BE%E7%9A%84%E6%9D%91%E8%90%BD/115333hszzvh8vbsuks2sk.jpg HTTP/1.1" 404 11311 "-" "ImageBot/1.0 (compatible; research crawler; +https://github.com/rom1504/img2dataset; opt-out: abuse.notification.dcomp12b@gmail.com;"
50.19.85.253 - - [11/Sep/2026:10:17:54 -0400] "GET /%E6%99%82%E6%94%BFosder%E5%A5%A7%E6%96%AF%E5%BE%B7%E5%8F%B0%E5%8C%97%E6%B1%BD%E8%BB%8A%E6%96%B0%E8%81%9E%E7%9C%BC%E4%B8%A8%E7%B6%93%E6%BF%9F%E5%B9%B4%E5%A4%9C%E7%9C%81%E8%8B%A5%E4%BD%95%E6%8A%93/20260306/184712.jpg HTTP/1.1" 404 11311 "-" "ImageBot/1.0 (compatible; research crawler; +https://github.com/rom1504/img2dataset; opt-out: abuse.notification.dcomp12b@gmail.com;"
52.23.26.158 - - [11/Sep/2026:10:17:55 -0400] "GET /2024/03/11/%E8%90%AC%E5%85%AC%E9%87%8C%E8%B7%91%E8%80%85%E9%84%A7%E8%89%AF%E8%8F%AF%E8%B7%91%E5%87%BA%E5%9C%8B%E9%96%80%E5%8D%81%E5%A4%A9%E8%A8%98-2/212044exb66ic5z161x6xz.jpg HTTP/1.1" 404 11311 "-" "ImageBot/1.0 (compatible; research crawler; +https://github.com/rom1504/img2dataset; opt-out: abuse.notification.dcomp12b@gmail.com;"
39.52.236.62 - - [11/Sep/2026:10:17:57 -0400] "POST /xmlrpc.php HTTP/1.1" 403 1242 "-" "Jetpack by WordPress.com"
104.219.251.64 - - [11/Sep/2026:10:17:57 -0400] "GET /wp-login.php HTTP/2" 404 10066 "-" "Mozilla/5.0 (X11; Linux x86_64) AppleWebKit/537.36 (KHTML, like Gecko) Chrome/147.0.0.0 Safari/537.36"
175.27.233.113 - - [11/Sep/2026:10:18:02 -0400] "GET /upload/resources/image/2024/07/26/2027520_4096x10000.jpeg HTTP/1.1" 404 11311 "https://big-wife.com.tw/" "Mozilla/5.0 (Windows NT 10.0; Win64; x64) AppleWebKit/537.36 (KHTML, like Gecko) Chrome/108.0.0.0 Safari/537.36"
101.43.169.96 - - [11/Sep/2026:10:18:03 -0400] "GET /upload/resources/image/2026/03/24/2754474_4096x10000.jpeg HTTP/1.1" 404 11311 "https://big-wife.com.tw/" "Mozilla/5.0 (Windows NT 10.0; Win64; x64) AppleWebKit/537.36 (KHTML, like Gecko) Chrome/117.0.0.0 Safari/537.36"
54.166.204.138 - - [11/Sep/2026:10:18:03 -0400] "GET /%E6%9C%9F%E7%9B%BC%E5%B7%B2%E4%B9%85%E8%80%8C%E6%88%BF%E7%94%A2-%E7%B6%B2%E8%A9%A9%E6%83%85%E7%95%AB%E6%84%8F%E7%9A%84%E9%99%B6%E5%85%AC%E7%94%9F%E6%B6%AF/093848emt1otnppmnfql7n.jpg HTTP/1.1" 404 11311 "-" "ImageBot/1.0 (compatible; research crawler; +https://github.com/rom1504/img2dataset; opt-out: abuse.notification.dcomp12b@gmail.com;"
132.232.83.117 - - [11/Sep/2026:10:18:04 -0400] "GET /upload/resources/image/2026/03/24/2754474_4096x10000.jpeg HTTP/1.1" 404 11311 "https://big-wife.com.tw/" "Mozilla/5.0 (Windows NT 10.0; Win64; x64) AppleWebKit/537.36 (KHTML, like Gecko) Chrome/117.0.0.0 Safari/537.36"
54.166.204.138 - - [11/Sep/2026:10:18:04 -0400] "GET /2024/03/17/%E4%B8%80%E4%BD%8D%E5%9D%90%E6%9D%9F%E7%B8%9B%E7%89%8C%E4%B8%8D%E5%8B%95%E7%94%A2%E8%B2%A8%E8%BB%8A%E6%96%B0%E5%A8%98%E7%9A%84%E5%AF%86%E6%84%8F%E5%9B%9E%E7%9C%B8%EF%BC%88%E6%95%A3%E6%96%87%EF%BC%89/101634wnl4dpdw4pnznww3.jpg HTTP/1.1" 404 11311 "-" "ImageBot/1.0 (compatible; research crawler; +https://github.com/rom1504/img2dataset; opt-out: abuse.notification.dcomp12b@gmail.com;"
62.234.140.67 - - [11/Sep/2026:10:18:05 -0400] "GET /upload/resources/image/2024/07/26/2027520_4096x10000.jpeg HTTP/1.1" 404 11311 "https://big-wife.com.tw/" "Mozilla/5.0 (Windows NT 10.0; Win64; x64) AppleWebKit/537.36 (KHTML, like Gecko) Chrome/108.0.0.0 Safari/537.36"
54.166.204.138 - - [11/Sep/2026:10:18:06 -0400] "GET /upload/resources/image/2026/02/13/2720535_4096x10000.jpeg HTTP/1.1" 404 11311 "-" "ImageBot/1.0 (compatible; research crawler; +https://github.com/rom1504/img2dataset; opt-out: abuse.notification.dcomp12b@gmail.com;"
50.19.85.253 - - [11/Sep/2026:10:18:06 -0400] "GET /2023/08/02/%E8%83%A1%E7%94%9C%E5%BF%83%E5%8C%85%E9%A4%8A%E7%B6%B2%E9%9B%99%E8%BC%9D%EF%BC%9A%E5%BE%A9%E8%88%88%E8%BE%B2%E6%A5%AD%E8%BF%BD%E5%A4%A2%E4%BA%BA-%E8%87%A5%E8%96%AA%E5%98%97%E8%86%BD%E7%AB%8B%E5%BC%98/064616lj1zn03tp1c8jope.jpg HTTP/1.1" 404 11311 "-" "ImageBot/1.0 (compatible; research crawler; +https://github.com/rom1504/img2dataset; opt-out: abuse.notification.dcomp12b@gmail.com;"
54.166.204.138 - - [11/Sep/2026:10:18:07 -0400] "GET /%E4%BA%A4osder%E5%A5%A7%E6%96%AF%E5%BE%B7%E5%BE%B7%E7%B3%BB%E8%BB%8A%E9%9F%BF%E7%9B%9B%E5%AE%B4%E5%95%9F%E5%B9%95%EF%BC%81%E4%B8%89%E5%B9%B4%E5%A4%9C%E6%A8%82%E5%9C%98%E5%9B%9B%E5%B9%B4%E5%A4%9C/20260416/468166.jpg HTTP/1.1" 404 11311 "-" "ImageBot/1.0 (compatible; research crawler; +https://github.com/rom1504/img2dataset; opt-out: abuse.notification.dcomp12b@gmail.com;"
169.1.145.186 - - [11/Sep/2026:10:18:11 -0400] "POST /xmlrpc.php HTTP/1.1" 403 1242 "-" "WordPress.com; https://wordpress.com"
114.119.158.58 - - [11/Sep/2026:10:18:11 -0400] "GET /%e5%a4%9a%e9%bb%9e%e6%8d%ab%e5%bf%83%e8%87%aa%e5%95%8f%e6%96%b9%e8%83%bd%e6%88%90%e7%b8%bejiuyi%e4%bf%b1%e6%84%8f%e5%ae%a4%e5%85%a7%e8%a8%ad%e8%a8%88%e5%a4%a2%e6%83%b3/ HTTP/1.1" 200 16519 "https://big-wife.com.tw/%e5%bb%a3%e5%b7%9e%e4%b8%ad%e9%99%a2%ef%bc%9a2025%e5%b9%b4%e5%af%a9%e7%b5%90%e9%9b%bb%e4%bf%a1%e7%b6%b2%e7%b5%a1%e8%a9%90%e9%a8%99%e7%9b%b8%e9%97%9c%e6%a1%88%e4%bb%b61396%e4%bb%b6%ef%bc%8c%e8%bf%bdjiu/" "Mozilla/5.0 (Linux; Android 7.0;) AppleWebKit/537.36 (HTML, like Gecko) Mobile Safari/537.36 (compatible; PetalBot;+https://webmaster.petalsearch.com/site/petalbot)"
54.166.204.138 - - [11/Sep/2026:10:18:13 -0400] "GET /%E7%9B%B8%E9%80%A2%E6%9B%B8%E5%99%B4%E9%BC%BB-%E9%96%B1%E8%AE%80-%E9%BB%9E%E4%BA%AE%E5%90%84%E5%9C%B0%E6%96%87%E6%97%85%E6%96%B0jiuyi%E4%BF%B1%E6%84%8F%E8%A8%BA%E6%89%80%E8%A8%AD/20260427/546768.jpg HTTP/1.1" 404 11311 "-" "ImageBot/1.0 (compatible; research crawler; +https://github.com/rom1504/img2dataset; opt-out: abuse.notification.dcomp12b@gmail.com;"
3.234.103.5 - - [11/Sep/2026:10:18:16 -0400] "GET /%E5%BB%A3%E5%B7%9E%E8%B6%8A%E7%A7%80%E5%8F%88%E6%B7%BB%E5%AF%B6%E8%BA%B2%E9%A3%9F%E5%A0%82%EF%BC%81104%E5%80%8B%E9%A4%90%E4%BD%8D%EF%BC%8C%E5%90%83%E9%A3%AFjiuyi%E4%BF%B1%E6%84%8F%E8%B1%AA%E5%AE%85/20260331/348808.jpg HTTP/1.1" 404 11301 "-" "ImageBot/1.0 (compatible; research crawler; +https://github.com/rom1504/img2dataset; opt-out: abuse.notification.dcomp12b@gmail.com;"
163.245.207.66 - - [11/Sep/2026:10:18:17 -0400] "POST /wp-cron.php?doing_wp_cron=1789136297.0438809394836425781250 HTTP/1.1" 200 0 "-" "WordPress/7.1; https://big-wife.com.tw"
52.23.26.158 - - [11/Sep/2026:10:18:18 -0400] "GET /upload/resources/image/2026/03/23/2753548_4096x10000.jpeg HTTP/1.1" 404 11311 "-" "ImageBot/1.0 (compatible; research crawler; +https://github.com/rom1504/img2dataset; opt-out: abuse.notification.dcomp12b@gmail.com;"
120.241.127.246 - - [11/Sep/2026:10:18:25 -0400] "GET /page/2 HTTP/1.1" 301 0 "-" "Mozilla/5.0 (Windows NT 10.0; Win64; x64) AppleWebKit/537.36 (KHTML, like Gecko) Chrome/133.0.0.0 Safari/537.36"
52.1.250.135 - - [11/Sep/2026:10:18:29 -0400] "GET /2024/03/30/%E8%B5%B4%E5%A9%81%E5%BA%95%E9%87%87%E6%96%B0%E5%8C%97-%E4%B8%AD%E5%8F%A4%E5%B1%8B%E9%A2%A8%E8%A8%98%E9%80%90%E4%B8%80%E8%A7%80%E8%B3%9E%E5%A9%81%E5%BA%95%E5%B8%82%E5%A9%81%E6%98%9F%E5%8D%80%E6%B0%B4/142219eoe7qf2jeoxm3weo.jpg HTTP/1.1" 404 11311 "-" "ImageBot/1.0 (compatible; research crawler; +https://github.com/rom1504/img2dataset; opt-out: abuse.notification.dcomp12b@gmail.com;"
50.19.85.253 - - [11/Sep/2026:10:18:29 -0400] "GET /upload/resources/image/2024/09/04/2082021_4096x10000.jpeg HTTP/1.1" 404 11311 "-" "ImageBot/1.0 (compatible; research crawler; +https://github.com/rom1504/img2dataset; opt-out: abuse.notification.dcomp12b@gmail.com;"
43.130.106.18 - - [11/Sep/2026:10:18:29 -0400] "GET /?p=2578 HTTP/1.1" 301 0 "-" "Mozilla/5.0 (iPhone; CPU iPhone OS 13_2_3 like Mac OS X) AppleWebKit/605.1.15 (KHTML, like Gecko) Version/13.0.3 Mobile/15E148 Safari/604.1"
43.130.106.18 - - [11/Sep/2026:10:18:32 -0400] "GET /%e5%b9%b4%e5%a4%9c%e9%81%93%e8%87%b3%e7%b0%a1%e5%b0%88%e5%8c%85%e9%a4%8aapp%e5%af%a6%e5%b9%b2%e7%82%ba%e8%a6%81/ HTTP/1.1" 200 20159 "https://big-wife.com.tw/?p=2578" "Mozilla/5.0 (iPhone; CPU iPhone OS 13_2_3 like Mac OS X) AppleWebKit/605.1.15 (KHTML, like Gecko) Version/13.0.3 Mobile/15E148 Safari/604.1"
157.148.35.108 - - [11/Sep/2026:10:18:33 -0400] "GET /page/2/ HTTP/1.1" 200 21109 "-" "Mozilla/5.0 (Windows NT 10.0; Win64; x64) AppleWebKit/537.36 (KHTML, like Gecko) Chrome/133.0.0.0 Safari/537.36"
50.19.85.253 - - [11/Sep/2026:10:18:34 -0400] "GET /%E6%99%B6%E9%87%87%E8%A7%80%E5%AF%9F%E4%B8%A8%E5%BE%9E%E5%85%A8%E5%9C%8B%E5%85%A9%E6%9C%83%E9%A6%96%E5%A0%B4%E7%99%BCosder%E5%A5%A7%E6%96%AF%E5%BE%B7%E6%B1%BD%E8%BB%8A%E6%9D%90%E6%96%99%E5%B8%83/20260305/180110.jpg HTTP/1.1" 404 11311 "-" "ImageBot/1.0 (compatible; research crawler; +https://github.com/rom1504/img2dataset; opt-out: abuse.notification.dcomp12b@gmail.com;"
169.1.145.186 - - [11/Sep/2026:10:18:34 -0400] "POST /xmlrpc.php HTTP/1.1" 403 1242 "-" "Jetpack by WordPress.com"
54.166.204.138 - - [11/Sep/2026:10:18:35 -0400] "GET /upload/resources/image/2026/03/24/2754202.jpg?r=1774328614380 HTTP/1.1" 404 11311 "-" "ImageBot/1.0 (compatible; research crawler; +https://github.com/rom1504/img2dataset; opt-out: abuse.notification.dcomp12b@gmail.com;"
51.81.111.11 - - [11/Sep/2026:10:18:36 -0400] "GET /2025/07/28/%E5%B8%82%E6%AE%98%E7%96%BE%E5%85%92%E7%AB%A5%E5%BA%B7%E5%BE%A9%E4%B8%AD%E9%96%93%E7%B5%84%E7%B9%94%E9%BB%A8%E5%93%A1%E4%B8%8D%E9%9B%85%E7%9C%8B%E5%B0%88%E5%8C%85%E9%A4%8A%E7%B6%B2%E7%AB%99%E9%8C%84-2/ HTTP/2" 403 1242 "-" "Mozilla/5.0 (compatible; AhrefsBot/7.0; +http://ahrefs.com/robot/)"
39.52.236.62 - - [11/Sep/2026:10:18:40 -0400] "POST /xmlrpc.php HTTP/1.1" 403 1242 "-" "Jetpack by WordPress.com (Jetpack 13.0; WordPress 6.2)"
50.19.85.253 - - [11/Sep/2026:10:18:41 -0400] "GET /%E7%94%9F%E7%8C%9B%E9%AE%AE%E6%B4%BB%E5%B0%91%E5%B9%B4%E6%B0%A3osder%E5%A5%A7%E6%96%AF%E5%BE%B7%E5%BE%B7%E7%B3%BB%E8%BB%8A%EF%BC%81%E9%80%99%E5%A0%B4%E6%96%B0%E6%98%A5%E6%B2%99%E9%BE%8D%EF%BC%8C/20260130/77729.jpg HTTP/1.1" 404 11311 "-" "ImageBot/1.0 (compatible; research crawler; +https://github.com/rom1504/img2dataset; opt-out: abuse.notification.dcomp12b@gmail.com;"
52.1.250.135 - - [11/Sep/2026:10:18:42 -0400] "GET /2023/12/21/%E6%B8%85%E9%BB%9E2018%E5%B9%B4%E4%BA%BA%E8%A8%AD%E7%94%9C%E5%BF%83%E5%AF%B6%E8%B2%9D%E5%8C%85%E9%A4%8A%E7%B6%B2%E5%B4%A9%E5%A1%8C%E7%9A%84%E6%98%8E%E6%98%9F%E5%B9%B4%E5%A4%9C%E5%92%96%EF%BC%8C/172604d673ca80f3b0e25a.jpg HTTP/1.1" 404 11311 "-" "ImageBot/1.0 (compatible; research crawler; +https://github.com/rom1504/img2dataset; opt-out: abuse.notification.dcomp12b@gmail.com;"
50.19.85.253 - - [11/Sep/2026:10:18:42 -0400] "GET /2023%E6%A1%83%E5%9C%92-%E7%A4%BE%E5%8D%80%E5%A4%A7%E5%BB%88%E5%B9%B4%E6%B4%AA%E6%B1%9F%E7%AD%96%E5%8A%83%E7%B8%A3%E5%9F%8E%E6%95%99%E5%B0%8E%E5%BE%A9%E8%88%88/132223q4m3eae7rd4udz6z.jpg HTTP/1.1" 404 11311 "-" "ImageBot/1.0 (compatible; research crawler; +https://github.com/rom1504/img2dataset; opt-out: abuse.notification.dcomp12b@gmail.com;"
52.1.250.135 - - [11/Sep/2026:10:18:43 -0400] "GET /2023/10/04/japan%E6%97%A5%E6%9C%AC%E9%A6%AC%E8%A1%93%E6%B4%BB%E5%8B%95%E5%93%A1%E7%99%BC%E5%B8%96%E7%8C%9B%E8%AA%87%E6%9D%AD%E5%B7%9E%E4%BA%9E%E9%81%8B%E6%9C%83%EF%BC%9A%E9%A3%AF%E5%A5%BD%E5%8C%85%E9%A4%8Aapp/514f17df69024ed69c8bb98f93d7e8c1.png HTTP/1.1" 404 11311 "-" "ImageBot/1.0 (compatible; research crawler; +https://github.com/rom1504/img2dataset; opt-out: abuse.notification.dcomp12b@gmail.com;"
52.23.26.158 - - [11/Sep/2026:10:18:45 -0400] "GET /upload/resources/image/2024/02/12/1779729_4096x10000.jpeg HTTP/1.1" 404 11305 "-" "ImageBot/1.0 (compatible; research crawler; +https://github.com/rom1504/img2dataset; opt-out: abuse.notification.dcomp12b@gmail.com;"
54.166.204.138 - - [11/Sep/2026:10:18:47 -0400] "GET /upload/resources/image/2026/02/04/2710331_4096x10000.jpeg HTTP/1.1" 404 11311 "-" "ImageBot/1.0 (compatible; research crawler; +https://github.com/rom1504/img2dataset; opt-out: abuse.notification.dcomp12b@gmail.com;"
54.166.204.138 - - [11/Sep/2026:10:18:53 -0400] "GET /2024/03/20/%E7%B4%85%E7%B6%B2%E6%84%9B%E5%BF%83%E5%AE%B6%E5%9C%92%E7%9B%8A%E9%99%BD%E7%AB%99-%E5%8D%81%E6%88%BF%E7%94%A2%E6%8A%95%E8%B3%87%E5%B9%B4%E9%87%8C%E7%9A%84%E7%89%B9%E5%88%A5%E5%B9%AB%E6%89%B6/113744c00hhqwmzd8qw9z1.jpg HTTP/1.1" 404 11311 "-" "ImageBot/1.0 (compatible; research crawler; +https://github.com/rom1504/img2dataset; opt-out: abuse.notification.dcomp12b@gmail.com;"
50.19.85.253 - - [11/Sep/2026:10:18:57 -0400] "GET /upload/resources/image/2026/02/02/2707345_4096x10000.jpeg HTTP/1.1" 404 11311 "-" "ImageBot/1.0 (compatible; research crawler; +https://github.com/rom1504/img2dataset; opt-out: abuse.notification.dcomp12b@gmail.com;"
52.23.26.158 - - [11/Sep/2026:10:18:57 -0400] "GET /html/files/2021-05/26/20210526080724412754294.jpg HTTP/1.1" 404 11311 "-" "ImageBot/1.0 (compatible; research crawler; +https://github.com/rom1504/img2dataset; opt-out: abuse.notification.dcomp12b@gmail.com;"
52.23.26.158 - - [11/Sep/2026:10:18:57 -0400] "GET /12%E5%B9%B4%EF%BC%8C%E5%8B%9E%E5%8B%95jiuyi%E4%BF%B1%E6%84%8F%E4%BD%8F%E5%AE%85%E8%A8%AD%E8%A8%88%E6%94%B9%E8%AE%8A%E4%BA%86%E4%BB%80%E4%B9%88%EF%BC%9F/20260503/591232.png HTTP/1.1" 404 11311 "-" "ImageBot/1.0 (compatible; research crawler; +https://github.com/rom1504/img2dataset; opt-out: abuse.notification.dcomp12b@gmail.com;"
39.52.236.62 - - [11/Sep/2026:10:18:58 -0400] "POST /xmlrpc.php HTTP/1.1" 403 1242 "-" "Jetpack/12.1; WordPress/6.3; http://site31219515.com"
50.19.85.253 - - [11/Sep/2026:10:18:58 -0400] "GET /upload/resources/image/2025/02/03/2276949.gif HTTP/1.1" 404 11311 "-" "ImageBot/1.0 (compatible; research crawler; +https://github.com/rom1504/img2dataset; opt-out: abuse.notification.dcomp12b@gmail.com;"
3.234.103.5 - - [11/Sep/2026:10:19:00 -0400] "GET /%E5%88%9D%E4%B8%AD%E8%80%81%E5%B8%AB%E6%89%8B%E5%AF%AB%E7%99%BD%E8%A9%B1%E6%96%87%E7%8D%8E%E7%8B%80%EF%BC%8C%E6%9C%89osder%E5%A5%A7%E6%96%AF%E5%BE%B7%E9%9B%B6%E4%BB%B6%E5%95%86/20260216/59679.jpg HTTP/1.1" 404 11311 "-" "ImageBot/1.0 (compatible; research crawler; +https://github.com/rom1504/img2dataset; opt-out: abuse.notification.dcomp12b@gmail.com;"
50.19.85.253 - - [11/Sep/2026:10:19:00 -0400] "GET /%EF%BC%88%E6%96%B0%E6%98%A5%E8%B5%B0%E5%9F%BA%E5%B1%A4%EF%BC%89%E6%96%B0%E7%96%86osder%E5%A5%A7%E6%96%AF%E5%BE%B7%E9%9B%B6%E4%BB%B6%E5%95%86%E9%98%BF%E6%8B%89%E5%B1%B1%E5%8F%A3%E6%9C%89%E5%80%8B/20260203/108006.jpg HTTP/1.1" 404 11311 "-" "ImageBot/1.0 (compatible; research crawler; +https://github.com/rom1504/img2dataset; opt-out: abuse.notification.dcomp12b@gmail.com;"
52.23.26.158 - - [11/Sep/2026:10:19:02 -0400] "GET /2024/03/30/%E8%B5%B4%E5%A9%81%E5%BA%95%E9%87%87%E6%96%B0%E5%8C%97-%E4%B8%AD%E5%8F%A4%E5%B1%8B%E9%A2%A8%E8%A8%98%E9%80%90%E4%B8%80%E8%A7%80%E8%B3%9E%E5%A9%81%E5%BA%95%E5%B8%82%E5%A9%81%E6%98%9F%E5%8D%80%E6%B0%B4/142219eoe7qf2jeoxm3weo.jpg HTTP/1.1" 404 11311 "-" "ImageBot/1.0 (compatible; research crawler; +https://github.com/rom1504/img2dataset; opt-out: abuse.notification.dcomp12b@gmail.com;"
169.1.145.186 - - [11/Sep/2026:10:19:03 -0400] "POST /xmlrpc.php HTTP/1.1" 403 1242 "-" "Jetpack by WordPress.com (Jetpack 13.0; WordPress 6.4)"
54.166.204.138 - - [11/Sep/2026:10:19:06 -0400] "GET /upload/resources/image/2025/01/16/2253627_4096x50000.jpeg HTTP/1.1" 404 11311 "-" "ImageBot/1.0 (compatible; research crawler; +https://github.com/rom1504/img2dataset; opt-out: abuse.notification.dcomp12b@gmail.com;"
3.234.103.5 - - [11/Sep/2026:10:19:07 -0400] "GET /2024/03/08/2023%E5%B9%B4%E6%B4%AA%E6%B1%9F%E7%AD%96%E5%8A%83%E7%B8%A3%E5%9F%8E%E6%95%99%E6%88%BF%E7%94%A2%E6%8A%95%E8%B3%87%E5%B0%8E%E5%BE%A9%E8%88%88/132224krqqxt64r8xqtsrf.jpg HTTP/1.1" 404 11311 "-" "ImageBot/1.0 (compatible; research crawler; +https://github.com/rom1504/img2dataset; opt-out: abuse.notification.dcomp12b@gmail.com;"
50.19.85.253 - - [11/Sep/2026:10:19:10 -0400] "GET /%E7%B6%93%E9%81%8E%E7%9A%84%E4%BA%8B%E6%B3%81%E6%9A%B4%E9%9B%A8%E5%BE%8C%EF%BC%8C%E4%BA%94%E5%B8%B8%E5%8F%88%E5%88%B0%E7%A7%8B%E6%94%B6%E5%8C%85%E9%A4%8A%E5%BF%83%E5%BE%97%E6%99%82/f5c1f0b540044b33b5f7cdbf7a2adfa2.jpeg HTTP/1.1" 404 11311 "-" "ImageBot/1.0 (compatible; research crawler; +https://github.com/rom1504/img2dataset; opt-out: abuse.notification.dcomp12b@gmail.com;"
54.166.204.138 - - [11/Sep/2026:10:19:12 -0400] "GET /%E5%BB%A3%E5%B7%9E%E8%B6%8A%E7%A7%80%E5%8F%88%E6%B7%BB%E5%AF%B6%E8%BA%B2%E9%A3%9F%E5%A0%82%EF%BC%81104%E5%80%8B%E9%A4%90%E4%BD%8D%EF%BC%8C%E5%90%83%E9%A3%AFjiuyi%E4%BF%B1%E6%84%8F%E8%B1%AA%E5%AE%85/20260331/348808.jpg HTTP/1.1" 404 11311 "-" "ImageBot/1.0 (compatible; research crawler; +https://github.com/rom1504/img2dataset; opt-out: abuse.notification.dcomp12b@gmail.com;"
50.19.85.253 - - [11/Sep/2026:10:19:12 -0400] "GET /upload/resources/image/2023/03/16/1213587_4096x10000.jpeg HTTP/1.1" 404 11311 "-" "ImageBot/1.0 (compatible; research crawler; +https://github.com/rom1504/img2dataset; opt-out: abuse.notification.dcomp12b@gmail.com;"
50.19.85.253 - - [11/Sep/2026:10:19:15 -0400] "GET /2024/03/10/%E6%BC%AB%E6%AD%A5%E8%B5%B0%E5%88%B0%E9%A6%AC%E6%AC%84%E5%8F%B0%E5%8C%97-%E7%A4%BE%E5%8D%80%E5%B1%B1/113538jw9zouzdoojx333c.jpg HTTP/1.1" 404 11311 "-" "ImageBot/1.0 (compatible; research crawler; +https://github.com/rom1504/img2dataset; opt-out: abuse.notification.dcomp12b@gmail.com;"
50.19.85.253 - - [11/Sep/2026:10:19:17 -0400] "GET /upload/resources/image/2026/02/15/2722131_4096x10000.jpeg HTTP/1.1" 404 11311 "-" "ImageBot/1.0 (compatible; research crawler; +https://github.com/rom1504/img2dataset; opt-out: abuse.notification.dcomp12b@gmail.com;"
52.23.26.158 - - [11/Sep/2026:10:19:20 -0400] "GET /%E6%8C%81%E4%BB%81%E8%80%85%E5%BF%83%EF%BC%8C%E8%A1%8C%E5%85%89%E4%BA%AE%E8%B7%AF%E4%B8%A8%E6%98%8E%E5%A4%A9%EF%BC%81%E4%BB%A5%E5%85%89%E4%BA%AE%E7%9A%84%E5%90%8D%E7%BE%A9%EF%BC%8C%E8%87%B4%E6%95%AC/173453qfact8j18ce3o89f.png HTTP/1.1" 404 11311 "-" "ImageBot/1.0 (compatible; research crawler; +https://github.com/rom1504/img2dataset; opt-out: abuse.notification.dcomp12b@gmail.com;"
54.166.204.138 - - [11/Sep/2026:10:19:21 -0400] "GET /%E4%B8%8D%E6%AD%A2%E7%BD%95%E8%A6%8B%EF%BC%8C%E8%81%9A%E6%84%9B%E9%B5%AC%E5%9F%8E%EF%BC%81%E6%B7%B1%E5%9C%B3%E7%99%BC%E5%B8%83%E7%BD%95%E8%A6%8B%E7%97%85jiuyi%E4%BF%B1%E6%84%8F%E7%BF%BB%E4%BF%AE/20260301/152812.png HTTP/1.1" 404 11311 "-" "ImageBot/1.0 (compatible; research crawler; +https://github.com/rom1504/img2dataset; opt-out: abuse.notification.dcomp12b@gmail.com;"
39.52.236.62 - - [11/Sep/2026:10:19:22 -0400] "POST /xmlrpc.php HTTP/1.1" 403 1242 "-" "WordPress.com; https://wordpress.com"
52.1.250.135 - - [11/Sep/2026:10:19:24 -0400] "GET /upload/resources/image/2025/11/30/2648679_4096x10000.jpeg HTTP/1.1" 404 11311 "-" "ImageBot/1.0 (compatible; research crawler; +https://github.com/rom1504/img2dataset; opt-out: abuse.notification.dcomp12b@gmail.com;"
52.23.26.158 - - [11/Sep/2026:10:19:24 -0400] "GET /2024/03/18/%E5%80%92%E8%A8%88%E6%99%822%E5%A4%A9%EF%BC%812023%E5%B9%B4%E6%AD%A6%E9%9A%86%E4%BB%99%E5%A5%B3%E5%B1%B1%E5%9C%8B%E9%9A%9B%E9%9C%B2%E7%87%9F%E9%9F%B3%E6%A8%82%E7%AF%80%E8%B6%85%E5%85%A8%E6%94%BB/214038t7mbmu8jc8705u0t.png HTTP/1.1" 404 11311 "-" "ImageBot/1.0 (compatible; research crawler; +https://github.com/rom1504/img2dataset; opt-out: abuse.notification.dcomp12b@gmail.com;"
50.19.85.253 - - [11/Sep/2026:10:19:25 -0400] "GET /%E6%98%A5%E5%A4%A9%E5%90%83%E9%AD%9A%E5%B0%B1%E9%81%B8%E5%AE%83%EF%BC%81%E5%AF%A6%E6%83%A0%E5%8F%88%E7%87%9F%E9%A4%8A-%E9%AE%AE%E7%BE%8E%E6%87%89%E5%AD%A3%E6%9B%B4%E9%A4%8Aosder%E5%A5%A7%E6%96%AF/20260218/74385.jpg HTTP/1.1" 404 11311 "-" "ImageBot/1.0 (compatible; research crawler; +https://github.com/rom1504/img2dataset; opt-out: abuse.notification.dcomp12b@gmail.com;"
50.19.85.253 - - [11/Sep/2026:10:19:26 -0400] "GET /upload/resources/image/2024/04/21/1897549_4096x10000.jpeg HTTP/1.1" 404 11311 "-" "ImageBot/1.0 (compatible; research crawler; +https://github.com/rom1504/img2dataset; opt-out: abuse.notification.dcomp12b@gmail.com;"
52.23.26.158 - - [11/Sep/2026:10:19:26 -0400] "GET /%E6%99%82%E6%94%BFosder%E5%A5%A7%E6%96%AF%E5%BE%B7%E5%8F%B0%E5%8C%97%E6%B1%BD%E8%BB%8A%E6%96%B0%E8%81%9E%E7%9C%BC%E4%B8%A8%E7%B6%93%E6%BF%9F%E5%B9%B4%E5%A4%9C%E7%9C%81%E8%8B%A5%E4%BD%95%E6%8A%93/20260306/184712.jpg HTTP/1.1" 404 11311 "-" "ImageBot/1.0 (compatible; research crawler; +https://github.com/rom1504/img2dataset; opt-out: abuse.notification.dcomp12b@gmail.com;"
185.191.171.1 - - [11/Sep/2026:10:19:26 -0400] "GET /%E9%80%90%E6%97%A5%E7%A7%80%E5%82%B3%E9%86%AB%E9%99%A2%E9%AB%94%E6%AA%A2%E7%94%9F%E8%82%96%E9%81%8B%E7%A8%8B-2/ HTTP/1.1" 403 1242 "-" "Mozilla/5.0 (compatible; SemrushBot/7~bl; +http://www.semrush.com/bot.html)"
54.166.204.138 - - [11/Sep/2026:10:19:29 -0400] "GET /2023/12/13/%E5%B9%B4%E5%A4%9Cs%E8%A2%AB%E6%B1%AA%E5%B0%8F%E8%8F%B2%E6%89%87%E8%80%B3%E5%85%89%EF%BC%9F%E5%B0%8Fs%E9%82%A3%E8%8B%B1%E4%BA%92%E5%97%86%EF%BC%9F%E7%8E%8B%E6%80%9D%E8%81%B0%E9%9A%94%E7%A9%BA%E9%96%8B/14273171da59e0d663dc95.png HTTP/1.1" 404 11311 "-" "ImageBot/1.0 (compatible; research crawler; +https://github.com/rom1504/img2dataset; opt-out: abuse.notification.dcomp12b@gmail.com;"
50.19.85.253 - - [11/Sep/2026:10:19:30 -0400] "GET /2023/12/13/%E5%B9%B4%E5%A4%9Cs%E8%A2%AB%E6%B1%AA%E5%B0%8F%E8%8F%B2%E6%89%87%E8%80%B3%E5%85%89%EF%BC%9F%E5%B0%8Fs%E9%82%A3%E8%8B%B1%E4%BA%92%E5%97%86%EF%BC%9F%E7%8E%8B%E6%80%9D%E8%81%B0%E9%9A%94%E7%A9%BA%E9%96%8B/14273171da59e0d663dc95.png HTTP/1.1" 404 11311 "-" "ImageBot/1.0 (compatible; research crawler; +https://github.com/rom1504/img2dataset; opt-out: abuse.notification.dcomp12b@gmail.com;"
3.234.103.5 - - [11/Sep/2026:10:19:31 -0400] "GET /upload/resources/image/2026/02/15/2722131_4096x10000.jpeg HTTP/1.1" 404 11311 "-" "ImageBot/1.0 (compatible; research crawler; +https://github.com/rom1504/img2dataset; opt-out: abuse.notification.dcomp12b@gmail.com;"
169.1.145.186 - - [11/Sep/2026:10:19:31 -0400] "POST /xmlrpc.php HTTP/1.1" 403 1242 "-" "Jetpack by WordPress.com"
185.170.167.18 - - [11/Sep/2026:10:19:31 -0400] "GET /robots.txt HTTP/1.1" 200 111 "-" "Mozilla/5.0 (compatible; BacklinksExtendedBot)"
185.170.167.18 - - [11/Sep/2026:10:19:31 -0400] "GET /%E9%80%90%E6%97%A5%E7%A7%80%E5%82%B3%E9%86%AB%E9%99%A2%E9%AB%94%E6%AA%A2%E7%94%9F%E8%82%96%E9%81%8B%E7%A8%8B-2/ HTTP/1.1" 200 16938 "-" "Mozilla/5.0 (compatible; BacklinksExtendedBot)"
39.52.236.62 - - [11/Sep/2026:10:19:33 -0400] "POST /xmlrpc.php HTTP/1.1" 403 1242 "-" "Jetpack/12.5; WordPress/6.4; http://site94008440.com"
52.1.250.135 - - [11/Sep/2026:10:19:34 -0400] "GET /2024/07/25/%E9%80%B2%E4%BF%AE%E5%81%9C%E6%AD%A2%E6%99%82%E4%B8%A8%E8%B2%AB%E9%80%9A%E7%BF%92%E8%BF%91%E5%B9%B3%E6%96%87%E6%98%8E%E6%80%9D%E6%83%9F%E7%B3%BB%E5%88%97%E9%81%94%E4%B9%9D%E5%AE%AE%E6%A0%BC%E6%95%99/20240725/16284267_668c1872f2f492a57e847f14b221c540.jpg HTTP/1.1" 404 11311 "-" "ImageBot/1.0 (compatible; research crawler; +https://github.com/rom1504/img2dataset; opt-out: abuse.notification.dcomp12b@gmail.com;"
54.166.204.138 - - [11/Sep/2026:10:19:35 -0400] "GET /upload/resources/image/2024/03/04/1815556_4096x10000.jpeg HTTP/1.1" 404 11311 "-" "ImageBot/1.0 (compatible; research crawler; +https://github.com/rom1504/img2dataset; opt-out: abuse.notification.dcomp12b@gmail.com;"
114.119.134.67 - - [11/Sep/2026:10:19:35 -0400] "GET /%e5%a4%9a%e5%ae%b6%e7%ab%8b%e7%95%b0%e5%b1%a4%e4%bc%81%e6%a5%ad%e5%8f%b0%e5%8c%85%e9%a4%8a2025%e6%88%90%e5%b0%b1%e4%ba%ae%e7%9c%bc%e5%8c%97%e4%ba%a4%e6%89%80%e5%90%8e%e5%82%99%e8%bb%8d/ HTTP/1.1" 200 18731 "https://big-wife.com.tw/%e8%81%9a%e7%84%a6%e8%ae%8a%e5%a3%93%e5%99%a8%e3%80%81%e7%94%a2%e6%a5%ad%e7%86%b1%e6%b3%b5%e7%ad%89%e7%af%80%e8%83%bd%e8%a8%ad%e5%82%99%e6%88%90%e9%95%b7%e5%9b%9b%e5%b0%88%e5%8c%85%e9%a4%8a/" "Mozilla/5.0 (Linux; Android 7.0;) AppleWebKit/537.36 (HTML, like Gecko) Mobile Safari/537.36 (compatible; PetalBot;+https://webmaster.petalsearch.com/site/petalbot)"
54.166.204.138 - - [11/Sep/2026:10:19:36 -0400] "GET /upload/resources/image/2025/12/31/2676843_4096x10000.jpeg HTTP/1.1" 404 11311 "-" "ImageBot/1.0 (compatible; research crawler; +https://github.com/rom1504/img2dataset; opt-out: abuse.notification.dcomp12b@gmail.com;"
119.181.66.164 - - [11/Sep/2026:10:19:37 -0400] "GET /%e5%96%9c%e8%bf%8e%e4%ba%94%e4%b8%8032%e5%b0%88%e5%8c%85%e9%a4%8a%e7%b6%b2%e7%ab%99%e7%a6%8f%e5%bb%ba%e5%90%84%e5%9c%b0%e5%b7%a5%e6%9c%83%e8%88%89%e8%a1%8c%e5%87%ba%e8%89%b2/ HTTP/1.1" 200 25939 "-" "Mozilla/5.0 (Macintosh; Intel Mac OS X 12_6_0) AppleWebKit/537.36 (KHTML, like Gecko) Chrome/129.0.6668.58 Safari/537.36"
50.19.85.253 - - [11/Sep/2026:10:19:38 -0400] "GET /%E7%86%B1%E6%89%BE%E5%8C%85%E9%A4%8Aapp%E8%BE%A3%E6%BB%BE%E7%87%99%EF%BC%81%E7%9C%8B%E9%BE%8D%E5%B9%B4%E6%98%A5%E7%AF%80/621d1c3520b749309450a8c23e61b923/images/6b08c3789f18426487f3a00ed1651b40.jpg HTTP/1.1" 404 11311 "-" "ImageBot/1.0 (compatible; research crawler; +https://github.com/rom1504/img2dataset; opt-out: abuse.notification.dcomp12b@gmail.com;"
50.19.85.253 - - [11/Sep/2026:10:19:38 -0400] "GET /upload/resources/image/2024/02/16/1785209_4096x10000.jpeg HTTP/1.1" 404 11311 "-" "ImageBot/1.0 (compatible; research crawler; +https://github.com/rom1504/img2dataset; opt-out: abuse.notification.dcomp12b@gmail.com;"
