176.224.203.219 - - [11/Sep/2026:09:41:32 -0400] "POST /xmlrpc.php HTTP/1.1" 403 1242 "-" "Jetpack by WordPress.com"
54.166.204.138 - - [11/Sep/2026:09:41:33 -0400] "GET /2024/03/15/%E3%80%90%E8%A9%B1%E7%A4%BE%E5%8D%80%E3%80%91%E6%84%89%E6%99%AF%E8%8B%91%E3%80%81%E8%97%8D%E8%8E%93%E8%8B%91%E3%80%81%E9%9D%92%E4%BA%91%E8%8B%91%E7%AD%89%E6%A8%93%E7%9B%A4%EF%BC%8C%E5%81%9C%E6%AD%A2/112053ozw0qrte90le4uqt.png HTTP/1.1" 404 11311 "-" "ImageBot/1.0 (compatible; research crawler; +https://github.com/rom1504/img2dataset; opt-out: abuse.notification.dcomp12b@gmail.com;"
157.148.35.28 - - [11/Sep/2026:09:41:37 -0400] "GET /%e5%bb%a3%e5%b7%9e%e5%87%ba%e8%87%ba%e5%9c%b0%e4%b8%8b%e7%a9%ba%e9%96%93%e9%96%8b%e7%99%bc%e6%87%89%e7%94%a8%e6%96%b0%e8%a6%8f%ef%bc%8c%e6%94%bf%e7%ad%96%e8%a7%a3%e8%ae%80%e4%be%86%e4%ba%86jiuyi HTTP/1.1" 301 0 "-" "Mozilla/5.0 (Windows NT 10.0; Win64; x64) AppleWebKit/537.36 (KHTML, like Gecko) Chrome/106.0.5249.119 Safari/537.36"
120.241.208.72 - - [11/Sep/2026:09:41:38 -0400] "GET /%e5%bb%a3%e5%b7%9e%e5%87%ba%e8%87%ba%e5%9c%b0%e4%b8%8b%e7%a9%ba%e9%96%93%e9%96%8b%e7%99%bc%e6%87%89%e7%94%a8%e6%96%b0%e8%a6%8f%ef%bc%8c%e6%94%bf%e7%ad%96%e8%a7%a3%e8%ae%80%e4%be%86%e4%ba%86jiuyi/ HTTP/1.1" 200 20843 "-" "Mozilla/5.0 (Windows NT 10.0; Win64; x64) AppleWebKit/537.36 (KHTML, like Gecko) Chrome/106.0.5249.119 Safari/537.36"
176.224.203.219 - - [11/Sep/2026:09:41:43 -0400] "POST /xmlrpc.php HTTP/1.1" 403 1242 "-" "Jetpack/13.0; WordPress/6.3; http://site79918845.com"
3.234.103.5 - - [11/Sep/2026:09:41:45 -0400] "GET /%E5%B0%8F%E7%B7%A8%E8%A6%AA%E6%B8%AC%EF%BC%81%E7%9C%9F%E4%BA%BA%E5%87%BA%E9%8F%A1%EF%BC%81%E5%A4%9A%E5%9C%96%E9%A0%90%E8%AD%A6%EF%BC%81%EF%BC%81%E8%A6%93%E5%8C%85%E9%A4%8Aapp%E7%B5%A6%E4%BD%A0/162312rsyr4r23s299y9xz.jpg HTTP/1.1" 404 11311 "-" "ImageBot/1.0 (compatible; research crawler; +https://github.com/rom1504/img2dataset; opt-out: abuse.notification.dcomp12b@gmail.com;"
50.19.85.253 - - [11/Sep/2026:09:41:48 -0400] "GET /upload/resources/image/2026/02/13/2720151_4096x10000.png HTTP/1.1" 404 11311 "-" "ImageBot/1.0 (compatible; research crawler; +https://github.com/rom1504/img2dataset; opt-out: abuse.notification.dcomp12b@gmail.com;"
50.19.85.253 - - [11/Sep/2026:09:41:49 -0400] "GET /2024/01/19/%E5%85%A8%E8%81%B2%E5%8B%A2%E7%94%9C%E5%BF%83%E5%8C%85%E9%A4%8A%E7%B6%B2%E6%8F%AD%E6%9B%89%EF%BC%81%E8%8D%89%E8%8E%93%E9%9F%B3%E6%A8%82%E7%AF%80%EF%BC%8C%E7%AC%AC10%E6%AC%A1%E4%BE%86%E6%AD%A6%E6%BC%A2/17250649847827d29c533d.jpg HTTP/1.1" 404 11311 "-" "ImageBot/1.0 (compatible; research crawler; +https://github.com/rom1504/img2dataset; opt-out: abuse.notification.dcomp12b@gmail.com;"
52.23.26.158 - - [11/Sep/2026:09:41:50 -0400] "GET /2024/03/26/%E6%B5%B8%E5%B3%AA-%E5%8F%B0%E5%8D%97-%E6%88%BF%E7%94%A2-%E6%A1%91%E6%A4%8D%E5%B9%B4%E5%A4%9C%E5%B1%B1%E4%B8%AD%E7%9A%84%E6%98%8E%E7%8F%A0/151755ndylny8k6wkcnz6l.jpg HTTP/1.1" 404 11311 "-" "ImageBot/1.0 (compatible; research crawler; +https://github.com/rom1504/img2dataset; opt-out: abuse.notification.dcomp12b@gmail.com;"
50.19.85.253 - - [11/Sep/2026:09:41:51 -0400] "GET /2024/03/22/%E5%85%A9%E6%9C%83%E4%BB%A3%E8%A1%A8%E9%A2%A8%E5%BA%A6%E4%B8%A8%E4%BD%99%E5%8B%87%EF%BC%9A%E6%89%93%E9%80%A0%E4%B8%80%E5%AE%B6%E6%9C%89%E6%BA%AB%E5%BA%A6%E5%8F%B0%E5%8C%97-%E6%88%BF%E7%94%A2%E7%9A%84/123318gm5fwchxvv4f4tcc.jpg HTTP/1.1" 404 11311 "-" "ImageBot/1.0 (compatible; research crawler; +https://github.com/rom1504/img2dataset; opt-out: abuse.notification.dcomp12b@gmail.com;"
50.19.85.253 - - [11/Sep/2026:09:41:52 -0400] "GET /2024/03/04/%E8%90%AC%E5%85%AC%E9%87%8C%E8%B7%91%E8%80%85%E9%84%A7%E8%89%AF%E8%8F%AF%E8%B7%91%E5%87%BA%E5%9C%8B%E9%96%80%E6%96%B0%E5%8C%97%E6%88%BF%E7%94%A2%E5%8D%81%E5%A4%A9%E8%A8%98/212604ir1j2g2aa9jb2l25.jpg HTTP/1.1" 404 11311 "-" "ImageBot/1.0 (compatible; research crawler; +https://github.com/rom1504/img2dataset; opt-out: abuse.notification.dcomp12b@gmail.com;"
39.128.34.234 - - [11/Sep/2026:09:41:52 -0400] "GET /upload/resources/image/2026/03/03/2734401_4096x10000.jpeg HTTP/1.1" 404 11311 "https://big-wife.com.tw/" "Mozilla/5.0 (Windows NT 10.0; Win64; x64) AppleWebKit/537.36 (KHTML, like Gecko) Chrome/116.0.0.0 Safari/537.36"
52.23.26.158 - - [11/Sep/2026:09:41:52 -0400] "GET /upload/resources/image/2025/10/22/2608824.jpg HTTP/1.1" 404 11311 "-" "ImageBot/1.0 (compatible; research crawler; +https://github.com/rom1504/img2dataset; opt-out: abuse.notification.dcomp12b@gmail.com;"
50.19.85.253 - - [11/Sep/2026:09:41:53 -0400] "GET /upload/resources/image/2026/02/07/2714108_4096x10000.jpeg HTTP/1.1" 404 11311 "-" "ImageBot/1.0 (compatible; research crawler; +https://github.com/rom1504/img2dataset; opt-out: abuse.notification.dcomp12b@gmail.com;"
176.224.203.219 - - [11/Sep/2026:09:41:54 -0400] "POST /xmlrpc.php HTTP/1.1" 403 1242 "-" "WordPress.com; https://wordpress.com"
52.23.26.158 - - [11/Sep/2026:09:41:54 -0400] "GET /upload/resources/image/2026/03/12/2743707_4096x10000.jpeg HTTP/1.1" 404 11311 "-" "ImageBot/1.0 (compatible; research crawler; +https://github.com/rom1504/img2dataset; opt-out: abuse.notification.dcomp12b@gmail.com;"
192.144.144.119 - - [11/Sep/2026:09:41:54 -0400] "GET /upload/resources/image/2026/03/03/2734401_4096x10000.jpeg HTTP/1.1" 404 11311 "https://big-wife.com.tw/" "Mozilla/5.0 (Windows NT 10.0; Win64; x64) AppleWebKit/537.36 (KHTML, like Gecko) Chrome/116.0.0.0 Safari/537.36"
52.23.26.158 - - [11/Sep/2026:09:41:54 -0400] "GET /upload/resources/image/2023/06/12/1345808_4096x10000.jpeg HTTP/1.1" 404 11311 "-" "ImageBot/1.0 (compatible; research crawler; +https://github.com/rom1504/img2dataset; opt-out: abuse.notification.dcomp12b@gmail.com;"
52.23.26.158 - - [11/Sep/2026:09:41:57 -0400] "GET /2024/03/15/%E3%80%90%E8%A9%B1%E7%A4%BE%E5%8D%80%E3%80%91%E6%84%89%E6%99%AF%E8%8B%91%E3%80%81%E8%97%8D%E8%8E%93%E8%8B%91%E3%80%81%E9%9D%92%E4%BA%91%E8%8B%91%E7%AD%89%E6%A8%93%E7%9B%A4%EF%BC%8C%E5%81%9C%E6%AD%A2/112053ozw0qrte90le4uqt.png HTTP/1.1" 404 11305 "-" "ImageBot/1.0 (compatible; research crawler; +https://github.com/rom1504/img2dataset; opt-out: abuse.notification.dcomp12b@gmail.com;"
3.234.103.5 - - [11/Sep/2026:09:41:58 -0400] "GET /upload/resources/image/2025/09/11/2567728_4096x10000.jpeg HTTP/1.1" 404 11311 "-" "ImageBot/1.0 (compatible; research crawler; +https://github.com/rom1504/img2dataset; opt-out: abuse.notification.dcomp12b@gmail.com;"
3.234.103.5 - - [11/Sep/2026:09:41:59 -0400] "GET /upload/resources/image/2023/12/12/1662658_4096x10000.jpeg HTTP/1.1" 404 11311 "-" "ImageBot/1.0 (compatible; research crawler; +https://github.com/rom1504/img2dataset; opt-out: abuse.notification.dcomp12b@gmail.com;"
54.166.204.138 - - [11/Sep/2026:09:42:01 -0400] "GET /upload/resources/image/2026/02/10/2716799_4096x10000.jpeg HTTP/1.1" 404 11311 "-" "ImageBot/1.0 (compatible; research crawler; +https://github.com/rom1504/img2dataset; opt-out: abuse.notification.dcomp12b@gmail.com;"
3.234.103.5 - - [11/Sep/2026:09:42:02 -0400] "GET /2023/08/12/%E7%A8%BB%E5%99%B4%E9%BC%BB%E4%B8%96%E7%95%8C%C2%B7%E8%A9%A9%E7%95%AB%E6%B4%AA%E6%B1%9F%EF%BC%8C%E4%B9%8B%E9%BB%94%E9%99%BD%E5%8C%85%E9%A4%8A%E8%A1%8C%E6%83%85%E5%8F%A4%E5%9F%8E/094629uf3a3ggkbskazi7e.jpg HTTP/1.1" 404 11311 "-" "ImageBot/1.0 (compatible; research crawler; +https://github.com/rom1504/img2dataset; opt-out: abuse.notification.dcomp12b@gmail.com;"
3.234.103.5 - - [11/Sep/2026:09:42:02 -0400] "GET /2023/12/13/%E5%B9%B4%E5%A4%9Cs%E8%A2%AB%E6%B1%AA%E5%B0%8F%E8%8F%B2%E6%89%87%E8%80%B3%E5%85%89%EF%BC%9F%E5%B0%8Fs%E9%82%A3%E8%8B%B1%E4%BA%92%E5%97%86%EF%BC%9F%E7%8E%8B%E6%80%9D%E8%81%B0%E9%9A%94%E7%A9%BA%E9%96%8B/1426127849ed18088c70d2.jpg HTTP/1.1" 404 11311 "-" "ImageBot/1.0 (compatible; research crawler; +https://github.com/rom1504/img2dataset; opt-out: abuse.notification.dcomp12b@gmail.com;"
52.1.250.135 - - [11/Sep/2026:09:42:03 -0400] "GET /upload/resources/image/2024/09/09/2087515_4096x10000.jpeg HTTP/1.1" 404 11311 "-" "ImageBot/1.0 (compatible; research crawler; +https://github.com/rom1504/img2dataset; opt-out: abuse.notification.dcomp12b@gmail.com;"
3.234.103.5 - - [11/Sep/2026:09:42:04 -0400] "GET /2023/10/04/%E8%A8%B1%E5%82%A2%E5%8D%B0%E8%A2%AB%E9%87%87%E5%8F%96%E5%BC%B7%E8%BF%AB%E8%BE%A6%E6%B3%95%EF%BC%81%E6%88%96%E6%B6%89%E5%AB%8C%E5%A4%9A%E9%A0%85%E7%BD%AA%E5%90%8D%EF%BC%8C%E6%9C%80%E5%88%9D%E4%B8%80/fcca33ea327444a0a30e4e5f32630486.png HTTP/1.1" 404 11311 "-" "ImageBot/1.0 (compatible; research crawler; +https://github.com/rom1504/img2dataset; opt-out: abuse.notification.dcomp12b@gmail.com;"
176.224.203.219 - - [11/Sep/2026:09:42:04 -0400] "POST /xmlrpc.php HTTP/1.1" 403 1242 "-" "Jetpack by WordPress.com"
3.234.103.5 - - [11/Sep/2026:09:42:05 -0400] "GET /%E8%90%AC%E5%85%AC%E9%87%8C%E8%B7%91%E8%80%85%E9%84%A7%E8%89%AF%E8%8F%AF%E8%B7%91%E5%87%BA%E5%9C%8B%E9%96%80%E5%8D%81%E5%A4%A9%E8%A8%98-2/212042x59eb1ijgo9ueh6w.jpg HTTP/1.1" 404 11311 "-" "ImageBot/1.0 (compatible; research crawler; +https://github.com/rom1504/img2dataset; opt-out: abuse.notification.dcomp12b@gmail.com;"
52.23.26.158 - - [11/Sep/2026:09:42:08 -0400] "GET /2023/12/11/%E4%B8%AD%E4%BB%A5%E6%B7%B7%E8%A1%80%E5%A5%B3%E5%AD%A9%E6%80%99%E6%81%83%EF%BC%9A%E7%9C%8B%E5%88%B0%E5%A5%B3%E5%85%92%E8%A2%AB%E7%B6%81%E6%92%95%E5%BF%83%E8%A3%82%E8%82%BA%EF%BC%8C%E7%9B%BC%E6%9C%9B/38c9419bccd24d3e9b373ba0e328588e.png HTTP/1.1" 404 11311 "-" "ImageBot/1.0 (compatible; research crawler; +https://github.com/rom1504/img2dataset; opt-out: abuse.notification.dcomp12b@gmail.com;"
52.1.250.135 - - [11/Sep/2026:09:42:09 -0400] "GET /upload/resources/image/2025/02/24/2311594_4096x10000.jpeg HTTP/1.1" 404 11311 "-" "ImageBot/1.0 (compatible; research crawler; +https://github.com/rom1504/img2dataset; opt-out: abuse.notification.dcomp12b@gmail.com;"
3.234.103.5 - - [11/Sep/2026:09:42:11 -0400] "GET /upload/resources/image/2024/02/04/1765162_4096x10000.jpeg HTTP/1.1" 404 11311 "-" "ImageBot/1.0 (compatible; research crawler; +https://github.com/rom1504/img2dataset; opt-out: abuse.notification.dcomp12b@gmail.com;"
3.234.103.5 - - [11/Sep/2026:09:42:12 -0400] "GET /upload/resources/image/2024/11/19/2174894_4096x10000.jpeg HTTP/1.1" 404 11311 "-" "ImageBot/1.0 (compatible; research crawler; +https://github.com/rom1504/img2dataset; opt-out: abuse.notification.dcomp12b@gmail.com;"
106.6.136.124 - - [11/Sep/2026:09:42:14 -0400] "GET /%e6%89%8e%e6%a0%b9%e5%b0%88%e5%8c%85%e9%a4%8a%e7%b6%93%e9%a9%97%e6%b7%b1%e5%b1%b1%e4%ba%94%e8%bc%89%ef%bc%8c%e9%91%84%e5%b0%b1%e7%b2%be%e5%93%81%e5%b7%a5%e7%a8%8b/ HTTP/1.1" 200 19690 "-" "Mozilla/5.0 (Macintosh; Intel Mac OS X 14.3; rv:132.0) Gecko/20100101 Firefox/132.0"
176.224.203.219 - - [11/Sep/2026:09:42:15 -0400] "POST /xmlrpc.php HTTP/1.1" 403 1242 "-" "Jetpack by WordPress.com"
3.234.103.5 - - [11/Sep/2026:09:42:18 -0400] "GET /2024/03/10/%E6%BC%AB%E6%AD%A5%E8%B5%B0%E5%88%B0%E9%A6%AC%E6%AC%84%E5%8F%B0%E5%8C%97-%E7%A4%BE%E5%8D%80%E5%B1%B1/113009zb187wc72gckc70z.jpg HTTP/1.1" 404 11311 "-" "ImageBot/1.0 (compatible; research crawler; +https://github.com/rom1504/img2dataset; opt-out: abuse.notification.dcomp12b@gmail.com;"
50.19.85.253 - - [11/Sep/2026:09:42:20 -0400] "GET /2024/03/09/%E5%AE%B6%E5%9C%92%E7%BE%8E%E4%B8%8D%E5%8B%95%E7%94%A2%E5%A6%82%E7%95%AB/113502ywm8riikqbo6d646.jpg HTTP/1.1" 404 11311 "-" "ImageBot/1.0 (compatible; research crawler; +https://github.com/rom1504/img2dataset; opt-out: abuse.notification.dcomp12b@gmail.com;"
54.166.204.138 - - [11/Sep/2026:09:42:21 -0400] "GET /upload/resources/image/2026/02/04/2710336_4096x10000.jpeg HTTP/1.1" 404 11311 "-" "ImageBot/1.0 (compatible; research crawler; +https://github.com/rom1504/img2dataset; opt-out: abuse.notification.dcomp12b@gmail.com;"
50.19.85.253 - - [11/Sep/2026:09:42:23 -0400] "GET /upload/resources/image/2024/09/04/2082026_4096x10000.jpeg HTTP/1.1" 404 11311 "-" "ImageBot/1.0 (compatible; research crawler; +https://github.com/rom1504/img2dataset; opt-out: abuse.notification.dcomp12b@gmail.com;"
176.224.203.219 - - [11/Sep/2026:09:42:26 -0400] "POST /xmlrpc.php HTTP/1.1" 403 1242 "-" "Jetpack by WordPress.com (Jetpack 12.5; WordPress 6.4)"
50.19.85.253 - - [11/Sep/2026:09:42:27 -0400] "GET /upload/resources/image/2026/04/22/2780057_4096x10000.jpeg HTTP/1.1" 404 11311 "-" "ImageBot/1.0 (compatible; research crawler; +https://github.com/rom1504/img2dataset; opt-out: abuse.notification.dcomp12b@gmail.com;"
3.234.103.5 - - [11/Sep/2026:09:42:34 -0400] "GET /%E6%96%B0%E7%96%86%EF%BC%9A%E5%96%AC%E3%80%81%E7%81%8C%E3%80%81%E8%97%A5%E7%AB%8B%E9%AB%94%E7%B9%94%E5%AF%86%E7%B6%A0osder%E5%A5%A7%E6%96%AF%E5%BE%B7%E5%8F%B0%E5%8C%97%E6%B1%BD/20260418/481746.jpg HTTP/1.1" 404 11311 "-" "ImageBot/1.0 (compatible; research crawler; +https://github.com/rom1504/img2dataset; opt-out: abuse.notification.dcomp12b@gmail.com;"
3.234.103.5 - - [11/Sep/2026:09:42:35 -0400] "GET /upload/resources/image/2026/02/02/2707342_4096x10000.jpeg HTTP/1.1" 404 11311 "-" "ImageBot/1.0 (compatible; research crawler; +https://github.com/rom1504/img2dataset; opt-out: abuse.notification.dcomp12b@gmail.com;"
216.73.216.141 - - [11/Sep/2026:09:42:35 -0400] "GET /robots.txt HTTP/2" 200 94 "-" "Mozilla/5.0 AppleWebKit/537.36 (KHTML, like Gecko; compatible; ClaudeBot/1.0; +claudebot@anthropic.com)"
216.73.216.141 - - [11/Sep/2026:09:42:35 -0400] "GET /wp-sitemap.xml HTTP/2" 200 216 "-" "Mozilla/5.0 AppleWebKit/537.36 (KHTML, like Gecko; compatible; ClaudeBot/1.0; +claudebot@anthropic.com)"
176.224.203.219 - - [11/Sep/2026:09:42:37 -0400] "POST /xmlrpc.php HTTP/1.1" 403 1242 "-" "Jetpack by WordPress.com"
3.234.103.5 - - [11/Sep/2026:09:42:37 -0400] "GET /%E5%8D%81%E4%BA%94%E4%BA%94%E9%96%8B%E5%A5%BD%E5%B1%80%E8%B5%B7%E5%A5%BD%E6%AD%A5%E4%B8%A8%E5%86%B0%E9%9D%A2%E4%B8%8A%E7%9A%84%E7%86%B1%E5%BC%95%E6%93%8Eosder%E5%A5%A7/20260115/531681.jpg HTTP/1.1" 404 11311 "-" "ImageBot/1.0 (compatible; research crawler; +https://github.com/rom1504/img2dataset; opt-out: abuse.notification.dcomp12b@gmail.com;"
54.166.204.138 - - [11/Sep/2026:09:42:37 -0400] "GET /2024/03/25/%E5%8F%B0%E5%8D%97-%E7%A4%BE%E5%8D%80%E5%A4%A7%E6%A8%93%E5%BB%A3%E8%A5%BF%E9%95%B7%E5%91%BD%E4%B9%8B%E9%84%89%E9%80%90%E4%B8%80%E5%B7%B4%E9%A6%AC/134006xe11t6efpe68efmb.jpg HTTP/1.1" 404 11311 "-" "ImageBot/1.0 (compatible; research crawler; +https://github.com/rom1504/img2dataset; opt-out: abuse.notification.dcomp12b@gmail.com;"
52.23.26.158 - - [11/Sep/2026:09:42:46 -0400] "GET /2024/03/31/%E5%84%8B%E5%8F%B0%E5%8C%97%E6%88%BF%E7%94%A2%E5%B7%9E%E6%95%A3%E8%A8%98/222343dccf62vcghcfm2e2.jpg HTTP/1.1" 404 11311 "-" "ImageBot/1.0 (compatible; research crawler; +https://github.com/rom1504/img2dataset; opt-out: abuse.notification.dcomp12b@gmail.com;"
3.234.103.5 - - [11/Sep/2026:09:42:48 -0400] "GET /upload/resources/image/2026/02/24/2727419_4096x10000.jpeg HTTP/1.1" 404 11311 "-" "ImageBot/1.0 (compatible; research crawler; +https://github.com/rom1504/img2dataset; opt-out: abuse.notification.dcomp12b@gmail.com;"
176.224.203.219 - - [11/Sep/2026:09:42:49 -0400] "POST /xmlrpc.php HTTP/1.1" 403 1242 "-" "Jetpack by WordPress.com"
52.23.26.158 - - [11/Sep/2026:09:42:55 -0400] "GET /html/files/2022-02/01/20220201144617417842556.gif HTTP/1.1" 404 11311 "-" "ImageBot/1.0 (compatible; research crawler; +https://github.com/rom1504/img2dataset; opt-out: abuse.notification.dcomp12b@gmail.com;"
176.224.203.219 - - [11/Sep/2026:09:42:59 -0400] "POST /xmlrpc.php HTTP/1.1" 403 1242 "-" "Jetpack by WordPress.com (Jetpack 12.0; WordPress 6.3)"
54.166.204.138 - - [11/Sep/2026:09:42:59 -0400] "GET /upload/resources/image/2024/09/02/2078204_4096x10000.jpeg HTTP/1.1" 404 11311 "-" "ImageBot/1.0 (compatible; research crawler; +https://github.com/rom1504/img2dataset; opt-out: abuse.notification.dcomp12b@gmail.com;"
52.23.26.158 - - [11/Sep/2026:09:42:59 -0400] "GET /%E7%AC%ACosder%E5%A5%A7%E6%96%AF%E5%BE%B7%E6%9D%90%E6%96%99%E5%A0%B1%E5%83%B9139%E5%B1%86%E5%BB%A3%E4%BA%A4%E6%9C%83%E5%B0%87%E4%BA%8E4%E6%9C%8815%E6%97%A5%E9%96%8B%E5%B9%95%EF%BC%8C%E8%B6%853/20260316/245855.png HTTP/1.1" 404 11311 "-" "ImageBot/1.0 (compatible; research crawler; +https://github.com/rom1504/img2dataset; opt-out: abuse.notification.dcomp12b@gmail.com;"
3.234.103.5 - - [11/Sep/2026:09:43:00 -0400] "GET /upload/resources/image/2024/02/21/1793799_4096x10000.jpeg HTTP/1.1" 404 11311 "-" "ImageBot/1.0 (compatible; research crawler; +https://github.com/rom1504/img2dataset; opt-out: abuse.notification.dcomp12b@gmail.com;"
52.23.26.158 - - [11/Sep/2026:09:43:01 -0400] "GET /2024/03/26/%E6%B5%B8%E5%B3%AA-%E5%8F%B0%E5%8D%97-%E6%88%BF%E7%94%A2-%E6%A1%91%E6%A4%8D%E5%B9%B4%E5%A4%9C%E5%B1%B1%E4%B8%AD%E7%9A%84%E6%98%8E%E7%8F%A0/230643o7qi19ny9ygqq447.jpg HTTP/1.1" 404 11311 "-" "ImageBot/1.0 (compatible; research crawler; +https://github.com/rom1504/img2dataset; opt-out: abuse.notification.dcomp12b@gmail.com;"
50.19.85.253 - - [11/Sep/2026:09:43:02 -0400] "GET /upload/resources/image/2026/02/09/2714986_4096x10000.jpeg HTTP/1.1" 404 11311 "-" "ImageBot/1.0 (compatible; research crawler; +https://github.com/rom1504/img2dataset; opt-out: abuse.notification.dcomp12b@gmail.com;"
54.166.204.138 - - [11/Sep/2026:09:43:05 -0400] "GET /2024/03/15/%E6%B9%98%E8%A1%8C%E6%95%A3%E8%A8%98%E9%80%99%E7%AF%87%E8%B3%BC%E5%B1%8B%E5%BE%88%E9%95%B7%E6%B2%99%E7%9A%84%E9%AB%98%E8%80%83%E4%BD%9C%E6%96%87%E5%81%9A%E5%BE%97%E5%A5%BD%EF%BC%81/172402iooobbk00rbohkwh.jpg HTTP/1.1" 404 11311 "-" "ImageBot/1.0 (compatible; research crawler; +https://github.com/rom1504/img2dataset; opt-out: abuse.notification.dcomp12b@gmail.com;"
3.234.103.5 - - [11/Sep/2026:09:43:07 -0400] "GET /2023/10/26/%E5%8E%9F%E5%89%B5-%E5%8C%85%E9%A4%8A%E7%B6%B2%E6%81%A5%E8%BE%B1%E5%AE%8C%E6%99%AE%E4%BA%AC%EF%BC%8C%E7%BE%8E%E5%9C%8B%E9%82%84%E6%83%B3%E8%AE%93%E4%B8%AD%E5%9C%8B/3cd96ada799d4e9d9d9e8d4e1337bf4c.jpeg HTTP/1.1" 404 11311 "-" "ImageBot/1.0 (compatible; research crawler; +https://github.com/rom1504/img2dataset; opt-out: abuse.notification.dcomp12b@gmail.com;"
3.234.103.5 - - [11/Sep/2026:09:43:09 -0400] "GET /upload/resources/image/2024/03/04/1815551_4096x10000.jpeg HTTP/1.1" 404 11311 "-" "ImageBot/1.0 (compatible; research crawler; +https://github.com/rom1504/img2dataset; opt-out: abuse.notification.dcomp12b@gmail.com;"
52.1.250.135 - - [11/Sep/2026:09:43:09 -0400] "GET /%E6%A2%85%E7%B4%85%E6%9F%B3%E7%B6%A0%E6%8A%B1%E6%88%BF%E7%94%A2-%E7%B6%B2%E6%97%A9%E6%98%A5/064551qxdobth3ndnuzh3x.jpg HTTP/1.1" 404 11311 "-" "ImageBot/1.0 (compatible; research crawler; +https://github.com/rom1504/img2dataset; opt-out: abuse.notification.dcomp12b@gmail.com;"
52.1.250.135 - - [11/Sep/2026:09:43:10 -0400] "GET /2023/10/18/%E6%9C%89%E5%90%8D%E5%A5%B3%E9%9B%95%E5%A1%91%E5%82%A2%E9%99%B3%E6%B7%91%E5%85%89%E5%8E%BB%E4%B8%96%EF%BC%8C%E6%9B%BE%E4%BB%8B%E5%85%A5%E5%9C%8B%E6%B0%91%E5%A5%BD%E6%BC%A2%E7%95%99%E5%BF%B5%E7%A2%91/10ec25a09f1746c988bc7e17bf5e1be1.png HTTP/1.1" 404 11311 "-" "ImageBot/1.0 (compatible; research crawler; +https://github.com/rom1504/img2dataset; opt-out: abuse.notification.dcomp12b@gmail.com;"
176.224.203.219 - - [11/Sep/2026:09:43:10 -0400] "POST /xmlrpc.php HTTP/1.1" 403 1242 "-" "Jetpack by WordPress.com (Jetpack 13.0; WordPress 6.2)"
52.23.26.158 - - [11/Sep/2026:09:43:11 -0400] "GET /%E6%99%89%E9%99%9E%E6%88%91%E5%9C%8B%E5%8E%9F%E5%A7%8B%E5%89%B5%E6%96%B0%E6%89%8D%E8%83%BD-%E9%80%B2%E4%B8%80%E5%80%8B%E6%AD%A5%E9%A9%9F%E6%89%93%E7%89%A2%E7%A7%91%E6%8A%80%E5%BC%B7%E5%9C%8B%E5%BB%BA/20260502/588531.png HTTP/1.1" 404 11311 "-" "ImageBot/1.0 (compatible; research crawler; +https://github.com/rom1504/img2dataset; opt-out: abuse.notification.dcomp12b@gmail.com;"
3.234.103.5 - - [11/Sep/2026:09:43:16 -0400] "GET /2024/03/29/%E5%8F%B0%E4%B8%AD-%E7%A4%BE%E5%8D%80%E6%B4%AA%E6%B1%9F%E4%B8%80%E5%B8%82%E4%BA%8C%E5%9F%8E2023%E5%B9%B4%E5%B7%AE%E5%88%A5%E5%8C%96%E6%88%B0%E5%8B%9D%E8%89%B1%E8%8B%A6/224723sbgyk41tkgzt1ipw.jpg HTTP/1.1" 404 11311 "-" "ImageBot/1.0 (compatible; research crawler; +https://github.com/rom1504/img2dataset; opt-out: abuse.notification.dcomp12b@gmail.com;"
52.1.250.135 - - [11/Sep/2026:09:43:18 -0400] "GET /upload/resources/image/2026/02/28/2731986_4096x10000.jpeg HTTP/1.1" 404 11311 "-" "ImageBot/1.0 (compatible; research crawler; +https://github.com/rom1504/img2dataset; opt-out: abuse.notification.dcomp12b@gmail.com;"
52.23.26.158 - - [11/Sep/2026:09:43:19 -0400] "GET /upload/resources/image/2026/02/09/2715612.png HTTP/1.1" 404 11311 "-" "ImageBot/1.0 (compatible; research crawler; +https://github.com/rom1504/img2dataset; opt-out: abuse.notification.dcomp12b@gmail.com;"
54.166.204.138 - - [11/Sep/2026:09:43:19 -0400] "GET /upload/resources/image/2024/04/04/1871089_4096x10000.jpeg HTTP/1.1" 404 11311 "-" "ImageBot/1.0 (compatible; research crawler; +https://github.com/rom1504/img2dataset; opt-out: abuse.notification.dcomp12b@gmail.com;"
176.224.203.219 - - [11/Sep/2026:09:43:21 -0400] "POST /xmlrpc.php HTTP/1.1" 403 1242 "-" "Jetpack by WordPress.com (Jetpack 12.5; WordPress 6.3)"
54.166.204.138 - - [11/Sep/2026:09:43:21 -0400] "GET /2023/10/02/%E8%A8%BB%E5%AE%9A%E8%BB%8A%E8%BB%8A%E8%BB%8A%EF%BC%81%E4%B8%8A%E6%B5%B7%E5%B4%87%E6%98%8E%E6%8F%90%E7%A4%BA%EF%BC%9A%E6%9B%BE%E7%B6%93%E7%B4%85%E7%9E%AD%EF%BC%81%E8%99%B9%E6%A9%8B%E7%81%AB%E8%BB%8A/c183c8de4d114211aedfe7a5294ede41.jpeg HTTP/1.1" 404 11311 "-" "ImageBot/1.0 (compatible; research crawler; +https://github.com/rom1504/img2dataset; opt-out: abuse.notification.dcomp12b@gmail.com;"
54.166.204.138 - - [11/Sep/2026:09:43:22 -0400] "GET /2024/03/29/%E5%8F%B0%E4%B8%AD-%E7%A4%BE%E5%8D%80%E6%99%82%E9%9A%94%E5%A4%9A%E5%B9%B4%E6%B8%B8%E5%8D%97%E5%B2%B3%E8%A1%A1%E5%B1%B1/165133rbniqdxuwi6fflwm.jpg HTTP/1.1" 404 11311 "-" "ImageBot/1.0 (compatible; research crawler; +https://github.com/rom1504/img2dataset; opt-out: abuse.notification.dcomp12b@gmail.com;"
52.23.26.158 - - [11/Sep/2026:09:43:23 -0400] "GET /2024/03/28/%E3%80%90%E5%9B%9E%E7%9C%B82023%E3%80%91%E6%B9%96%E5%8D%97%E4%B9%9D%E6%BE%A7%E5%90%8D%E6%A8%93-%E7%99%BE%E5%A4%A7%E5%93%A5%E5%BA%97%E6%B4%A5%E5%B8%82%E8%B3%BC%E5%B1%8B%E7%9C%8B%E6%B1%9F%E6%A8%93/211222wyuzulhq1cs2u1ob.jpg HTTP/1.1" 404 11311 "-" "ImageBot/1.0 (compatible; research crawler; +https://github.com/rom1504/img2dataset; opt-out: abuse.notification.dcomp12b@gmail.com;"
50.19.85.253 - - [11/Sep/2026:09:43:24 -0400] "GET /2023/08/02/%E8%83%A1%E7%94%9C%E5%BF%83%E5%8C%85%E9%A4%8A%E7%B6%B2%E9%9B%99%E8%BC%9D%EF%BC%9A%E5%BE%A9%E8%88%88%E8%BE%B2%E6%A5%AD%E8%BF%BD%E5%A4%A2%E4%BA%BA-%E8%87%A5%E8%96%AA%E5%98%97%E8%86%BD%E7%AB%8B%E5%BC%98/065129mlk71cjf2zc4fueu.jpg HTTP/1.1" 404 11311 "-" "ImageBot/1.0 (compatible; research crawler; +https://github.com/rom1504/img2dataset; opt-out: abuse.notification.dcomp12b@gmail.com;"
54.166.204.138 - - [11/Sep/2026:09:43:24 -0400] "GET /2023/11/26/%E4%B8%80%E5%90%8D%E9%AB%98%E5%8C%85%E9%A4%8A%E7%B6%B2%E5%96%AE%E6%AC%A1%E6%A0%A1%E6%95%99%E5%93%A1%E7%B4%9B%E6%AD%A7%E6%A8%A3%E7%9A%84%E5%AF%92%E5%81%87%E7%94%9F%E6%B6%AF/221534w6zg6e66emv58z6d.jpg HTTP/1.1" 404 11311 "-" "ImageBot/1.0 (compatible; research crawler; +https://github.com/rom1504/img2dataset; opt-out: abuse.notification.dcomp12b@gmail.com;"
3.234.103.5 - - [11/Sep/2026:09:43:25 -0400] "GET /%E5%BB%A3%E6%9D%B1%E5%B0%87%E5%87%BA%E8%87%BAai%E8%B3%A6%E8%83%BD%E7%A7%91%E7%A0%94%E8%A1%8C%E5%8B%95%E8%A8%88%E5%8A%83jiuyi%E4%BF%B1%E6%84%8F%E5%AE%A4%E5%85%A7%E8%A8%AD%E8%A8%88%EF%BC%8C%E7%9E%84/20260427/549874.jpg HTTP/1.1" 404 11311 "-" "ImageBot/1.0 (compatible; research crawler; +https://github.com/rom1504/img2dataset; opt-out: abuse.notification.dcomp12b@gmail.com;"
3.234.103.5 - - [11/Sep/2026:09:43:26 -0400] "GET /%E6%99%82%E6%94%BF%E5%BE%AE%E8%A7%80%E5%AF%9F%E4%B8%A8%E5%B9%B4%E5%A4%9C%E5%9C%8B%E4%B8%80%E8%B5%B7%E9%85%8D%E5%90%88%EF%BC%8C%E5%BE%9E%E5%B9%B4%E5%A4%9C%E6%9C%89%E5%8F%AF%E7%82%BA/20260201/93645.png HTTP/1.1" 404 11311 "-" "ImageBot/1.0 (compatible; research crawler; +https://github.com/rom1504/img2dataset; opt-out: abuse.notification.dcomp12b@gmail.com;"
52.23.26.158 - - [11/Sep/2026:09:43:27 -0400] "GET /%E6%99%89%E9%99%9E%E6%88%91%E5%9C%8B%E5%8E%9F%E5%A7%8B%E5%89%B5%E6%96%B0%E6%89%8D%E8%83%BD-%E9%80%B2%E4%B8%80%E5%80%8B%E6%AD%A5%E9%A9%9F%E6%89%93%E7%89%A2%E7%A7%91%E6%8A%80%E5%BC%B7%E5%9C%8B%E5%BB%BA/20260502/588531.png HTTP/1.1" 404 11311 "-" "ImageBot/1.0 (compatible; research crawler; +https://github.com/rom1504/img2dataset; opt-out: abuse.notification.dcomp12b@gmail.com;"
52.23.26.158 - - [11/Sep/2026:09:43:30 -0400] "GET /2024/03/29/%E5%8F%B0%E4%B8%AD-%E7%A4%BE%E5%8D%80%E6%99%82%E9%9A%94%E5%A4%9A%E5%B9%B4%E6%B8%B8%E5%8D%97%E5%B2%B3%E8%A1%A1%E5%B1%B1/165133rbniqdxuwi6fflwm.jpg HTTP/1.1" 404 11311 "-" "ImageBot/1.0 (compatible; research crawler; +https://github.com/rom1504/img2dataset; opt-out: abuse.notification.dcomp12b@gmail.com;"
176.224.203.219 - - [11/Sep/2026:09:43:32 -0400] "POST /xmlrpc.php HTTP/1.1" 403 1242 "-" "Jetpack/12.0; WordPress/6.1; http://site96296480.com"
3.234.103.5 - - [11/Sep/2026:09:43:32 -0400] "GET /upload/resources/image/2026/01/25/2701234_4096x10000.jpeg HTTP/1.1" 404 11311 "-" "ImageBot/1.0 (compatible; research crawler; +https://github.com/rom1504/img2dataset; opt-out: abuse.notification.dcomp12b@gmail.com;"
54.166.204.138 - - [11/Sep/2026:09:43:32 -0400] "GET /upload/resources/image/2024/02/18/1788662.jpeg HTTP/1.1" 404 11311 "-" "ImageBot/1.0 (compatible; research crawler; +https://github.com/rom1504/img2dataset; opt-out: abuse.notification.dcomp12b@gmail.com;"
52.23.26.158 - - [11/Sep/2026:09:43:32 -0400] "GET /%E8%97%9D%E9%A6%AC%E7%95%B6%E5%85%88%EF%BC%8C%E5%94%AF%E6%9C%89%E6%94%B9%E9%80%A0%EF%BC%81%E5%BB%A3%E6%9D%B1%E9%A6%96%E5%BA%A6%E5%B0%8Dosder%E5%A5%A7%E6%96%AF%E5%BE%B7%E6%9D%90/20260131/84359.jpg HTTP/1.1" 404 11311 "-" "ImageBot/1.0 (compatible; research crawler; +https://github.com/rom1504/img2dataset; opt-out: abuse.notification.dcomp12b@gmail.com;"
54.166.204.138 - - [11/Sep/2026:09:43:38 -0400] "GET /2024/03/30/%E8%B5%B4%E5%A9%81%E5%BA%95%E9%87%87%E6%96%B0%E5%8C%97-%E4%B8%AD%E5%8F%A4%E5%B1%8B%E9%A2%A8%E8%A8%98%E9%80%90%E4%B8%80%E8%A7%80%E8%B3%9E%E5%A9%81%E5%BA%95%E5%B8%82%E5%A9%81%E6%98%9F%E5%8D%80%E6%B0%B4/140832xez7kgmoppzb6zs0.jpg HTTP/1.1" 404 11311 "-" "ImageBot/1.0 (compatible; research crawler; +https://github.com/rom1504/img2dataset; opt-out: abuse.notification.dcomp12b@gmail.com;"
52.1.250.135 - - [11/Sep/2026:09:43:39 -0400] "GET /upload/resources/image/2024/09/18/2097641.jpeg HTTP/1.1" 404 11311 "-" "ImageBot/1.0 (compatible; research crawler; +https://github.com/rom1504/img2dataset; opt-out: abuse.notification.dcomp12b@gmail.com;"
50.19.85.253 - - [11/Sep/2026:09:43:42 -0400] "GET /html/files/2022-02/01/20220201144616982256452.jpg HTTP/1.1" 404 11311 "-" "ImageBot/1.0 (compatible; research crawler; +https://github.com/rom1504/img2dataset; opt-out: abuse.notification.dcomp12b@gmail.com;"
176.224.203.219 - - [11/Sep/2026:09:43:42 -0400] "POST /xmlrpc.php HTTP/1.1" 403 1242 "-" "Jetpack/12.1; WordPress/6.3; http://site11486605.com"
52.1.250.135 - - [11/Sep/2026:09:43:45 -0400] "GET /%E6%96%B0%E6%98%A5%E8%B5%B0%E5%9F%BA%E5%B1%A4%E4%B8%A8%E6%90%AC%E6%96%B0%E5%AE%B6%E3%80%81%E9%AC%A7%E7%A4%BE%E7%81%AB-%E7%94%98%E8%82%85%E6%A6%86%E4%B8%AD%E5%8F%97%E7%81%BD%E7%BE%A4%E7%9C%BEjiuyi/20260213/35629.jpg HTTP/1.1" 404 11311 "-" "ImageBot/1.0 (compatible; research crawler; +https://github.com/rom1504/img2dataset; opt-out: abuse.notification.dcomp12b@gmail.com;"
54.166.204.138 - - [11/Sep/2026:09:43:49 -0400] "GET /upload/resources/image/2026/03/21/2752100.jpeg HTTP/1.1" 404 11311 "-" "ImageBot/1.0 (compatible; research crawler; +https://github.com/rom1504/img2dataset; opt-out: abuse.notification.dcomp12b@gmail.com;"
176.224.203.219 - - [11/Sep/2026:09:43:54 -0400] "POST /xmlrpc.php HTTP/1.1" 403 1242 "-" "Jetpack by WordPress.com (Jetpack 12.5; WordPress 6.2)"
50.19.85.253 - - [11/Sep/2026:09:43:56 -0400] "GET /2024/03/28/%E8%90%AC%E5%85%AC%E9%87%8C%E8%B7%91%E8%80%85%E9%84%A7%E8%89%AF%E8%8F%AF%E8%B7%91%E7%A4%BE%E5%8D%80%E5%A4%A7%E6%A8%93%E5%87%BA%E5%9C%8B%E9%96%80%E5%8D%81%E5%A4%A9%E8%A8%98/212606jlqkkmlzj1m8jf42.jpg HTTP/1.1" 404 11311 "-" "ImageBot/1.0 (compatible; research crawler; +https://github.com/rom1504/img2dataset; opt-out: abuse.notification.dcomp12b@gmail.com;"
52.23.26.158 - - [11/Sep/2026:09:43:57 -0400] "GET /upload/resources/image/2024/01/29/1752159_4096x10000.jpeg HTTP/1.1" 404 11311 "-" "ImageBot/1.0 (compatible; research crawler; +https://github.com/rom1504/img2dataset; opt-out: abuse.notification.dcomp12b@gmail.com;"
114.119.134.67 - - [11/Sep/2026:09:43:57 -0400] "GET /%e5%af%a6%e6%99%82%e5%9b%9e%e6%87%89%e7%a7%80%e5%82%b3%e9%86%ab%e9%99%a2%e5%b7%a1%e6%aa%a2%e9%80%b2%e7%b4%9a%e7%9a%84%e6%b8%b8%e7%8e%a9%e8%8a%b1%e8%b2%bb%e9%9c%80%e6%b1%82/ HTTP/1.1" 200 17033 "https://big-wife.com.tw/page/28/" "Mozilla/5.0 (Linux; Android 7.0;) AppleWebKit/537.36 (HTML, like Gecko) Mobile Safari/537.36 (compatible; PetalBot;+https://webmaster.petalsearch.com/site/petalbot)"
52.1.250.135 - - [11/Sep/2026:09:44:01 -0400] "GET /2024/03/10/%E3%80%90%E8%B5%B0%E9%80%B2%E7%87%88%E5%A1%94%E8%B2%B7%E6%88%BF%E3%80%91%E8%B5%B0%E9%80%B2%E7%87%88%E5%A1%94%E8%97%9D%E8%A1%93%E8%BE%B2%E5%A0%B4%EF%BC%8C%E5%96%9C%E8%81%BD%E5%9B%9B%E7%A5%9E%E6%8A%AC/113131b897bqh7a5k9vv7r.jpg HTTP/1.1" 404 11311 "-" "ImageBot/1.0 (compatible; research crawler; +https://github.com/rom1504/img2dataset; opt-out: abuse.notification.dcomp12b@gmail.com;"
54.166.204.138 - - [11/Sep/2026:09:44:02 -0400] "GET /2024/03/09/%E5%AE%B6%E5%9C%92%E7%BE%8E%E4%B8%8D%E5%8B%95%E7%94%A2%E5%A6%82%E7%95%AB/111311m5tpznsept8ompm5.jpg HTTP/1.1" 404 11311 "-" "ImageBot/1.0 (compatible; research crawler; +https://github.com/rom1504/img2dataset; opt-out: abuse.notification.dcomp12b@gmail.com;"
52.1.250.135 - - [11/Sep/2026:09:44:03 -0400] "GET /%E5%8D%81%E4%BA%94%E4%BA%94%E9%96%8B%E5%A5%BD%E5%B1%80%E8%B5%B7%E5%A5%BD%E6%AD%A5%E4%B8%A8%E5%86%B0%E9%9D%A2%E4%B8%8A%E7%9A%84%E7%86%B1%E5%BC%95%E6%93%8Eosder%E5%A5%A7/20260115/531672.jpg HTTP/1.1" 404 11311 "-" "ImageBot/1.0 (compatible; research crawler; +https://github.com/rom1504/img2dataset; opt-out: abuse.notification.dcomp12b@gmail.com;"
176.224.203.219 - - [11/Sep/2026:09:44:04 -0400] "POST /xmlrpc.php HTTP/1.1" 403 1242 "-" "WordPress.com; https://wordpress.com"
52.1.250.135 - - [11/Sep/2026:09:44:08 -0400] "GET /%E4%B8%80%E4%BD%8D%E5%9D%90%E5%8F%B0%E4%B8%AD-%E7%A4%BE%E5%8D%80%E5%A4%A7%E5%BB%88%E6%9D%9F%E7%B8%9B%E7%89%8C%E8%B2%A8%E8%BB%8A%E6%96%B0%E5%A8%98%E7%9A%84%E5%AF%86%E6%84%8F%E5%9B%9E%E7%9C%B8%EF%BC%88/102914tijjpii4wdeu3wpi.jpg HTTP/1.1" 404 11311 "-" "ImageBot/1.0 (compatible; research crawler; +https://github.com/rom1504/img2dataset; opt-out: abuse.notification.dcomp12b@gmail.com;"
50.19.85.253 - - [11/Sep/2026:09:44:10 -0400] "GET /upload/resources/image/2026/04/27/2784621.jpg?r=1777251206835 HTTP/1.1" 404 11311 "-" "ImageBot/1.0 (compatible; research crawler; +https://github.com/rom1504/img2dataset; opt-out: abuse.notification.dcomp12b@gmail.com;"
176.224.203.219 - - [11/Sep/2026:09:44:15 -0400] "POST /xmlrpc.php HTTP/1.1" 403 1242 "-" "Jetpack by WordPress.com"
52.1.250.135 - - [11/Sep/2026:09:44:16 -0400] "GET /2024/03/13/%E3%80%90%E5%9B%9E%E7%9C%B820%E6%89%BE%E6%88%BF%E5%B1%8B23%E3%80%91%E6%B9%98%E6%B0%B4%E6%94%BE%E6%AD%8C%EF%BC%8C%E7%99%BE%E6%AD%B2%E5%8F%88%E6%96%B0%E7%A8%8B/183716sahtt7idj5ff5qqd.jpg HTTP/1.1" 404 11311 "-" "ImageBot/1.0 (compatible; research crawler; +https://github.com/rom1504/img2dataset; opt-out: abuse.notification.dcomp12b@gmail.com;"
52.1.250.135 - - [11/Sep/2026:09:44:18 -0400] "GET /2024/03/30/%E8%B5%B4%E5%A9%81%E5%BA%95%E9%87%87%E6%96%B0%E5%8C%97-%E4%B8%AD%E5%8F%A4%E5%B1%8B%E9%A2%A8%E8%A8%98%E9%80%90%E4%B8%80%E8%A7%80%E8%B3%9E%E5%A9%81%E5%BA%95%E5%B8%82%E5%A9%81%E6%98%9F%E5%8D%80%E6%B0%B4/140832xez7kgmoppzb6zs0.jpg HTTP/1.1" 404 11311 "-" "ImageBot/1.0 (compatible; research crawler; +https://github.com/rom1504/img2dataset; opt-out: abuse.notification.dcomp12b@gmail.com;"
50.19.85.253 - - [11/Sep/2026:09:44:21 -0400] "GET /upload/resources/image/2024/04/24/1901715_4096x10000.jpeg HTTP/1.1" 404 11311 "-" "ImageBot/1.0 (compatible; research crawler; +https://github.com/rom1504/img2dataset; opt-out: abuse.notification.dcomp12b@gmail.com;"
54.166.204.138 - - [11/Sep/2026:09:44:25 -0400] "GET /upload/resources/image/2026/02/13/2720625_4096x10000.jpeg HTTP/1.1" 404 11311 "-" "ImageBot/1.0 (compatible; research crawler; +https://github.com/rom1504/img2dataset; opt-out: abuse.notification.dcomp12b@gmail.com;"
176.224.203.219 - - [11/Sep/2026:09:44:26 -0400] "POST /xmlrpc.php HTTP/1.1" 403 1242 "-" "WordPress.com; https://wordpress.com"
52.23.26.158 - - [11/Sep/2026:09:44:26 -0400] "GET /2024/01/17/%E3%80%90%E5%8E%9F%E5%89%B5%E3%80%91%E5%B9%B8%E7%A6%8F%E7%A4%BE%E5%B7%A5%E5%B1%95%E9%96%8B%E9%A0%86%E9%A2%A8%E5%AF%B6%E7%89%A9%E5%8C%85%E9%A4%8A%E4%BF%B1%E6%A8%82%E9%83%A8%E7%86%B1/204431cvea9pcz2ukj8219.jpg HTTP/1.1" 404 11311 "-" "ImageBot/1.0 (compatible; research crawler; +https://github.com/rom1504/img2dataset; opt-out: abuse.notification.dcomp12b@gmail.com;"
50.19.85.253 - - [11/Sep/2026:09:44:28 -0400] "GET /upload/resources/image/2025/02/04/2278391_4096x10000.jpeg HTTP/1.1" 404 11311 "-" "ImageBot/1.0 (compatible; research crawler; +https://github.com/rom1504/img2dataset; opt-out: abuse.notification.dcomp12b@gmail.com;"
50.19.85.253 - - [11/Sep/2026:09:44:28 -0400] "GET /%E6%96%B0%E5%8C%97%E6%88%BF%E7%94%A2%E5%8A%89%E9%9D%92%E5%B4%A7%E4%B8%A8%E8%80%81%E5%85%B5%E5%8D%8A%E7%99%BE%E8%B8%8F%E6%96%B0%E7%A8%8B%EF%BC%88%E6%95%A3%E6%96%87%EF%BC%89/144632rbhmpp11vd551bqq.jpg HTTP/1.1" 404 11311 "-" "ImageBot/1.0 (compatible; research crawler; +https://github.com/rom1504/img2dataset; opt-out: abuse.notification.dcomp12b@gmail.com;"
52.23.26.158 - - [11/Sep/2026:09:44:29 -0400] "GET /%E3%80%90%E5%8D%81%E4%BA%94%E4%BA%94%E9%96%8B%E5%A5%BD%E5%B1%80%E8%B5%B7%E5%A5%BD%E6%AD%A5%E3%80%91%E4%BB%A5%E6%96%87%E5%A1%91%E6%97%85-%E4%BB%A5%E6%97%85%E5%BD%B0%E6%96%87-%E6%8E%A8/20260202/104332.jpg HTTP/1.1" 404 11311 "-" "ImageBot/1.0 (compatible; research crawler; +https://github.com/rom1504/img2dataset; opt-out: abuse.notification.dcomp12b@gmail.com;"
52.23.26.158 - - [11/Sep/2026:09:44:31 -0400] "GET /2024/01/23/%E5%86%B6%E9%87%91%EF%BC%8C%E6%88%91%E5%8F%88%E4%B9%9D%E5%AE%AE%E6%A0%BC%E6%99%82%E7%A7%9F%E9%9D%9C%E9%9D%9C%E5%9C%B0%E4%BE%86%E4%BA%86/232213s1087218hqk25h1d.jpg HTTP/1.1" 404 11311 "-" "ImageBot/1.0 (compatible; research crawler; +https://github.com/rom1504/img2dataset; opt-out: abuse.notification.dcomp12b@gmail.com;"
54.166.204.138 - - [11/Sep/2026:09:44:34 -0400] "GET /2024/03/05/2023%E6%A1%83%E5%9C%92-%E7%A4%BE%E5%8D%80%E5%A4%A7%E5%BB%88%E5%B9%B4%E6%B4%AA%E6%B1%9F%E7%AD%96%E5%8A%83%E7%B8%A3%E5%9F%8E%E6%95%99%E5%B0%8E%E5%BE%A9%E8%88%88/221632bzdhuvu88zxzvk53.jpg HTTP/1.1" 404 11311 "-" "ImageBot/1.0 (compatible; research crawler; +https://github.com/rom1504/img2dataset; opt-out: abuse.notification.dcomp12b@gmail.com;"
3.234.103.5 - - [11/Sep/2026:09:44:35 -0400] "GET /upload/resources/image/2026/02/13/2720149_4096x10000.png HTTP/1.1" 404 11311 "-" "ImageBot/1.0 (compatible; research crawler; +https://github.com/rom1504/img2dataset; opt-out: abuse.notification.dcomp12b@gmail.com;"
176.224.203.219 - - [11/Sep/2026:09:44:37 -0400] "POST /xmlrpc.php HTTP/1.1" 403 1242 "-" "WordPress.com; https://wordpress.com"
114.119.158.58 - - [11/Sep/2026:09:44:43 -0400] "GET /%e5%af%a6%e5%b9%b2%e9%a1%af%e6%93%94%e8%b2%a0%e9%bd%8a%e5%bf%83%e5%95%9f%e6%96%b0%e7%a8%8b%c2%b7%e4%bb%a3%e8%a1%a8%e5%a7%94%e5%93%a1%e5%b1%a5%e8%81%b7%e6%95%85%e4%ba%8b%e5%b0%88%e5%8c%85/ HTTP/1.1" 200 17594 "https://big-wife.com.tw/%e7%94%9c%e5%bf%83%e5%af%b6%e8%b2%9d%e5%b0%88%e5%8c%85%e9%a4%8a%e7%b6%b2%e6%99%82%e6%94%bf%e5%be%ae%e5%af%9f%e7%9c%8b%ef%bd%9c%e5%b8%b8%e6%85%8b%e5%8c%96%e7%b2%be%e6%ba%96%e5%b9%ab%e6%89%b6%ef%bc%8c/" "Mozilla/5.0 (Linux; Android 7.0;) AppleWebKit/537.36 (HTML, like Gecko) Mobile Safari/537.36 (compatible; PetalBot;+https://webmaster.petalsearch.com/site/petalbot)"
50.19.85.253 - - [11/Sep/2026:09:44:43 -0400] "GET /upload/resources/image/2026/02/19/2724447_4096x10000.jpeg HTTP/1.1" 404 11311 "-" "ImageBot/1.0 (compatible; research crawler; +https://github.com/rom1504/img2dataset; opt-out: abuse.notification.dcomp12b@gmail.com;"
54.166.204.138 - - [11/Sep/2026:09:44:44 -0400] "GET /2023/11/24/%E7%BE%8E%E4%B8%8D%E5%A0%AA%E6%94%B6%E7%9A%84%E5%8C%85%E9%A4%8A%E5%8D%97%E6%B2%99%E8%8A%B1%E5%9C%83%E9%A3%AF%E5%BA%97%E2%91%A1/071047g2ttung1g1un91hc.jpg HTTP/1.1" 404 11311 "-" "ImageBot/1.0 (compatible; research crawler; +https://github.com/rom1504/img2dataset; opt-out: abuse.notification.dcomp12b@gmail.com;"
176.224.203.219 - - [11/Sep/2026:09:44:48 -0400] "POST /xmlrpc.php HTTP/1.1" 403 1242 "-" "Jetpack by WordPress.com"
50.19.85.253 - - [11/Sep/2026:09:44:48 -0400] "GET /upload/resources/image/2024/04/16/1889218.jpg HTTP/1.1" 404 11311 "-" "ImageBot/1.0 (compatible; research crawler; +https://github.com/rom1504/img2dataset; opt-out: abuse.notification.dcomp12b@gmail.com;"
52.1.250.135 - - [11/Sep/2026:09:44:53 -0400] "GET /%E6%9C%80%E9%AB%98%E6%9C%88%E8%96%AA%E9%81%8E%E8%90%AC%E5%85%83%EF%BC%81%E5%BF%99%E6%8B%9B%E5%B7%A5%EF%BC%8C%E8%B6%95%E8%A8%82%E5%96%AE%EF%BC%8C%E7%AF%80%E5%90%8E%E7%9A%84%E5%BB%A3%E5%B7%9E%E5%BA%B7/20260308/196612.jpg HTTP/1.1" 404 11311 "-" "ImageBot/1.0 (compatible; research crawler; +https://github.com/rom1504/img2dataset; opt-out: abuse.notification.dcomp12b@gmail.com;"
176.224.203.219 - - [11/Sep/2026:09:44:58 -0400] "POST /xmlrpc.php HTTP/1.1" 403 1242 "-" "Jetpack/12.0; WordPress/6.3; http://site51167915.com"
3.234.103.5 - - [11/Sep/2026:09:45:00 -0400] "GET /2023/08/26/city-walk%E4%B8%A8%E5%8C%85%E9%A4%8A%E5%92%B8%E9%99%BD%E8%80%81%E8%A1%97%E5%85%A9%E6%97%A5%E6%B8%B8%E4%BF%9D%E5%A7%86%E7%B4%9A%E6%B8%B8%E7%8E%A9%E6%94%BB%E7%95%A5%E4%BE%86%E4%BA%86/095550zq0qb8q78r88ul8u.jpg HTTP/1.1" 404 11311 "-" "ImageBot/1.0 (compatible; research crawler; +https://github.com/rom1504/img2dataset; opt-out: abuse.notification.dcomp12b@gmail.com;"
50.19.85.253 - - [11/Sep/2026:09:45:00 -0400] "GET /2023/12/21/%E6%B8%85%E9%BB%9E2018%E5%B9%B4%E4%BA%BA%E8%A8%AD%E7%94%9C%E5%BF%83%E5%AF%B6%E8%B2%9D%E5%8C%85%E9%A4%8A%E7%B6%B2%E5%B4%A9%E5%A1%8C%E7%9A%84%E6%98%8E%E6%98%9F%E5%B9%B4%E5%A4%9C%E5%92%96%EF%BC%8C/1733399970d5372880d6b5.jpg HTTP/1.1" 404 11311 "-" "ImageBot/1.0 (compatible; research crawler; +https://github.com/rom1504/img2dataset; opt-out: abuse.notification.dcomp12b@gmail.com;"
52.1.250.135 - - [11/Sep/2026:09:45:02 -0400] "GET /2024/03/10/%E6%BC%AB%E6%AD%A5%E8%B5%B0%E5%88%B0%E9%A6%AC%E6%AC%84%E5%8F%B0%E5%8C%97-%E7%A4%BE%E5%8D%80%E5%B1%B1/113012kko75tz77jknkunk.jpg HTTP/1.1" 404 11311 "-" "ImageBot/1.0 (compatible; research crawler; +https://github.com/rom1504/img2dataset; opt-out: abuse.notification.dcomp12b@gmail.com;"
3.234.103.5 - - [11/Sep/2026:09:45:03 -0400] "GET /2024/03/04/%E3%80%90%E5%B0%8B%E6%99%AF%E6%B9%96%E5%8D%97%E3%80%91%E5%A5%A7%E7%A7%98%E7%9A%84%E6%83%B9%E5%B7%B4%E6%8B%89%E5%9C%9F%E5%AE%B6%E6%88%BF%E7%94%A2-%E7%B6%B2%E5%8F%A4%E6%9D%91%E5%AF%A8/171107ukkqlfy83z3ja33l.jpg HTTP/1.1" 404 11311 "-" "ImageBot/1.0 (compatible; research crawler; +https://github.com/rom1504/img2dataset; opt-out: abuse.notification.dcomp12b@gmail.com;"
3.234.103.5 - - [11/Sep/2026:09:45:03 -0400] "GET /upload/resources/image/2026/04/06/2764965_4096x10000.jpeg HTTP/1.1" 404 11311 "-" "ImageBot/1.0 (compatible; research crawler; +https://github.com/rom1504/img2dataset; opt-out: abuse.notification.dcomp12b@gmail.com;"
52.1.250.135 - - [11/Sep/2026:09:45:04 -0400] "GET /2023/08/26/city-walk%E4%B8%A8%E5%8C%85%E9%A4%8A%E5%92%B8%E9%99%BD%E8%80%81%E8%A1%97%E5%85%A9%E6%97%A5%E6%B8%B8%E4%BF%9D%E5%A7%86%E7%B4%9A%E6%B8%B8%E7%8E%A9%E6%94%BB%E7%95%A5%E4%BE%86%E4%BA%86/095545ne9d48rmtvb6p18b.jpg HTTP/1.1" 404 11311 "-" "ImageBot/1.0 (compatible; research crawler; +https://github.com/rom1504/img2dataset; opt-out: abuse.notification.dcomp12b@gmail.com;"
52.23.26.158 - - [11/Sep/2026:09:45:07 -0400] "GET /upload/resources/image/2026/01/25/2701100_4096x10000.jpeg HTTP/1.1" 404 11311 "-" "ImageBot/1.0 (compatible; research crawler; +https://github.com/rom1504/img2dataset; opt-out: abuse.notification.dcomp12b@gmail.com;"
3.234.103.5 - - [11/Sep/2026:09:45:08 -0400] "GET /upload/resources/image/2026/03/22/2752461_4096x10000.jpeg HTTP/1.1" 404 11311 "-" "ImageBot/1.0 (compatible; research crawler; +https://github.com/rom1504/img2dataset; opt-out: abuse.notification.dcomp12b@gmail.com;"
176.224.203.219 - - [11/Sep/2026:09:45:09 -0400] "POST /xmlrpc.php HTTP/1.1" 403 1242 "-" "Jetpack by WordPress.com (Jetpack 12.1; WordPress 6.2)"
50.19.85.253 - - [11/Sep/2026:09:45:09 -0400] "GET /2024/03/11/%E8%90%AC%E5%85%AC%E9%87%8C%E8%B7%91%E8%80%85%E9%84%A7%E8%89%AF%E8%8F%AF%E8%B7%91%E5%87%BA%E5%9C%8B%E9%96%80%E5%8D%81%E5%A4%A9%E8%A8%98-2/212028r6hnyyng1tn3tgr3.jpg HTTP/1.1" 404 11311 "-" "ImageBot/1.0 (compatible; research crawler; +https://github.com/rom1504/img2dataset; opt-out: abuse.notification.dcomp12b@gmail.com;"
50.19.85.253 - - [11/Sep/2026:09:45:12 -0400] "GET /upload/resources/image/2026/02/08/2714593_4096x10000.jpeg HTTP/1.1" 404 11311 "-" "ImageBot/1.0 (compatible; research crawler; +https://github.com/rom1504/img2dataset; opt-out: abuse.notification.dcomp12b@gmail.com;"
54.166.204.138 - - [11/Sep/2026:09:45:16 -0400] "GET /2023/11/29/%E6%95%A2%E6%89%93%E6%95%A2%E6%8B%BC%EF%BC%81%E4%B8%AD%E5%9C%8B%E5%A5%B3%E6%8E%923-0%E6%93%8A%E7%94%9C%E5%BF%83%E5%AF%B6%E8%B2%9D%E5%8C%85%E9%A4%8A%E7%B6%B2%E6%95%97japan%E6%97%A5%E6%9C%AC%EF%BC%8C/41517e1386e941cbb436373be688c17b.jpg HTTP/1.1" 404 11311 "-" "ImageBot/1.0 (compatible; research crawler; +https://github.com/rom1504/img2dataset; opt-out: abuse.notification.dcomp12b@gmail.com;"
50.19.85.253 - - [11/Sep/2026:09:45:19 -0400] "GET /upload/resources/image/2026/01/09/2685514_4096x10000.jpeg HTTP/1.1" 404 11311 "-" "ImageBot/1.0 (compatible; research crawler; +https://github.com/rom1504/img2dataset; opt-out: abuse.notification.dcomp12b@gmail.com;"
176.224.203.219 - - [11/Sep/2026:09:45:20 -0400] "POST /xmlrpc.php HTTP/1.1" 403 1242 "-" "WordPress.com; https://wordpress.com"
54.166.204.138 - - [11/Sep/2026:09:45:24 -0400] "GET /html/files/2022-05/20/20220520133710229650462.jpg HTTP/1.1" 404 11311 "-" "ImageBot/1.0 (compatible; research crawler; +https://github.com/rom1504/img2dataset; opt-out: abuse.notification.dcomp12b@gmail.com;"
52.1.250.135 - - [11/Sep/2026:09:45:25 -0400] "GET /%E5%8F%88%E5%88%B0%E5%85%85%E9%9B%BB%E5%99%A8%E4%B8%80osder%E5%A5%A7%E6%96%AF%E5%BE%B7%E5%BE%B7%E7%B3%BB%E8%BB%8A%E6%8B%94%E6%99%82%E9%96%93%EF%BC%8C%E9%80%99%E4%BA%9B%E9%9B%A2/20260223/106789.png HTTP/1.1" 404 11311 "-" "ImageBot/1.0 (compatible; research crawler; +https://github.com/rom1504/img2dataset; opt-out: abuse.notification.dcomp12b@gmail.com;"
54.166.204.138 - - [11/Sep/2026:09:45:30 -0400] "GET /upload/resources/image/2026/03/04/2736220_4096x10000.jpeg HTTP/1.1" 404 11311 "-" "ImageBot/1.0 (compatible; research crawler; +https://github.com/rom1504/img2dataset; opt-out: abuse.notification.dcomp12b@gmail.com;"
176.224.203.219 - - [11/Sep/2026:09:45:30 -0400] "POST /xmlrpc.php HTTP/1.1" 403 1242 "-" "WordPress.com; https://wordpress.com"
52.23.26.158 - - [11/Sep/2026:09:45:31 -0400] "GET /upload/resources/image/2026/02/16/2722737_4096x10000.jpeg HTTP/1.1" 404 11311 "-" "ImageBot/1.0 (compatible; research crawler; +https://github.com/rom1504/img2dataset; opt-out: abuse.notification.dcomp12b@gmail.com;"
54.166.204.138 - - [11/Sep/2026:09:45:38 -0400] "GET /%E3%80%90%E5%B9%B3%E8%A1%8C%E6%88%BF-%E7%94%A2%E4%B8%96%E7%95%8C%E4%B9%8B%E5%B0%91%E5%B9%B4%E9%97%96%E5%BB%A3%E6%9D%B1%E3%80%91%E9%80%A3%E8%BC%8933-%E6%9C%AC%E7%9B%B8/172611j5ynvx5ujyjy5m0u.jpg HTTP/1.1" 404 11311 "-" "ImageBot/1.0 (compatible; research crawler; +https://github.com/rom1504/img2dataset; opt-out: abuse.notification.dcomp12b@gmail.com;"
52.1.250.135 - - [11/Sep/2026:09:45:38 -0400] "GET /upload/resources/image/2026/03/08/2740116_4096x10000.jpeg HTTP/1.1" 404 11311 "-" "ImageBot/1.0 (compatible; research crawler; +https://github.com/rom1504/img2dataset; opt-out: abuse.notification.dcomp12b@gmail.com;"
50.19.85.253 - - [11/Sep/2026:09:45:39 -0400] "GET /%E5%BB%A3%E6%9D%B1ai%E6%A9%9F%E5%99%A8%E4%BA%BA%E6%98%A5%E7%AF%80%E9%80%B2%E4%BA%AC%E6%89%93%E5%B7%A5%EF%BC%81%E7%8F%BE%E8%BA%AB%E5%BB%9Fosder%E5%A5%A7%E6%96%AF%E5%BE%B7%E9%9B%B6/20260221/93735.gif HTTP/1.1" 404 11311 "-" "ImageBot/1.0 (compatible; research crawler; +https://github.com/rom1504/img2dataset; opt-out: abuse.notification.dcomp12b@gmail.com;"
176.224.203.219 - - [11/Sep/2026:09:45:41 -0400] "POST /xmlrpc.php HTTP/1.1" 403 1242 "-" "Jetpack by WordPress.com (Jetpack 12.0; WordPress 6.3)"
54.166.204.138 - - [11/Sep/2026:09:45:42 -0400] "GET /2023/08/26/city-walk%E4%B8%A8%E5%8C%85%E9%A4%8A%E5%92%B8%E9%99%BD%E8%80%81%E8%A1%97%E5%85%A9%E6%97%A5%E6%B8%B8%E4%BF%9D%E5%A7%86%E7%B4%9A%E6%B8%B8%E7%8E%A9%E6%94%BB%E7%95%A5%E4%BE%86%E4%BA%86/095543lfx0ffb6m1mp16b2.png HTTP/1.1" 404 11311 "-" "ImageBot/1.0 (compatible; research crawler; +https://github.com/rom1504/img2dataset; opt-out: abuse.notification.dcomp12b@gmail.com;"
54.166.204.138 - - [11/Sep/2026:09:45:46 -0400] "GET /2024/03/10/%E8%A1%97%E6%8B%8D-%E5%86%AC%E9%9C%A7%E6%BF%83%E7%BD%A9%E5%AE%89%E9%84%89%E5%8F%B0%E5%8C%97-%E4%B8%AD%E5%8F%A4%E5%B1%8B%E5%9F%8E/125553w0r2rtr0q105d1s6.jpg HTTP/1.1" 404 11311 "-" "ImageBot/1.0 (compatible; research crawler; +https://github.com/rom1504/img2dataset; opt-out: abuse.notification.dcomp12b@gmail.com;"
54.166.204.138 - - [11/Sep/2026:09:45:49 -0400] "GET /%E4%B8%80%E4%BD%8D%E5%9D%90%E5%8F%B0%E4%B8%AD-%E7%A4%BE%E5%8D%80%E5%A4%A7%E5%BB%88%E6%9D%9F%E7%B8%9B%E7%89%8C%E8%B2%A8%E8%BB%8A%E6%96%B0%E5%A8%98%E7%9A%84%E5%AF%86%E6%84%8F%E5%9B%9E%E7%9C%B8%EF%BC%88/101559dbv0bbqvgfggf2hm.jpg HTTP/1.1" 404 11311 "-" "ImageBot/1.0 (compatible; research crawler; +https://github.com/rom1504/img2dataset; opt-out: abuse.notification.dcomp12b@gmail.com;"
3.234.103.5 - - [11/Sep/2026:09:45:49 -0400] "GET /%E4%B8%96%E7%95%8C%E8%AE%80%E6%9B%B8%E6%97%A5%EF%BD%9C%E6%B0%B4%E6%9B%B8%E6%B4%BB%E4%BA%86%EF%BC%9A%E5%8D%83%E5%B9%B4%E6%96%87%E5%AD%97%E9%87%8C%E8%BA%B2%E8%91%97%E6%80%8E%E6%A8%A3/20260424/526347.gif HTTP/1.1" 404 11311 "-" "ImageBot/1.0 (compatible; research crawler; +https://github.com/rom1504/img2dataset; opt-out: abuse.notification.dcomp12b@gmail.com;"
176.224.203.219 - - [11/Sep/2026:09:45:52 -0400] "POST /xmlrpc.php HTTP/1.1" 403 1242 "-" "Jetpack/12.5; WordPress/6.2; http://site17983644.com"
3.234.103.5 - - [11/Sep/2026:09:45:53 -0400] "GET /2024/03/31/%E7%8D%B5%E8%B1%B9car-%E8%A2%AB%E8%A1%A1%E9%99%BD%E5%B8%82%E5%9C%8B%E8%B3%87%E5%A7%94%E5%9B%9E%E7%94%9F%E9%A6%96%E6%AC%BE%E8%BB%8A%E5%9E%8Bcs01ev%E5%8F%B0%E5%8C%97-%E6%88%BF%E5%9C%B0%E7%94%A2%E4%B8%8A/211210nk33kqumo3vwakmk.jpg HTTP/1.1" 404 11311 "-" "ImageBot/1.0 (compatible; research crawler; +https://github.com/rom1504/img2dataset; opt-out: abuse.notification.dcomp12b@gmail.com;"
54.166.204.138 - - [11/Sep/2026:09:45:53 -0400] "GET /upload/resources/image/2026/02/27/2730523.jpg HTTP/1.1" 404 11311 "-" "ImageBot/1.0 (compatible; research crawler; +https://github.com/rom1504/img2dataset; opt-out: abuse.notification.dcomp12b@gmail.com;"
54.166.204.138 - - [11/Sep/2026:09:45:53 -0400] "GET /jiuyi%E4%BF%B1%E6%84%8F%E7%BF%BB%E4%BF%AE%E8%A8%AD%E8%A8%88%E9%BB%83%E9%87%91%E4%B9%9D%E9%80%A3%E8%B7%8C%EF%BC%8C%E5%91%A8%E5%B9%B4%E5%A4%9C%E7%A6%8F%E6%9A%AB%E7%B7%A9%E6%BC%B2/20260324/300183.jpg HTTP/1.1" 404 11311 "-" "ImageBot/1.0 (compatible; research crawler; +https://github.com/rom1504/img2dataset; opt-out: abuse.notification.dcomp12b@gmail.com;"
52.23.26.158 - - [11/Sep/2026:09:45:53 -0400] "GET /2023/11/27/%E3%80%90%E5%B0%8B%E5%8C%85%E9%A4%8A%E7%B6%B2vip%E6%99%AF%E6%B9%96%E5%8D%97%E3%80%91%E3%80%90%E5%BE%A9%E8%88%88%E6%9D%AF%E3%80%91%E8%AE%80%E4%BD%A0%E5%8D%83%E9%81%8D%E4%B8%8D%E5%8E%AD%E5%80%A6/125031o5gng85y058iibnw.jpg HTTP/1.1" 404 11311 "-" "ImageBot/1.0 (compatible; research crawler; +https://github.com/rom1504/img2dataset; opt-out: abuse.notification.dcomp12b@gmail.com;"
3.234.103.5 - - [11/Sep/2026:09:45:54 -0400] "GET /html/files/2021-03/29/20210329190708507953652.jpg HTTP/1.1" 404 11311 "-" "ImageBot/1.0 (compatible; research crawler; +https://github.com/rom1504/img2dataset; opt-out: abuse.notification.dcomp12b@gmail.com;"
176.224.203.219 - - [11/Sep/2026:09:46:02 -0400] "POST /xmlrpc.php HTTP/1.1" 403 1242 "-" "Jetpack by WordPress.com (Jetpack 12.5; WordPress 6.2)"
50.19.85.253 - - [11/Sep/2026:09:46:04 -0400] "GET /2024/03/15/%E3%80%90%E8%A9%B1%E7%A4%BE%E5%8D%80%E3%80%91%E6%84%89%E6%99%AF%E8%8B%91%E3%80%81%E8%97%8D%E8%8E%93%E8%8B%91%E3%80%81%E9%9D%92%E4%BA%91%E8%8B%91%E7%AD%89%E6%A8%93%E7%9B%A4%EF%BC%8C%E5%81%9C%E6%AD%A2/112151n9cnnpu4nhyu4uhy.png HTTP/1.1" 404 11311 "-" "ImageBot/1.0 (compatible; research crawler; +https://github.com/rom1504/img2dataset; opt-out: abuse.notification.dcomp12b@gmail.com;"
52.23.26.158 - - [11/Sep/2026:09:46:05 -0400] "GET /2024/03/14/%E4%B8%80%E4%BD%8D%E5%9D%90%E6%9D%9F%E7%B8%9B%E7%89%8C%E8%B2%A8%E8%BB%8A%E6%96%B0%E5%A8%98%E7%9A%84%E5%AF%86%E6%84%8F%E5%9B%9E%E7%9C%B8%EF%BC%88%E6%95%A3%E6%96%87%EF%BC%89/101551yb56nn612vbfwnm1.jpg HTTP/1.1" 404 11311 "-" "ImageBot/1.0 (compatible; research crawler; +https://github.com/rom1504/img2dataset; opt-out: abuse.notification.dcomp12b@gmail.com;"
114.119.158.58 - - [11/Sep/2026:09:46:06 -0400] "GET /%e5%ae%b6%e9%96%80%e5%8f%a3%e6%89%be%e4%bb%bb%e5%8b%99%e6%9b%b4%e4%be%bf%e5%88%a9%e5%a4%a9%e6%b4%a5%e5%b0%88%e5%8c%85%e9%a4%8a%e7%b6%93%e9%a9%972025%e5%b9%b4%e5%bb%ba%e6%88%90/ HTTP/1.1" 200 26768 "https://big-wife.com.tw/%e5%be%9e%e5%bf%85%e9%a0%88%e5%88%b0%e6%82%85%e5%b7%b1%ef%bc%9a%e4%b8%ad%e5%9c%8b%e9%bc%93%e8%b5%b7%e8%b3%9e%e8%b3%9c%e7%94%9c%e5%bf%83%e5%b0%88%e5%8c%85/" "Mozilla/5.0 (Linux; Android 7.0;) AppleWebKit/537.36 (HTML, like Gecko) Mobile Safari/537.36 (compatible; PetalBot;+https://webmaster.petalsearch.com/site/petalbot)"
