52.1.250.135 - - [11/Sep/2026:09:14:20 -0400] "GET /2023/12/12/%E4%BA%9E%E9%81%8B%E6%9C%83%E7%B5%82%E7%B5%90%E5%BC%8F%E5%8F%88%E8%A6%8B%E4%B8%AD%E5%9C%8B%E5%BC%8F%E6%B5%AA%E6%BC%AB-%E4%BB%A5%E5%8C%85%E9%A4%8Aapp%E8%8D%B7%E6%A1%82%E5%85%B1%E7%94%9F/87d934ccc57143cbb7cd135002e3193b.jpeg HTTP/1.1" 404 11311 "-" "ImageBot/1.0 (compatible; research crawler; +https://github.com/rom1504/img2dataset; opt-out: abuse.notification.dcomp12b@gmail.com;"
3.234.103.5 - - [11/Sep/2026:09:14:21 -0400] "GET /upload/resources/image/2026/02/23/2726429.png?r=1771806909115 HTTP/1.1" 404 11311 "-" "ImageBot/1.0 (compatible; research crawler; +https://github.com/rom1504/img2dataset; opt-out: abuse.notification.dcomp12b@gmail.com;"
3.234.103.5 - - [11/Sep/2026:09:14:21 -0400] "GET /upload/resources/image/2023/07/22/1412642_4096x10000.jpeg HTTP/1.1" 404 11311 "-" "ImageBot/1.0 (compatible; research crawler; +https://github.com/rom1504/img2dataset; opt-out: abuse.notification.dcomp12b@gmail.com;"
52.23.26.158 - - [11/Sep/2026:09:14:24 -0400] "GET /54%E6%AD%B2%E7%8F%AD%E4%B8%BB%E4%BB%BB%E9%96%8B%E6%88%BF%E7%8C%A5%E8%A4%BB15%E6%AD%B2%E5%A5%B3jiuyi%E4%BF%B1%E6%84%8F%E5%AE%A4%E5%85%A7%E8%A8%AD%E8%A8%88%E7%94%9F%EF%BC%8C%E8%A2%AB%E6%8B%9810%E5%A4%A9/20260416/471672.png HTTP/1.1" 404 11311 "-" "ImageBot/1.0 (compatible; research crawler; +https://github.com/rom1504/img2dataset; opt-out: abuse.notification.dcomp12b@gmail.com;"
3.234.103.5 - - [11/Sep/2026:09:14:27 -0400] "GET /upload/resources/image/2026/01/13/2689333.jpg?r=1768283584391 HTTP/1.1" 404 11311 "-" "ImageBot/1.0 (compatible; research crawler; +https://github.com/rom1504/img2dataset; opt-out: abuse.notification.dcomp12b@gmail.com;"
3.234.103.5 - - [11/Sep/2026:09:14:29 -0400] "GET /2023/12/07/%E7%99%BD%E7%99%BE%E4%BD%95%E5%8F%88%E9%9B%A2%E5%A9%9A%E7%9E%AD%EF%BC%9F%E5%B8%B6%E4%BA%8C%E5%8C%85%E9%A4%8A%E8%83%8E%E5%85%92%E5%AD%90%E9%81%8A%E7%8E%A9%EF%BC%8C%E5%9B%A0%E4%B8%80%E6%8C%87/030a47bd57e74f858cebe79b4c77664c.jpeg HTTP/1.1" 404 11311 "-" "ImageBot/1.0 (compatible; research crawler; +https://github.com/rom1504/img2dataset; opt-out: abuse.notification.dcomp12b@gmail.com;"
52.23.26.158 - - [11/Sep/2026:09:14:33 -0400] "GET /upload/resources/image/2026/04/22/2780112_4096x10000.jpeg HTTP/1.1" 404 11311 "-" "ImageBot/1.0 (compatible; research crawler; +https://github.com/rom1504/img2dataset; opt-out: abuse.notification.dcomp12b@gmail.com;"
54.166.204.138 - - [11/Sep/2026:09:14:34 -0400] "GET /upload/resources/image/2024/07/26/2027513_4096x10000.jpeg HTTP/1.1" 404 11311 "-" "ImageBot/1.0 (compatible; research crawler; +https://github.com/rom1504/img2dataset; opt-out: abuse.notification.dcomp12b@gmail.com;"
54.166.204.138 - - [11/Sep/2026:09:14:41 -0400] "GET /upload/resources/image/2025/11/09/2627281_4096x10000.png HTTP/1.1" 404 11311 "-" "ImageBot/1.0 (compatible; research crawler; +https://github.com/rom1504/img2dataset; opt-out: abuse.notification.dcomp12b@gmail.com;"
43.138.158.9 - - [11/Sep/2026:09:14:42 -0400] "GET /%E7%94%9F%E7%8C%9B%E9%AE%AE%E6%B4%BB%E5%B0%91%E5%B9%B4%E6%B0%A3osder%E5%A5%A7%E6%96%AF%E5%BE%B7%E5%BE%B7%E7%B3%BB%E8%BB%8A%EF%BC%81%E9%80%99%E5%A0%B4%E6%96%B0%E6%98%A5%E6%B2%99%E9%BE%8D%EF%BC%8C/20260130/77728.jpg HTTP/1.1" 404 11311 "https://big-wife.com.tw/" "Mozilla/5.0 (Windows NT 10.0; Win64; x64) AppleWebKit/537.36 (KHTML, like Gecko) Chrome/133.0.0.0 Safari/537.36"
54.166.204.138 - - [11/Sep/2026:09:14:42 -0400] "GET /upload/resources/image/2024/02/16/1785222_4096x10000.jpeg HTTP/1.1" 404 11311 "-" "ImageBot/1.0 (compatible; research crawler; +https://github.com/rom1504/img2dataset; opt-out: abuse.notification.dcomp12b@gmail.com;"
50.19.85.253 - - [11/Sep/2026:09:14:45 -0400] "GET /upload/resources/image/2026/04/15/2774029_4096x10000.jpeg HTTP/1.1" 404 11311 "-" "ImageBot/1.0 (compatible; research crawler; +https://github.com/rom1504/img2dataset; opt-out: abuse.notification.dcomp12b@gmail.com;"
3.234.103.5 - - [11/Sep/2026:09:14:46 -0400] "GET /%E7%8E%8B%E6%80%9D%E9%9B%A8%E7%9B%A1%E6%AE%BA%EF%BC%81%E4%B8%AD%E5%9C%8B%E5%A5%B3%E7%B1%832%E5%88%86%E5%85%8B%E6%9C%8Djapan%E6%97%A5%E6%9C%AC%EF%BC%8C%E8%A1%9B%E5%86%95%E4%BA%9E%E5%8C%85%E9%A4%8A/ac107d1ca5ea473cb654a6a2eb01cc51.jpg HTTP/1.1" 404 11311 "-" "ImageBot/1.0 (compatible; research crawler; +https://github.com/rom1504/img2dataset; opt-out: abuse.notification.dcomp12b@gmail.com;"
50.19.85.253 - - [11/Sep/2026:09:14:47 -0400] "GET /%E7%A7%81%E8%A1%8C%E5%85%8D%E8%B2%BB%EF%BC%8C%E7%BD%B0%E6%AC%BE250%E6%88%BF-%E7%94%A2%E5%85%83%EF%BC%8C%E9%80%99%E5%80%8B%E6%95%B8%E5%AD%97%E5%A4%AA%E5%90%89%E5%88%A9%E4%BA%86/120200y4bbg0tfhkf9917q.jpg HTTP/1.1" 404 11311 "-" "ImageBot/1.0 (compatible; research crawler; +https://github.com/rom1504/img2dataset; opt-out: abuse.notification.dcomp12b@gmail.com;"
54.166.204.138 - - [11/Sep/2026:09:14:49 -0400] "GET /2024/03/03/%E9%BE%8D%E9%B3%B3%E5%91%88%E7%A5%A5%E5%96%9C%E6%96%B0%E5%B9%B4-%E5%A9%81%E6%98%9F%E6%88%BF%E7%94%A2%E6%8A%95%E8%B3%87%E5%8D%80%E6%B0%B4%E6%B4%9E%E5%BA%95%E9%8E%AE%E5%90%91%E7%B4%85/152106tx2bp8d7zto28778.jpg HTTP/1.1" 404 11311 "-" "ImageBot/1.0 (compatible; research crawler; +https://github.com/rom1504/img2dataset; opt-out: abuse.notification.dcomp12b@gmail.com;"
54.166.204.138 - - [11/Sep/2026:09:14:51 -0400] "GET /2024/03/19/%E5%91%A8%E9%81%AD%E7%9A%84%E7%8B%80%E6%B3%81%E9%80%99%E4%B9%88%E5%A5%BD-%E6%88%91%E8%A6%81%E5%9B%9E%E9%84%89%E6%9D%91-%E6%A7%90%E6%A8%B9%E7%81%A3%E5%92%8C%E7%BE%8E%E5%B1%8B%E5%A0%B4-%E9%9B%99/004814qksofkv9jzsmjt9n.jpg HTTP/1.1" 404 11311 "-" "ImageBot/1.0 (compatible; research crawler; +https://github.com/rom1504/img2dataset; opt-out: abuse.notification.dcomp12b@gmail.com;"
3.234.103.5 - - [11/Sep/2026:09:14:52 -0400] "GET /upload/resources/image/2023/09/20/1526211_4096x10000.jpeg HTTP/1.1" 404 11311 "-" "ImageBot/1.0 (compatible; research crawler; +https://github.com/rom1504/img2dataset; opt-out: abuse.notification.dcomp12b@gmail.com;"
52.23.26.158 - - [11/Sep/2026:09:14:54 -0400] "GET /%E9%99%BD%E5%8F%B0%E5%8C%97-%E7%A4%BE%E5%8D%80%E5%86%AC%E8%8F%AF-%E4%B8%A8-%E6%B4%A3%E6%B0%B4%E6%B2%B3%E7%95%94%E7%9A%84%E5%A5%B3%E4%BA%BA%EF%BC%8C%E8%8C%B6%E6%B2%B9%E5%92%8C%E9%98%BF%E6%A0%B9/112022apsssp2felznee3p.jpg HTTP/1.1" 404 11311 "-" "ImageBot/1.0 (compatible; research crawler; +https://github.com/rom1504/img2dataset; opt-out: abuse.notification.dcomp12b@gmail.com;"
50.19.85.253 - - [11/Sep/2026:09:14:57 -0400] "GET /2023/12/07/%E7%99%BD%E7%99%BE%E4%BD%95%E5%8F%88%E9%9B%A2%E5%A9%9A%E7%9E%AD%EF%BC%9F%E5%B8%B6%E4%BA%8C%E5%8C%85%E9%A4%8A%E8%83%8E%E5%85%92%E5%AD%90%E9%81%8A%E7%8E%A9%EF%BC%8C%E5%9B%A0%E4%B8%80%E6%8C%87/4adb7ca0c7cc49a682930e8af0c4a888.png HTTP/1.1" 404 11311 "-" "ImageBot/1.0 (compatible; research crawler; +https://github.com/rom1504/img2dataset; opt-out: abuse.notification.dcomp12b@gmail.com;"
52.1.250.135 - - [11/Sep/2026:09:15:02 -0400] "GET /upload/resources/image/2022/11/08/207168.jpg?r=1667891605470 HTTP/1.1" 404 11311 "-" "ImageBot/1.0 (compatible; research crawler; +https://github.com/rom1504/img2dataset; opt-out: abuse.notification.dcomp12b@gmail.com;"
50.19.85.253 - - [11/Sep/2026:09:15:03 -0400] "GET /2024/03/29/%E8%B5%B4%E6%96%B0%E5%8C%97-%E7%A4%BE%E5%8D%80%E5%A4%A7%E5%BB%88%E5%A9%81%E5%BA%95%E9%87%87%E9%A2%A8%E8%A8%98%E9%80%90%E4%B8%80%E8%A7%80%E8%B3%9E%E5%A9%81%E5%BA%95%E5%B8%82%E5%A9%81%E6%98%9F%E5%8D%80/141348immecd5mjb9bz55d.jpg HTTP/1.1" 404 11311 "-" "ImageBot/1.0 (compatible; research crawler; +https://github.com/rom1504/img2dataset; opt-out: abuse.notification.dcomp12b@gmail.com;"
52.1.250.135 - - [11/Sep/2026:09:15:03 -0400] "GET /%EF%BC%88%E7%B1%B3%E8%98%AD%E5%86%AC%E5%A5%A7osder%E5%A5%A7%E6%96%AF%E5%BE%B7%E5%8F%B0%E5%8C%97%E6%B1%BD%E8%BB%8A%E6%9C%83%EF%BC%89%E9%80%9A%E8%A8%8A%EF%BC%9A%E7%B1%B3%E8%98%AD%E5%86%AC%E5%A5%A7/20260218/74167.jpg HTTP/1.1" 404 11311 "-" "ImageBot/1.0 (compatible; research crawler; +https://github.com/rom1504/img2dataset; opt-out: abuse.notification.dcomp12b@gmail.com;"
54.166.204.138 - - [11/Sep/2026:09:15:06 -0400] "GET /upload/resources/image/2026/02/03/2709471_4096x10000.gif HTTP/1.1" 404 11311 "-" "ImageBot/1.0 (compatible; research crawler; +https://github.com/rom1504/img2dataset; opt-out: abuse.notification.dcomp12b@gmail.com;"
52.23.26.158 - - [11/Sep/2026:09:15:09 -0400] "GET /2023/10/20/%E5%9C%8B%E4%B9%92%E4%BA%9E%E9%81%8B%E5%8C%85%E9%A4%8A%EF%BC%9A%E5%A5%B3%E5%96%AE%E4%B8%83%E9%80%A3%E5%86%A0%EF%BC%8C%E7%94%B7%E9%9B%99%E4%B8%89%E9%80%A3%E5%86%A0%EF%BC%81/1ad06af00825462590dfd8f27dbffed8.jpg HTTP/1.1" 404 11311 "-" "ImageBot/1.0 (compatible; research crawler; +https://github.com/rom1504/img2dataset; opt-out: abuse.notification.dcomp12b@gmail.com;"
54.166.204.138 - - [11/Sep/2026:09:15:14 -0400] "GET /%E6%B1%9F%E6%9D%B1%E5%8C%97%E6%98%8C%EF%BC%9A%E7%85%99%E8%8A%B1%E6%99%9A%E6%9C%83%E8%BF%8E%E6%96%B0%E6%98%A5_%E9%87%91%E7%BE%8A%E7%B6%B2osder%E5%A5%A7%E6%96%AF%E5%BE%B7%E9%9B%B6%E4%BB%B6%E5%95%86/20260218/74766.jpg HTTP/1.1" 404 11311 "-" "ImageBot/1.0 (compatible; research crawler; +https://github.com/rom1504/img2dataset; opt-out: abuse.notification.dcomp12b@gmail.com;"
52.23.26.158 - - [11/Sep/2026:09:15:16 -0400] "GET /upload/resources/image/2026/03/12/2743708_4096x10000.jpeg HTTP/1.1" 404 11311 "-" "ImageBot/1.0 (compatible; research crawler; +https://github.com/rom1504/img2dataset; opt-out: abuse.notification.dcomp12b@gmail.com;"
52.23.26.158 - - [11/Sep/2026:09:15:18 -0400] "GET /upload/resources/image/2024/01/29/1752156_4096x10000.jpeg HTTP/1.1" 404 11311 "-" "ImageBot/1.0 (compatible; research crawler; +https://github.com/rom1504/img2dataset; opt-out: abuse.notification.dcomp12b@gmail.com;"
3.234.103.5 - - [11/Sep/2026:09:15:18 -0400] "GET /upload/resources/image/2024/04/21/1897562_4096x10000.jpeg HTTP/1.1" 404 11311 "-" "ImageBot/1.0 (compatible; research crawler; +https://github.com/rom1504/img2dataset; opt-out: abuse.notification.dcomp12b@gmail.com;"
54.166.204.138 - - [11/Sep/2026:09:15:20 -0400] "GET /%E9%99%8D%E8%84%82%E9%87%9D%E7%B4%8Djiuyi%E4%BF%B1%E6%84%8F%E8%A8%BA%E6%89%80%E8%A8%AD%E8%A8%88%E9%80%B2%E9%86%AB%E4%BF%9D%E5%90%8E%E9%99%8D%E8%87%B3300%E5%85%83-%E4%BD%86%E9%9D%9E/20260418/484265.png HTTP/1.1" 404 11311 "-" "ImageBot/1.0 (compatible; research crawler; +https://github.com/rom1504/img2dataset; opt-out: abuse.notification.dcomp12b@gmail.com;"
50.19.85.253 - - [11/Sep/2026:09:15:24 -0400] "GET /%E8%90%AC%E5%85%AC%E9%87%8C%E8%B7%91%E8%80%85%E9%84%A7%E8%89%AF%E8%8F%AF%E8%B7%91%E5%87%BA%E5%9C%8B%E9%96%80%E5%8D%81%E5%A4%A9%E8%A8%98-2/212046qlhh598mtppjtb66.jpg HTTP/1.1" 404 11311 "-" "ImageBot/1.0 (compatible; research crawler; +https://github.com/rom1504/img2dataset; opt-out: abuse.notification.dcomp12b@gmail.com;"
114.119.150.110 - - [11/Sep/2026:09:15:25 -0400] "GET /%e5%b7%a5%e5%85%b7%e5%95%8f%e5%b0%88%e5%8c%85%e9%a4%8a%e5%83%b9%e6%a0%bc%ef%bd%9c%e5%90%b3%e5%a3%ab%e5%ad%98%ef%bc%9a%e5%8d%9a%e9%b0%b2%e4%ba%9e%e6%b4%b2%e8%ab%96%e5%a3%87%e8%8b%a5%e4%bd%95%e5%a1%91/ HTTP/1.1" 200 19860 "https://big-wife.com.tw/%e6%8b%bc%e5%a4%9a%e5%a4%9a%e6%96%b0%e6%8b%bc%e5%a7%86%e9%87%8d%e5%b0%88%e5%8c%85%e9%a4%8a%e7%b6%b2%e5%80%89%e4%b8%ad%e5%9c%8b%e4%be%9b%e7%b5%a6%e9%8f%88%ef%bc%9a%e4%b8%80%e6%9c%9f/" "Mozilla/5.0 (Linux; Android 7.0;) AppleWebKit/537.36 (HTML, like Gecko) Mobile Safari/537.36 (compatible; PetalBot;+https://webmaster.petalsearch.com/site/petalbot)"
50.19.85.253 - - [11/Sep/2026:09:15:28 -0400] "GET /%E3%80%90%E5%9B%9E%E7%9C%B82023%E3%80%91%E6%B9%96%E5%8D%97%E4%B9%9D%E6%BE%A7%E5%90%8D%E6%A8%93-%E7%99%BE%E5%A4%A7%E5%93%A5%E5%BA%97%E6%B4%A5%E5%B8%82%E7%9C%8B%E6%B1%9F%E6%A8%93%E6%96%B0%E5%BA%97/211222yftf3zodeox8hkoo.jpg HTTP/1.1" 404 11311 "-" "ImageBot/1.0 (compatible; research crawler; +https://github.com/rom1504/img2dataset; opt-out: abuse.notification.dcomp12b@gmail.com;"
3.234.103.5 - - [11/Sep/2026:09:15:30 -0400] "GET /%E4%B8%80%E4%BD%8D%E5%9D%90%E6%9D%9F%E7%B8%9B%E7%89%8C%E4%B8%8D%E5%8B%95%E7%94%A2%E8%B2%A8%E8%BB%8A%E6%96%B0%E5%A8%98%E7%9A%84%E5%AF%86%E6%84%8F%E5%9B%9E%E7%9C%B8%EF%BC%88%E6%95%A3%E6%96%87%EF%BC%89/095721f38x3z83x31nc3c4.jpg HTTP/1.1" 404 11311 "-" "ImageBot/1.0 (compatible; research crawler; +https://github.com/rom1504/img2dataset; opt-out: abuse.notification.dcomp12b@gmail.com;"
50.19.85.253 - - [11/Sep/2026:09:15:31 -0400] "GET /2024/03/31/%E5%84%8B%E5%8F%B0%E5%8C%97%E6%88%BF%E7%94%A2%E5%B7%9E%E6%95%A3%E8%A8%98/215608zdfodjddkqfd5oqg.jpg HTTP/1.1" 404 11311 "-" "ImageBot/1.0 (compatible; research crawler; +https://github.com/rom1504/img2dataset; opt-out: abuse.notification.dcomp12b@gmail.com;"
54.166.204.138 - - [11/Sep/2026:09:15:32 -0400] "GET /upload/resources/image/2026/01/18/2694033_4096x10000.png HTTP/1.1" 404 11311 "-" "ImageBot/1.0 (compatible; research crawler; +https://github.com/rom1504/img2dataset; opt-out: abuse.notification.dcomp12b@gmail.com;"
52.23.26.158 - - [11/Sep/2026:09:15:34 -0400] "GET /html/files/2021-07/31/20210731103209889640285.jpg HTTP/1.1" 404 11311 "-" "ImageBot/1.0 (compatible; research crawler; +https://github.com/rom1504/img2dataset; opt-out: abuse.notification.dcomp12b@gmail.com;"
54.166.204.138 - - [11/Sep/2026:09:15:37 -0400] "GET /html/files/2022-06/14/20220614073958147191743.jpg HTTP/1.1" 404 11311 "-" "ImageBot/1.0 (compatible; research crawler; +https://github.com/rom1504/img2dataset; opt-out: abuse.notification.dcomp12b@gmail.com;"
54.166.204.138 - - [11/Sep/2026:09:15:38 -0400] "GET /upload/resources/image/2024/04/16/1889217.jpg HTTP/1.1" 404 11311 "-" "ImageBot/1.0 (compatible; research crawler; +https://github.com/rom1504/img2dataset; opt-out: abuse.notification.dcomp12b@gmail.com;"
54.166.204.138 - - [11/Sep/2026:09:15:39 -0400] "GET /%E5%86%B6%E9%87%91%EF%BC%8C%E6%88%91%E4%B8%80%E5%8C%85%E9%A4%8A%E5%8F%88%E9%9D%9C%E9%9D%9C%E5%9C%B0%E4%BE%86%E4%BA%86/000948ze3huswhzfrf2n7e.jpg HTTP/1.1" 404 11311 "-" "ImageBot/1.0 (compatible; research crawler; +https://github.com/rom1504/img2dataset; opt-out: abuse.notification.dcomp12b@gmail.com;"
52.1.250.135 - - [11/Sep/2026:09:15:39 -0400] "GET /upload/resources/image/2026/01/25/2701083_4096x10000.jpeg HTTP/1.1" 404 11311 "-" "ImageBot/1.0 (compatible; research crawler; +https://github.com/rom1504/img2dataset; opt-out: abuse.notification.dcomp12b@gmail.com;"
54.166.204.138 - - [11/Sep/2026:09:15:44 -0400] "GET /upload/resources/image/2026/03/25/2755125_450x10000.png?r=1774408810172 HTTP/1.1" 404 11311 "-" "ImageBot/1.0 (compatible; research crawler; +https://github.com/rom1504/img2dataset; opt-out: abuse.notification.dcomp12b@gmail.com;"
52.1.250.135 - - [11/Sep/2026:09:15:44 -0400] "GET /%E9%A6%AC%E4%B8%8A%E8%BF%8E%E6%96%B0%E5%89%B5%E6%84%8F%E4%B8%8D%E6%96%B7-%E9%A6%AC%E8%B8%8F%E7%A6%8F%E4%BE%86%E7%AB%8B%E5%88%BB%E9%83%BD%E4%BE%86/20260119/8587.png HTTP/1.1" 404 11311 "-" "ImageBot/1.0 (compatible; research crawler; +https://github.com/rom1504/img2dataset; opt-out: abuse.notification.dcomp12b@gmail.com;"
50.19.85.253 - - [11/Sep/2026:09:15:44 -0400] "GET /27%E8%90%AC%E8%B2%B7%E6%94%A4%E4%BD%8D%E7%9A%84%E8%80%81osder%E5%A5%A7%E6%96%AF%E5%BE%B7%E6%B1%BD%E8%BB%8A%E9%9B%B6%E4%BB%B6%E6%9D%BF%E5%9B%9E%E6%87%89%E8%B3%A3%E8%B1%AC%E8%B9%84%E5%9B%9E%E6%9C%AC/20260420/494327.jpg HTTP/1.1" 404 11311 "-" "ImageBot/1.0 (compatible; research crawler; +https://github.com/rom1504/img2dataset; opt-out: abuse.notification.dcomp12b@gmail.com;"
52.23.26.158 - - [11/Sep/2026:09:15:47 -0400] "GET /upload/resources/image/2026/04/16/2775279_4096x10000.jpeg HTTP/1.1" 404 11311 "-" "ImageBot/1.0 (compatible; research crawler; +https://github.com/rom1504/img2dataset; opt-out: abuse.notification.dcomp12b@gmail.com;"
3.234.103.5 - - [11/Sep/2026:09:15:47 -0400] "GET /upload/resources/image/2026/02/13/2719894_4096x50000.jpeg HTTP/1.1" 404 11311 "-" "ImageBot/1.0 (compatible; research crawler; +https://github.com/rom1504/img2dataset; opt-out: abuse.notification.dcomp12b@gmail.com;"
3.234.103.5 - - [11/Sep/2026:09:15:48 -0400] "GET /2024/03/28/%E6%8F%9B%E5%B1%8B%E3%80%90%E6%94%9D%E5%BD%B1%E4%BA%AE%E9%BB%9E%E3%80%91%E8%B5%B0%E9%80%B2%E7%9A%96%E5%8D%97%E7%9F%B3%E8%87%BA%EF%BC%9A%E6%AD%A1%E4%BA%AB%E5%AF%8C%E7%A1%92%E8%B2%A0%E6%B0%A7%E7%9A%84/212210dwy2p82s1488e22z.jpg HTTP/1.1" 404 11311 "-" "ImageBot/1.0 (compatible; research crawler; +https://github.com/rom1504/img2dataset; opt-out: abuse.notification.dcomp12b@gmail.com;"
52.23.26.158 - - [11/Sep/2026:09:15:48 -0400] "GET /2023/10/18/%E6%9C%89%E5%90%8D%E5%A5%B3%E9%9B%95%E5%A1%91%E5%82%A2%E9%99%B3%E6%B7%91%E5%85%89%E5%8E%BB%E4%B8%96%EF%BC%8C%E6%9B%BE%E4%BB%8B%E5%85%A5%E5%9C%8B%E6%B0%91%E5%A5%BD%E6%BC%A2%E7%95%99%E5%BF%B5%E7%A2%91/b331d728b8b84aaba6338bfe74656686.png HTTP/1.1" 404 11311 "-" "ImageBot/1.0 (compatible; research crawler; +https://github.com/rom1504/img2dataset; opt-out: abuse.notification.dcomp12b@gmail.com;"
54.166.204.138 - - [11/Sep/2026:09:15:49 -0400] "GET /2024/03/17/%E8%B5%B0%E5%85%A8%E5%9C%8B%EF%BC%9A%E5%9C%A8%E9%82%A3%E7%B6%A0%E6%A6%95%E6%88%90%E8%94%AD%E9%AE%AE%E8%8A%B1%E6%80%92%E6%94%BE%E7%9A%84%E6%9D%91%E8%90%BD/115337tdh4zcbf3vivhcb4.jpg HTTP/1.1" 404 11311 "-" "ImageBot/1.0 (compatible; research crawler; +https://github.com/rom1504/img2dataset; opt-out: abuse.notification.dcomp12b@gmail.com;"
54.166.204.138 - - [11/Sep/2026:09:15:50 -0400] "GET /%E8%87%B4%E6%95%ACjiuyi%E4%BF%B1%E6%84%8F%E7%BF%BB%E4%BF%AE%E8%A8%AD%E8%A8%88%E6%A5%B5%E5%86%B7%E7%84%A1%E4%BA%BA%E5%8D%80%E7%9A%84%E5%8C%97%E7%96%86%E5%B0%96%E5%85%B5/20260207/140484.jpg HTTP/1.1" 404 11311 "-" "ImageBot/1.0 (compatible; research crawler; +https://github.com/rom1504/img2dataset; opt-out: abuse.notification.dcomp12b@gmail.com;"
50.19.85.253 - - [11/Sep/2026:09:15:50 -0400] "GET /2024/03/03/%E9%BE%8D%E9%B3%B3%E5%91%88%E7%A5%A5%E5%96%9C%E6%96%B0%E5%B9%B4-%E5%A9%81%E6%98%9F%E6%88%BF%E7%94%A2%E6%8A%95%E8%B3%87%E5%8D%80%E6%B0%B4%E6%B4%9E%E5%BA%95%E9%8E%AE%E5%90%91%E7%B4%85/152040ny9lmnb4ulzo22ms.jpg HTTP/1.1" 404 11311 "-" "ImageBot/1.0 (compatible; research crawler; +https://github.com/rom1504/img2dataset; opt-out: abuse.notification.dcomp12b@gmail.com;"
52.23.26.158 - - [11/Sep/2026:09:15:53 -0400] "GET /2023/10/18/%E6%9D%AD%E5%B7%9E%E4%BA%9E%E9%81%8B%E6%9C%83-%E7%BE%BD%E6%AF%9B%E7%90%83%E7%B6%9C%E5%90%88%EF%BC%9A%E4%B8%AD%E5%9C%8B%E7%94%B7%E3%80%81%E5%A5%B3%E5%9C%98%E6%99%89%E7%B4%9A%E5%8D%8A%E5%8C%85/d568446028674e8e895609c04b8d0cbb.jpg HTTP/1.1" 404 11311 "-" "ImageBot/1.0 (compatible; research crawler; +https://github.com/rom1504/img2dataset; opt-out: abuse.notification.dcomp12b@gmail.com;"
3.234.103.5 - - [11/Sep/2026:09:15:55 -0400] "GET /2024/06/02/%E8%BF%BD%E9%9A%A8%E7%B8%BD%E6%9B%B8%E8%A8%98%E6%89%BE%E5%8C%85%E9%A4%8A%E5%BF%83%E5%BE%97%E8%90%8D%E8%B9%A4%EF%BC%8C%E6%84%9F%E6%82%9F%E4%B8%AD%E6%BC%A2%E6%96%87%E5%8C%96%E9%AD%85%E5%8A%9B/487b7cbb3af440229442eb1f042bec3c/images/7ed15afc9df04b619834b95209c1b4c1.jpg HTTP/1.1" 404 11311 "-" "ImageBot/1.0 (compatible; research crawler; +https://github.com/rom1504/img2dataset; opt-out: abuse.notification.dcomp12b@gmail.com;"
3.234.103.5 - - [11/Sep/2026:09:15:56 -0400] "GET /upload/resources/image/2026/02/19/2724448_4096x10000.jpeg HTTP/1.1" 404 11311 "-" "ImageBot/1.0 (compatible; research crawler; +https://github.com/rom1504/img2dataset; opt-out: abuse.notification.dcomp12b@gmail.com;"
3.234.103.5 - - [11/Sep/2026:09:16:00 -0400] "GET /2024/03/19/%E6%88%91%E7%9A%84%E6%96%B0%E5%8C%97-%E4%B8%AD%E5%8F%A4%E5%B1%8B%E7%88%B6%E8%A6%AA/214802r50tlxsl85xay5my.jpg HTTP/1.1" 404 11311 "-" "ImageBot/1.0 (compatible; research crawler; +https://github.com/rom1504/img2dataset; opt-out: abuse.notification.dcomp12b@gmail.com;"
50.19.85.253 - - [11/Sep/2026:09:16:04 -0400] "GET /%E4%B8%96%E7%95%8C%E8%AE%80%E6%9B%B8%E6%97%A5%EF%BD%9C%E6%B0%B4%E6%9B%B8%E6%B4%BB%E4%BA%86%EF%BC%9A%E5%8D%83%E5%B9%B4%E6%96%87%E5%AD%97%E9%87%8C%E8%BA%B2%E8%91%97%E6%80%8E%E6%A8%A3/20260424/526348.gif HTTP/1.1" 404 11311 "-" "ImageBot/1.0 (compatible; research crawler; +https://github.com/rom1504/img2dataset; opt-out: abuse.notification.dcomp12b@gmail.com;"
52.1.250.135 - - [11/Sep/2026:09:16:08 -0400] "GET /upload/resources/image/2026/01/23/2699651_4096x10000.jpeg HTTP/1.1" 404 11311 "-" "ImageBot/1.0 (compatible; research crawler; +https://github.com/rom1504/img2dataset; opt-out: abuse.notification.dcomp12b@gmail.com;"
50.19.85.253 - - [11/Sep/2026:09:16:10 -0400] "GET /2023/11/18/%E4%BA%9E%E5%A4%AA%E4%B8%80%E8%B5%B7%E9%85%8D%E5%90%88%E6%96%B0%E6%89%BE%E5%8C%85%E9%A4%8Aapp%E7%9A%84%E6%99%82%E6%9C%9F%E4%B9%8B%E5%95%8F%EF%BC%8C%E7%BF%92%E8%BF%91%E5%B9%B3%E4%B8%BB%E5%B8%AD/1bdf9d55ec5f496cbfedb55bacebcb6e/images/81c40ed1944f4c1a83f0b3df7f63a41b.jpg HTTP/1.1" 404 11311 "-" "ImageBot/1.0 (compatible; research crawler; +https://github.com/rom1504/img2dataset; opt-out: abuse.notification.dcomp12b@gmail.com;"
50.19.85.253 - - [11/Sep/2026:09:16:16 -0400] "GET /upload/resources/image/2026/02/28/2731319_4096x10000.png HTTP/1.1" 404 11311 "-" "ImageBot/1.0 (compatible; research crawler; +https://github.com/rom1504/img2dataset; opt-out: abuse.notification.dcomp12b@gmail.com;"
54.166.204.138 - - [11/Sep/2026:09:16:18 -0400] "GET /2023/10/31/%E5%8C%85%E9%A4%8A%E5%83%B9%E6%A0%BC%E7%BE%8E%E5%9C%8B%E7%9C%BE%E8%AD%B0%E9%99%A2%E8%AD%B0%E9%95%B7%E8%A2%AB%E6%9C%AC%E8%BA%AB%E4%BA%BA%E8%B6%95%E4%B8%8B%E8%87%BA%EF%BC%8C%E4%B9%8B%E5%BE%8C%E5%B0%87/9cee002be4554c37a9b75ce9bb64f370.jpeg HTTP/1.1" 404 11311 "-" "ImageBot/1.0 (compatible; research crawler; +https://github.com/rom1504/img2dataset; opt-out: abuse.notification.dcomp12b@gmail.com;"
54.166.204.138 - - [11/Sep/2026:09:16:19 -0400] "GET /2023/08/02/%E6%8F%AE%E5%88%A5%E6%AF%8D%E6%A0%A1%EF%BC%8C%E8%B3%A1%E7%BA%8C%E5%8C%85%E9%A4%8A%E7%B6%93%E9%A9%97%E9%81%A0%E8%A1%8C%EF%BC%81/082443jro3bxx09oxoqybb.jpg HTTP/1.1" 404 11311 "-" "ImageBot/1.0 (compatible; research crawler; +https://github.com/rom1504/img2dataset; opt-out: abuse.notification.dcomp12b@gmail.com;"
54.166.204.138 - - [11/Sep/2026:09:16:20 -0400] "GET /2024/03/22/%E8%90%AC%E5%85%AC%E9%87%8C%E8%B7%91%E8%80%85%E9%84%A7%E5%8F%B0%E5%8C%97-%E7%A4%BE%E5%8D%80%E8%89%AF%E8%8F%AF%E8%B7%91%E5%87%BA%E5%9C%8B%E9%96%80%E5%8D%81%E5%A4%A9%E8%A8%98/212545uuyusqduss8ezyz4.jpg HTTP/1.1" 404 11311 "-" "ImageBot/1.0 (compatible; research crawler; +https://github.com/rom1504/img2dataset; opt-out: abuse.notification.dcomp12b@gmail.com;"
50.19.85.253 - - [11/Sep/2026:09:16:24 -0400] "GET /%E5%85%A8%E7%90%83%E5%AA%92%E9%AB%94%E8%81%9A%E7%84%A6-%E5%A4%96%E5%AA%92%EF%BC%9A%E4%B8%AD%E5%9C%8Bosder%E5%A5%A7%E6%96%AF%E5%BE%B7%E9%9B%B6%E4%BB%B6%E5%A0%B1%E5%83%B9%E5%9C%A8%E5%BB%A3%E4%BA%A4/20260422/511386.png HTTP/1.1" 404 11311 "-" "ImageBot/1.0 (compatible; research crawler; +https://github.com/rom1504/img2dataset; opt-out: abuse.notification.dcomp12b@gmail.com;"
50.19.85.253 - - [11/Sep/2026:09:16:27 -0400] "GET /%E6%96%B0%E6%98%A5%E8%B5%B0%E5%9F%BA%E5%B1%A4%E4%B8%A8%E6%90%AC%E6%96%B0%E5%AE%B6%E3%80%81%E9%AC%A7%E7%A4%BE%E7%81%AB-%E7%94%98%E8%82%85%E6%A6%86%E4%B8%AD%E5%8F%97%E7%81%BD%E7%BE%A4%E7%9C%BEjiuyi/20260213/35630.jpg HTTP/1.1" 404 11311 "-" "ImageBot/1.0 (compatible; research crawler; +https://github.com/rom1504/img2dataset; opt-out: abuse.notification.dcomp12b@gmail.com;"
50.19.85.253 - - [11/Sep/2026:09:16:33 -0400] "GET /2023/12/02/%E6%83%A0%E5%B7%9E%E4%BF%9D%E5%88%A9%E4%B8%80%E6%A8%93%E7%9B%A4%E9%99%8D%E5%83%B9%E8%B3%A3%E6%88%BF%E8%A2%AB%E8%B2%AC%E4%BB%A4%E6%95%B4%E6%94%B9%EF%BC%8C%E5%8C%85%E9%A4%8A%E8%A1%8C%E6%83%85%E4%BD%8F/03bd7d93eaff4dcd8b2f25cff4d5c411.jpg HTTP/1.1" 404 11311 "-" "ImageBot/1.0 (compatible; research crawler; +https://github.com/rom1504/img2dataset; opt-out: abuse.notification.dcomp12b@gmail.com;"
52.23.26.158 - - [11/Sep/2026:09:16:36 -0400] "GET /%E7%89%B9%E9%BB%9E%E9%9B%86%E5%B8%82%E5%A4%9A%E5%BD%A9%E9%A2%A8%E4%BF%97%E5%8B%BE%E7%95%ABosder%E5%A5%A7%E6%96%AF%E5%BE%B7%E5%8F%B0%E5%8C%97%E6%B1%BD%E8%BB%8A%E6%96%B0%E6%98%A5/20260209/2724.jpg HTTP/1.1" 404 11311 "-" "ImageBot/1.0 (compatible; research crawler; +https://github.com/rom1504/img2dataset; opt-out: abuse.notification.dcomp12b@gmail.com;"
54.166.204.138 - - [11/Sep/2026:09:16:36 -0400] "GET /2024/03/17/%E9%80%99%E7%AF%87%E5%BE%88%E9%95%B7%E6%B2%99%E7%9A%84%E9%AB%98%E6%88%BF%E5%9C%B0%E7%94%A2%E8%80%83%E4%BD%9C%E6%96%87%E5%81%9A%E5%BE%97%E5%A5%BD%EF%BC%81/171343bxlrhpolpola3tzp.jpg HTTP/1.1" 404 11311 "-" "ImageBot/1.0 (compatible; research crawler; +https://github.com/rom1504/img2dataset; opt-out: abuse.notification.dcomp12b@gmail.com;"
54.166.204.138 - - [11/Sep/2026:09:16:36 -0400] "GET /%E3%80%90%E8%A6%96%E9%A0%BB%E3%80%91%E5%BB%A3%E5%A4%96%E5%AF%A6%E9%A9%97%E6%89%93%E9%80%A0osder%E5%A5%A7%E6%96%AF%E5%BE%B7%E6%9D%90%E6%96%99%E5%A0%B1%E5%83%B9%E9%99%B3%E7%94%B0%E6%A0%A1%E5%8D%80/20260131/84915.jpg HTTP/1.1" 404 11311 "-" "ImageBot/1.0 (compatible; research crawler; +https://github.com/rom1504/img2dataset; opt-out: abuse.notification.dcomp12b@gmail.com;"
52.1.250.135 - - [11/Sep/2026:09:16:37 -0400] "GET /2024/03/25/%E5%8F%B0%E5%8D%97-%E7%A4%BE%E5%8D%80%E5%A4%A7%E6%A8%93%E5%BB%A3%E8%A5%BF%E9%95%B7%E5%91%BD%E4%B9%8B%E9%84%89%E9%80%90%E4%B8%80%E5%B7%B4%E9%A6%AC/134020zu9h2guh9swznvaz.jpg HTTP/1.1" 404 11311 "-" "ImageBot/1.0 (compatible; research crawler; +https://github.com/rom1504/img2dataset; opt-out: abuse.notification.dcomp12b@gmail.com;"
112.85.6.167 - - [11/Sep/2026:09:16:38 -0400] "GET /upload/resources/image/2026/02/02/2707246.jpg HTTP/1.1" 404 11311 "https://big-wife.com.tw/" "Mozilla/5.0 (Windows NT 10.0; Win64; x64) AppleWebKit/537.36 (KHTML, like Gecko) Chrome/124.0.0.0 Safari/537.36"
50.19.85.253 - - [11/Sep/2026:09:16:39 -0400] "GET /%E9%96%80%E5%89%8D%E4%B8%89%E5%8C%85%E6%8F%90%E8%B3%AA%E5%A2%9E%E6%95%88%EF%BC%8C%E5%BB%A3%E5%B7%9E%E6%B2%B3%E6%BC%A2%E8%B7%AFjiuyi%E4%BF%B1%E6%84%8F%E5%AE%A4%E5%85%A7%E8%A8%AD/20260425/536293.jpg HTTP/1.1" 404 11311 "-" "ImageBot/1.0 (compatible; research crawler; +https://github.com/rom1504/img2dataset; opt-out: abuse.notification.dcomp12b@gmail.com;"
1.12.240.213 - - [11/Sep/2026:09:16:39 -0400] "GET /upload/resources/image/2026/02/02/2707246.jpg HTTP/1.1" 404 11311 "https://big-wife.com.tw/" "Mozilla/5.0 (Windows NT 10.0; Win64; x64) AppleWebKit/537.36 (KHTML, like Gecko) Chrome/124.0.0.0 Safari/537.36"
159.75.234.236 - - [11/Sep/2026:09:16:40 -0400] "GET /%E9%87%87%E9%A2%A8%E5%BE%80%E5%93%AA%E9%87%8C%EF%BC%9F%E5%BE%80%E7%9B%8A%E9%99%BD%EF%BC%8C%E4%B8%80%E8%B7%AF%E5%BE%80%E5%87%9D%E8%81%BD%E6%84%9B%E5%B1%8B%E7%81%A3%E5%AD%B8%E9%9C%B8%E6%9D%91/140504ax457gj8z8xfbgt4.jpg HTTP/1.1" 404 11311 "https://big-wife.com.tw/" "Mozilla/5.0 (Windows NT 10.0; Win64; x64) AppleWebKit/537.36 (KHTML, like Gecko) Chrome/112.0.0.0 Safari/537.36"
52.1.250.135 - - [11/Sep/2026:09:16:41 -0400] "GET /%E8%8F%AF%E4%BA%BA%E7%A5%9E%E6%8E%A2jiuyi%E4%BF%B1%E6%84%8F%E8%B1%AA%E5%AE%85%E8%A8%AD%E8%A8%88%E6%9D%8E%E6%98%8C%E9%88%BA%E5%BE%80%E4%B8%96%EF%BC%8C%E6%9B%BE%E5%8F%83%E8%88%87/20260328/332858.jpg HTTP/1.1" 404 11311 "-" "ImageBot/1.0 (compatible; research crawler; +https://github.com/rom1504/img2dataset; opt-out: abuse.notification.dcomp12b@gmail.com;"
3.234.103.5 - - [11/Sep/2026:09:16:43 -0400] "GET /2024/03/14/%E6%88%BF%E7%94%A2%E9%82%B5%E9%99%BD%E6%88%BF%E5%83%B9%E6%80%AA%E8%B1%A1/195132k35ep9o5gp3dtkon.jpg HTTP/1.1" 404 11311 "-" "ImageBot/1.0 (compatible; research crawler; +https://github.com/rom1504/img2dataset; opt-out: abuse.notification.dcomp12b@gmail.com;"
82.157.2.195 - - [11/Sep/2026:09:16:44 -0400] "GET /%E7%99%BEjiuyi%E4%BF%B1%E6%84%8F%E8%A8%BA%E6%89%80%E8%A8%AD%E8%A8%88%E7%B1%B3%E5%9C%B0%E9%9D%A2%E7%9A%84%E5%AE%88%E6%AD%B2%E4%BA%BA%E4%B8%A8%E6%96%B0%E6%98%A5%E8%B5%B0%E5%9F%BA%E5%B1%A4/20260222/101014.jpg HTTP/1.1" 404 11311 "https://big-wife.com.tw/" "Mozilla/5.0 (Windows NT 10.0; Win64; x64) AppleWebKit/537.36 (KHTML, like Gecko) Chrome/112.0.0.0 Safari/537.36"
52.23.26.158 - - [11/Sep/2026:09:16:47 -0400] "GET /upload/resources/image/2025/12/31/2678111_4096x10000.jpeg HTTP/1.1" 404 11311 "-" "ImageBot/1.0 (compatible; research crawler; +https://github.com/rom1504/img2dataset; opt-out: abuse.notification.dcomp12b@gmail.com;"
52.1.250.135 - - [11/Sep/2026:09:16:48 -0400] "GET /upload/resources/image/2024/04/04/1871086_4096x10000.jpeg HTTP/1.1" 404 11311 "-" "ImageBot/1.0 (compatible; research crawler; +https://github.com/rom1504/img2dataset; opt-out: abuse.notification.dcomp12b@gmail.com;"
114.119.150.110 - - [11/Sep/2026:09:16:48 -0400] "GET /%e5%b1%b1%e8%a5%bf%e8%a5%bf%e9%86%ab%e8%97%a5%e5%b9%b4%e5%a4%9c%e5%ad%b8%e4%ba%94%e5%b9%b4jiuyi%e4%bf%b1%e6%84%8f%e7%bf%bb%e4%bf%ae%e8%a8%ad%e8%a8%88%e5%a4%9c%e5%ad%b8%e9%99%a2/ HTTP/1.1" 200 16586 "https://big-wife.com.tw/2026/02/page/15/" "Mozilla/5.0 (Linux; Android 7.0;) AppleWebKit/537.36 (HTML, like Gecko) Mobile Safari/537.36 (compatible; PetalBot;+https://webmaster.petalsearch.com/site/petalbot)"
3.234.103.5 - - [11/Sep/2026:09:16:59 -0400] "GET /%E7%BF%81%E5%9F%8E%E6%97%A5%E8%A8%98-jiuyi%E4%BF%B1%E6%84%8F%E4%BD%8F%E5%AE%85%E8%A8%AD%E8%A8%881220/20260331/353997.jpg HTTP/1.1" 404 11311 "-" "ImageBot/1.0 (compatible; research crawler; +https://github.com/rom1504/img2dataset; opt-out: abuse.notification.dcomp12b@gmail.com;"
52.23.26.158 - - [11/Sep/2026:09:17:04 -0400] "GET /%E4%B8%80%E4%BD%8D%E5%9D%90%E6%9D%9F%E7%B8%9B%E7%89%8C%E4%B8%8D%E5%8B%95%E7%94%A2%E8%B2%A8%E8%BB%8A%E6%96%B0%E5%A8%98%E7%9A%84%E5%AF%86%E6%84%8F%E5%9B%9E%E7%9C%B8%EF%BC%88%E6%95%A3%E6%96%87%EF%BC%89/101551yb56nn612vbfwnm1.jpg HTTP/1.1" 404 11311 "-" "ImageBot/1.0 (compatible; research crawler; +https://github.com/rom1504/img2dataset; opt-out: abuse.notification.dcomp12b@gmail.com;"
54.166.204.138 - - [11/Sep/2026:09:17:06 -0400] "GET /2024/03/29/%E8%B5%B4%E6%96%B0%E5%8C%97-%E7%A4%BE%E5%8D%80%E5%A4%A7%E5%BB%88%E5%A9%81%E5%BA%95%E9%87%87%E9%A2%A8%E8%A8%98%E9%80%90%E4%B8%80%E8%A7%80%E8%B3%9E%E5%A9%81%E5%BA%95%E5%B8%82%E5%A9%81%E6%98%9F%E5%8D%80/141859f00667ddd6qxkzd6.jpg HTTP/1.1" 404 11311 "-" "ImageBot/1.0 (compatible; research crawler; +https://github.com/rom1504/img2dataset; opt-out: abuse.notification.dcomp12b@gmail.com;"
50.19.85.253 - - [11/Sep/2026:09:17:10 -0400] "GET /upload/resources/image/2023/09/20/1526208_4096x10000.jpeg HTTP/1.1" 404 11311 "-" "ImageBot/1.0 (compatible; research crawler; +https://github.com/rom1504/img2dataset; opt-out: abuse.notification.dcomp12b@gmail.com;"
50.19.85.253 - - [11/Sep/2026:09:17:11 -0400] "GET /upload/resources/image/2026/04/15/2774030_4096x10000.jpeg HTTP/1.1" 404 11311 "-" "ImageBot/1.0 (compatible; research crawler; +https://github.com/rom1504/img2dataset; opt-out: abuse.notification.dcomp12b@gmail.com;"
52.23.26.158 - - [11/Sep/2026:09:17:11 -0400] "GET /upload/resources/image/2026/01/25/2701222_4096x10000.jpeg HTTP/1.1" 404 11311 "-" "ImageBot/1.0 (compatible; research crawler; +https://github.com/rom1504/img2dataset; opt-out: abuse.notification.dcomp12b@gmail.com;"
52.1.250.135 - - [11/Sep/2026:09:17:14 -0400] "GET /upload/resources/image/2024/09/19/2099568.jpg HTTP/1.1" 404 11311 "-" "ImageBot/1.0 (compatible; research crawler; +https://github.com/rom1504/img2dataset; opt-out: abuse.notification.dcomp12b@gmail.com;"
52.23.26.158 - - [11/Sep/2026:09:17:15 -0400] "GET /2024/03/16/%E4%B8%80%E4%BD%8D%E5%9D%90%E6%9D%9F%E5%8F%B0%E4%B8%AD%E6%88%BF%E7%94%A2%E7%B8%9B%E7%89%8C%E8%B2%A8%E8%BB%8A%E6%96%B0%E5%A8%98%E7%9A%84%E5%AF%86%E6%84%8F%E5%9B%9E%E7%9C%B8%EF%BC%88%E6%95%A3%E6%96%87/104059u6fr6io6unglgowi.jpg HTTP/1.1" 404 11311 "-" "ImageBot/1.0 (compatible; research crawler; +https://github.com/rom1504/img2dataset; opt-out: abuse.notification.dcomp12b@gmail.com;"
52.23.26.158 - - [11/Sep/2026:09:17:16 -0400] "GET /%E4%BA%94%E4%B8%80%E5%81%87%E6%9C%9F%E8%B7%A8%E5%9F%8E%E8%BF%BD%E5%B9%B4%E5%A4%9C%E7%81%A3%E9%9B%9Eosder%E5%A5%A7%E6%96%AF%E5%BE%B7%E6%B1%BD%E8%BB%8A%E9%9B%B6/20260501/580712.jpg HTTP/1.1" 404 11301 "-" "ImageBot/1.0 (compatible; research crawler; +https://github.com/rom1504/img2dataset; opt-out: abuse.notification.dcomp12b@gmail.com;"
163.245.207.66 - - [11/Sep/2026:09:17:17 -0400] "POST /wp-cron.php?doing_wp_cron=1789132637.0556349754333496093750 HTTP/1.1" 200 0 "-" "WordPress/7.1; https://big-wife.com.tw"
52.23.26.158 - - [11/Sep/2026:09:17:16 -0400] "GET /%E4%B8%80%E5%90%8D%E9%AB%98%E5%8C%85%E9%A4%8A%E7%B6%B2%E5%96%AE%E6%AC%A1%E6%A0%A1%E6%95%99%E5%93%A1%E7%B4%9B%E6%AD%A7%E6%A8%A3%E7%9A%84%E5%AF%92%E5%81%87%E7%94%9F%E6%B6%AF/221535t64j300mk6jr0b6b.jpg HTTP/1.1" 404 11311 "-" "ImageBot/1.0 (compatible; research crawler; +https://github.com/rom1504/img2dataset; opt-out: abuse.notification.dcomp12b@gmail.com;"
85.208.96.199 - - [11/Sep/2026:09:17:17 -0400] "GET /%E5%B9%B4%E5%A4%9C%E9%99%B8%E6%89%93%E6%8B%BC%E5%8D%81%E4%BA%94%E8%BC%8932%E7%A7%80%E5%82%B3%E9%86%AB%E9%99%A2%E8%B2%BB%E7%94%A8%E8%87%BA%E9%9D%92%E7%8D%B2%E6%B9%96%E5%8C%97%E9%9D%92/ HTTP/1.1" 403 1242 "-" "Mozilla/5.0 (compatible; SemrushBot/7~bl; +http://www.semrush.com/bot.html)"
50.19.85.253 - - [11/Sep/2026:09:17:18 -0400] "GET /2023/12/23/%E3%80%90%E5%BE%AE%E9%97%9C%E8%A8%BB%E3%80%91%E9%BB%83%E5%A5%95%E5%A4%AB%E5%A6%BB%E7%8E%89%E7%9F%B3%E5%8C%85%E9%A4%8A%E8%A1%8C%E6%83%85%E4%BF%B1%E7%84%9A%EF%BC%9F%E5%B0%8F%E5%9B%9B%E8%BA%AB%E9%AB%98/17202915vtzf5dwaz7k1yv.jpg HTTP/1.1" 404 11311 "-" "ImageBot/1.0 (compatible; research crawler; +https://github.com/rom1504/img2dataset; opt-out: abuse.notification.dcomp12b@gmail.com;"
3.234.103.5 - - [11/Sep/2026:09:17:18 -0400] "GET /2023/12/23/%E3%80%90%E5%BE%AE%E9%97%9C%E8%A8%BB%E3%80%91%E9%BB%83%E5%A5%95%E5%A4%AB%E5%A6%BB%E7%8E%89%E7%9F%B3%E5%8C%85%E9%A4%8A%E8%A1%8C%E6%83%85%E4%BF%B1%E7%84%9A%EF%BC%9F%E5%B0%8F%E5%9B%9B%E8%BA%AB%E9%AB%98/162643qozltaoztrkc5orr.jpg HTTP/1.1" 404 11311 "-" "ImageBot/1.0 (compatible; research crawler; +https://github.com/rom1504/img2dataset; opt-out: abuse.notification.dcomp12b@gmail.com;"
54.166.204.138 - - [11/Sep/2026:09:17:20 -0400] "GET /upload/resources/image/2026/02/24/2727718_4096x10000.jpeg HTTP/1.1" 404 11311 "-" "ImageBot/1.0 (compatible; research crawler; +https://github.com/rom1504/img2dataset; opt-out: abuse.notification.dcomp12b@gmail.com;"
3.234.103.5 - - [11/Sep/2026:09:17:21 -0400] "GET /2024/03/16/%E4%B8%80%E4%BD%8D%E5%9D%90%E6%9D%9F%E5%8F%B0%E4%B8%AD%E6%88%BF%E7%94%A2%E7%B8%9B%E7%89%8C%E8%B2%A8%E8%BB%8A%E6%96%B0%E5%A8%98%E7%9A%84%E5%AF%86%E6%84%8F%E5%9B%9E%E7%9C%B8%EF%BC%88%E6%95%A3%E6%96%87/101756gf3lk3e3pvelzmpk.jpg HTTP/1.1" 404 11311 "-" "ImageBot/1.0 (compatible; research crawler; +https://github.com/rom1504/img2dataset; opt-out: abuse.notification.dcomp12b@gmail.com;"
3.234.103.5 - - [11/Sep/2026:09:17:21 -0400] "GET /2024/03/14/%E4%B8%80%E4%BD%8D%E5%9D%90%E6%9D%9F%E7%B8%9B%E7%89%8C%E8%B2%A8%E8%BB%8A%E6%96%B0%E5%A8%98%E7%9A%84%E5%AF%86%E6%84%8F%E5%9B%9E%E7%9C%B8%EF%BC%88%E6%95%A3%E6%96%87%EF%BC%89/100910u2c5qhgnqrv72gcr.jpg HTTP/1.1" 404 11311 "-" "ImageBot/1.0 (compatible; research crawler; +https://github.com/rom1504/img2dataset; opt-out: abuse.notification.dcomp12b@gmail.com;"
52.23.26.158 - - [11/Sep/2026:09:17:22 -0400] "GET /%E8%A6%96%E9%A0%BB%E4%B8%A8japan%E6%97%A5%E6%9C%ACosder%E5%A5%A7%E6%96%AF%E5%BE%B7%E6%B1%BD%E8%BB%8A%E6%9D%90%E6%96%99%E5%B0%88%E5%AE%B6%EF%BC%9Ajapan%E6%97%A5%E6%9C%AC%E7%95%B6%E5%B1%80%E7%A8%AE/20260326/314068.jpg HTTP/1.1" 404 11311 "-" "ImageBot/1.0 (compatible; research crawler; +https://github.com/rom1504/img2dataset; opt-out: abuse.notification.dcomp12b@gmail.com;"
52.1.250.135 - - [11/Sep/2026:09:17:24 -0400] "GET /2024/03/15/%E8%90%AC%E5%85%AC%E9%87%8C%E8%B7%91%E8%80%85%E9%84%A7%E8%89%AF%E8%8F%AF%E6%88%BF%E5%9C%B0%E7%94%A2%E8%B7%91%E5%87%BA%E5%9C%8B%E9%96%80%E5%8D%81%E5%A4%A9%E8%A8%98/212551bi71xxj8cqwugdvk.jpg HTTP/1.1" 404 11311 "-" "ImageBot/1.0 (compatible; research crawler; +https://github.com/rom1504/img2dataset; opt-out: abuse.notification.dcomp12b@gmail.com;"
54.166.204.138 - - [11/Sep/2026:09:17:27 -0400] "GET /upload/resources/image/2025/11/03/2620684_4096x10000.jpeg HTTP/1.1" 404 11311 "-" "ImageBot/1.0 (compatible; research crawler; +https://github.com/rom1504/img2dataset; opt-out: abuse.notification.dcomp12b@gmail.com;"
3.234.103.5 - - [11/Sep/2026:09:17:27 -0400] "GET /%E7%AC%AC%E4%B8%80osder%E5%A5%A7%E6%96%AF%E5%BE%B7%E5%8F%B0%E5%8C%97%E6%B1%BD%E8%BB%8A%E8%A7%80%E5%AF%9F%EF%BD%9C%E5%8D%83%E5%B9%B4%E5%B9%B4%E5%A4%9C%E8%A8%88%E9%87%8C%E7%9A%84/20260326/312920.png HTTP/1.1" 404 11311 "-" "ImageBot/1.0 (compatible; research crawler; +https://github.com/rom1504/img2dataset; opt-out: abuse.notification.dcomp12b@gmail.com;"
54.166.204.138 - - [11/Sep/2026:09:17:30 -0400] "GET /upload/resources/image/2026/02/07/2714031_4096x10000.jpeg HTTP/1.1" 404 11311 "-" "ImageBot/1.0 (compatible; research crawler; +https://github.com/rom1504/img2dataset; opt-out: abuse.notification.dcomp12b@gmail.com;"
52.1.250.135 - - [11/Sep/2026:09:17:33 -0400] "GET /2023/11/17/%E6%A0%AA%E6%B4%B2-%E8%98%86%E6%B7%9E-%E8%B3%80%E5%AE%B6%E5%9C%9F%E8%A1%97%E9%81%93-%E9%95%B7%E5%A1%98%E7%81%A3%E7%A4%BE%E5%8D%80%E6%96%B0%E6%99%82%E6%9C%9F%E4%B9%9D%E5%AE%AE%E6%A0%BC%E8%81%9A/190658lndq1ocli9ab43cd.jpg HTTP/1.1" 404 11311 "-" "ImageBot/1.0 (compatible; research crawler; +https://github.com/rom1504/img2dataset; opt-out: abuse.notification.dcomp12b@gmail.com;"
3.234.103.5 - - [11/Sep/2026:09:17:34 -0400] "GET /html/files/2022-03/17/20220317153618866925449.jpg HTTP/1.1" 404 11311 "-" "ImageBot/1.0 (compatible; research crawler; +https://github.com/rom1504/img2dataset; opt-out: abuse.notification.dcomp12b@gmail.com;"
50.19.85.253 - - [11/Sep/2026:09:17:39 -0400] "GET /%E5%8F%88%E6%98%AF%E5%88%A5%E4%BA%BA%E5%AE%B6%E7%9A%84%E5%AD%B8%E6%A0%A1%EF%BC%81%E7%9B%B4%E6%8E%A5%E7%B5%A6%E5%90%8C%E5%AD%B8%E5%80%91%E6%BE%86%E4%BA%86%E5%80%8B%E6%BA%9C%E5%86%B0jiuyi%E4%BF%B1/20260121/35855.jpg HTTP/1.1" 404 11311 "-" "ImageBot/1.0 (compatible; research crawler; +https://github.com/rom1504/img2dataset; opt-out: abuse.notification.dcomp12b@gmail.com;"
3.234.103.5 - - [11/Sep/2026:09:17:39 -0400] "GET /2024/03/09/%E8%A1%97%E6%8B%8D-%E5%86%AC%E9%9C%A7%E7%A4%BE%E5%8D%80%E6%BF%83%E7%BD%A9%E5%AE%89%E9%84%89%E5%9F%8E/125554x3ld60l3lgl9jl90.jpg HTTP/1.1" 404 11311 "-" "ImageBot/1.0 (compatible; research crawler; +https://github.com/rom1504/img2dataset; opt-out: abuse.notification.dcomp12b@gmail.com;"
54.166.204.138 - - [11/Sep/2026:09:17:40 -0400] "GET /upload/resources/image/2024/02/12/1779738_4096x10000.jpeg HTTP/1.1" 404 11311 "-" "ImageBot/1.0 (compatible; research crawler; +https://github.com/rom1504/img2dataset; opt-out: abuse.notification.dcomp12b@gmail.com;"
52.23.26.158 - - [11/Sep/2026:09:17:42 -0400] "GET /html/files/2022-06/14/20220614073957724622154.jpg HTTP/1.1" 404 11311 "-" "ImageBot/1.0 (compatible; research crawler; +https://github.com/rom1504/img2dataset; opt-out: abuse.notification.dcomp12b@gmail.com;"
52.1.250.135 - - [11/Sep/2026:09:17:49 -0400] "GET /2024/01/29/%E5%B0%8F%E7%B7%A8%E8%A6%AA%E6%B8%AC%EF%BC%81%E7%9C%9F%E4%BA%BA%E5%87%BA%E9%8F%A1%EF%BC%81%E5%A4%9A%E5%9C%96%E9%A0%90%E8%AD%A6%EF%BC%81%EF%BC%81%E8%A6%93%E5%8C%85%E9%A4%8Aapp%E7%B5%A6%E4%BD%A0/141507hco2mbxormkzcc2g.jpg HTTP/1.1" 404 11311 "-" "ImageBot/1.0 (compatible; research crawler; +https://github.com/rom1504/img2dataset; opt-out: abuse.notification.dcomp12b@gmail.com;"
50.19.85.253 - - [11/Sep/2026:09:17:53 -0400] "GET /upload/resources/image/2024/01/23/1741210.png?r=1705996780616 HTTP/1.1" 404 11311 "-" "ImageBot/1.0 (compatible; research crawler; +https://github.com/rom1504/img2dataset; opt-out: abuse.notification.dcomp12b@gmail.com;"
50.19.85.253 - - [11/Sep/2026:09:17:53 -0400] "GET /upload/resources/image/2026/03/27/2757083.jpg?r=1774590735268 HTTP/1.1" 404 11311 "-" "ImageBot/1.0 (compatible; research crawler; +https://github.com/rom1504/img2dataset; opt-out: abuse.notification.dcomp12b@gmail.com;"
52.23.26.158 - - [11/Sep/2026:09:17:55 -0400] "GET /upload/resources/image/2026/02/02/2707628.jpg HTTP/1.1" 404 11311 "-" "ImageBot/1.0 (compatible; research crawler; +https://github.com/rom1504/img2dataset; opt-out: abuse.notification.dcomp12b@gmail.com;"
50.19.85.253 - - [11/Sep/2026:09:18:01 -0400] "GET /%E8%A6%96%E9%A0%BB%E4%B8%A8%E4%B8%80%E9%82%8A%E6%8B%9C%E9%AC%BC-%E4%B8%80%E9%82%8A%E6%93%B4%E6%AD%A6-%E9%AB%98%E5%B8%82%E6%AD%A3%E5%B8%B6%E9%A0%98japan%E6%97%A5%E6%9C%AC%E8%B5%B0/20260427/547294.jpg HTTP/1.1" 404 11311 "-" "ImageBot/1.0 (compatible; research crawler; +https://github.com/rom1504/img2dataset; opt-out: abuse.notification.dcomp12b@gmail.com;"
52.23.26.158 - - [11/Sep/2026:09:18:02 -0400] "GET /upload/resources/image/2023/04/08/1248034_4096x50000.jpeg HTTP/1.1" 404 11311 "-" "ImageBot/1.0 (compatible; research crawler; +https://github.com/rom1504/img2dataset; opt-out: abuse.notification.dcomp12b@gmail.com;"
54.166.204.138 - - [11/Sep/2026:09:18:02 -0400] "GET /upload/resources/image/2026/02/03/2709130.jpg?r=1770101226837 HTTP/1.1" 404 11311 "-" "ImageBot/1.0 (compatible; research crawler; +https://github.com/rom1504/img2dataset; opt-out: abuse.notification.dcomp12b@gmail.com;"
52.23.26.158 - - [11/Sep/2026:09:18:03 -0400] "GET /html/files/2022-03/31/20220331115030332342054.jpg HTTP/1.1" 404 11311 "-" "ImageBot/1.0 (compatible; research crawler; +https://github.com/rom1504/img2dataset; opt-out: abuse.notification.dcomp12b@gmail.com;"
106.114.179.145 - - [11/Sep/2026:09:18:04 -0400] "GET /%E4%B8%8A%E6%B5%B7%E4%B9%8B%E6%98%A5%E8%BF%8E%E9%87%8D%E7%A3%85%E8%A1%A8%E6%BC%94%EF%BC%8C%E8%B2%BB%E8%88%8D%E7%88%BE%E5%9F%B7%E6%A3%92%E5%B8%83%E9%81%94%E4%BD%A9%E6%96%AF%E7%AF%80/20260402/369295.jpg HTTP/1.1" 404 11311 "https://big-wife.com.tw/" "Mozilla/5.0 (Windows NT 10.0; Win64; x64) AppleWebKit/537.36 (KHTML, like Gecko) Chrome/120.0.0.0 Safari/537.36"
3.234.103.5 - - [11/Sep/2026:09:18:04 -0400] "GET /upload/resources/image/2026/02/19/2724451_4096x10000.jpeg HTTP/1.1" 404 11311 "-" "ImageBot/1.0 (compatible; research crawler; +https://github.com/rom1504/img2dataset; opt-out: abuse.notification.dcomp12b@gmail.com;"
3.234.103.5 - - [11/Sep/2026:09:18:05 -0400] "GET /upload/resources/image/2026/03/08/2740123_4096x10000.jpeg HTTP/1.1" 404 11311 "-" "ImageBot/1.0 (compatible; research crawler; +https://github.com/rom1504/img2dataset; opt-out: abuse.notification.dcomp12b@gmail.com;"
120.53.232.163 - - [11/Sep/2026:09:18:06 -0400] "GET /%E4%B8%8A%E6%B5%B7%E4%B9%8B%E6%98%A5%E8%BF%8E%E9%87%8D%E7%A3%85%E8%A1%A8%E6%BC%94%EF%BC%8C%E8%B2%BB%E8%88%8D%E7%88%BE%E5%9F%B7%E6%A3%92%E5%B8%83%E9%81%94%E4%BD%A9%E6%96%AF%E7%AF%80/20260402/369295.jpg HTTP/1.1" 404 11311 "https://big-wife.com.tw/" "Mozilla/5.0 (Windows NT 10.0; Win64; x64) AppleWebKit/537.36 (KHTML, like Gecko) Chrome/120.0.0.0 Safari/537.36"
52.23.26.158 - - [11/Sep/2026:09:18:07 -0400] "GET /2023/08/28/%E7%B4%85-%E5%8C%85%E9%A4%8A%E5%83%B9%E6%A0%BC%E8%B1%86/121841zsn4snbcapfczf1p.jpg HTTP/1.1" 404 11311 "-" "ImageBot/1.0 (compatible; research crawler; +https://github.com/rom1504/img2dataset; opt-out: abuse.notification.dcomp12b@gmail.com;"
50.19.85.253 - - [11/Sep/2026:09:18:07 -0400] "GET /%E6%BD%AE%E8%B5%B7%E5%8D%97%E7%B2%B5%E7%A6%AE%E9%81%87%E8%8B%B1%E6%89%8D-%E4%BB%A5%E5%AF%A6%E5%B9%B2%E6%93%94%E7%95%B6osder%E5%A5%A7%E6%96%AF%E5%BE%B7%E9%9B%B6%E4%BB%B6%E5%95%86%E7%AD%91%E7%89%A2/20260320/269590.jpg HTTP/1.1" 404 11311 "-" "ImageBot/1.0 (compatible; research crawler; +https://github.com/rom1504/img2dataset; opt-out: abuse.notification.dcomp12b@gmail.com;"
52.23.26.158 - - [11/Sep/2026:09:18:09 -0400] "GET /%E4%B8%80%E4%BD%8D%E5%9D%90%E6%9D%9F%E7%B8%9B%E7%89%8C%E8%B2%A8%E8%BB%8A%E6%96%B0%E5%A8%98%E7%9A%84%E5%AF%86%E6%84%8F%E5%9B%9E%E7%9C%B8%EF%BC%88%E6%95%A3%E6%96%87%EF%BC%89-2/095030m69pys4ervhk3345.jpg HTTP/1.1" 404 11311 "-" "ImageBot/1.0 (compatible; research crawler; +https://github.com/rom1504/img2dataset; opt-out: abuse.notification.dcomp12b@gmail.com;"
52.23.26.158 - - [11/Sep/2026:09:18:09 -0400] "GET /%E9%82%B5%E9%99%BD%E6%88%BF%E5%83%B9%E6%80%AA%E6%88%BF%E7%94%A2%E7%B6%B2%E8%B1%A1/195132xbptb023n3btbcsq.jpg HTTP/1.1" 404 11311 "-" "ImageBot/1.0 (compatible; research crawler; +https://github.com/rom1504/img2dataset; opt-out: abuse.notification.dcomp12b@gmail.com;"
52.23.26.158 - - [11/Sep/2026:09:18:10 -0400] "GET /upload/resources/image/2026/02/09/2714990_4096x10000.jpeg HTTP/1.1" 404 11311 "-" "ImageBot/1.0 (compatible; research crawler; +https://github.com/rom1504/img2dataset; opt-out: abuse.notification.dcomp12b@gmail.com;"
54.166.204.138 - - [11/Sep/2026:09:18:10 -0400] "GET /%E7%9B%A1%E6%83%85%E6%88%BF%E7%94%A2%E8%B3%87%E8%A8%8A%E4%BA%94%E6%BA%AA%E8%B0%B7-%E6%B2%89%E9%86%89%E5%B1%B1%E5%B7%9D%E9%96%93/225002lzbaittw5v3oiwtn.png HTTP/1.1" 404 11311 "-" "ImageBot/1.0 (compatible; research crawler; +https://github.com/rom1504/img2dataset; opt-out: abuse.notification.dcomp12b@gmail.com;"
58.131.185.191 - - [11/Sep/2026:09:18:11 -0400] "GET /%e5%8b%95%e7%95%ab%e7%9f%ad%e6%96%b0%e7%ab%b9%e6%a3%ae%e5%92%8c%e8%a8%ba%e6%89%80%e9%8c%84%e5%83%8f%e6%88%90%e4%ba%ba%e5%8c%96%e4%bd%8e%e4%bf%97%e5%8c%96%e4%bd%95%e8%a7%a3-19/ HTTP/1.1" 200 30642 "-" "Mozilla/5.0 (Macintosh; Intel Mac OS X 14_2_1) AppleWebKit/537.36 (KHTML, like Gecko) Chrome/125.0.6422.60 Safari/537.36"
114.119.139.118 - - [11/Sep/2026:09:18:11 -0400] "GET /%e5%b1%b1%e6%9d%b1%e7%b6%a0%e8%89%b2%e4%bd%8e%e7%a2%b3%e9%ab%98%e6%9d%b1%e8%a5%bf%e7%9a%84%e5%93%81%e8%b3%aa%e6%88%90%e9%95%b7%e5%b0%88%e5%ae%b6%e9%bd%8a%e9%ad%af%e8%a1%8c%e5%8e%bb%e7%a7%80/ HTTP/1.1" 200 16903 "https://big-wife.com.tw/%e5%be%9e%e9%ab%98%e5%b0%88%e5%8c%85%e9%a4%8aapp%e8%80%83%e8%b5%b0%e9%81%8e%ef%bc%8c%e8%ae%93%e5%a5%ae%e6%96%97%e7%9a%84%e8%8a%b3%e8%8f%af%e6%9b%b4%e5%87%ba%e8%89%b2/" "Mozilla/5.0 (Linux; Android 7.0;) AppleWebKit/537.36 (HTML, like Gecko) Mobile Safari/537.36 (compatible; PetalBot;+https://webmaster.petalsearch.com/site/petalbot)"
54.166.204.138 - - [11/Sep/2026:09:18:13 -0400] "GET /upload/resources/image/2026/03/06/2738756.jpg HTTP/1.1" 404 11311 "-" "ImageBot/1.0 (compatible; research crawler; +https://github.com/rom1504/img2dataset; opt-out: abuse.notification.dcomp12b@gmail.com;"
52.1.250.135 - - [11/Sep/2026:09:18:16 -0400] "GET /upload/resources/image/2025/02/04/2278387_4096x10000.jpeg HTTP/1.1" 404 11311 "-" "ImageBot/1.0 (compatible; research crawler; +https://github.com/rom1504/img2dataset; opt-out: abuse.notification.dcomp12b@gmail.com;"
3.234.103.5 - - [11/Sep/2026:09:18:17 -0400] "GET /upload/resources/image/2025/12/19/2666895_4096x10000.jpeg HTTP/1.1" 404 11311 "-" "ImageBot/1.0 (compatible; research crawler; +https://github.com/rom1504/img2dataset; opt-out: abuse.notification.dcomp12b@gmail.com;"
119.29.119.117 - - [11/Sep/2026:09:18:19 -0400] "GET /12%E5%B9%B4%EF%BC%8C%E5%8B%9E%E5%8B%95jiuyi%E4%BF%B1%E6%84%8F%E4%BD%8F%E5%AE%85%E8%A8%AD%E8%A8%88%E6%94%B9%E8%AE%8A%E4%BA%86%E4%BB%80%E4%B9%88%EF%BC%9F/20260503/591237.jpg HTTP/1.1" 404 11311 "https://big-wife.com.tw/" "Mozilla/5.0 (Windows NT 10.0; Win64; x64) AppleWebKit/537.36 (KHTML, like Gecko) Chrome/105.0.0.0 Safari/537.3"
50.19.85.253 - - [11/Sep/2026:09:18:20 -0400] "GET /%E5%BE%9E%E6%91%A9%E6%89%98%E9%95%B7%E9%BE%8D%E5%88%B0%E9%AB%98%E9%90%B5%E9%A3%9B%E9%A6%B3-%E6%98%A5%E7%AF%80%E5%9B%9E%E5%AE%B6%E7%9A%84%E6%96%B9%E6%B3%95%E9%83%BD%E6%9C%89%E5%93%AAosder%E5%A5%A7/20260208/145378.jpg HTTP/1.1" 404 11311 "-" "ImageBot/1.0 (compatible; research crawler; +https://github.com/rom1504/img2dataset; opt-out: abuse.notification.dcomp12b@gmail.com;"
139.199.201.94 - - [11/Sep/2026:09:18:20 -0400] "GET /upload/resources/image/2024/01/17/1728439.png?r=1705459949367 HTTP/1.1" 404 11311 "https://big-wife.com.tw/" "Mozilla/5.0 (Windows NT 10.0; Win64; x64) AppleWebKit/537.36 (KHTML, like Gecko) Chrome/133.0.0.0 Safari/537.36"
50.19.85.253 - - [11/Sep/2026:09:18:25 -0400] "GET /2023/12/13/%E5%B9%B4%E5%A4%9Cs%E8%A2%AB%E6%B1%AA%E5%B0%8F%E8%8F%B2%E6%89%87%E8%80%B3%E5%85%89%EF%BC%9F%E5%B0%8Fs%E9%82%A3%E8%8B%B1%E4%BA%92%E5%97%86%EF%BC%9F%E7%8E%8B%E6%80%9D%E8%81%B0%E9%9A%94%E7%A9%BA%E9%96%8B/142709f0f8f5767d00d31e.jpg HTTP/1.1" 404 11311 "-" "ImageBot/1.0 (compatible; research crawler; +https://github.com/rom1504/img2dataset; opt-out: abuse.notification.dcomp12b@gmail.com;"
50.19.85.253 - - [11/Sep/2026:09:18:26 -0400] "GET /2024/03/09/%E9%87%87%E9%A2%A8%E5%BE%80%E5%93%AA%E9%87%8C%EF%BC%9F%E5%BE%80%E7%9B%8A%E9%99%BD%EF%BC%8C%E4%B8%80%E8%B7%AF%E5%BE%80%E5%87%9D%E8%81%BD%E6%84%9B%E5%B1%8B%E7%81%A3%E5%AD%B8%E9%9C%B8%E6%9D%91/143441bzhvorh71y0p9912.jpg HTTP/1.1" 404 11311 "-" "ImageBot/1.0 (compatible; research crawler; +https://github.com/rom1504/img2dataset; opt-out: abuse.notification.dcomp12b@gmail.com;"
50.19.85.253 - - [11/Sep/2026:09:18:28 -0400] "GET /upload/resources/image/2025/12/31/2678108_4096x10000.jpeg HTTP/1.1" 404 11311 "-" "ImageBot/1.0 (compatible; research crawler; +https://github.com/rom1504/img2dataset; opt-out: abuse.notification.dcomp12b@gmail.com;"
52.1.250.135 - - [11/Sep/2026:09:18:29 -0400] "GET /2023/10/21/%E5%8E%9F%E5%89%B5-%E5%8C%85%E9%A4%8A%E5%BF%83%E5%BE%97-%E5%85%A8%E7%B4%85%E5%AC%8B%E5%9D%90%E5%B9%B3%E5%83%B9%E9%A3%9B%E6%A9%9F%E5%9B%9E%E5%8C%97%E4%BA%AC%EF%BC%81%E5%A5%AA%E5%86%A0/c8333e99dd4d45de9a2e9bb15dc59d1d.jpeg HTTP/1.1" 404 11311 "-" "ImageBot/1.0 (compatible; research crawler; +https://github.com/rom1504/img2dataset; opt-out: abuse.notification.dcomp12b@gmail.com;"
52.1.250.135 - - [11/Sep/2026:09:18:36 -0400] "GET /upload/resources/image/2026/03/05/2736992_4096x10000.png HTTP/1.1" 404 11311 "-" "ImageBot/1.0 (compatible; research crawler; +https://github.com/rom1504/img2dataset; opt-out: abuse.notification.dcomp12b@gmail.com;"
52.1.250.135 - - [11/Sep/2026:09:18:39 -0400] "GET /2023/09/28/%E6%95%98%E5%88%A9%E4%BA%9E%E7%AC%AC%E4%B8%80%E5%A4%AB%E4%BA%BA%EF%BC%9A48%E6%AD%B2%E5%84%AA%E9%9B%85%E8%AA%98%E4%BA%BA%EF%BC%8C%E8%BA%AB%E6%82%A3%E9%87%8D%E7%96%BE%E7%94%9C%E5%BF%83%E5%AF%B6%E8%B2%9D/923189f9027b41a999e978b6a97a09ae.jpeg HTTP/1.1" 404 11311 "-" "ImageBot/1.0 (compatible; research crawler; +https://github.com/rom1504/img2dataset; opt-out: abuse.notification.dcomp12b@gmail.com;"
50.19.85.253 - - [11/Sep/2026:09:18:40 -0400] "GET /upload/resources/image/2022/12/27/1091933_4096x10000.jpeg HTTP/1.1" 404 11311 "-" "ImageBot/1.0 (compatible; research crawler; +https://github.com/rom1504/img2dataset; opt-out: abuse.notification.dcomp12b@gmail.com;"
