52.23.26.158 - - [11/Sep/2026:08:41:01 -0400] "GET /%E8%97%8D%E8%8E%93%E5%83%B9%E6%A0%BC%E5%B9%B4%E5%A4%9C%E8%B7%B3%E6%B0%B4%EF%BC%8C%E9%96%8B%E5%A7%8B%E8%AB%96%E6%A1%B6%E8%B3%A3%E4%BA%86%EF%BC%81osder%E5%A5%A7%E6%96%AF%E5%BE%B7%E5%8F%B0%E5%8C%97/20260319/264015.jpg HTTP/1.1" 404 11311 "-" "ImageBot/1.0 (compatible; research crawler; +https://github.com/rom1504/img2dataset; opt-out: abuse.notification.dcomp12b@gmail.com;"
50.19.85.253 - - [11/Sep/2026:08:41:02 -0400] "GET /%E6%B8%85%E9%81%A0%E9%99%BD%E5%B1%B1%E4%B8%80%E5%A4%A9osder%E5%A5%A7%E6%96%AF%E5%BE%B7%E6%9D%90%E6%96%99%E5%A0%B1%E5%83%B9%E9%99%8D%E6%BA%AB14-5%E2%84%83%EF%BC%81%E5%86%B7%E6%B0%A3/20260207/138563.png HTTP/1.1" 404 11311 "-" "ImageBot/1.0 (compatible; research crawler; +https://github.com/rom1504/img2dataset; opt-out: abuse.notification.dcomp12b@gmail.com;"
54.166.204.138 - - [11/Sep/2026:08:41:03 -0400] "GET /upload/resources/image/2024/02/04/1765651_4096x10000.jpeg HTTP/1.1" 404 11311 "-" "ImageBot/1.0 (compatible; research crawler; +https://github.com/rom1504/img2dataset; opt-out: abuse.notification.dcomp12b@gmail.com;"
52.23.26.158 - - [11/Sep/2026:08:41:04 -0400] "GET /%E5%BB%A3jiuyi%E4%BF%B1%E6%84%8F%E7%A9%BA%E9%96%93%E8%A8%AD%E8%A8%88%E6%9D%B16%E6%AD%B2%E5%A5%B3%E5%AD%A9%E7%B6%B2%E4%B8%8A%E8%AA%87%E8%80%80%E5%81%87%E6%9C%9F%E5%BE%88%E9%96%91/20260206/134601.jpg HTTP/1.1" 404 11311 "-" "ImageBot/1.0 (compatible; research crawler; +https://github.com/rom1504/img2dataset; opt-out: abuse.notification.dcomp12b@gmail.com;"
52.1.250.135 - - [11/Sep/2026:08:41:04 -0400] "GET /upload/resources/image/2024/02/18/1788759_4096x10000.jpeg HTTP/1.1" 404 11311 "-" "ImageBot/1.0 (compatible; research crawler; +https://github.com/rom1504/img2dataset; opt-out: abuse.notification.dcomp12b@gmail.com;"
54.166.204.138 - - [11/Sep/2026:08:41:09 -0400] "GET /upload/resources/image/2026/03/10/2741408_4096x10000.jpeg HTTP/1.1" 404 11311 "-" "ImageBot/1.0 (compatible; research crawler; +https://github.com/rom1504/img2dataset; opt-out: abuse.notification.dcomp12b@gmail.com;"
54.166.204.138 - - [11/Sep/2026:08:41:10 -0400] "GET /%E6%88%BF%E7%94%A2%E8%B3%87%E8%A8%8A%E7%94%9F%E6%B6%AF%E9%9B%9C%E8%AD%B0%EF%BC%88%E4%B8%89%EF%BC%89/063059s4pz2auem61u4s1m.jpg HTTP/1.1" 404 11311 "-" "ImageBot/1.0 (compatible; research crawler; +https://github.com/rom1504/img2dataset; opt-out: abuse.notification.dcomp12b@gmail.com;"
50.19.85.253 - - [11/Sep/2026:08:41:14 -0400] "GET /2024/03/19/%E6%88%91%E7%9A%84%E6%96%B0%E5%8C%97-%E4%B8%AD%E5%8F%A4%E5%B1%8B%E7%88%B6%E8%A6%AA/211235w1g41czoc5nqkg04.jpg HTTP/1.1" 404 11311 "-" "ImageBot/1.0 (compatible; research crawler; +https://github.com/rom1504/img2dataset; opt-out: abuse.notification.dcomp12b@gmail.com;"
52.23.26.158 - - [11/Sep/2026:08:41:15 -0400] "GET /upload/resources/image/2025/01/11/2245462_4096x10000.jpeg HTTP/1.1" 404 11311 "-" "ImageBot/1.0 (compatible; research crawler; +https://github.com/rom1504/img2dataset; opt-out: abuse.notification.dcomp12b@gmail.com;"
54.166.204.138 - - [11/Sep/2026:08:41:15 -0400] "GET /upload/resources/image/2025/12/26/2673518_4096x10000.jpeg HTTP/1.1" 404 11311 "-" "ImageBot/1.0 (compatible; research crawler; +https://github.com/rom1504/img2dataset; opt-out: abuse.notification.dcomp12b@gmail.com;"
186.61.175.57 - - [11/Sep/2026:08:41:15 -0400] "GET /post_tag-sitemap.xml HTTP/1.1" 404 11311 "-" "Mozilla/5.0 (Windows NT 10.0; Win64; x64; rv:130.0) Gecko/20100101 Firefox/130.0"
52.23.26.158 - - [11/Sep/2026:08:41:22 -0400] "GET /2024/03/17/%E4%B8%80%E4%BD%8D%E5%9D%90%E6%9D%9F%E7%B8%9B%E7%89%8C%E4%B8%8D%E5%8B%95%E7%94%A2%E8%B2%A8%E8%BB%8A%E6%96%B0%E5%A8%98%E7%9A%84%E5%AF%86%E6%84%8F%E5%9B%9E%E7%9C%B8%EF%BC%88%E6%95%A3%E6%96%87%EF%BC%89/101439ormp0mmzmzs44m83.jpg HTTP/1.1" 404 11311 "-" "ImageBot/1.0 (compatible; research crawler; +https://github.com/rom1504/img2dataset; opt-out: abuse.notification.dcomp12b@gmail.com;"
50.19.85.253 - - [11/Sep/2026:08:41:25 -0400] "GET /2024/03/10/%E6%BC%AB%E6%AD%A5%E8%B5%B0%E5%88%B0%E9%A6%AC%E6%AC%84%E5%8F%B0%E5%8C%97-%E7%A4%BE%E5%8D%80%E5%B1%B1/113209bec99biqnvkk4fik.jpg HTTP/1.1" 404 11311 "-" "ImageBot/1.0 (compatible; research crawler; +https://github.com/rom1504/img2dataset; opt-out: abuse.notification.dcomp12b@gmail.com;"
50.19.85.253 - - [11/Sep/2026:08:41:25 -0400] "GET /%E6%96%B0osder%E5%A5%A7%E6%96%AF%E5%BE%B7%E9%9B%B6%E4%BB%B6%E5%95%86%E6%98%A5%E8%B5%B0%E5%9F%BA%E5%B1%A4%E4%B8%A8%E5%81%87%E5%A6%82%E9%BB%9E%E4%BA%86%E7%BE%8E%E5%BC%8F%E5%8D%BB%E4%BE%86/20260303/166396.jpg HTTP/1.1" 404 11311 "-" "ImageBot/1.0 (compatible; research crawler; +https://github.com/rom1504/img2dataset; opt-out: abuse.notification.dcomp12b@gmail.com;"
50.19.85.253 - - [11/Sep/2026:08:41:25 -0400] "GET /2023/10/30/%E5%8E%9F%E5%89%B5-%E5%8C%85%E9%A4%8A%E7%B6%B2%E7%AB%99-1%E7%A7%92%E7%9A%84%E7%99%BE%E5%84%84%E5%84%84%E5%88%86%E4%B9%8B%E4%B8%80%EF%BC%9A%E8%AB%BE%E8%B2%9D%E7%88%BE%E7%89%A9%E7%90%86/c92ee58d7ed44b198681cb0009bfade8.jpeg HTTP/1.1" 404 11311 "-" "ImageBot/1.0 (compatible; research crawler; +https://github.com/rom1504/img2dataset; opt-out: abuse.notification.dcomp12b@gmail.com;"
52.1.250.135 - - [11/Sep/2026:08:41:26 -0400] "GET /%E8%82%87%E6%85%B6%E9%AB%98%E8%A6%81%E5%8D%80%E9%90%B5%E5%B4%97%E7%A4%BE%E5%8D%80%EF%BC%9A%E5%92%96%E5%95%A1%E5%99%B4%E9%BC%BB%E9%87%8C-%E5%8F%A4%E6%9D%91%E7%94%9F%E9%87%91-%E5%B9%B4%E5%A4%9C/20260124/49421.jpg HTTP/1.1" 404 11311 "-" "ImageBot/1.0 (compatible; research crawler; +https://github.com/rom1504/img2dataset; opt-out: abuse.notification.dcomp12b@gmail.com;"
216.73.216.141 - - [11/Sep/2026:08:41:27 -0400] "GET /%e6%9d%8e%e7%a8%bb%e8%91%b5%ef%bc%9a%e4%b8%ad%e5%9c%8b%e7%b6%93%e6%bf%9f%e4%bb%8a%e6%9c%9d%e5%9c%a8%e6%a3%ae%e5%92%8c%e8%a8%ba%e6%89%80%e6%b8%9b%e9%87%8d%e6%81%a2%e5%be%a9%e9%a4%8a%e5%82%b7-%e5%85%ac/ HTTP/2" 200 15238 "-" "Mozilla/5.0 AppleWebKit/537.36 (KHTML, like Gecko; compatible; ClaudeBot/1.0; +claudebot@anthropic.com)"
52.23.26.158 - - [11/Sep/2026:08:41:32 -0400] "GET /upload/resources/image/2025/01/26/2268094_4096x10000.jpeg HTTP/1.1" 404 11311 "-" "ImageBot/1.0 (compatible; research crawler; +https://github.com/rom1504/img2dataset; opt-out: abuse.notification.dcomp12b@gmail.com;"
50.19.85.253 - - [11/Sep/2026:08:41:33 -0400] "GET /2024/03/18/%E5%80%92%E8%A8%88%E6%99%822%E5%A4%A9%EF%BC%812023%E5%B9%B4%E6%AD%A6%E9%9A%86%E4%BB%99%E5%A5%B3%E5%B1%B1%E5%9C%8B%E9%9A%9B%E9%9C%B2%E7%87%9F%E9%9F%B3%E6%A8%82%E7%AF%80%E8%B6%85%E5%85%A8%E6%94%BB/214039sucnlc5h3bg5a3nd.png HTTP/1.1" 404 11311 "-" "ImageBot/1.0 (compatible; research crawler; +https://github.com/rom1504/img2dataset; opt-out: abuse.notification.dcomp12b@gmail.com;"
54.166.204.138 - - [11/Sep/2026:08:41:34 -0400] "GET /upload/resources/image/2026/01/21/2696767.jpg?r=1768937580547 HTTP/1.1" 404 11311 "-" "ImageBot/1.0 (compatible; research crawler; +https://github.com/rom1504/img2dataset; opt-out: abuse.notification.dcomp12b@gmail.com;"
52.1.250.135 - - [11/Sep/2026:08:41:37 -0400] "GET /%E4%B8%AD%E5%9C%8B%E7%B6%93%E6%BF%9F%E5%8B%95osder%E5%A5%A7%E6%96%AF%E5%BE%B7%E5%BE%B7%E7%B3%BB%E8%BB%8A%E5%8A%9B%E5%BD%AD%E6%B9%83-%E4%B8%8A%E5%91%A8%E7%A1%AC%E6%A0%B8%E6%95%B8%E6%93%9A%E5%86%8D/20260420/495078.png HTTP/1.1" 404 11311 "-" "ImageBot/1.0 (compatible; research crawler; +https://github.com/rom1504/img2dataset; opt-out: abuse.notification.dcomp12b@gmail.com;"
52.23.26.158 - - [11/Sep/2026:08:41:37 -0400] "GET /2023/12/13/%E5%B9%B4%E5%A4%9Cs%E8%A2%AB%E6%B1%AA%E5%B0%8F%E8%8F%B2%E6%89%87%E8%80%B3%E5%85%89%EF%BC%9F%E5%B0%8Fs%E9%82%A3%E8%8B%B1%E4%BA%92%E5%97%86%EF%BC%9F%E7%8E%8B%E6%80%9D%E8%81%B0%E9%9A%94%E7%A9%BA%E9%96%8B/142710df7919d48c853668.jpg HTTP/1.1" 404 11311 "-" "ImageBot/1.0 (compatible; research crawler; +https://github.com/rom1504/img2dataset; opt-out: abuse.notification.dcomp12b@gmail.com;"
50.19.85.253 - - [11/Sep/2026:08:41:37 -0400] "GET /upload/resources/image/2024/10/30/2148651_4096x50000.gif HTTP/1.1" 404 11311 "-" "ImageBot/1.0 (compatible; research crawler; +https://github.com/rom1504/img2dataset; opt-out: abuse.notification.dcomp12b@gmail.com;"
3.234.103.5 - - [11/Sep/2026:08:41:39 -0400] "GET /2024/07/20/%E6%89%BE%E5%8C%85%E9%A4%8Aapp%E4%BA%91%E5%B7%9D%E9%91%AB%E5%AF%B6%E5%B0%87%E4%BA%8E8%E6%9C%88%E8%A1%A8%E6%85%8B%E7%BE%8E%E5%9C%8B%E5%9C%A3%E8%BF%AD%E6%88%88/51e1e208844e4f96ab586473e7ee1f20/images/aedf056691bf4b58a0911cb19456b89b.jpg HTTP/1.1" 404 11311 "-" "ImageBot/1.0 (compatible; research crawler; +https://github.com/rom1504/img2dataset; opt-out: abuse.notification.dcomp12b@gmail.com;"
54.166.204.138 - - [11/Sep/2026:08:41:39 -0400] "GET /upload/resources/image/2026/03/07/2738797_4096x10000.jpeg HTTP/1.1" 404 11311 "-" "ImageBot/1.0 (compatible; research crawler; +https://github.com/rom1504/img2dataset; opt-out: abuse.notification.dcomp12b@gmail.com;"
3.234.103.5 - - [11/Sep/2026:08:41:39 -0400] "GET /2023/08/26/city-walk%E4%B8%A8%E5%8C%85%E9%A4%8A%E5%92%B8%E9%99%BD%E8%80%81%E8%A1%97%E5%85%A9%E6%97%A5%E6%B8%B8%E4%BF%9D%E5%A7%86%E7%B4%9A%E6%B8%B8%E7%8E%A9%E6%94%BB%E7%95%A5%E4%BE%86%E4%BA%86/095544w8bdtnb24bebg3g3.jpg HTTP/1.1" 404 11311 "-" "ImageBot/1.0 (compatible; research crawler; +https://github.com/rom1504/img2dataset; opt-out: abuse.notification.dcomp12b@gmail.com;"
44.210.213.220 - - [11/Sep/2026:08:41:42 -0400] "GET /wp-json/oembed/1.0/embed?format=xml&url=https://big-wife.com.tw/%25e5%25ae%2589%25e5%25ba%25b7%25e9%259e%258b%25e4%25bf%259d%25e8%25ad%25b7%25e7%25a7%2580%25e5%2582%25b3%25e9%2586%25ab%25e9%2599%25a2%25e5%2581%25a5%25e5%25ba%25b7%25e6%25aa%25a2%25e6%259f%25a5%25e7%25b3%2596%25e5%25b0%25bf%25e7%2597%2585%25e6%2582%25a3%25e8%2580%2585%25e9%259b%2599%25e8%25b6%25b3/ HTTP/1.1" 200 1354 "-" "Mozilla/5.0 AppleWebKit/537.36 (KHTML, like Gecko; compatible; Amazonbot/0.1; +https://developer.amazon.com/support/amazonbot) Chrome/119.0.6045.214 Safari/537.36"
52.23.26.158 - - [11/Sep/2026:08:41:45 -0400] "GET /%E4%B8%80%E4%BD%8D%E5%9D%90%E6%9D%9F%E7%B8%9B%E7%89%8C%E4%B8%8D%E5%8B%95%E7%94%A2%E8%B2%A8%E8%BB%8A%E6%96%B0%E5%A8%98%E7%9A%84%E5%AF%86%E6%84%8F%E5%9B%9E%E7%9C%B8%EF%BC%88%E6%95%A3%E6%96%87%EF%BC%89/102822k7pryrgu75oip1ur.jpg HTTP/1.1" 404 11311 "-" "ImageBot/1.0 (compatible; research crawler; +https://github.com/rom1504/img2dataset; opt-out: abuse.notification.dcomp12b@gmail.com;"
52.23.26.158 - - [11/Sep/2026:08:41:46 -0400] "GET /upload/resources/image/2024/01/28/1749508_4096x10000.jpeg HTTP/1.1" 404 11311 "-" "ImageBot/1.0 (compatible; research crawler; +https://github.com/rom1504/img2dataset; opt-out: abuse.notification.dcomp12b@gmail.com;"
3.234.103.5 - - [11/Sep/2026:08:41:46 -0400] "GET /2024/01/23/%E7%91%9E%E9%9B%AA%E5%85%86%E5%BA%B7%E5%B9%B4%EF%BC%9A%E7%9B%8A%E9%99%BD%E5%8F%A4%E5%9F%8E%E4%B8%80%E5%8C%85%E9%A4%8A%E8%88%87%E9%9B%AA%E7%9A%84%E5%95%86%E5%AE%9A/103246bs6j8cz2f6273pwx.jpg HTTP/1.1" 404 11311 "-" "ImageBot/1.0 (compatible; research crawler; +https://github.com/rom1504/img2dataset; opt-out: abuse.notification.dcomp12b@gmail.com;"
50.19.85.253 - - [11/Sep/2026:08:41:49 -0400] "GET /%E4%B8%8A%E6%B5%B7%E4%B9%8B%E6%98%A5%E8%BF%8E%E9%87%8D%E7%A3%85%E8%A1%A8%E6%BC%94%EF%BC%8C%E8%B2%BB%E8%88%8D%E7%88%BE%E5%9F%B7%E6%A3%92%E5%B8%83%E9%81%94%E4%BD%A9%E6%96%AF%E7%AF%80/20260402/369298.jpg HTTP/1.1" 404 11311 "-" "ImageBot/1.0 (compatible; research crawler; +https://github.com/rom1504/img2dataset; opt-out: abuse.notification.dcomp12b@gmail.com;"
52.23.26.158 - - [11/Sep/2026:08:41:52 -0400] "GET /2024/01/03/%E5%9C%B0%E7%86%B1%E7%86%B1%E6%B0%A3%E7%89%87%E5%93%AA%E5%80%8B%E6%9B%B4%E7%87%92%E9%8C%A2%EF%BC%9F%E8%A3%9D%E7%BD%AE%E4%BF%9D%E8%AD%B7%E8%B2%BB%E4%BA%8B%E5%97%8E%EF%BC%9F%E8%B6%85%E5%85%A8%E6%94%BB/boy-cheer.gif HTTP/1.1" 404 11311 "-" "ImageBot/1.0 (compatible; research crawler; +https://github.com/rom1504/img2dataset; opt-out: abuse.notification.dcomp12b@gmail.com;"
114.119.134.67 - - [11/Sep/2026:08:41:54 -0400] "GET /%e5%be%9e%e6%9f%a5%e5%8c%85%e9%a4%8a%e7%b6%b2%e7%ab%99%e6%af%94%e6%93%ac%e6%9d%91%e8%90%bd%e5%8b%95%e8%ba%ab%ef%bc%8c%e8%b5%b4%e4%b8%80%e5%a0%b4%e9%ab%98%e8%88%88%e8%a7%80%e5%85%89_%e4%b8%ad%e5%9c%8b/ HTTP/1.1" 200 18538 "https://big-wife.com.tw/%e3%80%8a%e6%84%9b%e6%83%85%e5%b8%ab%e9%95%b7%e6%95%99%e5%b8%ab%e3%80%8b1%e6%9c%8812%e6%97%a5%e6%92%ad%e5%87%ba-%e9%9d%b3%e5%8f%b0%e5%8c%85%e9%a4%8a%e7%b6%b2%e7%ab%99%e6%9d%b1%e6%b1%9f%e7%96%8f/" "Mozilla/5.0 (Linux; Android 7.0;) AppleWebKit/537.36 (HTML, like Gecko) Mobile Safari/537.36 (compatible; PetalBot;+https://webmaster.petalsearch.com/site/petalbot)"
49.47.131.186 - - [11/Sep/2026:08:41:54 -0400] "GET /product-sitemap.xml HTTP/1.1" 404 11311 "-" "Mozilla/5.0 (Macintosh; Intel Mac OS X 11_5_1) AppleWebKit/537.36 (KHTML, like Gecko) Chrome/124.0.6367.155 Safari/537.36"
52.23.26.158 - - [11/Sep/2026:08:41:54 -0400] "GET /%E4%B8%80%E7%81%A3%E6%B5%B7%E6%B0%B4-%E5%9B%9B%E6%99%82osder%E5%A5%A7%E6%96%AF%E5%BE%B7%E6%9D%90%E6%96%99%E5%A0%B1%E5%83%B9%E8%B1%90%E9%A5%92/20260409/416933.jpg HTTP/1.1" 404 11311 "-" "ImageBot/1.0 (compatible; research crawler; +https://github.com/rom1504/img2dataset; opt-out: abuse.notification.dcomp12b@gmail.com;"
52.23.26.158 - - [11/Sep/2026:08:41:55 -0400] "GET /%E6%99%B4%E9%9B%A8%E5%8D%B3%E5%B0%87%E8%BD%89jiuyi%E4%BF%B1%E6%84%8F%E8%A8%BA%E6%89%80%E8%A8%AD%E8%A8%88%E6%8F%9B%EF%BC%81%E4%BB%8A%E6%99%9A%E5%BB%A3%E6%9D%B1%E6%9A%B4%E9%9B%A8%E6%88%96%E9%87%8D/20260402/364439.jpg HTTP/1.1" 404 11311 "-" "ImageBot/1.0 (compatible; research crawler; +https://github.com/rom1504/img2dataset; opt-out: abuse.notification.dcomp12b@gmail.com;"
50.19.85.253 - - [11/Sep/2026:08:41:55 -0400] "GET /html/files/2022-06/14/20220614073957466118864.jpg HTTP/1.1" 404 11311 "-" "ImageBot/1.0 (compatible; research crawler; +https://github.com/rom1504/img2dataset; opt-out: abuse.notification.dcomp12b@gmail.com;"
54.166.204.138 - - [11/Sep/2026:08:42:02 -0400] "GET /upload/resources/image/2026/04/20/2778042_4096x10000.jpeg HTTP/1.1" 404 11311 "-" "ImageBot/1.0 (compatible; research crawler; +https://github.com/rom1504/img2dataset; opt-out: abuse.notification.dcomp12b@gmail.com;"
54.166.204.138 - - [11/Sep/2026:08:42:02 -0400] "GET /upload/resources/image/2026/03/25/2755546_4096x10000.jpeg HTTP/1.1" 404 11311 "-" "ImageBot/1.0 (compatible; research crawler; +https://github.com/rom1504/img2dataset; opt-out: abuse.notification.dcomp12b@gmail.com;"
52.23.26.158 - - [11/Sep/2026:08:42:07 -0400] "GET /html/files/2021-08/15/20210815075859453530740.png HTTP/1.1" 404 11311 "-" "ImageBot/1.0 (compatible; research crawler; +https://github.com/rom1504/img2dataset; opt-out: abuse.notification.dcomp12b@gmail.com;"
3.234.103.5 - - [11/Sep/2026:08:42:09 -0400] "GET /upload/resources/image/2024/04/15/1886903_4096x10000.jpeg HTTP/1.1" 404 11311 "-" "ImageBot/1.0 (compatible; research crawler; +https://github.com/rom1504/img2dataset; opt-out: abuse.notification.dcomp12b@gmail.com;"
52.23.26.158 - - [11/Sep/2026:08:42:10 -0400] "GET /upload/resources/image/2026/04/06/2764957_4096x10000.jpeg HTTP/1.1" 404 11311 "-" "ImageBot/1.0 (compatible; research crawler; +https://github.com/rom1504/img2dataset; opt-out: abuse.notification.dcomp12b@gmail.com;"
3.234.103.5 - - [11/Sep/2026:08:42:12 -0400] "GET /2024/01/30/%E5%BC%B5%E4%B8%80%E5%B1%B1%E6%84%9B%E6%83%85%E5%86%8D%E6%9B%9D%E5%85%89%EF%BC%8C%E5%AD%9F%E7%BE%8E%E5%B2%90%E8%A6%93%E5%8C%85%E9%A4%8A%E7%B6%B2%E5%BF%83%E5%BE%97%E5%B9%AB%E9%96%A8%E8%9C%9C%E4%B8%8A/160459eca4a4fa22c44034.jpg HTTP/1.1" 404 11311 "-" "ImageBot/1.0 (compatible; research crawler; +https://github.com/rom1504/img2dataset; opt-out: abuse.notification.dcomp12b@gmail.com;"
54.166.204.138 - - [11/Sep/2026:08:42:15 -0400] "GET /2024/03/26/%E6%B5%B8%E5%B3%AA-%E5%8F%B0%E5%8D%97-%E6%88%BF%E7%94%A2-%E6%A1%91%E6%A4%8D%E5%B9%B4%E5%A4%9C%E5%B1%B1%E4%B8%AD%E7%9A%84%E6%98%8E%E7%8F%A0/151702or8jsqtic00qjfc4.jpg HTTP/1.1" 404 11311 "-" "ImageBot/1.0 (compatible; research crawler; +https://github.com/rom1504/img2dataset; opt-out: abuse.notification.dcomp12b@gmail.com;"
50.19.85.253 - - [11/Sep/2026:08:42:18 -0400] "GET /upload/resources/image/2025/05/29/2443299_4096x10000.jpeg HTTP/1.1" 404 11311 "-" "ImageBot/1.0 (compatible; research crawler; +https://github.com/rom1504/img2dataset; opt-out: abuse.notification.dcomp12b@gmail.com;"
52.1.250.135 - - [11/Sep/2026:08:42:18 -0400] "GET /2023/08/26/city-walk%E4%B8%A8%E5%8C%85%E9%A4%8A%E5%92%B8%E9%99%BD%E8%80%81%E8%A1%97%E5%85%A9%E6%97%A5%E6%B8%B8%E4%BF%9D%E5%A7%86%E7%B4%9A%E6%B8%B8%E7%8E%A9%E6%94%BB%E7%95%A5%E4%BE%86%E4%BA%86/095603fmmoahm55hhoim98.png HTTP/1.1" 404 11311 "-" "ImageBot/1.0 (compatible; research crawler; +https://github.com/rom1504/img2dataset; opt-out: abuse.notification.dcomp12b@gmail.com;"
95.244.184.183 - - [11/Sep/2026:08:42:21 -0400] "GET /sitemap.xml HTTP/1.1" 301 0 "-" "Mozilla/5.0 (Macintosh; Intel Mac OS X 13.3; rv:132.0) Gecko/20100101 Firefox/132.0"
52.23.26.158 - - [11/Sep/2026:08:42:21 -0400] "GET /upload/resources/image/2026/02/01/2706666_4096x10000.gif HTTP/1.1" 404 11311 "-" "ImageBot/1.0 (compatible; research crawler; +https://github.com/rom1504/img2dataset; opt-out: abuse.notification.dcomp12b@gmail.com;"
52.23.26.158 - - [11/Sep/2026:08:42:22 -0400] "GET /%E5%BB%A3%E8%B2%A8%E8%A1%8C%E5%85%A8%E5%9C%8B-%E7%A4%BE%E7%A7%91%E8%96%A6%E5%84%AA%E5%93%81-jiuyi%E4%BF%B1%E6%84%8F%E8%A8%BA%E6%89%80%E8%A8%AD%E8%A8%88-%E9%99%BD%E8%A5%BF%E4%BD%B3%E5%91%B3%EF%BC%9A/20260214/42809.png HTTP/1.1" 404 11311 "-" "ImageBot/1.0 (compatible; research crawler; +https://github.com/rom1504/img2dataset; opt-out: abuse.notification.dcomp12b@gmail.com;"
95.244.184.183 - - [11/Sep/2026:08:42:22 -0400] "GET /wp-sitemap.xml HTTP/1.1" 200 249 "-" "Mozilla/5.0 (Macintosh; Intel Mac OS X 13.3; rv:132.0) Gecko/20100101 Firefox/132.0"
3.234.103.5 - - [11/Sep/2026:08:42:22 -0400] "GET /%E6%B8%85%E9%81%A0%E9%99%BD%E5%B1%B1%E4%B8%80%E5%A4%A9osder%E5%A5%A7%E6%96%AF%E5%BE%B7%E6%9D%90%E6%96%99%E5%A0%B1%E5%83%B9%E9%99%8D%E6%BA%AB14-5%E2%84%83%EF%BC%81%E5%86%B7%E6%B0%A3/20260207/138570.jpg HTTP/1.1" 404 11311 "-" "ImageBot/1.0 (compatible; research crawler; +https://github.com/rom1504/img2dataset; opt-out: abuse.notification.dcomp12b@gmail.com;"
52.23.26.158 - - [11/Sep/2026:08:42:26 -0400] "GET /upload/resources/image/2026/04/09/2768825_4096x10000.jpeg HTTP/1.1" 404 11311 "-" "ImageBot/1.0 (compatible; research crawler; +https://github.com/rom1504/img2dataset; opt-out: abuse.notification.dcomp12b@gmail.com;"
3.234.103.5 - - [11/Sep/2026:08:42:26 -0400] "GET /%E9%82%B5%E6%9D%B1%E8%97%8D%E5%A4%A9%E6%95%91%E6%BF%9F%E9%9A%8A%E5%85%A9%E5%90%8D%E9%9A%8A%E5%93%A1%E6%A6%AE%E7%8D%B2%E6%96%B0%E6%99%82%E6%9C%9F%E6%96%87%E6%98%8E%E5%AF%A6%E8%A1%8C%E6%A8%99/155810kiogeuefdex1wxfd.jpg HTTP/1.1" 404 11311 "-" "ImageBot/1.0 (compatible; research crawler; +https://github.com/rom1504/img2dataset; opt-out: abuse.notification.dcomp12b@gmail.com;"
3.234.103.5 - - [11/Sep/2026:08:42:27 -0400] "GET /2024/03/27/%E6%88%BF%E7%94%A2%E6%88%91%E7%9A%84%E7%88%B6%E8%A6%AA/213748hi7qksprhkwa6psi.jpg HTTP/1.1" 404 11311 "-" "ImageBot/1.0 (compatible; research crawler; +https://github.com/rom1504/img2dataset; opt-out: abuse.notification.dcomp12b@gmail.com;"
52.23.26.158 - - [11/Sep/2026:08:42:31 -0400] "GET /2024/03/04/%E8%90%AC%E5%85%AC%E9%87%8C%E8%B7%91%E8%80%85%E9%84%A7%E8%89%AF%E8%8F%AF%E8%B7%91%E5%87%BA%E5%9C%8B%E9%96%80%E6%96%B0%E5%8C%97%E6%88%BF%E7%94%A2%E5%8D%81%E5%A4%A9%E8%A8%98/212552y1oo8f88s1zuooql.jpg HTTP/1.1" 404 11311 "-" "ImageBot/1.0 (compatible; research crawler; +https://github.com/rom1504/img2dataset; opt-out: abuse.notification.dcomp12b@gmail.com;"
52.1.250.135 - - [11/Sep/2026:08:42:31 -0400] "GET /upload/resources/image/2026/03/23/2753506_4096x50000.jpeg HTTP/1.1" 404 11311 "-" "ImageBot/1.0 (compatible; research crawler; +https://github.com/rom1504/img2dataset; opt-out: abuse.notification.dcomp12b@gmail.com;"
50.19.85.253 - - [11/Sep/2026:08:42:33 -0400] "GET /upload/resources/image/2026/02/04/2710330.jpeg HTTP/1.1" 404 11311 "-" "ImageBot/1.0 (compatible; research crawler; +https://github.com/rom1504/img2dataset; opt-out: abuse.notification.dcomp12b@gmail.com;"
52.23.26.158 - - [11/Sep/2026:08:42:37 -0400] "GET /%E7%86%B1%E6%89%BE%E5%8C%85%E9%A4%8Aapp%E8%BE%A3%E6%BB%BE%E7%87%99%EF%BC%81%E7%9C%8B%E9%BE%8D%E5%B9%B4%E6%98%A5%E7%AF%80/621d1c3520b749309450a8c23e61b923/images/fd16bbf3476c48b2b3492ab746508619.jpg HTTP/1.1" 404 11311 "-" "ImageBot/1.0 (compatible; research crawler; +https://github.com/rom1504/img2dataset; opt-out: abuse.notification.dcomp12b@gmail.com;"
50.19.85.253 - - [11/Sep/2026:08:42:38 -0400] "GET /2024/03/11/%E8%90%AC%E5%85%AC%E9%87%8C%E8%B7%91%E8%80%85%E9%84%A7%E8%89%AF%E8%8F%AF%E8%B7%91%E5%87%BA%E5%9C%8B%E9%96%80%E5%8D%81%E5%A4%A9%E8%A8%98-2/212033maf6ixfzaq8y8ffd.png HTTP/1.1" 404 11305 "-" "ImageBot/1.0 (compatible; research crawler; +https://github.com/rom1504/img2dataset; opt-out: abuse.notification.dcomp12b@gmail.com;"
52.23.26.158 - - [11/Sep/2026:08:42:38 -0400] "GET /2024/03/21/%E8%B5%B0%E5%85%A8%E5%9C%8B%EF%BC%9A%E5%9C%A8%E5%8F%B0%E5%8D%97%E6%88%BF%E7%94%A2%E9%82%A3%E7%B6%A0%E6%A6%95%E6%88%90%E8%94%AD%E9%AE%AE%E8%8A%B1%E6%80%92%E6%94%BE%E7%9A%84%E6%9D%91%E8%90%BD/115336izby33we03hbz003.jpg HTTP/1.1" 404 11311 "-" "ImageBot/1.0 (compatible; research crawler; +https://github.com/rom1504/img2dataset; opt-out: abuse.notification.dcomp12b@gmail.com;"
185.191.171.1 - - [11/Sep/2026:08:42:41 -0400] "GET /%E8%81%B2%E9%9F%B3%E4%B9%9F%E8%83%BD%E6%B8%AC%E5%87%BA%E6%8A%91%E9%83%81%E7%99%A5-%E7%95%B6%E5%9C%B0ai%E6%9D%B1%E8%A5%BF%E6%9C%80%E5%BF%AB%E7%A7%80%E5%82%B3%E9%86%AB%E9%99%A2%E8%B2%BB%E7%94%A8/ HTTP/1.1" 403 1242 "-" "Mozilla/5.0 (compatible; SemrushBot/7~bl; +http://www.semrush.com/bot.html)"
50.19.85.253 - - [11/Sep/2026:08:42:44 -0400] "GET /2023%E6%A1%83%E5%9C%92-%E7%A4%BE%E5%8D%80%E5%A4%A7%E5%BB%88%E5%B9%B4%E6%B4%AA%E6%B1%9F%E7%AD%96%E5%8A%83%E7%B8%A3%E5%9F%8E%E6%95%99%E5%B0%8E%E5%BE%A9%E8%88%88/230106ky9uzzwunbhrhghr.jpg HTTP/1.1" 404 11311 "-" "ImageBot/1.0 (compatible; research crawler; +https://github.com/rom1504/img2dataset; opt-out: abuse.notification.dcomp12b@gmail.com;"
54.166.204.138 - - [11/Sep/2026:08:42:44 -0400] "GET /upload/resources/image/2025/05/28/2442664.jpg?r=1748413472234 HTTP/1.1" 404 11311 "-" "ImageBot/1.0 (compatible; research crawler; +https://github.com/rom1504/img2dataset; opt-out: abuse.notification.dcomp12b@gmail.com;"
52.23.26.158 - - [11/Sep/2026:08:42:45 -0400] "GET /upload/resources/image/2026/03/24/2754197_4096x10000.jpeg HTTP/1.1" 404 11311 "-" "ImageBot/1.0 (compatible; research crawler; +https://github.com/rom1504/img2dataset; opt-out: abuse.notification.dcomp12b@gmail.com;"
54.166.204.138 - - [11/Sep/2026:08:42:49 -0400] "GET /2023/08/26/city-walk%E4%B8%A8%E5%8C%85%E9%A4%8A%E5%92%B8%E9%99%BD%E8%80%81%E8%A1%97%E5%85%A9%E6%97%A5%E6%B8%B8%E4%BF%9D%E5%A7%86%E7%B4%9A%E6%B8%B8%E7%8E%A9%E6%94%BB%E7%95%A5%E4%BE%86%E4%BA%86/095542dvxxxttm1cfnlbb3.jpg HTTP/1.1" 404 11311 "-" "ImageBot/1.0 (compatible; research crawler; +https://github.com/rom1504/img2dataset; opt-out: abuse.notification.dcomp12b@gmail.com;"
50.19.85.253 - - [11/Sep/2026:08:42:49 -0400] "GET /upload/resources/image/2026/03/23/2753541.jpeg HTTP/1.1" 404 11311 "-" "ImageBot/1.0 (compatible; research crawler; +https://github.com/rom1504/img2dataset; opt-out: abuse.notification.dcomp12b@gmail.com;"
3.234.103.5 - - [11/Sep/2026:08:42:51 -0400] "GET /upload/resources/image/2026/04/18/2776406_4096x10000.jpeg HTTP/1.1" 404 11311 "-" "ImageBot/1.0 (compatible; research crawler; +https://github.com/rom1504/img2dataset; opt-out: abuse.notification.dcomp12b@gmail.com;"
52.1.250.135 - - [11/Sep/2026:08:42:53 -0400] "GET /2023/12/21/%E6%B8%85%E9%BB%9E2018%E5%B9%B4%E4%BA%BA%E8%A8%AD%E7%94%9C%E5%BF%83%E5%AF%B6%E8%B2%9D%E5%8C%85%E9%A4%8A%E7%B6%B2%E5%B4%A9%E5%A1%8C%E7%9A%84%E6%98%8E%E6%98%9F%E5%B9%B4%E5%A4%9C%E5%92%96%EF%BC%8C/173747160e207ac6b566cb.jpg HTTP/1.1" 404 11311 "-" "ImageBot/1.0 (compatible; research crawler; +https://github.com/rom1504/img2dataset; opt-out: abuse.notification.dcomp12b@gmail.com;"
50.19.85.253 - - [11/Sep/2026:08:42:55 -0400] "GET /%E4%B8%9F%E6%8E%89%E7%9A%84%E6%B8%AF%E6%BE%B3%E9%80%9A%E8%A1%8C%E8%AD%89%EF%BC%8C%E8%A2%AB%E5%B9%B3%E6%98%93%E8%BF%91%E8%AD%A6%E6%92%BFjiuyi%E4%BF%B1%E6%84%8F%E4%BD%8F%E5%AE%85%E8%A8%AD%E8%A8%88/20260327/318734.jpg HTTP/1.1" 404 11311 "-" "ImageBot/1.0 (compatible; research crawler; +https://github.com/rom1504/img2dataset; opt-out: abuse.notification.dcomp12b@gmail.com;"
50.19.85.253 - - [11/Sep/2026:08:43:00 -0400] "GET /2024/03/15/%E8%90%AC%E5%85%AC%E9%87%8C%E8%B7%91%E8%80%85%E9%84%A7%E8%89%AF%E8%8F%AF%E6%88%BF%E5%9C%B0%E7%94%A2%E8%B7%91%E5%87%BA%E5%9C%8B%E9%96%80%E5%8D%81%E5%A4%A9%E8%A8%98/212546jxmmtopl7fcb95ym.jpg HTTP/1.1" 404 11311 "-" "ImageBot/1.0 (compatible; research crawler; +https://github.com/rom1504/img2dataset; opt-out: abuse.notification.dcomp12b@gmail.com;"
50.19.85.253 - - [11/Sep/2026:08:43:05 -0400] "GET /upload/resources/image/2023/06/23/1362775_4096x10000.jpeg HTTP/1.1" 404 11311 "-" "ImageBot/1.0 (compatible; research crawler; +https://github.com/rom1504/img2dataset; opt-out: abuse.notification.dcomp12b@gmail.com;"
54.166.204.138 - - [11/Sep/2026:08:43:14 -0400] "GET /2024/03/25/%E5%85%AC%E4%BA%A4%E6%9D%91%E5%8F%B0%E5%8C%97-%E6%88%BF%E7%94%A2%E8%90%BD%E6%B8%B8%EF%BC%882%EF%BC%89%E8%A1%97%E6%B4%9E%E7%85%A4%E7%A4%A6/202025abc99ceee8eb4hhu.jpg HTTP/1.1" 404 11311 "-" "ImageBot/1.0 (compatible; research crawler; +https://github.com/rom1504/img2dataset; opt-out: abuse.notification.dcomp12b@gmail.com;"
50.19.85.253 - - [11/Sep/2026:08:43:15 -0400] "GET /%E8%B5%B0%E5%85%A8%E5%9C%8B%EF%BC%9A%E5%9C%A8%E5%8F%B0%E5%8D%97%E6%88%BF%E7%94%A2%E9%82%A3%E7%B6%A0%E6%A6%95%E6%88%90%E8%94%AD%E9%AE%AE%E8%8A%B1%E6%80%92%E6%94%BE%E7%9A%84%E6%9D%91%E8%90%BD/115331nmzm9xc3p1c5k0y6.jpg HTTP/1.1" 404 11311 "-" "ImageBot/1.0 (compatible; research crawler; +https://github.com/rom1504/img2dataset; opt-out: abuse.notification.dcomp12b@gmail.com;"
50.19.85.253 - - [11/Sep/2026:08:43:16 -0400] "GET /upload/resources/image/2026/02/19/2724456_4096x10000.jpeg HTTP/1.1" 404 11311 "-" "ImageBot/1.0 (compatible; research crawler; +https://github.com/rom1504/img2dataset; opt-out: abuse.notification.dcomp12b@gmail.com;"
52.1.250.135 - - [11/Sep/2026:08:43:17 -0400] "GET /2023/12/21/%E6%B8%85%E9%BB%9E2018%E5%B9%B4%E4%BA%BA%E8%A8%AD%E7%94%9C%E5%BF%83%E5%AF%B6%E8%B2%9D%E5%8C%85%E9%A4%8A%E7%B6%B2%E5%B4%A9%E5%A1%8C%E7%9A%84%E6%98%8E%E6%98%9F%E5%B9%B4%E5%A4%9C%E5%92%96%EF%BC%8C/171359dfabf321c8e81efe.jpg HTTP/1.1" 404 11311 "-" "ImageBot/1.0 (compatible; research crawler; +https://github.com/rom1504/img2dataset; opt-out: abuse.notification.dcomp12b@gmail.com;"
114.119.134.67 - - [11/Sep/2026:08:43:17 -0400] "GET /%e5%be%9e%e6%96%87%e6%98%8e%e6%8e%a2%e5%b0%88%e5%8c%85%e9%a4%8a%e7%b6%93%e9%a9%97%e6%ba%90%e5%88%b0%e6%96%87%e6%98%8e%e4%ba%92%e9%91%92%e4%b8%ad%e5%9c%8b%e7%a4%be%e7%a7%91%e9%99%a2%e8%80%83/ HTTP/1.1" 200 17282 "https://big-wife.com.tw/%e5%8f%b0%e5%8c%85%e9%a4%8a%e7%b6%93%e9%a9%97%e6%8a%8a%e6%8e%a8%e9%80%b2%e9%ab%98%e6%9d%b1%e8%a5%bf%e7%9a%84%e5%93%81%e8%b3%aa%e6%88%90%e9%95%b7%e4%bd%9c%e7%82%ba%e5%bc%95%e5%b0%8e%e5%b9%b2%e9%83%a8/" "Mozilla/5.0 (Linux; Android 7.0;) AppleWebKit/537.36 (HTML, like Gecko) Mobile Safari/537.36 (compatible; PetalBot;+https://webmaster.petalsearch.com/site/petalbot)"
3.234.103.5 - - [11/Sep/2026:08:43:18 -0400] "GET /upload/resources/image/2024/11/29/2188280.png?r=1732866691310 HTTP/1.1" 404 11311 "-" "ImageBot/1.0 (compatible; research crawler; +https://github.com/rom1504/img2dataset; opt-out: abuse.notification.dcomp12b@gmail.com;"
182.34.95.166 - - [11/Sep/2026:08:43:19 -0400] "GET /%e5%b0%88%e5%8c%85%e9%a4%8a%e5%83%b9%e6%a0%bc%e7%b2%be%e6%ba%96%e7%99%bc%e5%8a%9b%e6%99%ba%e8%83%bd%e5%88%b6%e9%80%a0/ HTTP/1.1" 200 20043 "-" "Mozilla/5.0 (Windows NT 10.0; Win64; x64) AppleWebKit/537.36 (KHTML, like Gecko) Chrome/127.0.6533.17 Safari/537.36"
50.19.85.253 - - [11/Sep/2026:08:43:20 -0400] "GET /2024/03/30/%E4%B8%83%E8%A8%80%E7%9B%A1%E5%8F%A5-%E6%98%A5%E6%AC%B2%E6%B1%82/064254diqitm1tqzegk4lt.jpg HTTP/1.1" 404 11311 "-" "ImageBot/1.0 (compatible; research crawler; +https://github.com/rom1504/img2dataset; opt-out: abuse.notification.dcomp12b@gmail.com;"
52.1.250.135 - - [11/Sep/2026:08:43:21 -0400] "GET /upload/resources/image/2024/01/29/1752148_4096x10000.jpeg HTTP/1.1" 404 11311 "-" "ImageBot/1.0 (compatible; research crawler; +https://github.com/rom1504/img2dataset; opt-out: abuse.notification.dcomp12b@gmail.com;"
3.234.103.5 - - [11/Sep/2026:08:43:24 -0400] "GET /%E5%BB%A3%E8%B2%A8%E8%A1%8C%E5%85%A8%E5%9C%8B%EF%BC%8C%E7%BE%8E%E9%A3%9F%E5%9C%A8%E5%BB%A3%E6%9D%B1%EF%BD%9C2026%E5%B9%B4%E9%9D%9E%E9%81%BA%E8%B3%80%E6%96%B0%E6%98%A5%C2%B7%E5%B0%8B%E5%91%B3/20260123/46175.png HTTP/1.1" 404 11311 "-" "ImageBot/1.0 (compatible; research crawler; +https://github.com/rom1504/img2dataset; opt-out: abuse.notification.dcomp12b@gmail.com;"
3.234.103.5 - - [11/Sep/2026:08:43:24 -0400] "GET /%E6%89%93%E9%80%A0jiuyi%E4%BF%B1%E6%84%8F%E4%BD%8F%E5%AE%85%E8%A8%AD%E8%A8%88ai%E6%96%B0%E7%AA%AA%E5%9C%B0%EF%BC%8Cgdp%E7%9B%AE%E6%A8%99%E5%A2%9E%E9%95%B76%EF%BC%81%E5%BB%A3%E5%B7%9E%E6%B5%B7%E7%8F%A0/20260226/131358.png HTTP/1.1" 404 11311 "-" "ImageBot/1.0 (compatible; research crawler; +https://github.com/rom1504/img2dataset; opt-out: abuse.notification.dcomp12b@gmail.com;"
50.19.85.253 - - [11/Sep/2026:08:43:32 -0400] "GET /%E9%AB%98%E8%B3%AA%E9%87%8F%E7%99%BC%E5%B1%95%E7%9C%8B%E4%B8%AD%E5%9C%8B%E4%B8%A8%E9%AB%98%E7%A9%BA%E7%B6%93%E6%BF%9F%E9%8B%AA%E5%B0%B1osder%E5%A5%A7%E6%96%AF%E5%BE%B7%E6%B1%BD%E8%BB%8A%E6%9D%90/20260325/307097.jpg HTTP/1.1" 404 11311 "-" "ImageBot/1.0 (compatible; research crawler; +https://github.com/rom1504/img2dataset; opt-out: abuse.notification.dcomp12b@gmail.com;"
54.166.204.138 - - [11/Sep/2026:08:43:32 -0400] "GET /jiuyi%E4%BF%B1%E6%84%8F%E7%BF%BB%E4%BF%AE%E8%A8%AD%E8%A8%88%E9%BB%83%E9%87%91%E4%B9%9D%E9%80%A3%E8%B7%8C%EF%BC%8C%E5%91%A8%E5%B9%B4%E5%A4%9C%E7%A6%8F%E6%9A%AB%E7%B7%A9%E6%BC%B2/20260324/300176.jpg HTTP/1.1" 404 11311 "-" "ImageBot/1.0 (compatible; research crawler; +https://github.com/rom1504/img2dataset; opt-out: abuse.notification.dcomp12b@gmail.com;"
52.23.26.158 - - [11/Sep/2026:08:43:33 -0400] "GET /upload/resources/image/2024/01/20/1733894_4096x10000.png HTTP/1.1" 404 11311 "-" "ImageBot/1.0 (compatible; research crawler; +https://github.com/rom1504/img2dataset; opt-out: abuse.notification.dcomp12b@gmail.com;"
52.1.250.135 - - [11/Sep/2026:08:43:34 -0400] "GET /upload/resources/image/2024/12/11/2204273.png?r=1733908270295 HTTP/1.1" 404 11311 "-" "ImageBot/1.0 (compatible; research crawler; +https://github.com/rom1504/img2dataset; opt-out: abuse.notification.dcomp12b@gmail.com;"
3.234.103.5 - - [11/Sep/2026:08:43:36 -0400] "GET /2023/09/04/%E5%BF%98%E5%8F%B0%E4%B8%AD-%E6%88%BF%E5%9C%B0%E7%94%A2%E6%88%91%E7%9A%84%E9%97%9C%E6%84%9B-%E8%99%94%E8%AA%A0%E7%9A%84%E6%8D%90%E8%B4%88%EF%BC%BF%E8%A8%98%E6%A0%AA%E6%B4%B2%E5%B8%82%E8%A1%8C/091305unfmvmvffjlltfjv.png HTTP/1.1" 404 11311 "-" "ImageBot/1.0 (compatible; research crawler; +https://github.com/rom1504/img2dataset; opt-out: abuse.notification.dcomp12b@gmail.com;"
3.234.103.5 - - [11/Sep/2026:08:43:38 -0400] "GET /upload/resources/image/2026/04/22/2780351_4096x10000.jpeg HTTP/1.1" 404 11311 "-" "ImageBot/1.0 (compatible; research crawler; +https://github.com/rom1504/img2dataset; opt-out: abuse.notification.dcomp12b@gmail.com;"
54.166.204.138 - - [11/Sep/2026:08:43:40 -0400] "GET /2024/03/23/%E9%BB%9E%E8%A9%95%EF%BC%9A%E8%A5%BF%E6%88%BF%E7%94%A2%E8%B3%87%E8%A8%8A%E5%B6%BD%E9%84%89%E4%BA%BA%E3%80%8A%E9%80%80%E4%BC%91%E5%90%8E%E5%8F%AF%E4%BB%A5%E5%9B%9E%E8%80%81%E5%AE%B6%E7%94%9F%E6%B6%AF/094808inwm7uzg5ljmiger.jpg HTTP/1.1" 404 11311 "-" "ImageBot/1.0 (compatible; research crawler; +https://github.com/rom1504/img2dataset; opt-out: abuse.notification.dcomp12b@gmail.com;"
34.206.193.60 - - [11/Sep/2026:08:43:42 -0400] "GET /%E5%B1%B1%E6%9D%B1%E9%9D%92%E5%B3%B6%E5%B8%82%E5%9F%8E%E9%99%BD%E5%8D%80%EF%BC%9A%E8%81%9A%E7%84%A6%E4%B8%8A%E9%A2%A8%E8%B3%87%E6%9F%A5%E5%8C%85%E9%A4%8Aapp%E6%BA%90-%E6%89%93%E5%A5%BD/ HTTP/1.1" 200 18830 "-" "Mozilla/5.0 AppleWebKit/537.36 (KHTML, like Gecko; compatible; Amazonbot/0.1; +https://developer.amazon.com/support/amazonbot) Chrome/119.0.6045.214 Safari/537.36"
54.166.204.138 - - [11/Sep/2026:08:43:47 -0400] "GET /%E7%8F%BE%E5%A0%B4%E6%9F%A5%E6%96%B0%E5%8C%97-%E6%88%BF%E7%94%A2%E8%A9%A2%E6%8B%9C%E8%A8%AA%E9%87%87%E8%A8%AA%EF%BC%9A%E8%A1%80%E8%88%87%E7%81%AB%E7%9A%84%E7%AD%86%E6%9E%B6%E5%B1%B1%E6%8A%97%E6%97%A5/081744rcj33c3s2zdk1crv.jpg HTTP/1.1" 404 11311 "-" "ImageBot/1.0 (compatible; research crawler; +https://github.com/rom1504/img2dataset; opt-out: abuse.notification.dcomp12b@gmail.com;"
50.19.85.253 - - [11/Sep/2026:08:43:49 -0400] "GET /17%E6%AD%B2%E5%A5%B3jiuyi%E4%BF%B1%E6%84%8F%E8%A8%BA%E6%89%80%E8%A8%AD%E8%A8%88%E5%AD%A9%E7%A2%BA%E8%A8%BA%E7%9D%A1%E4%BD%B3%E9%BA%97%E7%B6%9C%E5%90%88%E5%BE%81%E4%B8%80%E7%9D%A110%E5%A4%A9%EF%BC%8C/20260322/280775.jpg HTTP/1.1" 404 11311 "-" "ImageBot/1.0 (compatible; research crawler; +https://github.com/rom1504/img2dataset; opt-out: abuse.notification.dcomp12b@gmail.com;"
52.23.26.158 - - [11/Sep/2026:08:43:50 -0400] "GET /html/files/2021-10/10/20211010081726979672056.jpg HTTP/1.1" 404 11311 "-" "ImageBot/1.0 (compatible; research crawler; +https://github.com/rom1504/img2dataset; opt-out: abuse.notification.dcomp12b@gmail.com;"
52.23.26.158 - - [11/Sep/2026:08:43:50 -0400] "GET /%E9%A6%AC%E4%B8%8A%E8%BF%8E%E6%96%B0%E5%89%B5%E6%84%8F%E4%B8%8D%E6%96%B7-%E9%A6%AC%E8%B8%8F%E7%A6%8F%E4%BE%86%E7%AB%8B%E5%88%BB%E9%83%BD%E4%BE%86/20260119/8598.png HTTP/1.1" 404 11311 "-" "ImageBot/1.0 (compatible; research crawler; +https://github.com/rom1504/img2dataset; opt-out: abuse.notification.dcomp12b@gmail.com;"
54.166.204.138 - - [11/Sep/2026:08:43:52 -0400] "GET /upload/resources/image/2026/01/18/2694034_4096x10000.png HTTP/1.1" 404 11311 "-" "ImageBot/1.0 (compatible; research crawler; +https://github.com/rom1504/img2dataset; opt-out: abuse.notification.dcomp12b@gmail.com;"
3.234.103.5 - - [11/Sep/2026:08:43:52 -0400] "GET /upload/resources/image/2026/02/12/2719002_4096x10000.png HTTP/1.1" 404 11311 "-" "ImageBot/1.0 (compatible; research crawler; +https://github.com/rom1504/img2dataset; opt-out: abuse.notification.dcomp12b@gmail.com;"
50.19.85.253 - - [11/Sep/2026:08:43:53 -0400] "GET /2024/06/02/%E8%BF%BD%E9%9A%A8%E7%B8%BD%E6%9B%B8%E8%A8%98%E6%89%BE%E5%8C%85%E9%A4%8A%E5%BF%83%E5%BE%97%E8%90%8D%E8%B9%A4%EF%BC%8C%E6%84%9F%E6%82%9F%E4%B8%AD%E6%BC%A2%E6%96%87%E5%8C%96%E9%AD%85%E5%8A%9B/487b7cbb3af440229442eb1f042bec3c/images/1d649bfad0a34640bd9a863383a6cd8b.jpg HTTP/1.1" 404 11311 "-" "ImageBot/1.0 (compatible; research crawler; +https://github.com/rom1504/img2dataset; opt-out: abuse.notification.dcomp12b@gmail.com;"
50.19.85.253 - - [11/Sep/2026:08:43:53 -0400] "GET /%E4%BC%8A%E6%9C%97%E6%9C%80%E9%AB%98%E5%B9%B3%E5%AE%89osder%E5%A5%A7%E6%96%AF%E5%BE%B7%E6%B1%BD%E8%BB%8A%E6%9D%90%E6%96%99%E5%AE%98%E5%93%A1%E9%81%87%E8%A5%B2%E8%BA%AB%E4%BA%A1/20260318/258867.jpg HTTP/1.1" 404 11311 "-" "ImageBot/1.0 (compatible; research crawler; +https://github.com/rom1504/img2dataset; opt-out: abuse.notification.dcomp12b@gmail.com;"
54.166.204.138 - - [11/Sep/2026:08:43:54 -0400] "GET /2024/03/15/%E8%90%AC%E5%85%AC%E9%87%8C%E8%B7%91%E8%80%85%E9%84%A7%E8%89%AF%E8%8F%AF%E6%88%BF%E5%9C%B0%E7%94%A2%E8%B7%91%E5%87%BA%E5%9C%8B%E9%96%80%E5%8D%81%E5%A4%A9%E8%A8%98/212601dsx1ps555n8sx1jw.jpg HTTP/1.1" 404 11311 "-" "ImageBot/1.0 (compatible; research crawler; +https://github.com/rom1504/img2dataset; opt-out: abuse.notification.dcomp12b@gmail.com;"
52.1.250.135 - - [11/Sep/2026:08:43:56 -0400] "GET /2023/12/28/%E5%B9%B3%E8%A3%9D%E6%94%B6%E6%88%BF%E4%B8%80%E8%87%89%E6%87%B5%EF%BC%81%E8%A6%81%E4%B8%8D%E8%A6%81%E6%89%BE%E7%9B%A3%E7%90%86%EF%BC%9F%E8%AB%8B%E4%B8%8D%E8%AB%8Bdesign%E5%B8%AB%EF%BC%9F%E5%B0%8F/144410be6eb202c4b4635e.jpg HTTP/1.1" 404 11311 "-" "ImageBot/1.0 (compatible; research crawler; +https://github.com/rom1504/img2dataset; opt-out: abuse.notification.dcomp12b@gmail.com;"
52.1.250.135 - - [11/Sep/2026:08:44:03 -0400] "GET /upload/resources/image/2026/02/02/2707643.jpg?r=1770013969933 HTTP/1.1" 404 11311 "-" "ImageBot/1.0 (compatible; research crawler; +https://github.com/rom1504/img2dataset; opt-out: abuse.notification.dcomp12b@gmail.com;"
52.23.26.158 - - [11/Sep/2026:08:44:04 -0400] "GET /%E5%8D%81%E4%BA%94%E4%BA%94%E9%96%8B%E5%A5%BD%E5%B1%80%E8%B5%B7%E5%A5%BD%E6%AD%A5%E4%B8%A8%E5%86%B0%E9%9D%A2%E4%B8%8A%E7%9A%84%E7%86%B1%E5%BC%95%E6%93%8Eosder%E5%A5%A7/20260115/531687.jpg HTTP/1.1" 404 11311 "-" "ImageBot/1.0 (compatible; research crawler; +https://github.com/rom1504/img2dataset; opt-out: abuse.notification.dcomp12b@gmail.com;"
54.166.204.138 - - [11/Sep/2026:08:44:05 -0400] "GET /2024/03/11/%E8%90%AC%E5%85%AC%E9%87%8C%E8%B7%91%E8%80%85%E9%84%A7%E8%89%AF%E8%8F%AF%E8%B7%91%E5%87%BA%E5%9C%8B%E9%96%80%E5%8D%81%E5%A4%A9%E8%A8%98-2/212041g5r41uzac59r9ote.jpg HTTP/1.1" 404 11311 "-" "ImageBot/1.0 (compatible; research crawler; +https://github.com/rom1504/img2dataset; opt-out: abuse.notification.dcomp12b@gmail.com;"
3.234.103.5 - - [11/Sep/2026:08:44:06 -0400] "GET /%E5%93%88%E7%88%BE%E6%BF%B1%E5%86%B0%E9%9B%AA%E5%B9%B4osder%E5%A5%A7%E6%96%AF%E5%BE%B7%E6%9D%90%E6%96%99%E5%A0%B1%E5%83%B9%E5%A4%9C%E4%B8%96%E7%95%8C%E5%A4%A2%E5%B9%BB%E5%86%B0%E9%9B%AA%E9%A4%A8/20260222/99216.png HTTP/1.1" 404 11311 "-" "ImageBot/1.0 (compatible; research crawler; +https://github.com/rom1504/img2dataset; opt-out: abuse.notification.dcomp12b@gmail.com;"
3.234.103.5 - - [11/Sep/2026:08:44:09 -0400] "GET /%E8%94%A3%E5%A5%87%E6%98%8E%E6%9D%8E%E9%9B%AA%E7%90%B4%E4%B8%BB%E6%BC%94%E3%80%8A%E9%A3%9B%E5%85%A7%E8%A1%8C%E3%80%8B%E5%BB%A3%E5%B7%9E%E8%B7%AFjiuyi%E4%BF%B1%E6%84%8F%E7%BF%BB%E4%BF%AE%E8%A8%AD/20260120/24804.jpg HTTP/1.1" 404 11311 "-" "ImageBot/1.0 (compatible; research crawler; +https://github.com/rom1504/img2dataset; opt-out: abuse.notification.dcomp12b@gmail.com;"
186.137.122.27 - - [11/Sep/2026:08:44:11 -0400] "GET /sitemap_blogs_1.xml HTTP/1.1" 404 11311 "-" "Mozilla/5.0 (Macintosh; U; Intel Mac OS X 10_5_6; en-us) AppleWebKit/528.16 (KHTML, like Gecko)"
50.19.85.253 - - [11/Sep/2026:08:44:13 -0400] "GET /%E6%96%B0%E8%8E%8A%E6%9D%91%EF%BC%8C%E6%BC%82%E4%BA%AE%E5%B1%8B%E5%A0%B4%E7%9A%84%E7%A4%BA%E8%8C%83%E7%A4%BE%E5%8D%80%E5%A4%A7%E5%BB%88%E6%9D%91%E8%90%BD/075246bwp7f4x37j2zx73m.jpg HTTP/1.1" 404 11311 "-" "ImageBot/1.0 (compatible; research crawler; +https://github.com/rom1504/img2dataset; opt-out: abuse.notification.dcomp12b@gmail.com;"
54.166.204.138 - - [11/Sep/2026:08:44:14 -0400] "GET /2024/03/24/%E8%8F%AF%E8%A3%94%E5%9F%8E%E9%8C%AF%E6%8E%89%E6%95%91%E5%91%BD%E7%A8%BB%E8%8D%89%E6%88%BF%E7%94%A2-%E7%B6%B2%EF%BC%8C%E9%82%84%E8%83%BD%E7%BF%BB%E8%BA%AB%E5%90%A6/185644h3q8ypuytu4uoudv.jpg HTTP/1.1" 404 11311 "-" "ImageBot/1.0 (compatible; research crawler; +https://github.com/rom1504/img2dataset; opt-out: abuse.notification.dcomp12b@gmail.com;"
50.19.85.253 - - [11/Sep/2026:08:44:16 -0400] "GET /upload/resources/image/2023/04/08/1248033_4096x50000.jpeg HTTP/1.1" 404 11311 "-" "ImageBot/1.0 (compatible; research crawler; +https://github.com/rom1504/img2dataset; opt-out: abuse.notification.dcomp12b@gmail.com;"
3.234.103.5 - - [11/Sep/2026:08:44:22 -0400] "GET /upload/resources/image/2026/04/20/2777751_4096x10000.jpeg HTTP/1.1" 404 11311 "-" "ImageBot/1.0 (compatible; research crawler; +https://github.com/rom1504/img2dataset; opt-out: abuse.notification.dcomp12b@gmail.com;"
50.19.85.253 - - [11/Sep/2026:08:44:30 -0400] "GET /2024/03/09/%E5%AE%B6%E5%9C%92%E7%BE%8E%E4%B8%8D%E5%8B%95%E7%94%A2%E5%A6%82%E7%95%AB/105949zkuydupjxx3yx3jx.jpg HTTP/1.1" 404 11311 "-" "ImageBot/1.0 (compatible; research crawler; +https://github.com/rom1504/img2dataset; opt-out: abuse.notification.dcomp12b@gmail.com;"
54.166.204.138 - - [11/Sep/2026:08:44:31 -0400] "GET /%E8%88%8Amobile_phone%E6%94%B6%E5%8F%97%E6%8E%A5%E7%AE%A1%E5%83%B9%E6%A0%BC%E6%9A%B4%E6%BC%B2%E4%BA%94%E5%85%AD%E5%80%8D%EF%BC%9F%E6%9C%AC%E7%9B%B8%E4%BE%86%E4%BA%86%EF%BC%81%E6%8B%86%E8%A7%A3jiuyi/20260330/342096.jpg HTTP/1.1" 404 11311 "-" "ImageBot/1.0 (compatible; research crawler; +https://github.com/rom1504/img2dataset; opt-out: abuse.notification.dcomp12b@gmail.com;"
50.19.85.253 - - [11/Sep/2026:08:44:34 -0400] "GET /%E5%88%A5%E6%8A%8A%E5%A4%9C%E5%B0%BF%E5%A4%9A%E7%95%B6%E6%88%90%E4%BA%BA%E8%80%81%E4%BA%86%EF%BC%81%E9%80%99%E7%A8%AE%E7%99%8C%E7%99%A5%E5%8D%8A%E6%95%B8%E6%82%A3%E8%80%85%E7%A2%BA/20260422/511046.jpg HTTP/1.1" 404 11311 "-" "ImageBot/1.0 (compatible; research crawler; +https://github.com/rom1504/img2dataset; opt-out: abuse.notification.dcomp12b@gmail.com;"
52.1.250.135 - - [11/Sep/2026:08:44:35 -0400] "GET /2024/03/20/%E9%80%99%E7%AF%87%E5%BE%88%E9%95%B7%E6%B2%99%E7%9A%84%E9%AB%98%E5%8F%B0%E5%8D%97-%E4%B8%AD%E5%8F%A4%E5%B1%8B%E8%80%83%E4%BD%9C%E6%96%87%E5%81%9A%E5%BE%97%E5%A5%BD%EF%BC%81/104845gm1z7f1m3np70f9q.gif HTTP/1.1" 404 11311 "-" "ImageBot/1.0 (compatible; research crawler; +https://github.com/rom1504/img2dataset; opt-out: abuse.notification.dcomp12b@gmail.com;"
50.19.85.253 - - [11/Sep/2026:08:44:35 -0400] "GET /%E3%80%90%E5%8D%81%E4%BA%94%E4%BA%94%E9%96%8B%E5%A5%BD%E5%B1%80%E8%B5%B7%E5%A5%BD%E6%AD%A5%E3%80%91%E4%BB%A5%E6%96%87%E5%A1%91%E6%97%85-%E4%BB%A5%E6%97%85%E5%BD%B0%E6%96%87-%E6%8E%A8/20260202/104334.jpg HTTP/1.1" 404 11311 "-" "ImageBot/1.0 (compatible; research crawler; +https://github.com/rom1504/img2dataset; opt-out: abuse.notification.dcomp12b@gmail.com;"
3.234.103.5 - - [11/Sep/2026:08:44:37 -0400] "GET /%E5%8C%97%E4%BA%AC%EF%BC%9A%E6%99%AF%E6%B3%B0%E8%97%8D%E7%9A%87%E5%AE%B6%E8%97%9D%E8%A1%93%E5%BB%9F%E6%9C%83osder%E5%A5%A7%E6%96%AF%E5%BE%B7%E5%8F%B0%E5%8C%97%E6%B1%BD%E8%BB%8A%E5%95%9F%E5%B9%95_/20260219/82298.jpg HTTP/1.1" 404 11311 "-" "ImageBot/1.0 (compatible; research crawler; +https://github.com/rom1504/img2dataset; opt-out: abuse.notification.dcomp12b@gmail.com;"
52.1.250.135 - - [11/Sep/2026:08:44:40 -0400] "GET /2024/03/27/%E6%88%BF%E7%94%A2%E6%88%91%E7%9A%84%E7%88%B6%E8%A6%AA/221617i4lazdillfezep11.jpg HTTP/1.1" 404 11311 "-" "ImageBot/1.0 (compatible; research crawler; +https://github.com/rom1504/img2dataset; opt-out: abuse.notification.dcomp12b@gmail.com;"
114.119.159.122 - - [11/Sep/2026:08:44:40 -0400] "GET /%e5%be%9e%e5%a4%a9%e6%b4%a5%e6%88%b2%e5%b0%88%e5%8c%85%e9%a4%8a%e5%8a%87%e5%88%b0%e6%88%b2%e8%81%9a%e5%a4%a9%e6%b4%a5/ HTTP/1.1" 200 18234 "https://big-wife.com.tw/%e5%8c%97%e4%ba%ac%e5%b8%82%e5%86%ac%e6%9c%83%e7%ab%b6%e7%88%ad%e5%8a%87%e7%83%88jiuyi%e4%bf%b1%e6%84%8f%e7%bf%bb%e4%bf%ae%e8%a8%ad%e8%a8%88%e5%8c%97%e4%ba%ac%e8%8a%b1%e6%bb%91%e4%b9%98%e5%8b%a2/" "Mozilla/5.0 (Linux; Android 7.0;) AppleWebKit/537.36 (HTML, like Gecko) Mobile Safari/537.36 (compatible; PetalBot;+https://webmaster.petalsearch.com/site/petalbot)"
54.166.204.138 - - [11/Sep/2026:08:44:42 -0400] "GET /upload/resources/image/2026/02/15/2722035_4096x50000.jpeg HTTP/1.1" 404 11311 "-" "ImageBot/1.0 (compatible; research crawler; +https://github.com/rom1504/img2dataset; opt-out: abuse.notification.dcomp12b@gmail.com;"
85.208.96.206 - - [11/Sep/2026:08:44:45 -0400] "GET /2026/01/page/21/ HTTP/1.1" 403 1242 "-" "Mozilla/5.0 (compatible; SemrushBot/7~bl; +http://www.semrush.com/bot.html)"
50.19.85.253 - - [11/Sep/2026:08:44:47 -0400] "GET /%E5%B0%8F%E9%AB%94%E9%87%8F%E8%BF%B8%E7%99%BC%E5%B9%B4jiuyi%E4%BF%B1%E6%84%8F%E7%BF%BB%E4%BF%AE%E8%A8%AD%E8%A8%88%E5%A4%9C%E8%83%BD%E9%87%8F-%E5%8D%83%E5%B9%B4/20260120/31368.jpg HTTP/1.1" 404 11311 "-" "ImageBot/1.0 (compatible; research crawler; +https://github.com/rom1504/img2dataset; opt-out: abuse.notification.dcomp12b@gmail.com;"
3.234.103.5 - - [11/Sep/2026:08:44:49 -0400] "GET /2024/03/30/%E8%B5%B4%E5%A9%81%E5%BA%95%E9%87%87%E6%96%B0%E5%8C%97-%E4%B8%AD%E5%8F%A4%E5%B1%8B%E9%A2%A8%E8%A8%98%E9%80%90%E4%B8%80%E8%A7%80%E8%B3%9E%E5%A9%81%E5%BA%95%E5%B8%82%E5%A9%81%E6%98%9F%E5%8D%80%E6%B0%B4/143044nsgmwaymshwwohcc.jpg HTTP/1.1" 404 11311 "-" "ImageBot/1.0 (compatible; research crawler; +https://github.com/rom1504/img2dataset; opt-out: abuse.notification.dcomp12b@gmail.com;"
50.19.85.253 - - [11/Sep/2026:08:44:49 -0400] "GET /upload/resources/image/2025/12/19/2666892_4096x10000.jpeg HTTP/1.1" 404 11311 "-" "ImageBot/1.0 (compatible; research crawler; +https://github.com/rom1504/img2dataset; opt-out: abuse.notification.dcomp12b@gmail.com;"
52.23.26.158 - - [11/Sep/2026:08:44:49 -0400] "GET /2024/03/26/%E6%B5%B8%E5%B3%AA-%E5%8F%B0%E5%8D%97-%E6%88%BF%E7%94%A2-%E6%A1%91%E6%A4%8D%E5%B9%B4%E5%A4%9C%E5%B1%B1%E4%B8%AD%E7%9A%84%E6%98%8E%E7%8F%A0/230044ltszlkfb801tms9m.jpg HTTP/1.1" 404 11311 "-" "ImageBot/1.0 (compatible; research crawler; +https://github.com/rom1504/img2dataset; opt-out: abuse.notification.dcomp12b@gmail.com;"
54.166.204.138 - - [11/Sep/2026:08:44:51 -0400] "GET /osder%E5%A5%A7%E6%96%AF%E5%BE%B7%E6%B1%BD%E8%BB%8A%E9%9B%B6%E4%BB%B6%E4%B8%80%E5%AD%A3%E8%8A%B1%E8%AE%8A%E5%9B%9B%E6%99%82%E9%87%91%EF%BC%81%E6%98%A5%E6%97%A5/20260328/330737.png HTTP/1.1" 404 11311 "-" "ImageBot/1.0 (compatible; research crawler; +https://github.com/rom1504/img2dataset; opt-out: abuse.notification.dcomp12b@gmail.com;"
52.1.250.135 - - [11/Sep/2026:08:44:51 -0400] "GET /%E3%80%90%E6%95%A3%E6%96%87%E8%8B%91%E3%80%91%E9%8C%AF%E9%81%8E%E5%A4%95%E9%99%BD%EF%BC%88%E4%BD%9C%E8%80%85%E5%8C%85%E9%A4%8A%E8%A1%8C%E6%83%85%EF%BC%9A%E6%9D%8E%E6%B5%B7%E7%87%95%EF%BC%89/101356n9s96gj995g969ts.jpg HTTP/1.1" 404 11311 "-" "ImageBot/1.0 (compatible; research crawler; +https://github.com/rom1504/img2dataset; opt-out: abuse.notification.dcomp12b@gmail.com;"
54.166.204.138 - - [11/Sep/2026:08:44:53 -0400] "GET /%E6%9C%80%E9%AB%98%E6%9C%88%E8%96%AA%E9%81%8E%E8%90%AC%E5%85%83%EF%BC%81%E5%BF%99%E6%8B%9B%E5%B7%A5%EF%BC%8C%E8%B6%95%E8%A8%82%E5%96%AE%EF%BC%8C%E7%AF%80%E5%90%8E%E7%9A%84%E5%BB%A3%E5%B7%9E%E5%BA%B7/20260308/196602.jpg HTTP/1.1" 404 11311 "-" "ImageBot/1.0 (compatible; research crawler; +https://github.com/rom1504/img2dataset; opt-out: abuse.notification.dcomp12b@gmail.com;"
54.166.204.138 - - [11/Sep/2026:08:44:57 -0400] "GET /wp-content/themes/variations/assets/images/island/island-image1.png HTTP/1.1" 404 11311 "-" "ImageBot/1.0 (compatible; research crawler; +https://github.com/rom1504/img2dataset; opt-out: abuse.notification.dcomp12b@gmail.com;"
50.19.85.253 - - [11/Sep/2026:08:44:59 -0400] "GET /upload/resources/image/2026/02/10/2715698.jpg?r=1770671216676 HTTP/1.1" 404 11311 "-" "ImageBot/1.0 (compatible; research crawler; +https://github.com/rom1504/img2dataset; opt-out: abuse.notification.dcomp12b@gmail.com;"
3.234.103.5 - - [11/Sep/2026:08:44:59 -0400] "GET /%E5%9C%96%E7%89%87%E6%94%9D%E5%BD%B1%E4%B9%9D%E5%AE%AE%E6%A0%BC%E7%A7%81%E5%AF%86%E7%A9%BA%E9%96%93%E5%B9%B4%E5%A4%9C%E7%BE%8E%E4%BA%AC%E5%9F%8E%E6%B8%B8%E8%A8%98%EF%BC%88%E5%8D%81%E4%B8%80%EF%BC%89/064107bevce66xxvdqe3y4.jpg HTTP/1.1" 404 11311 "-" "ImageBot/1.0 (compatible; research crawler; +https://github.com/rom1504/img2dataset; opt-out: abuse.notification.dcomp12b@gmail.com;"
54.166.204.138 - - [11/Sep/2026:08:45:02 -0400] "GET /%E8%90%AC%E5%85%AC%E9%87%8C%E8%B7%91%E8%80%85%E9%84%A7%E8%89%AF%E8%8F%AF%E8%B7%91%E5%87%BA%E5%9C%8B%E9%96%80%E5%8D%81%E5%A4%A9%E8%A8%98-2/212049zl7mzmazelma8mh0.jpg HTTP/1.1" 404 11311 "-" "ImageBot/1.0 (compatible; research crawler; +https://github.com/rom1504/img2dataset; opt-out: abuse.notification.dcomp12b@gmail.com;"
52.1.250.135 - - [11/Sep/2026:08:45:02 -0400] "GET /posterosder%E5%A5%A7%E6%96%AF%E5%BE%B7%E5%BE%B7%E7%B3%BB%E8%BB%8A%E4%B8%A8visit-taishan-jiangmen-to-explore-the-memory-and-marks-of-maritime-silk-road-and-hometown-of-overseas-chinese/20260129/71354.png HTTP/1.1" 404 11311 "-" "ImageBot/1.0 (compatible; research crawler; +https://github.com/rom1504/img2dataset; opt-out: abuse.notification.dcomp12b@gmail.com;"
50.19.85.253 - - [11/Sep/2026:08:45:02 -0400] "GET /%E4%BF%84%E4%BA%A4%E9%9A%9B%E9%83%A8%E8%AD%89%E5%AF%A6%E4%BF%84%E6%96%B9%E6%9B%BE%E5%90%91%E7%89%B9%E6%9C%97%E6%99%AEjiuyi%E4%BF%B1%E6%84%8F%E7%A9%BA%E9%96%93%E8%A8%AD%E8%A8%88%E7%99%BC%E5%87%BA/20260127/55284.jpg HTTP/1.1" 404 11311 "-" "ImageBot/1.0 (compatible; research crawler; +https://github.com/rom1504/img2dataset; opt-out: abuse.notification.dcomp12b@gmail.com;"
3.234.103.5 - - [11/Sep/2026:08:45:03 -0400] "GET /2024/03/14/%E3%80%90%E5%BE%A9%E8%88%88%E6%9D%AF%E3%80%91%E8%82%96%E4%BB%99%E7%BE%9A%E6%96%B0%E5%8C%97-%E6%88%BF%E5%9C%B0%E7%94%A2%EF%BD%9C%E6%98%A5%E7%A7%80/174020amnxzksxawez3sim.jpg HTTP/1.1" 404 11311 "-" "ImageBot/1.0 (compatible; research crawler; +https://github.com/rom1504/img2dataset; opt-out: abuse.notification.dcomp12b@gmail.com;"
3.234.103.5 - - [11/Sep/2026:08:45:03 -0400] "GET /upload/resources/image/2026/02/07/2714036_4096x10000.jpeg HTTP/1.1" 404 11311 "-" "ImageBot/1.0 (compatible; research crawler; +https://github.com/rom1504/img2dataset; opt-out: abuse.notification.dcomp12b@gmail.com;"
50.19.85.253 - - [11/Sep/2026:08:45:04 -0400] "GET /upload/resources/image/2026/04/06/2765176_4096x10000.jpeg HTTP/1.1" 404 11311 "-" "ImageBot/1.0 (compatible; research crawler; +https://github.com/rom1504/img2dataset; opt-out: abuse.notification.dcomp12b@gmail.com;"
54.166.204.138 - - [11/Sep/2026:08:45:09 -0400] "GET /2024/07/25/%E5%B1%95%E7%A4%BA%E6%96%B0%E6%99%AF%E8%B1%A1-%E9%A6%96%E5%89%B5%E6%96%B0%E5%B1%80%E5%8B%A2-%E5%AF%AB%E5%9C%A8%E6%96%87%E6%98%8E%E5%82%B3%E6%89%BF%E6%88%90%E9%95%B7%E5%BA%A7%E8%AB%87/20240725/16313156_1ae6c5ef7042abe1772465fa0fdbd35d.jpg HTTP/1.1" 404 11311 "-" "ImageBot/1.0 (compatible; research crawler; +https://github.com/rom1504/img2dataset; opt-out: abuse.notification.dcomp12b@gmail.com;"
54.166.204.138 - - [11/Sep/2026:08:45:10 -0400] "GET /%E5%9C%96%E7%89%87%E6%94%9D%E5%BD%B1%E4%B9%9D%E5%AE%AE%E6%A0%BC%E7%A7%81%E5%AF%86%E7%A9%BA%E9%96%93%E5%B9%B4%E5%A4%9C%E7%BE%8E%E4%BA%AC%E5%9F%8E%E6%B8%B8%E8%A8%98%EF%BC%88%E5%8D%81%E4%B8%80%EF%BC%89/064107bevce66xxvdqe3y4.jpg HTTP/1.1" 404 11311 "-" "ImageBot/1.0 (compatible; research crawler; +https://github.com/rom1504/img2dataset; opt-out: abuse.notification.dcomp12b@gmail.com;"
