50.19.85.253 - - [11/Sep/2026:10:23:18 -0400] "GET /upload/resources/image/2024/08/04/2039742.jpg?r=1722733818563 HTTP/1.1" 404 11311 "-" "ImageBot/1.0 (compatible; research crawler; +https://github.com/rom1504/img2dataset; opt-out: abuse.notification.dcomp12b@gmail.com;"
39.52.236.62 - - [11/Sep/2026:10:23:21 -0400] "POST /xmlrpc.php HTTP/1.1" 403 1242 "-" "WordPress.com; https://wordpress.com"
52.23.26.158 - - [11/Sep/2026:10:23:24 -0400] "GET /%E6%8C%81%E4%BB%81%E8%80%85%E5%BF%83%EF%BC%8C%E8%A1%8C%E5%85%89%E4%BA%AE%E8%B7%AF%E4%B8%A8%E6%98%8E%E5%A4%A9%EF%BC%81%E4%BB%A5%E5%85%89%E4%BA%AE%E7%9A%84%E5%90%8D%E7%BE%A9%EF%BC%8C%E8%87%B4%E6%95%AC/173451m9q02q9zmqbh7mql.png HTTP/1.1" 404 11311 "-" "ImageBot/1.0 (compatible; research crawler; +https://github.com/rom1504/img2dataset; opt-out: abuse.notification.dcomp12b@gmail.com;"
52.23.26.158 - - [11/Sep/2026:10:23:25 -0400] "GET /upload/resources/image/2026/02/11/2717488_4096x10000.jpeg HTTP/1.1" 404 11311 "-" "ImageBot/1.0 (compatible; research crawler; +https://github.com/rom1504/img2dataset; opt-out: abuse.notification.dcomp12b@gmail.com;"
50.19.85.253 - - [11/Sep/2026:10:23:27 -0400] "GET /2023/10/12/%E5%8E%9F%E5%89%B5-%E5%8F%97%E9%A8%99%E7%9E%AD%EF%BC%8C%E7%93%A6%E6%A0%BC%E7%B4%8D%E9%87%8D%E8%BF%94%E4%BF%84%E7%83%8F%E7%96%86%E5%A0%B4%EF%BC%8C31%E8%BC%9B%E7%BE%8E%E5%8C%85%E9%A4%8Aapp/42f2d1c8bb0244edb9109c94161970b8.png HTTP/1.1" 404 11311 "-" "ImageBot/1.0 (compatible; research crawler; +https://github.com/rom1504/img2dataset; opt-out: abuse.notification.dcomp12b@gmail.com;"
52.23.26.158 - - [11/Sep/2026:10:23:28 -0400] "GET /2024/03/12/%E8%98%87%E4%BA%AB%E8%8C%82%E5%81%87%E5%A6%82%E6%98%AF%E7%8D%A8%E7%94%9F%E5%BE%8C%E4%BB%A3%E7%9A%84%E8%A9%B1%EF%BC%8C%E7%BF%9F%E6%AC%A3%E6%AC%A3%E5%B0%B1%E6%9C%AA%E9%81%82%E4%BA%86%E5%93%87/230620hzui1arb50va0aei.png HTTP/1.1" 404 11311 "-" "ImageBot/1.0 (compatible; research crawler; +https://github.com/rom1504/img2dataset; opt-out: abuse.notification.dcomp12b@gmail.com;"
3.234.103.5 - - [11/Sep/2026:10:23:29 -0400] "GET /upload/resources/image/2024/04/20/1896118_4096x10000.jpeg HTTP/1.1" 404 11311 "-" "ImageBot/1.0 (compatible; research crawler; +https://github.com/rom1504/img2dataset; opt-out: abuse.notification.dcomp12b@gmail.com;"
39.52.236.62 - - [11/Sep/2026:10:23:31 -0400] "POST /xmlrpc.php HTTP/1.1" 403 1242 "-" "Jetpack by WordPress.com (Jetpack 13.0; WordPress 6.1)"
52.1.250.135 - - [11/Sep/2026:10:23:31 -0400] "GET /upload/resources/image/2026/01/31/2705684.jpg?r=1769797556061 HTTP/1.1" 404 11311 "-" "ImageBot/1.0 (compatible; research crawler; +https://github.com/rom1504/img2dataset; opt-out: abuse.notification.dcomp12b@gmail.com;"
169.1.145.186 - - [11/Sep/2026:10:23:34 -0400] "POST /xmlrpc.php HTTP/1.1" 403 1242 "-" "WordPress.com; https://wordpress.com"
52.1.250.135 - - [11/Sep/2026:10:23:36 -0400] "GET /2024/03/28/%E8%90%AC%E5%85%AC%E9%87%8C%E8%B7%91%E8%80%85%E9%84%A7%E8%89%AF%E8%8F%AF%E8%B7%91%E7%A4%BE%E5%8D%80%E5%A4%A7%E6%A8%93%E5%87%BA%E5%9C%8B%E9%96%80%E5%8D%81%E5%A4%A9%E8%A8%98/212557qbnntnrjrdpbvdr5.jpg HTTP/1.1" 404 11311 "-" "ImageBot/1.0 (compatible; research crawler; +https://github.com/rom1504/img2dataset; opt-out: abuse.notification.dcomp12b@gmail.com;"
52.23.26.158 - - [11/Sep/2026:10:23:41 -0400] "GET /%E5%A4%A9%E9%82%A6%E9%89%86%E7%9F%B3%E5%B1%B1%E5%B0%8F%E5%8D%80%E8%A1%A1%E5%AE%87%E6%BB%B2%E6%B0%B4%E5%8D%81%E5%B9%B4%EF%BC%8C%E7%89%A9%E6%A5%AD%E5%8F%AA%E6%8F%9B%E5%B1%8B%E6%94%B6%E9%8C%A2%E4%B8%8D/101607uozoqhahoorhoco5.jpg HTTP/1.1" 404 11311 "-" "ImageBot/1.0 (compatible; research crawler; +https://github.com/rom1504/img2dataset; opt-out: abuse.notification.dcomp12b@gmail.com;"
39.52.236.62 - - [11/Sep/2026:10:23:41 -0400] "POST /xmlrpc.php HTTP/1.1" 403 1242 "-" "WordPress.com; https://wordpress.com"
3.234.103.5 - - [11/Sep/2026:10:23:42 -0400] "GET /%E9%A6%AC%E4%B8%8A%E8%BF%8E%E6%96%B0%E5%89%B5%E6%84%8F%E4%B8%8D%E6%96%B7-%E9%A6%AC%E8%B8%8F%E7%A6%8F%E4%BE%86%E7%AB%8B%E5%88%BB%E9%83%BD%E4%BE%86/20260119/8613.png HTTP/1.1" 404 11311 "-" "ImageBot/1.0 (compatible; research crawler; +https://github.com/rom1504/img2dataset; opt-out: abuse.notification.dcomp12b@gmail.com;"
54.166.204.138 - - [11/Sep/2026:10:23:42 -0400] "GET /2024/05/27/huaweiict%E5%B9%B4%E5%A4%9C%E8%B3%BD%E5%85%A8%E7%90%83%E7%B8%BD%E6%B1%BA%E6%89%BE%E5%8C%85%E9%A4%8A%E7%B6%B2%E5%BF%83%E5%BE%97%E8%B3%BD%E7%8D%B2%E7%8D%8E%E5%90%8D%E5%96%AE%E6%8F%AD%E6%9B%89/bd4c25c3fd6a4aa592d166dfdc03041e/images/9a65fdc0ecb44f4081107521de8b54cb.jpg HTTP/1.1" 404 11311 "-" "ImageBot/1.0 (compatible; research crawler; +https://github.com/rom1504/img2dataset; opt-out: abuse.notification.dcomp12b@gmail.com;"
52.23.26.158 - - [11/Sep/2026:10:23:43 -0400] "GET /upload/resources/image/2026/01/07/2684106_450x50000.png?r=1767790203957 HTTP/1.1" 404 11311 "-" "ImageBot/1.0 (compatible; research crawler; +https://github.com/rom1504/img2dataset; opt-out: abuse.notification.dcomp12b@gmail.com;"
114.119.141.24 - - [11/Sep/2026:10:23:46 -0400] "GET /%e5%9f%b7%e5%8b%a4%e8%bc%94%e8%ad%a6%e4%b8%ad%e6%9a%91%e6%9a%88%e5%84%84%e5%b5%90%e5%b7%a5%e5%ad%b8%e6%a4%85%e5%80%922%e6%ac%a1%e4%b8%96%e4%ba%ba%e7%86%b1%e5%bf%83%e5%ae%88%e8%ad%b7-47/ HTTP/1.1" 200 15454 "https://big-wife.com.tw/%e5%85%b1%e5%89%b5%e5%85%b1%e4%ba%ab%e9%80%b2%e5%84%84%e5%b5%90%e5%ae%a4%e5%85%a7%e8%a8%ad%e8%a8%88%e6%ad%a5%e5%9c%8b%e6%b0%91%e7%94%9f%e6%b6%af%e5%93%81%e5%be%b7-41/" "Mozilla/5.0 (Linux; Android 7.0;) AppleWebKit/537.36 (HTML, like Gecko) Mobile Safari/537.36 (compatible; PetalBot;+https://webmaster.petalsearch.com/site/petalbot)"
52.23.26.158 - - [11/Sep/2026:10:23:48 -0400] "GET /upload/resources/image/2024/01/28/1750179_4096x10000.png HTTP/1.1" 404 11311 "-" "ImageBot/1.0 (compatible; research crawler; +https://github.com/rom1504/img2dataset; opt-out: abuse.notification.dcomp12b@gmail.com;"
52.1.250.135 - - [11/Sep/2026:10:23:49 -0400] "GET /%E7%84%A6%E9%BB%9E%E8%A8%AA%E8%AB%87%EF%BD%9C%E6%99%BAosder%E5%A5%A7%E6%96%AF%E5%BE%B7%E9%9B%B6%E4%BB%B6%E5%95%86%E8%B3%A6%E7%94%A2%E6%A5%AD%E6%96%B0%E8%97%8D%E5%9C%96-%E5%82%AC/20260411/430272.jpg HTTP/1.1" 404 11311 "-" "ImageBot/1.0 (compatible; research crawler; +https://github.com/rom1504/img2dataset; opt-out: abuse.notification.dcomp12b@gmail.com;"
54.166.204.138 - - [11/Sep/2026:10:23:51 -0400] "GET /%E8%B3%88%E6%B7%BA%E6%B7%BA%E8%AB%96%E6%96%87%E8%A2%AB%E6%8C%87%E6%B6%89%E5%AB%8C%E6%8A%84%E8%A5%B2%E5%85%B6%E7%88%B6%E8%B3%88%E5%B9%B3%E5%87%B9%EF%BC%8C%E5%80%8B%E5%88%A5%E6%AE%B5jiuyi%E4%BF%B1/20260401/356994.jpg HTTP/1.1" 404 11311 "-" "ImageBot/1.0 (compatible; research crawler; +https://github.com/rom1504/img2dataset; opt-out: abuse.notification.dcomp12b@gmail.com;"
52.1.250.135 - - [11/Sep/2026:10:23:52 -0400] "GET /2024/01/19/%E5%85%A8%E8%81%B2%E5%8B%A2%E7%94%9C%E5%BF%83%E5%8C%85%E9%A4%8A%E7%B6%B2%E6%8F%AD%E6%9B%89%EF%BC%81%E8%8D%89%E8%8E%93%E9%9F%B3%E6%A8%82%E7%AF%80%EF%BC%8C%E7%AC%AC10%E6%AC%A1%E4%BE%86%E6%AD%A6%E6%BC%A2/172507be9894e16539d1e6.jpg HTTP/1.1" 404 11311 "-" "ImageBot/1.0 (compatible; research crawler; +https://github.com/rom1504/img2dataset; opt-out: abuse.notification.dcomp12b@gmail.com;"
52.23.26.158 - - [11/Sep/2026:10:23:53 -0400] "GET /2024/03/22/%E6%84%9B%E5%BF%83%E5%AE%B6%E5%9C%92%E7%B4%85%E7%B6%B2%E6%84%9B%E5%BF%83%E5%AE%B6%E5%9C%92%E7%9B%8A%E9%99%BD%E7%AB%99-%E5%8D%81%E5%B9%B4%E9%87%8C%E7%9A%84%E7%89%B9%E5%88%A5%E5%B9%AB%E6%89%B6/111442di7j65n7z5ypyb7n.jpg HTTP/1.1" 404 11311 "-" "ImageBot/1.0 (compatible; research crawler; +https://github.com/rom1504/img2dataset; opt-out: abuse.notification.dcomp12b@gmail.com;"
52.23.26.158 - - [11/Sep/2026:10:23:54 -0400] "GET /2024/03/14/%E4%B8%80%E4%BD%8D%E5%9D%90%E6%9D%9F%E7%B8%9B%E7%89%8C%E8%B2%A8%E8%BB%8A%E6%96%B0%E5%A8%98%E7%9A%84%E5%AF%86%E6%84%8F%E5%9B%9E%E7%9C%B8%EF%BC%88%E6%95%A3%E6%96%87%EF%BC%89/102822k7pryrgu75oip1ur.jpg HTTP/1.1" 404 11311 "-" "ImageBot/1.0 (compatible; research crawler; +https://github.com/rom1504/img2dataset; opt-out: abuse.notification.dcomp12b@gmail.com;"
3.234.103.5 - - [11/Sep/2026:10:23:55 -0400] "GET /upload/resources/image/2026/02/06/2712358.jpg HTTP/1.1" 404 11311 "-" "ImageBot/1.0 (compatible; research crawler; +https://github.com/rom1504/img2dataset; opt-out: abuse.notification.dcomp12b@gmail.com;"
169.1.145.186 - - [11/Sep/2026:10:23:56 -0400] "POST /xmlrpc.php HTTP/1.1" 403 1242 "-" "Jetpack by WordPress.com (Jetpack 12.5; WordPress 6.2)"
3.234.103.5 - - [11/Sep/2026:10:24:00 -0400] "GET /2023/12/03/%E5%A4%8F%E6%87%89%E9%81%8B%EF%BC%88%E4%B8%80%E5%8C%85%E9%A4%8A%E8%A1%8C%E6%83%85%E8%A9%A9%E8%A9%9E%EF%BC%89%E8%BD%89%E9%BB%83%E5%B5%90%E8%A9%9E%E5%B9%BE%E9%A6%96/065223hmq8qz67672l2m88.jpg HTTP/1.1" 404 11311 "-" "ImageBot/1.0 (compatible; research crawler; +https://github.com/rom1504/img2dataset; opt-out: abuse.notification.dcomp12b@gmail.com;"
52.1.250.135 - - [11/Sep/2026:10:24:01 -0400] "GET /2023/11/17/%E6%A0%AA%E6%B4%B2-%E8%98%86%E6%B7%9E-%E8%B3%80%E5%AE%B6%E5%9C%9F%E8%A1%97%E9%81%93-%E9%95%B7%E5%A1%98%E7%81%A3%E7%A4%BE%E5%8D%80%E6%96%B0%E6%99%82%E6%9C%9F%E4%B9%9D%E5%AE%AE%E6%A0%BC%E8%81%9A/190659zpgppzmacw7wgp7i.jpg HTTP/1.1" 404 11311 "-" "ImageBot/1.0 (compatible; research crawler; +https://github.com/rom1504/img2dataset; opt-out: abuse.notification.dcomp12b@gmail.com;"
54.166.204.138 - - [11/Sep/2026:10:24:02 -0400] "GET /html/files/2021-06/20/20210620152305455756155.png HTTP/1.1" 404 11311 "-" "ImageBot/1.0 (compatible; research crawler; +https://github.com/rom1504/img2dataset; opt-out: abuse.notification.dcomp12b@gmail.com;"
39.52.236.62 - - [11/Sep/2026:10:24:04 -0400] "POST /xmlrpc.php HTTP/1.1" 403 1242 "-" "Jetpack by WordPress.com (Jetpack 12.5; WordPress 6.4)"
129.28.160.6 - - [11/Sep/2026:10:24:12 -0400] "GET /upload/resources/image/2024/08/20/2062246.jpg?r=1724126314092 HTTP/1.1" 404 11311 "https://big-wife.com.tw/" "Mozilla/5.0 (Windows NT 10.0; Win64; x64) AppleWebKit/537.36 (KHTML, like Gecko) Chrome/109.0.0.0 Safari/537.36"
50.19.85.253 - - [11/Sep/2026:10:24:12 -0400] "GET /2023/12/11/59%E6%AC%BE%E5%92%96%E5%95%A1%E8%A2%AB%E6%AA%A2%E5%87%BA%E8%87%B4%E7%99%8C%E7%89%A9-%E5%92%96%E5%95%A1%E6%B2%92%E6%B3%95%E5%AE%89%E5%BF%83%E5%96%9D%E4%BA%86%EF%BC%9F%E6%9C%AC/4ff7708a813c48e28ebcd933fa59de30/images/dc4bc46185af49bbb3ff52fb79ecfa2c.png HTTP/1.1" 404 11311 "-" "ImageBot/1.0 (compatible; research crawler; +https://github.com/rom1504/img2dataset; opt-out: abuse.notification.dcomp12b@gmail.com;"
39.52.236.62 - - [11/Sep/2026:10:24:13 -0400] "POST /xmlrpc.php HTTP/1.1" 403 1242 "-" "Jetpack/13.0; WordPress/6.1; http://site16598384.com"
118.195.164.212 - - [11/Sep/2026:10:24:13 -0400] "GET /upload/resources/image/2024/08/20/2062246.jpg?r=1724126314092 HTTP/1.1" 404 11311 "https://big-wife.com.tw/" "Mozilla/5.0 (Windows NT 10.0; Win64; x64) AppleWebKit/537.36 (KHTML, like Gecko) Chrome/109.0.0.0 Safari/537.36"
50.19.85.253 - - [11/Sep/2026:10:24:13 -0400] "GET /12%E5%B9%B4%EF%BC%8C%E5%8B%9E%E5%8B%95jiuyi%E4%BF%B1%E6%84%8F%E4%BD%8F%E5%AE%85%E8%A8%AD%E8%A8%88%E6%94%B9%E8%AE%8A%E4%BA%86%E4%BB%80%E4%B9%88%EF%BC%9F/20260503/591237.jpg HTTP/1.1" 404 11311 "-" "ImageBot/1.0 (compatible; research crawler; +https://github.com/rom1504/img2dataset; opt-out: abuse.notification.dcomp12b@gmail.com;"
3.234.103.5 - - [11/Sep/2026:10:24:13 -0400] "GET /upload/resources/image/2024/09/03/2080199.jpeg HTTP/1.1" 404 11311 "-" "ImageBot/1.0 (compatible; research crawler; +https://github.com/rom1504/img2dataset; opt-out: abuse.notification.dcomp12b@gmail.com;"
52.23.26.158 - - [11/Sep/2026:10:24:14 -0400] "GET /%E5%85%A8%E7%90%83%E5%AA%92%E9%AB%94%E8%81%9A%E7%84%A6%EF%BD%9C%E8%8B%B1%E5%AA%92%EF%BC%9Aamerican%E6%94%BF%E6%B2%BB%E6%9A%B4%E5%8A%9B%E8%88%87%E6%A7%8Dosder%E5%A5%A7%E6%96%AF%E5%BE%B7%E5%8F%B0/20260428/555889.png HTTP/1.1" 404 11311 "-" "ImageBot/1.0 (compatible; research crawler; +https://github.com/rom1504/img2dataset; opt-out: abuse.notification.dcomp12b@gmail.com;"
50.19.85.253 - - [11/Sep/2026:10:24:15 -0400] "GET /%E6%97%85%E7%BE%8E%E9%9D%88%E5%9F%9F5500s%E5%9B%9B%E9%A9%85%E8%B6%8A%E9%87%8E%E6%88%BF%E8%BB%8A%EF%BC%8C%E5%8F%88%E9%87%8E%E5%8F%88%E5%BC%B7%E4%B8%80%E5%8C%85%E9%A4%8A%E5%83%B9%E6%A0%BC%E7%9A%84/105441lh4uv8w4ttbpnbtt.jpg HTTP/1.1" 404 11311 "-" "ImageBot/1.0 (compatible; research crawler; +https://github.com/rom1504/img2dataset; opt-out: abuse.notification.dcomp12b@gmail.com;"
14.116.242.49 - - [11/Sep/2026:10:24:16 -0400] "GET /%e7%94%a8%e6%b3%95%e6%b2%bb%e6%9d%a0%e6%a1%bf%e6%92%ac%e5%8b%95%e7%94%9c%e5%bf%83%e5%b0%88%e5%8c%85%e9%a4%8a%e7%b6%b2%e5%85%a8%e5%b9%b3%e6%98%93%e8%bf%91%e7%80%8f%e8%a6%bd%e5%b0%87%e4%be%86 HTTP/1.1" 301 0 "-" "Mozilla/5.0 (Windows NT 10.0; Win64; x64) AppleWebKit/537.36 (KHTML, like Gecko) Chrome/111.0.0.0 Safari/537.36"
183.2.134.55 - - [11/Sep/2026:10:24:16 -0400] "GET /%e7%94%a8%e6%b3%95%e6%b2%bb%e6%9d%a0%e6%a1%bf%e6%92%ac%e5%8b%95%e7%94%9c%e5%bf%83%e5%b0%88%e5%8c%85%e9%a4%8a%e7%b6%b2%e5%85%a8%e5%b9%b3%e6%98%93%e8%bf%91%e7%80%8f%e8%a6%bd%e5%b0%87%e4%be%86/ HTTP/1.1" 200 20665 "-" "Mozilla/5.0 (Windows NT 10.0; Win64; x64) AppleWebKit/537.36 (KHTML, like Gecko) Chrome/111.0.0.0 Safari/537.36"
54.166.204.138 - - [11/Sep/2026:10:24:17 -0400] "GET /upload/resources/image/2022/11/03/199890_4096x10000.jpeg HTTP/1.1" 404 11311 "-" "ImageBot/1.0 (compatible; research crawler; +https://github.com/rom1504/img2dataset; opt-out: abuse.notification.dcomp12b@gmail.com;"
50.19.85.253 - - [11/Sep/2026:10:24:18 -0400] "GET /%E4%B8%8B%E4%B8%80%E7%AB%99%EF%BC%8C%E5%98%89%E7%A6%BE%E7%9C%8B%E5%B4%97jiuyi%E4%BF%B1%E6%84%8F%E7%BF%BB%E4%BF%AE%E8%A8%AD%E8%A8%88%E3%80%82/20260128/61180.jpg HTTP/1.1" 404 11311 "-" "ImageBot/1.0 (compatible; research crawler; +https://github.com/rom1504/img2dataset; opt-out: abuse.notification.dcomp12b@gmail.com;"
3.234.103.5 - - [11/Sep/2026:10:24:22 -0400] "GET /%E4%BD%A0%E7%9A%84%E5%B9%B4%E5%A4%9C%E7%89%87%EF%BC%8C%E8%A9%B2%E5%87%BA%E5%9C%88%E4%BA%86%EF%BC%81%E5%BB%A3%E8%B2%A8%E8%A1%8C%E5%85%A8%E5%9C%8B%C2%B7%E9%A2%A8%E7%89%A9%E7%A7%80%E5%B6%BA/20260206/132419.png HTTP/1.1" 404 11311 "-" "ImageBot/1.0 (compatible; research crawler; +https://github.com/rom1504/img2dataset; opt-out: abuse.notification.dcomp12b@gmail.com;"
54.166.204.138 - - [11/Sep/2026:10:24:22 -0400] "GET /2024/03/10/%E6%BC%AB%E6%AD%A5%E8%B5%B0%E5%88%B0%E9%A6%AC%E6%AC%84%E5%8F%B0%E5%8C%97-%E7%A4%BE%E5%8D%80%E5%B1%B1/113536m4477na7r91bvh9s.jpg HTTP/1.1" 404 11311 "-" "ImageBot/1.0 (compatible; research crawler; +https://github.com/rom1504/img2dataset; opt-out: abuse.notification.dcomp12b@gmail.com;"
169.1.145.186 - - [11/Sep/2026:10:24:24 -0400] "POST /xmlrpc.php HTTP/1.1" 403 1242 "-" "Jetpack/12.1; WordPress/6.3; http://site31435067.com"
39.52.236.62 - - [11/Sep/2026:10:24:25 -0400] "POST /xmlrpc.php HTTP/1.1" 403 1242 "-" "Jetpack by WordPress.com"
54.166.204.138 - - [11/Sep/2026:10:24:26 -0400] "GET /2024/03/22/%E5%85%A9%E6%9C%83%E4%BB%A3%E8%A1%A8%E9%A2%A8%E5%BA%A6%E4%B8%A8%E4%BD%99%E5%8B%87%EF%BC%9A%E6%89%93%E9%80%A0%E4%B8%80%E5%AE%B6%E6%9C%89%E6%BA%AB%E5%BA%A6%E5%8F%B0%E5%8C%97-%E6%88%BF%E7%94%A2%E7%9A%84/123318k830cutijuk0k0g8.jpg HTTP/1.1" 404 11311 "-" "ImageBot/1.0 (compatible; research crawler; +https://github.com/rom1504/img2dataset; opt-out: abuse.notification.dcomp12b@gmail.com;"
3.234.103.5 - - [11/Sep/2026:10:24:26 -0400] "GET /upload/resources/image/2024/04/15/1886899_4096x10000.jpeg HTTP/1.1" 404 11311 "-" "ImageBot/1.0 (compatible; research crawler; +https://github.com/rom1504/img2dataset; opt-out: abuse.notification.dcomp12b@gmail.com;"
3.234.103.5 - - [11/Sep/2026:10:24:27 -0400] "GET /upload/resources/image/2025/08/14/2537241.jpg HTTP/1.1" 404 11311 "-" "ImageBot/1.0 (compatible; research crawler; +https://github.com/rom1504/img2dataset; opt-out: abuse.notification.dcomp12b@gmail.com;"
85.208.96.210 - - [11/Sep/2026:10:24:35 -0400] "GET /%E8%A6%96%E9%A0%BB%E4%B8%A8%E4%B8%80%E9%82%8A%E6%8B%9C%E9%AC%BC-%E4%B8%80%E9%82%8A%E6%93%B4%E6%AD%A6-%E9%AB%98%E5%B8%82%E6%AD%A3%E5%B8%B6%E9%A0%98japan%E6%97%A5%E6%9C%AC%E8%B5%B0/ HTTP/1.1" 403 1242 "-" "Mozilla/5.0 (compatible; SemrushBot/7~bl; +http://www.semrush.com/bot.html)"
50.19.85.253 - - [11/Sep/2026:10:24:38 -0400] "GET /upload/resources/image/2026/02/28/2731318_4096x10000.png HTTP/1.1" 404 11311 "-" "ImageBot/1.0 (compatible; research crawler; +https://github.com/rom1504/img2dataset; opt-out: abuse.notification.dcomp12b@gmail.com;"
54.166.204.138 - - [11/Sep/2026:10:24:39 -0400] "GET /upload/resources/image/2026/04/16/2775398_4096x10000.jpeg HTTP/1.1" 404 11311 "-" "ImageBot/1.0 (compatible; research crawler; +https://github.com/rom1504/img2dataset; opt-out: abuse.notification.dcomp12b@gmail.com;"
50.19.85.253 - - [11/Sep/2026:10:24:40 -0400] "GET /2025/03/13/%E9%99%B3%E8%89%B7%EF%BC%9A%E9%97%9C%E4%BA%8E%E9%8C%A2%E9%90%98%E6%9B%B8-%E5%9A%B4%E5%AE%B6%E7%82%8E%E7%9A%84%E6%9C%AA%E5%88%8A%E6%89%8B%E7%A8%BF-%E6%96%87%E5%8F%B2/20241218/821.jpg HTTP/1.1" 404 11311 "-" "ImageBot/1.0 (compatible; research crawler; +https://github.com/rom1504/img2dataset; opt-out: abuse.notification.dcomp12b@gmail.com;"
50.19.85.253 - - [11/Sep/2026:10:24:40 -0400] "GET /upload/resources/image/2025/12/30/2676272_700x50000.jpg?r=1767071463383 HTTP/1.1" 404 11311 "-" "ImageBot/1.0 (compatible; research crawler; +https://github.com/rom1504/img2dataset; opt-out: abuse.notification.dcomp12b@gmail.com;"
50.19.85.253 - - [11/Sep/2026:10:24:44 -0400] "GET /%E5%85%A8%E7%90%83%E5%AA%92%E9%AB%94%E8%81%9A%E7%84%A6%EF%B8%B1%E7%BE%8E%E5%AA%92%EF%BC%9Aamerican%E5%B0%8Djiuyi%E4%BF%B1%E6%84%8F%E4%BD%8F%E5%AE%85%E8%A8%AD%E8%A8%88%E4%BC%8A%E6%9C%97%E7%9A%84/20260415/456970.png HTTP/1.1" 404 11311 "-" "ImageBot/1.0 (compatible; research crawler; +https://github.com/rom1504/img2dataset; opt-out: abuse.notification.dcomp12b@gmail.com;"
3.234.103.5 - - [11/Sep/2026:10:24:44 -0400] "GET /upload/resources/image/2026/01/18/2694032_4096x10000.png HTTP/1.1" 404 11311 "-" "ImageBot/1.0 (compatible; research crawler; +https://github.com/rom1504/img2dataset; opt-out: abuse.notification.dcomp12b@gmail.com;"
39.52.236.62 - - [11/Sep/2026:10:24:46 -0400] "POST /xmlrpc.php HTTP/1.1" 403 1242 "-" "WordPress.com; https://wordpress.com"
52.23.26.158 - - [11/Sep/2026:10:24:46 -0400] "GET /upload/resources/image/2026/01/31/2705704.jpg?r=1769799470740 HTTP/1.1" 404 11311 "-" "ImageBot/1.0 (compatible; research crawler; +https://github.com/rom1504/img2dataset; opt-out: abuse.notification.dcomp12b@gmail.com;"
169.1.145.186 - - [11/Sep/2026:10:24:51 -0400] "POST /xmlrpc.php HTTP/1.1" 403 1242 "-" "WordPress.com; https://wordpress.com"
3.234.103.5 - - [11/Sep/2026:10:24:52 -0400] "GET /upload/resources/image/2026/04/13/2771309_4096x10000.jpeg HTTP/1.1" 404 11311 "-" "ImageBot/1.0 (compatible; research crawler; +https://github.com/rom1504/img2dataset; opt-out: abuse.notification.dcomp12b@gmail.com;"
3.234.103.5 - - [11/Sep/2026:10:24:52 -0400] "GET /%E6%98%A5%E9%81%8B%E5%90%8D%E5%A0%B4%E9%9D%A2%E5%88%B7%E5%B1%8F%EF%BC%9F%E5%81%87%E7%9A%84%EF%BC%8C5%E5%90%8D%E7%94%B7%E4%BA%BA%E8%A2%AB%E8%A1%8Cosder%E5%A5%A7%E6%96%AF%E5%BE%B7/20260220/88830.jpg HTTP/1.1" 404 11311 "-" "ImageBot/1.0 (compatible; research crawler; +https://github.com/rom1504/img2dataset; opt-out: abuse.notification.dcomp12b@gmail.com;"
54.166.204.138 - - [11/Sep/2026:10:24:52 -0400] "GET /upload/resources/image/2024/01/20/1733892_4096x10000.png HTTP/1.1" 404 11311 "-" "ImageBot/1.0 (compatible; research crawler; +https://github.com/rom1504/img2dataset; opt-out: abuse.notification.dcomp12b@gmail.com;"
52.23.26.158 - - [11/Sep/2026:10:24:53 -0400] "GET /%E6%98%A5%E6%97%A5%E7%B6%93%E6%BF%9F%E6%96%B0%E5%9C%96jiuyi%E4%BF%B1%E6%84%8F%E8%A8%BA%E6%89%80%E8%A8%AD%E8%A8%88%E6%99%AF%EF%BD%9C%E9%96%8B%E5%BE%80%E6%98%A5%E5%A4%A9%E7%9A%84%E5%88%97%E8%BB%8A/20260325/304760.jpg HTTP/1.1" 404 11311 "-" "ImageBot/1.0 (compatible; research crawler; +https://github.com/rom1504/img2dataset; opt-out: abuse.notification.dcomp12b@gmail.com;"
54.166.204.138 - - [11/Sep/2026:10:24:54 -0400] "GET /2024/03/13/%E4%B8%80%E4%BD%8D%E5%9D%90%E5%8F%B0%E4%B8%AD-%E7%A4%BE%E5%8D%80%E5%A4%A7%E5%BB%88%E6%9D%9F%E7%B8%9B%E7%89%8C%E8%B2%A8%E8%BB%8A%E6%96%B0%E5%A8%98%E7%9A%84%E5%AF%86%E6%84%8F%E5%9B%9E%E7%9C%B8%EF%BC%88/094912gnwjtety2uqh0f6n.jpg HTTP/1.1" 404 11311 "-" "ImageBot/1.0 (compatible; research crawler; +https://github.com/rom1504/img2dataset; opt-out: abuse.notification.dcomp12b@gmail.com;"
54.166.204.138 - - [11/Sep/2026:10:24:56 -0400] "GET /2023/12/12/%E6%95%B8%E6%89%BE%E5%8C%85%E9%A4%8A%E5%BF%83%E5%BE%97%E8%AE%80%E4%B8%AD%E5%9C%8B%E9%80%99%E5%8D%81%E5%B9%B4%EF%BD%9C%E5%8D%81%E7%B5%84%E6%95%B8%E6%93%9A%E8%A6%8B%E8%AD%89%E6%96%B0%E6%99%82%E6%9C%9F/b74a237015bd4415987dc762335a5d3b/images/d116e81550fb47aba967e7f6c255ba64.jpg HTTP/1.1" 404 11311 "-" "ImageBot/1.0 (compatible; research crawler; +https://github.com/rom1504/img2dataset; opt-out: abuse.notification.dcomp12b@gmail.com;"
39.52.236.62 - - [11/Sep/2026:10:24:56 -0400] "POST /xmlrpc.php HTTP/1.1" 403 1242 "-" "WordPress.com; https://wordpress.com"
52.1.250.135 - - [11/Sep/2026:10:25:00 -0400] "GET /upload/resources/image/2024/02/04/1765647_4096x10000.jpeg HTTP/1.1" 404 11311 "-" "ImageBot/1.0 (compatible; research crawler; +https://github.com/rom1504/img2dataset; opt-out: abuse.notification.dcomp12b@gmail.com;"
50.19.85.253 - - [11/Sep/2026:10:25:01 -0400] "GET /%E6%97%A9%E8%AE%80-%E6%B7%B1%E5%9C%B3%E9%A6%96%E6%8F%90%E5%96%AEjiuyi%E4%BF%B1%E6%84%8F%E7%BF%BB%E4%BF%AE%E8%A8%AD%E8%A8%88%E8%BA%AB%E5%A5%B3%E6%80%A7%E7%94%9F%E9%A4%8A%E5%8A%9B%E8%A9%A6/20260209/5729.jpg HTTP/1.1" 404 11311 "-" "ImageBot/1.0 (compatible; research crawler; +https://github.com/rom1504/img2dataset; opt-out: abuse.notification.dcomp12b@gmail.com;"
54.166.204.138 - - [11/Sep/2026:10:25:02 -0400] "GET /upload/resources/image/2026/04/16/2774868_4096x10000.jpeg HTTP/1.1" 404 11311 "-" "ImageBot/1.0 (compatible; research crawler; +https://github.com/rom1504/img2dataset; opt-out: abuse.notification.dcomp12b@gmail.com;"
52.23.26.158 - - [11/Sep/2026:10:25:03 -0400] "GET /2023/12/08/%E5%A4%AA%E5%80%89%E5%8C%85%E9%A4%8Aapp%E9%BC%8E%E5%B0%9A%E5%A4%A9%E7%92%9E%E6%80%8E%E6%A8%A3%E6%A8%A3/1247429320e9ac40220970.jpg HTTP/1.1" 404 11311 "-" "ImageBot/1.0 (compatible; research crawler; +https://github.com/rom1504/img2dataset; opt-out: abuse.notification.dcomp12b@gmail.com;"
54.166.204.138 - - [11/Sep/2026:10:25:04 -0400] "GET /%E4%B8%80%E4%BD%8D%E5%9D%90%E6%9D%9F%E7%B8%9B%E7%89%8C%E4%B8%8D%E5%8B%95%E7%94%A2%E8%B2%A8%E8%BB%8A%E6%96%B0%E5%A8%98%E7%9A%84%E5%AF%86%E6%84%8F%E5%9B%9E%E7%9C%B8%EF%BC%88%E6%95%A3%E6%96%87%EF%BC%89/095833tndjbnbmxbpfdntr.jpg HTTP/1.1" 404 11311 "-" "ImageBot/1.0 (compatible; research crawler; +https://github.com/rom1504/img2dataset; opt-out: abuse.notification.dcomp12b@gmail.com;"
52.23.26.158 - - [11/Sep/2026:10:25:07 -0400] "GET /2023%E6%A1%83%E5%9C%92-%E7%A4%BE%E5%8D%80%E5%A4%A7%E5%BB%88%E5%B9%B4%E6%B4%AA%E6%B1%9F%E7%AD%96%E5%8A%83%E7%B8%A3%E5%9F%8E%E6%95%99%E5%B0%8E%E5%BE%A9%E8%88%88/230108ucpinuql87qyyqcc.jpg HTTP/1.1" 404 11311 "-" "ImageBot/1.0 (compatible; research crawler; +https://github.com/rom1504/img2dataset; opt-out: abuse.notification.dcomp12b@gmail.com;"
39.52.236.62 - - [11/Sep/2026:10:25:08 -0400] "POST /xmlrpc.php HTTP/1.1" 403 1242 "-" "Jetpack/13.0; WordPress/6.1; http://site67933082.com"
3.234.103.5 - - [11/Sep/2026:10:25:10 -0400] "GET /upload/resources/image/2026/02/02/2707242.jpg HTTP/1.1" 404 11311 "-" "ImageBot/1.0 (compatible; research crawler; +https://github.com/rom1504/img2dataset; opt-out: abuse.notification.dcomp12b@gmail.com;"
114.119.134.67 - - [11/Sep/2026:10:25:11 -0400] "GET /%e5%9f%b7%e5%8b%a4%e8%bc%94%e8%ad%a6%e4%b8%ad%e6%9a%91%e6%9a%88%e5%84%84%e5%b5%90%e5%b7%a5%e5%ad%b8%e6%a4%85%e5%80%922%e6%ac%a1%e4%b8%96%e4%ba%ba%e7%86%b1%e5%bf%83%e5%ae%88%e8%ad%b7-25/ HTTP/1.1" 200 15446 "https://big-wife.com.tw/%e5%ae%88%e5%a5%bd%e9%98%b2%e7%96%ab%e4%b9%8b%e9%96%80%e5%8c%97%e4%ba%ac%e7%a4%be%e5%8d%80%e6%9c%89%e5%af%a6%e6%8b%9b%e5%84%84%e5%b5%90%e7%b3%bb%e7%b5%b1%e5%82%a2-23/" "Mozilla/5.0 (Linux; Android 7.0;) AppleWebKit/537.36 (HTML, like Gecko) Mobile Safari/537.36 (compatible; PetalBot;+https://webmaster.petalsearch.com/site/petalbot)"
54.166.204.138 - - [11/Sep/2026:10:25:12 -0400] "GET /%E8%AC%9B%E5%A5%BD%E6%96%87%E6%98%8E%E6%95%85%E4%BA%8B-jiuyi%E4%BF%B1%E6%84%8F%E7%A9%BA%E9%96%93%E8%A8%AD%E8%A8%88%E7%82%BA%E6%96%87%E6%97%85%E5%BB%BA%E8%A8%80%E7%99%BC%E5%B1%95%E5%B0%8F/20260429/568709.jpg HTTP/1.1" 404 11311 "-" "ImageBot/1.0 (compatible; research crawler; +https://github.com/rom1504/img2dataset; opt-out: abuse.notification.dcomp12b@gmail.com;"
54.166.204.138 - - [11/Sep/2026:10:25:13 -0400] "GET /%E5%B0%8F%E7%B7%A8%E8%A6%AA%E6%B8%AC%EF%BC%81%E7%9C%9F%E4%BA%BA%E5%87%BA%E9%8F%A1%EF%BC%81%E5%A4%9A%E5%9C%96%E9%A0%90%E8%AD%A6%EF%BC%81%EF%BC%81%E8%A6%93%E5%8C%85%E9%A4%8Aapp%E7%B5%A6%E4%BD%A0/101742o34nn38mnqyf3m9y.png HTTP/1.1" 404 11311 "-" "ImageBot/1.0 (compatible; research crawler; +https://github.com/rom1504/img2dataset; opt-out: abuse.notification.dcomp12b@gmail.com;"
52.1.250.135 - - [11/Sep/2026:10:25:15 -0400] "GET /2024/03/31/%E7%9B%A1%E6%83%85%E6%88%BF%E7%94%A2%E8%B3%87%E8%A8%8A%E4%BA%94%E6%BA%AA%E8%B0%B7-%E6%B2%89%E9%86%89%E5%B1%B1%E5%B7%9D%E9%96%93/224937g0nqaeeckkxsxnb7.png HTTP/1.1" 404 11311 "-" "ImageBot/1.0 (compatible; research crawler; +https://github.com/rom1504/img2dataset; opt-out: abuse.notification.dcomp12b@gmail.com;"
169.1.145.186 - - [11/Sep/2026:10:25:18 -0400] "POST /xmlrpc.php HTTP/1.1" 403 1242 "-" "Jetpack/12.5; WordPress/6.3; http://site80967794.com"
3.234.103.5 - - [11/Sep/2026:10:25:20 -0400] "GET /2023/09/05/%E5%99%B4%E5%8C%85%E9%A4%8A%E7%B6%B2%E9%BC%BB%E7%AB%BD/083304lpy877b28u6uesep.jpg HTTP/1.1" 404 11311 "-" "ImageBot/1.0 (compatible; research crawler; +https://github.com/rom1504/img2dataset; opt-out: abuse.notification.dcomp12b@gmail.com;"
54.166.204.138 - - [11/Sep/2026:10:25:20 -0400] "GET /%E9%A6%AC%E4%B8%8A%E8%BF%8E%E6%96%B0%E5%89%B5%E6%84%8F%E4%B8%8D%E6%96%B7-%E9%A6%AC%E8%B8%8F%E7%A6%8F%E4%BE%86%E7%AB%8B%E5%88%BB%E9%83%BD%E4%BE%86/20260119/8605.png HTTP/1.1" 404 11311 "-" "ImageBot/1.0 (compatible; research crawler; +https://github.com/rom1504/img2dataset; opt-out: abuse.notification.dcomp12b@gmail.com;"
50.19.85.253 - - [11/Sep/2026:10:25:26 -0400] "GET /upload/resources/image/2026/02/05/2711697_4096x50000.jpeg HTTP/1.1" 404 11311 "-" "ImageBot/1.0 (compatible; research crawler; +https://github.com/rom1504/img2dataset; opt-out: abuse.notification.dcomp12b@gmail.com;"
52.1.250.135 - - [11/Sep/2026:10:25:27 -0400] "GET /upload/resources/image/2026/04/18/2776410_4096x10000.jpeg HTTP/1.1" 404 11311 "-" "ImageBot/1.0 (compatible; research crawler; +https://github.com/rom1504/img2dataset; opt-out: abuse.notification.dcomp12b@gmail.com;"
39.52.236.62 - - [11/Sep/2026:10:25:27 -0400] "POST /xmlrpc.php HTTP/1.1" 403 1242 "-" "Jetpack by WordPress.com (Jetpack 12.5; WordPress 6.4)"
138.246.253.7 - - [11/Sep/2026:10:25:27 -0400] "HEAD / HTTP/3" 200 0 "-" "quic-go-HTTP/3"
54.166.204.138 - - [11/Sep/2026:10:25:30 -0400] "GET /%E6%99%A8%E5%AE%89%E4%B8%96%E7%95%8C%E4%B8%A8osder%E5%A5%A7%E6%96%AF%E5%BE%B7%E6%B1%BD%E8%BB%8A%E9%9B%B6%E4%BB%B6%E4%BF%84%E7%BE%85%E6%96%AF%E5%BC%B7%E7%A1%AC%E8%A1%A8%E6%85%8B%EF%BC%9A%E6%B8%85/20260501/579964.jpg HTTP/1.1" 404 11311 "-" "ImageBot/1.0 (compatible; research crawler; +https://github.com/rom1504/img2dataset; opt-out: abuse.notification.dcomp12b@gmail.com;"
54.166.204.138 - - [11/Sep/2026:10:25:31 -0400] "GET /2023/12/12/%E6%95%B8%E6%89%BE%E5%8C%85%E9%A4%8A%E5%BF%83%E5%BE%97%E8%AE%80%E4%B8%AD%E5%9C%8B%E9%80%99%E5%8D%81%E5%B9%B4%EF%BD%9C%E5%8D%81%E7%B5%84%E6%95%B8%E6%93%9A%E8%A6%8B%E8%AD%89%E6%96%B0%E6%99%82%E6%9C%9F/b74a237015bd4415987dc762335a5d3b/images/4fdc4cff53d84ce582eb27bb5706fc6f.jpg HTTP/1.1" 404 11311 "-" "ImageBot/1.0 (compatible; research crawler; +https://github.com/rom1504/img2dataset; opt-out: abuse.notification.dcomp12b@gmail.com;"
52.23.26.158 - - [11/Sep/2026:10:25:32 -0400] "GET /%E6%98%A5%E5%AD%A3%E6%97%A5%E6%89%BE%E5%8C%85%E9%A4%8A%E5%83%B9%E6%A0%BC%E5%A4%9C%E6%BA%AB%E5%B7%AE%E4%B9%8B%E5%B9%B4%E5%A4%9C%EF%BC%8C%E7%82%BA%E4%BD%95%E5%83%8F%E5%9D%90%E9%81%8E%E5%B1%B1/da763d73dca245299a3729f25e179f13/images/8d9bd6a60bae4386a0bfb0e494a8406a.jpg HTTP/1.1" 404 11311 "-" "ImageBot/1.0 (compatible; research crawler; +https://github.com/rom1504/img2dataset; opt-out: abuse.notification.dcomp12b@gmail.com;"
52.23.26.158 - - [11/Sep/2026:10:25:33 -0400] "GET /%E8%81%8A%E4%B8%8B%E5%86%B7%E6%B0%B4%E7%81%98%E7%A2%A7%E6%A1%82%E5%9C%92%E9%BB%83%E9%87%91%E6%99%82%E6%9C%9F%E7%9A%84%E5%9C%B0%E4%B8%8B%E5%8F%B0%E5%8D%97-%E7%A4%BE%E5%8D%80%E5%A4%A7%E6%A8%93%E8%BB%8A/081958iq49n4mdiizk9m4w.jpg HTTP/1.1" 404 11311 "-" "ImageBot/1.0 (compatible; research crawler; +https://github.com/rom1504/img2dataset; opt-out: abuse.notification.dcomp12b@gmail.com;"
39.52.236.62 - - [11/Sep/2026:10:25:36 -0400] "POST /xmlrpc.php HTTP/1.1" 403 1242 "-" "Jetpack by WordPress.com"
52.1.250.135 - - [11/Sep/2026:10:25:37 -0400] "GET /2023/11/22/%E4%B9%9D%E5%AE%AE%E6%A0%BC%E6%9C%83%E8%AD%B0%E5%AE%A4%E3%80%90%E5%8E%9F%E5%89%B5%E3%80%91%E5%85%A8%E5%B9%B3%E6%98%93%E8%BF%91%E5%85%AC%E7%9B%8A%E6%9C%88%E6%8D%90%E2%97%8F%E5%B2%B3%E9%99%BD%E6%A8%93/171154exhhkjiseifxfjej.png HTTP/1.1" 404 11311 "-" "ImageBot/1.0 (compatible; research crawler; +https://github.com/rom1504/img2dataset; opt-out: abuse.notification.dcomp12b@gmail.com;"
54.166.204.138 - - [11/Sep/2026:10:25:39 -0400] "GET /2023/11/25/%E6%96%B0%E9%82%B5%E7%B8%A3%E8%80%81%E7%A7%91%E5%8D%94%E7%99%BC%E6%94%B9%E5%88%86%E6%9C%83%E7%B5%84%E7%B9%94%E5%B0%88%E5%AE%B6%E5%8C%85%E9%A4%8A%E7%B6%B2%E5%96%AE%E6%AC%A1%E4%B8%8B%E9%84%89%E6%9D%91/215516bg82r0ssk1g94tzt.jpg HTTP/1.1" 404 11311 "-" "ImageBot/1.0 (compatible; research crawler; +https://github.com/rom1504/img2dataset; opt-out: abuse.notification.dcomp12b@gmail.com;"
3.234.103.5 - - [11/Sep/2026:10:25:40 -0400] "GET /upload/resources/image/2024/09/06/2083732.jpg?r=1725571826072 HTTP/1.1" 404 11311 "-" "ImageBot/1.0 (compatible; research crawler; +https://github.com/rom1504/img2dataset; opt-out: abuse.notification.dcomp12b@gmail.com;"
52.1.250.135 - - [11/Sep/2026:10:25:48 -0400] "GET /2024/03/04/%E8%B3%BC%E5%B1%8B%EF%BC%882021-2035%E5%B9%B4%EF%BC%89%E9%80%99%E5%BC%B5%E9%95%B7%E6%B2%99%E5%9C%B0%E9%90%B5%E6%96%B0%E8%A8%88%E5%8A%83%E5%9C%96%E5%B0%B1%E6%98%AF%E5%B0%87%E4%BE%86%E7%9A%84%E6%98%9F/093455e8wx237zuhuw1y1u.jpg HTTP/1.1" 404 11311 "-" "ImageBot/1.0 (compatible; research crawler; +https://github.com/rom1504/img2dataset; opt-out: abuse.notification.dcomp12b@gmail.com;"
169.1.145.186 - - [11/Sep/2026:10:25:48 -0400] "POST /xmlrpc.php HTTP/1.1" 403 1242 "-" "Jetpack/13.0; WordPress/6.1; http://site33161948.com"
50.19.85.253 - - [11/Sep/2026:10:25:51 -0400] "GET /upload/resources/image/2024/06/02/1963595_4096x10000.jpeg HTTP/1.1" 404 11311 "-" "ImageBot/1.0 (compatible; research crawler; +https://github.com/rom1504/img2dataset; opt-out: abuse.notification.dcomp12b@gmail.com;"
52.167.144.174 - - [11/Sep/2026:10:25:51 -0400] "GET /%E6%B3%95%E6%B2%BB%E6%95%85%E4%BA%8B%E4%B8%A8%E6%89%93%E7%BD%B5%E6%BF%80%E7%99%BC%E5%84%84%E5%B5%90%E5%8D%87%E9%99%8D%E6%A1%8C%E7%9A%84%E6%80%A7%E5%91%BD%E6%AC%8A%E8%86%A0%E8%91%9B%E6%A1%88-21/ HTTP/2" 200 20938 "-" "Mozilla/5.0 AppleWebKit/537.36 (KHTML, like Gecko; compatible; bingbot/2.0; +http://www.bing.com/bingbot.htm) Chrome/116.0.1938.76 Safari/537.36"
54.166.204.138 - - [11/Sep/2026:10:25:53 -0400] "GET /2024/03/08/%E6%B7%BA%E8%AB%87%E6%B4%AA%E6%B1%9F%E4%B8%80%E5%B8%82%E4%BA%8C%E5%9F%8E%E6%88%90%E9%95%B7%E9%9D%A2%E5%B0%8D%E9%A1%8C%E7%9B%AE/173335p3da0zcs99vdxm3r.jpg HTTP/1.1" 404 11311 "-" "ImageBot/1.0 (compatible; research crawler; +https://github.com/rom1504/img2dataset; opt-out: abuse.notification.dcomp12b@gmail.com;"
3.234.103.5 - - [11/Sep/2026:10:25:56 -0400] "GET /upload/resources/image/2025/07/31/2521697_4096x10000.jpeg HTTP/1.1" 404 11311 "-" "ImageBot/1.0 (compatible; research crawler; +https://github.com/rom1504/img2dataset; opt-out: abuse.notification.dcomp12b@gmail.com;"
52.1.250.135 - - [11/Sep/2026:10:25:57 -0400] "GET /%E5%B0%8F%E7%B7%A8%E8%A6%AA%E6%B8%AC%EF%BC%81%E7%9C%9F%E4%BA%BA%E5%87%BA%E9%8F%A1%EF%BC%81%E5%A4%9A%E5%9C%96%E9%A0%90%E8%AD%A6%EF%BC%81%EF%BC%81%E8%A6%93%E5%8C%85%E9%A4%8Aapp%E7%B5%A6%E4%BD%A0/163931d54ggiwbouuxuuzz.jpg HTTP/1.1" 404 11311 "-" "ImageBot/1.0 (compatible; research crawler; +https://github.com/rom1504/img2dataset; opt-out: abuse.notification.dcomp12b@gmail.com;"
52.23.26.158 - - [11/Sep/2026:10:25:58 -0400] "GET /upload/resources/image/2026/04/27/2785438_4096x10000.jpeg HTTP/1.1" 404 11311 "-" "ImageBot/1.0 (compatible; research crawler; +https://github.com/rom1504/img2dataset; opt-out: abuse.notification.dcomp12b@gmail.com;"
39.52.236.62 - - [11/Sep/2026:10:25:58 -0400] "POST /xmlrpc.php HTTP/1.1" 403 1242 "-" "Jetpack by WordPress.com"
3.234.103.5 - - [11/Sep/2026:10:25:59 -0400] "GET /%E5%BB%A3%E8%B2%A8%E8%A1%8C%E5%85%A8%E5%9C%8B-%E7%A4%BE%E7%A7%91%E8%96%A6%E5%84%AA%E5%93%81-jiuyi%E4%BF%B1%E6%84%8F%E8%A8%BA%E6%89%80%E8%A8%AD%E8%A8%88-%E9%99%BD%E8%A5%BF%E4%BD%B3%E5%91%B3%EF%BC%9A/20260214/42798.jpg HTTP/1.1" 404 11311 "-" "ImageBot/1.0 (compatible; research crawler; +https://github.com/rom1504/img2dataset; opt-out: abuse.notification.dcomp12b@gmail.com;"
3.234.103.5 - - [11/Sep/2026:10:26:03 -0400] "GET /2024/03/26/%E3%80%90%E8%B5%B0%E9%80%B2%E7%87%88%E5%A1%94%E3%80%91%E8%B5%B0%E9%80%B2%E7%87%88%E5%A1%94%E8%97%9D%E8%A1%93%E8%BE%B2%E5%A0%B4%EF%BC%8C%E5%96%9C%E8%81%BD%E5%9B%9B%E7%A4%BE%E5%8D%80%E5%A4%A7%E6%A8%93/113132wbgkniqnhnzbfxzq.jpg HTTP/1.1" 404 11311 "-" "ImageBot/1.0 (compatible; research crawler; +https://github.com/rom1504/img2dataset; opt-out: abuse.notification.dcomp12b@gmail.com;"
85.208.96.196 - - [11/Sep/2026:10:26:05 -0400] "GET /%E5%85%89%E8%80%80%E5%A4%AA%E8%A1%8C%C2%B7%E7%B4%85%E5%9C%9F%E5%8A%87%E8%AE%8A%E5%B7%A6%E6%AC%8A%EF%BC%9A%E7%99%BD%E5%B0%88%E5%8C%85%E9%A4%8A%E8%89%B2%E5%9F%BA%E5%9B%A0%E6%BD%A4%E8%86%8F/ HTTP/1.1" 403 1242 "-" "Mozilla/5.0 (compatible; SemrushBot/7~bl; +http://www.semrush.com/bot.html)"
50.19.85.253 - - [11/Sep/2026:10:26:06 -0400] "GET /2023/10/11/%E5%93%88%E7%88%BE%E6%BF%B1%E5%8C%85%E9%A4%8A%E8%A1%8C%E6%83%85%E7%B5%84%E5%9C%98%E5%88%B0%E5%8D%97%E4%BA%AC%E8%B3%A3%E6%88%BF-%E6%88%90%E4%BA%A4%E9%87%8F/c41c35bb695d4229894ffbb3f283a2a6.jpg HTTP/1.1" 404 11311 "-" "ImageBot/1.0 (compatible; research crawler; +https://github.com/rom1504/img2dataset; opt-out: abuse.notification.dcomp12b@gmail.com;"
50.19.85.253 - - [11/Sep/2026:10:26:08 -0400] "GET /2024/03/11/%E5%AD%94%E5%8F%B0%E5%8D%97-%E7%A4%BE%E5%8D%80%E4%B9%99%E5%B7%B1%E7%94%A8%E8%8C%B4%E5%99%B4%E9%BC%BB%E8%B1%86%E5%AF%AB%E7%9A%84%E7%BE%8E%E5%A5%BD-%E6%98%A5%E8%81%AF-%EF%BC%8C%E7%84%A1/124828vgeyejgb93m9pj0l.jpg HTTP/1.1" 404 11311 "-" "ImageBot/1.0 (compatible; research crawler; +https://github.com/rom1504/img2dataset; opt-out: abuse.notification.dcomp12b@gmail.com;"
54.166.204.138 - - [11/Sep/2026:10:26:08 -0400] "GET /2024/02/10/%E6%89%BE%E5%8C%85%E9%A4%8A%E5%83%B9%E6%A0%BC%E6%8C%AF%E7%BF%85%E5%B7%A5%E5%85%B7%E5%8D%97%E5%8C%97%E4%B8%AD%EF%BC%81%E6%9C%89%E5%AE%83%E5%9C%A8%EF%BC%8C%E5%BA%95%E6%B0%A3%E5%B0%B1/ea28e0890dab47e7806351ea290fce91/images/15d89591bd4c4b51be4135605a898f29.jpg HTTP/1.1" 404 11311 "-" "ImageBot/1.0 (compatible; research crawler; +https://github.com/rom1504/img2dataset; opt-out: abuse.notification.dcomp12b@gmail.com;"
50.19.85.253 - - [11/Sep/2026:10:26:15 -0400] "GET /2024/03/26/%E5%A4%9A%E5%BD%A9%E8%B5%AB%E5%B1%B1%E8%A1%8C%E6%88%BF%E7%94%A2%EF%BC%8C%E7%9C%8B%E6%9C%9B%E6%98%8E%E6%98%9F%E6%9D%91/154850psyj1yiclcuisiyt.jpg HTTP/1.1" 404 11305 "-" "ImageBot/1.0 (compatible; research crawler; +https://github.com/rom1504/img2dataset; opt-out: abuse.notification.dcomp12b@gmail.com;"
54.166.204.138 - - [11/Sep/2026:10:26:16 -0400] "GET /2024/01/07/%E9%A6%96%E8%88%AA%E3%80%81%E9%A6%96%E9%A3%9B%E3%80%81%E9%A6%96%E7%99%BC2024%E4%B8%AD%E5%9C%8B%E6%89%BE%E5%8C%85%E9%A4%8A%E7%B6%B2%E7%A7%91%E6%8A%80%E7%AB%8B%E7%95%B0%E9%96%8B/a3a0412fc9b440c5a029bd318fbb87a2/images/332319f4cbca46298b057031b823cba8.jpg HTTP/1.1" 404 11311 "-" "ImageBot/1.0 (compatible; research crawler; +https://github.com/rom1504/img2dataset; opt-out: abuse.notification.dcomp12b@gmail.com;"
185.191.171.18 - - [11/Sep/2026:10:26:16 -0400] "GET /%E6%B5%99%E6%B1%9F%E8%AB%B8%E6%9A%A8%EF%BC%9A%E8%AE%93%E6%9B%B4%E5%A4%9A%E8%83%BD%E5%B7%A5%E5%B7%A7%E6%89%8B%E7%A0%B4%E5%84%84%E5%B5%90%E7%B3%BB%E7%B5%B1%E5%82%A2%E4%BF%B1%E5%9C%9F%E5%86%92/ HTTP/1.1" 403 1242 "-" "Mozilla/5.0 (compatible; SemrushBot/7~bl; +http://www.semrush.com/bot.html)"
50.19.85.253 - - [11/Sep/2026:10:26:17 -0400] "GET /upload/resources/image/2024/08/31/2076525_4096x10000.jpeg HTTP/1.1" 404 11311 "-" "ImageBot/1.0 (compatible; research crawler; +https://github.com/rom1504/img2dataset; opt-out: abuse.notification.dcomp12b@gmail.com;"
50.19.85.253 - - [11/Sep/2026:10:26:18 -0400] "GET /2024/01/29/%E5%B0%8F%E7%B7%A8%E8%A6%AA%E6%B8%AC%EF%BC%81%E7%9C%9F%E4%BA%BA%E5%87%BA%E9%8F%A1%EF%BC%81%E5%A4%9A%E5%9C%96%E9%A0%90%E8%AD%A6%EF%BC%81%EF%BC%81%E8%A6%93%E5%8C%85%E9%A4%8Aapp%E7%B5%A6%E4%BD%A0/172347hzooz4k4vvtuke3o.jpg HTTP/1.1" 404 11311 "-" "ImageBot/1.0 (compatible; research crawler; +https://github.com/rom1504/img2dataset; opt-out: abuse.notification.dcomp12b@gmail.com;"
54.166.204.138 - - [11/Sep/2026:10:26:19 -0400] "GET /2024/03/08/%E7%94%9F%E6%B6%AF%E9%9B%9C%E8%AD%B0%E6%96%B0%E5%8C%97%E6%88%BF%E7%94%A2%EF%BC%88%E4%B8%89%EF%BC%89/160754dkes36km6gmsz4zk.jpg HTTP/1.1" 404 11311 "-" "ImageBot/1.0 (compatible; research crawler; +https://github.com/rom1504/img2dataset; opt-out: abuse.notification.dcomp12b@gmail.com;"
52.23.26.158 - - [11/Sep/2026:10:26:19 -0400] "GET /upload/resources/image/2026/02/02/2707614.jpg HTTP/1.1" 404 11311 "-" "ImageBot/1.0 (compatible; research crawler; +https://github.com/rom1504/img2dataset; opt-out: abuse.notification.dcomp12b@gmail.com;"
169.1.145.186 - - [11/Sep/2026:10:26:21 -0400] "POST /xmlrpc.php HTTP/1.1" 403 1242 "-" "WordPress.com; https://wordpress.com"
54.166.204.138 - - [11/Sep/2026:10:26:23 -0400] "GET /html/files/2022-04/03/20220403093305348217760.jpg HTTP/1.1" 404 11311 "-" "ImageBot/1.0 (compatible; research crawler; +https://github.com/rom1504/img2dataset; opt-out: abuse.notification.dcomp12b@gmail.com;"
50.19.85.253 - - [11/Sep/2026:10:26:24 -0400] "GET /upload/resources/image/2026/03/29/2758011_4096x10000.jpeg HTTP/1.1" 404 11311 "-" "ImageBot/1.0 (compatible; research crawler; +https://github.com/rom1504/img2dataset; opt-out: abuse.notification.dcomp12b@gmail.com;"
52.1.250.135 - - [11/Sep/2026:10:26:28 -0400] "GET /2024/03/31/%E7%9B%A1%E6%83%85%E6%88%BF%E7%94%A2%E8%B3%87%E8%A8%8A%E4%BA%94%E6%BA%AA%E8%B0%B7-%E6%B2%89%E9%86%89%E5%B1%B1%E5%B7%9D%E9%96%93/224425rupehelndr58phg5.png HTTP/1.1" 404 11311 "-" "ImageBot/1.0 (compatible; research crawler; +https://github.com/rom1504/img2dataset; opt-out: abuse.notification.dcomp12b@gmail.com;"
3.234.103.5 - - [11/Sep/2026:10:26:35 -0400] "GET /upload/resources/image/2026/03/25/2755681_4096x10000.jpeg HTTP/1.1" 404 11311 "-" "ImageBot/1.0 (compatible; research crawler; +https://github.com/rom1504/img2dataset; opt-out: abuse.notification.dcomp12b@gmail.com;"
114.119.134.216 - - [11/Sep/2026:10:26:35 -0400] "GET /%e5%9f%b7%e5%8b%a4%e8%bc%94%e8%ad%a6%e4%b8%ad%e6%9a%91%e6%9a%88%e5%84%84%e5%b5%90%e5%b7%a5%e5%ad%b8%e6%a4%85%e5%80%922%e6%ac%a1%e4%b8%96%e4%ba%ba%e7%86%b1%e5%bf%83%e5%ae%88%e8%ad%b7-20/ HTTP/1.1" 200 15468 "https://big-wife.com.tw/%e5%85%b1%e5%89%b5%e5%85%b1%e4%ba%ab%e9%80%b2%e5%84%84%e5%b5%90%e5%ae%a4%e5%85%a7%e8%a8%ad%e8%a8%88%e6%ad%a5%e5%9c%8b%e6%b0%91%e7%94%9f%e6%b6%af%e5%93%81%e5%be%b7-20/" "Mozilla/5.0 (Linux; Android 7.0;) AppleWebKit/537.36 (HTML, like Gecko) Mobile Safari/537.36 (compatible; PetalBot;+https://webmaster.petalsearch.com/site/petalbot)"
3.234.103.5 - - [11/Sep/2026:10:26:35 -0400] "GET /2023/10/09/%E9%AB%98%E9%80%9F%E8%B7%AF%E4%B8%8A%E9%8C%AF%E9%81%8E%E5%87%BA%E5%8F%A3%EF%BC%8C%E4%B8%80%E5%80%8B%E5%8C%85%E9%A4%8Aapp%E6%93%8D%E7%B8%B1%E8%AE%93%E5%8C%97%E4%BA%AC%E7%9A%84%E9%83%9D%E6%9F%90/49d9cf318f3440929bd0c432b504079b.png HTTP/1.1" 404 11311 "-" "ImageBot/1.0 (compatible; research crawler; +https://github.com/rom1504/img2dataset; opt-out: abuse.notification.dcomp12b@gmail.com;"
52.1.250.135 - - [11/Sep/2026:10:26:36 -0400] "GET /2024/03/19/%E5%91%A8%E9%81%AD%E7%9A%84%E7%8B%80%E6%B3%81%E9%80%99%E4%B9%88%E5%A5%BD-%E6%88%91%E8%A6%81%E5%9B%9E%E9%84%89%E6%9D%91-%E6%A7%90%E6%A8%B9%E7%81%A3%E5%92%8C%E7%BE%8E%E5%B1%8B%E5%A0%B4-%E9%9B%99/011425lf4vv1foyf5fqdfq.jpg HTTP/1.1" 404 11311 "-" "ImageBot/1.0 (compatible; research crawler; +https://github.com/rom1504/img2dataset; opt-out: abuse.notification.dcomp12b@gmail.com;"
52.1.250.135 - - [11/Sep/2026:10:26:40 -0400] "GET /upload/resources/image/2024/04/20/1896113_4096x10000.jpeg HTTP/1.1" 404 11311 "-" "ImageBot/1.0 (compatible; research crawler; +https://github.com/rom1504/img2dataset; opt-out: abuse.notification.dcomp12b@gmail.com;"
52.1.250.135 - - [11/Sep/2026:10:26:44 -0400] "GET /%E5%B9%B4%E5%A4%9C%E7%88%BA%E8%BA%BA%E9%A6%AC%E8%B7%AF%E4%B8%AD%E9%96%93%E6%9B%AC%E5%A4%AA%E9%99%BD-%E8%BB%8Ajiuyi%E4%BF%B1%E6%84%8F%E7%BF%BB%E4%BF%AE%E8%A8%AD%E8%A8%88%E8%BC%9B%E7%B4%9B%E7%B4%9B/20260428/555663.png HTTP/1.1" 404 11311 "-" "ImageBot/1.0 (compatible; research crawler; +https://github.com/rom1504/img2dataset; opt-out: abuse.notification.dcomp12b@gmail.com;"
169.1.145.186 - - [11/Sep/2026:10:26:47 -0400] "POST /xmlrpc.php HTTP/1.1" 403 1242 "-" "Jetpack/12.1; WordPress/6.3; http://site42058908.com"
54.166.204.138 - - [11/Sep/2026:10:26:48 -0400] "GET /upload/resources/image/2026/03/29/2758011_4096x10000.jpeg HTTP/1.1" 404 11311 "-" "ImageBot/1.0 (compatible; research crawler; +https://github.com/rom1504/img2dataset; opt-out: abuse.notification.dcomp12b@gmail.com;"
52.23.26.158 - - [11/Sep/2026:10:26:50 -0400] "GET /2024/03/22/%E5%8F%B0%E4%B8%AD-%E7%A4%BE%E5%8D%80%E9%80%9B%E4%B8%80%E9%80%9B%E8%8F%9C%E5%B8%82%E5%A0%B4-%E4%B8%A8%E6%9B%BE%E7%A7%89%E7%82%8E/161822jwz1cw71w0x0pwww.jpg HTTP/1.1" 404 11311 "-" "ImageBot/1.0 (compatible; research crawler; +https://github.com/rom1504/img2dataset; opt-out: abuse.notification.dcomp12b@gmail.com;"
39.52.236.62 - - [11/Sep/2026:10:26:51 -0400] "POST /xmlrpc.php HTTP/1.1" 403 1242 "-" "Jetpack by WordPress.com"
50.19.85.253 - - [11/Sep/2026:10:26:52 -0400] "GET /2024/03/27/%E9%A2%A8%E9%88%B4%E8%8A%B1/114508wr5pfe8e3f446dpf.gif HTTP/1.1" 404 11311 "-" "ImageBot/1.0 (compatible; research crawler; +https://github.com/rom1504/img2dataset; opt-out: abuse.notification.dcomp12b@gmail.com;"
52.23.26.158 - - [11/Sep/2026:10:26:55 -0400] "GET /2023/08/02/%E5%AE%89%E9%84%89%E9%A0%86%E7%99%BC%E4%B8%89%E4%B9%9D%E9%A3%9F%E7%89%A9%E5%85%AC%E5%8F%B8%E7%82%BA210%E5%90%8D%E7%92%B0%E8%A1%9B%E7%94%9C%E5%BF%83%E5%8C%85%E9%A4%8A%E7%B6%B2%E5%B7%A5%E4%BA%BA/161312pnyna48444a4f4a3.jpg HTTP/1.1" 404 11311 "-" "ImageBot/1.0 (compatible; research crawler; +https://github.com/rom1504/img2dataset; opt-out: abuse.notification.dcomp12b@gmail.com;"
50.19.85.253 - - [11/Sep/2026:10:26:56 -0400] "GET /2024/03/17/%E3%80%90%E5%8F%B0%E4%B8%AD-%E7%A4%BE%E5%8D%80%E5%A4%A7%E6%A8%93%E5%BE%A9%E8%88%88%E6%9D%AF%E3%80%91%E7%B4%AB%E9%B5%B2%E7%95%8C%E7%9A%84%E6%B0%B4%E5%AD%90%E8%A1%A1/123840wjttnq34rri8zq91.jpg HTTP/1.1" 404 11311 "-" "ImageBot/1.0 (compatible; research crawler; +https://github.com/rom1504/img2dataset; opt-out: abuse.notification.dcomp12b@gmail.com;"
52.23.26.158 - - [11/Sep/2026:10:26:56 -0400] "GET /upload/resources/image/2025/12/13/2661248.jpg?r=1765606240028 HTTP/1.1" 404 11311 "-" "ImageBot/1.0 (compatible; research crawler; +https://github.com/rom1504/img2dataset; opt-out: abuse.notification.dcomp12b@gmail.com;"
54.166.204.138 - - [11/Sep/2026:10:26:57 -0400] "GET /2024/03/27/%E9%A2%A8%E9%88%B4%E8%8A%B1/114508wr5pfe8e3f446dpf.gif HTTP/1.1" 404 11311 "-" "ImageBot/1.0 (compatible; research crawler; +https://github.com/rom1504/img2dataset; opt-out: abuse.notification.dcomp12b@gmail.com;"
54.166.204.138 - - [11/Sep/2026:10:26:58 -0400] "GET /2023/12/10/%E5%A7%91%E4%B8%94%E5%85%85%E5%A0%B4%E5%85%BC%E8%81%B7%E5%B7%AE20%E7%94%9C%E5%BF%83%E5%8C%85%E9%A4%8A%E7%B6%B2%E5%90%8D/device-Android.jpg HTTP/1.1" 404 11311 "-" "ImageBot/1.0 (compatible; research crawler; +https://github.com/rom1504/img2dataset; opt-out: abuse.notification.dcomp12b@gmail.com;"
85.208.96.193 - - [11/Sep/2026:10:27:00 -0400] "GET /%E8%B5%B0%E5%BB%8A%E7%95%B6jiuyi%E4%BF%B1%E6%84%8F%E5%AE%A4%E5%85%A7%E8%A8%AD%E8%A8%88%E5%AE%A2%E5%BB%B3-%E5%B8%82%E9%8E%AE%E6%9C%83%E5%91%BD%E4%BB%A4%E6%B8%85/ HTTP/1.1" 403 1242 "-" "Mozilla/5.0 (compatible; SemrushBot/7~bl; +http://www.semrush.com/bot.html)"
50.19.85.253 - - [11/Sep/2026:10:27:01 -0400] "GET /2024/04/19/4%E6%9C%8819%E6%89%BE%E5%8C%85%E9%A4%8A%E7%B6%B2%E7%AB%99%E6%AF%94%E8%BC%83%E6%97%A5%E8%B0%B7%E9%9B%A8%EF%BC%9A%E5%B1%B1%E6%B0%B4%E9%BB%9B%E8%89%B2%E9%9D%92/855e46c307f345bead03eec103ef051c/images/4e1b68c0e9fa48daa711cc4c06ff5a02.jpg HTTP/1.1" 404 11311 "-" "ImageBot/1.0 (compatible; research crawler; +https://github.com/rom1504/img2dataset; opt-out: abuse.notification.dcomp12b@gmail.com;"
39.52.236.62 - - [11/Sep/2026:10:27:02 -0400] "POST /xmlrpc.php HTTP/1.1" 403 1242 "-" "Jetpack by WordPress.com"
3.234.103.5 - - [11/Sep/2026:10:27:03 -0400] "GET /upload/resources/image/2026/03/09/2740690_4096x10000.jpeg HTTP/1.1" 404 11311 "-" "ImageBot/1.0 (compatible; research crawler; +https://github.com/rom1504/img2dataset; opt-out: abuse.notification.dcomp12b@gmail.com;"
52.23.26.158 - - [11/Sep/2026:10:27:03 -0400] "GET /%E8%A6%96%E9%A0%BB%E4%B8%A8japan%E6%97%A5%E6%9C%ACosder%E5%A5%A7%E6%96%AF%E5%BE%B7%E6%B1%BD%E8%BB%8A%E6%9D%90%E6%96%99%E5%B0%88%E5%AE%B6%EF%BC%9Ajapan%E6%97%A5%E6%9C%AC%E7%95%B6%E5%B1%80%E7%A8%AE/20260326/314069.jpg HTTP/1.1" 404 11311 "-" "ImageBot/1.0 (compatible; research crawler; +https://github.com/rom1504/img2dataset; opt-out: abuse.notification.dcomp12b@gmail.com;"
54.166.204.138 - - [11/Sep/2026:10:27:03 -0400] "GET /upload/resources/image/2024/10/31/2150273_4096x10000.jpeg HTTP/1.1" 404 11311 "-" "ImageBot/1.0 (compatible; research crawler; +https://github.com/rom1504/img2dataset; opt-out: abuse.notification.dcomp12b@gmail.com;"
54.166.204.138 - - [11/Sep/2026:10:27:05 -0400] "GET /2024/01/17/%E4%B8%80%E5%8C%85%E9%A4%8A%E7%B6%B2%E7%AB%99%E5%B8%B8%E5%BE%B7%E6%80%A7%E5%90%9F%E4%B9%8B%E4%B8%80/160337e3uugysu6fy1mw13.jpg HTTP/1.1" 404 11311 "-" "ImageBot/1.0 (compatible; research crawler; +https://github.com/rom1504/img2dataset; opt-out: abuse.notification.dcomp12b@gmail.com;"
54.166.204.138 - - [11/Sep/2026:10:27:07 -0400] "GET /upload/resources/image/2026/04/27/2785438_4096x10000.jpeg HTTP/1.1" 404 11311 "-" "ImageBot/1.0 (compatible; research crawler; +https://github.com/rom1504/img2dataset; opt-out: abuse.notification.dcomp12b@gmail.com;"
157.148.61.123 - - [11/Sep/2026:10:27:10 -0400] "GET /%e7%ac%ac%e5%85%ab%e5%b1%86%e9%80%b2%e5%8d%9a%e6%9c%83%e4%b8%a8%e6%a3%ae%e5%92%8c%e8%a8%ba%e6%89%80%e9%ab%94%e6%aa%a2%e5%9c%a8%e9%80%b2%e5%8d%9a%e6%9c%83%e7%9c%8b%e5%b0%87%e4%be%86%e5%87%ba%e8%a1%8c HTTP/1.1" 301 0 "-" "Mozilla/5.0 (Windows NT 10.0; Win64; x64) AppleWebKit/537.36 (KHTML, like Gecko) Chrome/112.0.0.0 Safari/537.36"
54.166.204.138 - - [11/Sep/2026:10:27:10 -0400] "GET /upload/resources/image/2026/01/15/2692187_4096x10000.jpeg HTTP/1.1" 404 11311 "-" "ImageBot/1.0 (compatible; research crawler; +https://github.com/rom1504/img2dataset; opt-out: abuse.notification.dcomp12b@gmail.com;"
52.23.26.158 - - [11/Sep/2026:10:27:10 -0400] "GET /2024/03/15/%E7%9B%8A%E9%99%BD%E5%9C%B0%E5%9F%9F%E7%9A%84%E8%BF%AD%E8%AE%8A%E6%8F%9B%E5%B1%8B%E3%80%82/113925vzbhcov3rbccbbjc.jpg HTTP/1.1" 404 11311 "-" "ImageBot/1.0 (compatible; research crawler; +https://github.com/rom1504/img2dataset; opt-out: abuse.notification.dcomp12b@gmail.com;"
52.23.26.158 - - [11/Sep/2026:10:27:10 -0400] "GET /2024/03/31/%E7%9B%A1%E6%83%85%E6%88%BF%E7%94%A2%E8%B3%87%E8%A8%8A%E4%BA%94%E6%BA%AA%E8%B0%B7-%E6%B2%89%E9%86%89%E5%B1%B1%E5%B7%9D%E9%96%93/224425rupehelndr58phg5.png HTTP/1.1" 404 11311 "-" "ImageBot/1.0 (compatible; research crawler; +https://github.com/rom1504/img2dataset; opt-out: abuse.notification.dcomp12b@gmail.com;"
39.52.236.62 - - [11/Sep/2026:10:27:11 -0400] "POST /xmlrpc.php HTTP/1.1" 403 1242 "-" "WordPress.com; https://wordpress.com"
3.234.103.5 - - [11/Sep/2026:10:27:11 -0400] "GET /evisu%E6%9C%8D%E8%A3%9D%E5%95%86%E6%A8%99%E8%A2%AB%E8%80%B3%E6%A9%9F%E8%B7%A8osder%E5%A5%A7%E6%96%AF%E5%BE%B7%E6%B1%BD%E8%BB%8A%E6%9D%90%E6%96%99%E9%A1%9E%E4%BE%B5%E6%AC%8A%EF%BC%8C/20260426/540374.png HTTP/1.1" 404 11311 "-" "ImageBot/1.0 (compatible; research crawler; +https://github.com/rom1504/img2dataset; opt-out: abuse.notification.dcomp12b@gmail.com;"
163.177.3.191 - - [11/Sep/2026:10:27:12 -0400] "GET /%e7%ac%ac%e5%85%ab%e5%b1%86%e9%80%b2%e5%8d%9a%e6%9c%83%e4%b8%a8%e6%a3%ae%e5%92%8c%e8%a8%ba%e6%89%80%e9%ab%94%e6%aa%a2%e5%9c%a8%e9%80%b2%e5%8d%9a%e6%9c%83%e7%9c%8b%e5%b0%87%e4%be%86%e5%87%ba%e8%a1%8c/ HTTP/1.1" 200 18688 "-" "Mozilla/5.0 (Windows NT 10.0; Win64; x64) AppleWebKit/537.36 (KHTML, like Gecko) Chrome/112.0.0.0 Safari/537.36"
3.234.103.5 - - [11/Sep/2026:10:27:12 -0400] "GET /upload/resources/image/2024/02/12/1779747_4096x10000.jpeg HTTP/1.1" 404 11311 "-" "ImageBot/1.0 (compatible; research crawler; +https://github.com/rom1504/img2dataset; opt-out: abuse.notification.dcomp12b@gmail.com;"
3.234.103.5 - - [11/Sep/2026:10:27:13 -0400] "GET /upload/resources/image/2026/03/30/2759454_4096x10000.jpeg HTTP/1.1" 404 11311 "-" "ImageBot/1.0 (compatible; research crawler; +https://github.com/rom1504/img2dataset; opt-out: abuse.notification.dcomp12b@gmail.com;"
169.1.145.186 - - [11/Sep/2026:10:27:15 -0400] "POST /xmlrpc.php HTTP/1.1" 403 1242 "-" "Jetpack by WordPress.com"
52.23.26.158 - - [11/Sep/2026:10:27:15 -0400] "GET /upload/resources/image/2024/05/29/1956570.png?r=1716949593638 HTTP/1.1" 404 11311 "-" "ImageBot/1.0 (compatible; research crawler; +https://github.com/rom1504/img2dataset; opt-out: abuse.notification.dcomp12b@gmail.com;"
