17.166.25.22 - - [11/Sep/2026:10:41:46 -0400] "GET /wp-includes/js/jquery/jquery.min.js?ver=3.7.1 HTTP/2" 200 29744 "https://big-wife.com.tw/%e6%b1%9f%e8%98%87%e5%b9%b4%e5%a4%9c%e8%b1%90%ef%bc%9a%e6%88%90%e9%95%b7%e9%a3%9f%e7%94%a8%e8%8f%8c%e8%b2%a1%e7%94%a2-%e5%8a%a9%e5%8a%9b%e6%9d%91%e8%90%bd%e7%94%9c%e5%bf%83%e5%af%b6%e7%89%a9%e6%9f%a5/" "Mozilla/5.0 (Macintosh; Intel Mac OS X 10_15_7) AppleWebKit/605.1.15 (KHTML, like Gecko) Version/17.4 Safari/605.1.15 (Applebot/0.1; +http://www.apple.com/go/applebot)"
17.166.25.22 - - [11/Sep/2026:10:41:47 -0400] "GET /wp-includes/js/wp-emoji-release.min.js?ver=7.1 HTTP/2" 200 4974 "https://big-wife.com.tw/%e6%b1%9f%e8%98%87%e5%b9%b4%e5%a4%9c%e8%b1%90%ef%bc%9a%e6%88%90%e9%95%b7%e9%a3%9f%e7%94%a8%e8%8f%8c%e8%b2%a1%e7%94%a2-%e5%8a%a9%e5%8a%9b%e6%9d%91%e8%90%bd%e7%94%9c%e5%bf%83%e5%af%b6%e7%89%a9%e6%9f%a5/" "Mozilla/5.0 (Macintosh; Intel Mac OS X 10_15_7) AppleWebKit/605.1.15 (KHTML, like Gecko) Version/17.4 Safari/605.1.15 (Applebot/0.1; +http://www.apple.com/go/applebot)"
50.19.85.253 - - [11/Sep/2026:10:41:48 -0400] "GET /2024/03/19/%E5%8F%B0%E4%B8%AD-%E7%A4%BE%E5%8D%80%E5%A4%A7%E6%A8%93%E5%BE%80%E6%97%A5%E5%B8%96%E5%AD%90%E5%9B%9E%E6%83%B3/112342kbsbpb1shdh0btbp.png HTTP/1.1" 404 11311 "-" "ImageBot/1.0 (compatible; research crawler; +https://github.com/rom1504/img2dataset; opt-out: abuse.notification.dcomp12b@gmail.com;"
50.19.85.253 - - [11/Sep/2026:10:41:49 -0400] "GET /upload/resources/image/2024/04/15/1886907_4096x10000.jpeg HTTP/1.1" 404 11311 "-" "ImageBot/1.0 (compatible; research crawler; +https://github.com/rom1504/img2dataset; opt-out: abuse.notification.dcomp12b@gmail.com;"
54.166.204.138 - - [11/Sep/2026:10:41:49 -0400] "GET /2024/03/31/%E5%BE%9E%E9%80%99%E7%A8%AE%E4%BA%BA%E6%80%8E%E4%B9%88%E9%82%84%E8%B3%BC%E5%B1%8B%E5%B8%B6%E5%87%BA%E4%BE%86%E8%AA%AA%E8%B5%B7/153827fjaz1khc74iqs7zs.jpg HTTP/1.1" 404 11311 "-" "ImageBot/1.0 (compatible; research crawler; +https://github.com/rom1504/img2dataset; opt-out: abuse.notification.dcomp12b@gmail.com;"
52.1.250.135 - - [11/Sep/2026:10:41:50 -0400] "GET /upload/resources/image/2026/01/25/2701170_4096x10000.jpeg HTTP/1.1" 404 11305 "-" "ImageBot/1.0 (compatible; research crawler; +https://github.com/rom1504/img2dataset; opt-out: abuse.notification.dcomp12b@gmail.com;"
50.19.85.253 - - [11/Sep/2026:10:41:51 -0400] "GET /upload/resources/image/2025/09/17/2574436.jpg HTTP/1.1" 404 11311 "-" "ImageBot/1.0 (compatible; research crawler; +https://github.com/rom1504/img2dataset; opt-out: abuse.notification.dcomp12b@gmail.com;"
52.23.26.158 - - [11/Sep/2026:10:41:51 -0400] "GET /upload/resources/image/2024/05/08/1923394_4096x10000.jpeg HTTP/1.1" 404 11311 "-" "ImageBot/1.0 (compatible; research crawler; +https://github.com/rom1504/img2dataset; opt-out: abuse.notification.dcomp12b@gmail.com;"
3.234.103.5 - - [11/Sep/2026:10:41:52 -0400] "GET /upload/resources/image/2026/03/22/2752411_4096x10000.jpeg HTTP/1.1" 404 11311 "-" "ImageBot/1.0 (compatible; research crawler; +https://github.com/rom1504/img2dataset; opt-out: abuse.notification.dcomp12b@gmail.com;"
52.23.26.158 - - [11/Sep/2026:10:41:52 -0400] "GET /%E6%93%8D%E5%A0%B4%E7%89%A9%E5%93%81%E6%93%BA%E6%94%BE%E5%83%8F%E5%87%BA%E6%93%8D%E5%88%97%E5%85%B5%EF%BC%8C%E6%A1%91%E6%A4%8D%E8%90%83%E8%8B%B1%E9%BB%8C%E4%B8%8D%E5%8B%95%E7%94%A2%E8%88%8D%E4%B9%9D/161615ahbbiuoyiieh2h9p.jpg HTTP/1.1" 404 11311 "-" "ImageBot/1.0 (compatible; research crawler; +https://github.com/rom1504/img2dataset; opt-out: abuse.notification.dcomp12b@gmail.com;"
52.1.250.135 - - [11/Sep/2026:10:41:53 -0400] "GET /%E7%A6%8F%E5%B7%9E%EF%BC%9A%E4%B8%89osder%E5%A5%A7%E6%96%AF%E5%BE%B7%E5%8F%B0%E5%8C%97%E6%B1%BD%E8%BB%8A%E5%9D%8A%E4%B8%83%E5%B7%B7-%E6%B5%81%E8%98%87%E8%8A%B1%E9%96%8B/20260406/397246.jpg HTTP/1.1" 404 11311 "-" "ImageBot/1.0 (compatible; research crawler; +https://github.com/rom1504/img2dataset; opt-out: abuse.notification.dcomp12b@gmail.com;"
50.19.85.253 - - [11/Sep/2026:10:41:54 -0400] "GET /upload/resources/image/2026/01/30/2705632.jpg?r=1769763839720 HTTP/1.1" 404 11311 "-" "ImageBot/1.0 (compatible; research crawler; +https://github.com/rom1504/img2dataset; opt-out: abuse.notification.dcomp12b@gmail.com;"
169.1.145.186 - - [11/Sep/2026:10:41:57 -0400] "POST /xmlrpc.php HTTP/1.1" 403 1242 "-" "Jetpack by WordPress.com"
50.19.85.253 - - [11/Sep/2026:10:41:57 -0400] "GET /upload/resources/image/2025/04/09/2375343.jpg HTTP/1.1" 404 11311 "-" "ImageBot/1.0 (compatible; research crawler; +https://github.com/rom1504/img2dataset; opt-out: abuse.notification.dcomp12b@gmail.com;"
114.119.134.216 - - [11/Sep/2026:10:41:58 -0400] "GET /%e5%9c%8b%e9%9a%9b%e8%b2%a8%e5%b9%a3%e5%9f%ba%e9%87%91%e7%b5%84%e7%b9%94%ef%bc%88imf%ef%bc%89%e4%b8%8aosder%e5%a5%a7%e6%96%af%e5%be%b7%e6%b1%bd%e8%bb%8a%e6%9d%90%e6%96%99%e8%aa%bf%e4%b8%ad/ HTTP/1.1" 200 15383 "https://big-wife.com.tw/%e5%ae%89%e5%be%bd%e6%93%81%e6%9c%89%e8%be%b2%e6%a5%ad%e8%b2%a1%e7%94%a2%e5%8c%96%e5%9c%8b%e5%ba%a6%e9%87%8d%e9%bb%9e%e9%be%8d%e9%a0%ad%e4%bc%81%e6%a5%ad%e8%b6%851%e5%88%b0%e4%b9%9d%e5%ae%ae%e6%a0%bc0/" "Mozilla/5.0 (Linux; Android 7.0;) AppleWebKit/537.36 (HTML, like Gecko) Mobile Safari/537.36 (compatible; PetalBot;+https://webmaster.petalsearch.com/site/petalbot)"
50.19.85.253 - - [11/Sep/2026:10:41:58 -0400] "GET /%E3%80%8A%E6%88%91%E7%9A%84%E5%AA%BD%E5%AA%BD%E6%98%AF%E6%A0%A1%E8%8A%B1%E3%80%8Bosder%E5%A5%A7%E6%96%AF%E5%BE%B7%E5%BE%B7%E7%B3%BB%E8%BB%8A%E6%9C%AC%E6%97%A5%E9%96%8B%E6%92%AD%EF%BC%81%E6%81%A9/20260213/31313.jpg HTTP/1.1" 404 11311 "-" "ImageBot/1.0 (compatible; research crawler; +https://github.com/rom1504/img2dataset; opt-out: abuse.notification.dcomp12b@gmail.com;"
52.1.250.135 - - [11/Sep/2026:10:42:00 -0400] "GET /2024/03/31/%E5%84%8B%E5%8F%B0%E5%8C%97%E6%88%BF%E7%94%A2%E5%B7%9E%E6%95%A3%E8%A8%98/221131gnci9iczjiivv9i9.jpg HTTP/1.1" 404 11311 "-" "ImageBot/1.0 (compatible; research crawler; +https://github.com/rom1504/img2dataset; opt-out: abuse.notification.dcomp12b@gmail.com;"
52.23.26.158 - - [11/Sep/2026:10:42:01 -0400] "GET /upload/resources/image/2024/02/04/1765165_4096x10000.gif HTTP/1.1" 404 11311 "-" "ImageBot/1.0 (compatible; research crawler; +https://github.com/rom1504/img2dataset; opt-out: abuse.notification.dcomp12b@gmail.com;"
50.19.85.253 - - [11/Sep/2026:10:42:02 -0400] "GET /upload/resources/image/2023/07/24/1414557_4096x10000.jpeg HTTP/1.1" 404 11311 "-" "ImageBot/1.0 (compatible; research crawler; +https://github.com/rom1504/img2dataset; opt-out: abuse.notification.dcomp12b@gmail.com;"
50.19.85.253 - - [11/Sep/2026:10:42:03 -0400] "GET /%E8%97%9D%E9%A6%AC%E7%95%B6%E5%85%88%EF%BC%8C%E5%94%AF%E6%9C%89%E6%94%B9%E9%80%A0%EF%BC%81%E5%BB%A3%E6%9D%B1%E9%A6%96%E5%BA%A6%E5%B0%8Dosder%E5%A5%A7%E6%96%AF%E5%BE%B7%E6%9D%90/20260131/84357.jpg HTTP/1.1" 404 11311 "-" "ImageBot/1.0 (compatible; research crawler; +https://github.com/rom1504/img2dataset; opt-out: abuse.notification.dcomp12b@gmail.com;"
3.234.103.5 - - [11/Sep/2026:10:42:06 -0400] "GET /upload/resources/image/2024/11/16/2170613.jpg HTTP/1.1" 404 11311 "-" "ImageBot/1.0 (compatible; research crawler; +https://github.com/rom1504/img2dataset; opt-out: abuse.notification.dcomp12b@gmail.com;"
50.19.85.253 - - [11/Sep/2026:10:42:08 -0400] "GET /%E7%9B%A1%E6%83%85%E6%88%BF%E7%94%A2%E8%B3%87%E8%A8%8A%E4%BA%94%E6%BA%AA%E8%B0%B7-%E6%B2%89%E9%86%89%E5%B1%B1%E5%B7%9D%E9%96%93/225931mkragxhabas3gh7b.png HTTP/1.1" 404 11311 "-" "ImageBot/1.0 (compatible; research crawler; +https://github.com/rom1504/img2dataset; opt-out: abuse.notification.dcomp12b@gmail.com;"
3.234.103.5 - - [11/Sep/2026:10:42:09 -0400] "GET /html/files/2022-03/17/20220317153638834100160.jpg HTTP/1.1" 404 11311 "-" "ImageBot/1.0 (compatible; research crawler; +https://github.com/rom1504/img2dataset; opt-out: abuse.notification.dcomp12b@gmail.com;"
157.55.39.195 - - [11/Sep/2026:10:42:09 -0400] "GET /%E6%95%B8%E7%99%BE%E8%90%AC%E4%BC%8A%E5%8C%85%E9%A4%8A%E7%B6%B2%E6%9C%97%E4%BA%BA%E6%87%87%E6%B1%82%E5%87%BA%E6%88%B0%EF%BC%8C%E4%BB%A5%E8%89%B2%E5%88%97%E6%9C%89%E6%BB%85%E5%9C%8B%E4%B9%8B%E5%8D%B1/ HTTP/2" 404 10066 "-" "Mozilla/5.0 AppleWebKit/537.36 (KHTML, like Gecko; compatible; bingbot/2.0; +http://www.bing.com/bingbot.htm) Chrome/116.0.1938.76 Safari/537.36"
52.1.250.135 - - [11/Sep/2026:10:42:10 -0400] "GET /2026%E5%B9%B4%E5%BB%A3%E5%B7%9E%E5%8D%97%E6%B2%99%E6%AB%BB%E8%8A%B1%E7%AF%80%E5%BE%92%E6%AD%A5%E6%B4%BB%E5%8B%95%E8%88%89%E8%A1%8C%EF%BC%8C%E5%85%AD%E5%8D%83osder%E5%A5%A7%E6%96%AF%E5%BE%B7%E9%9B%B6/20260322/282104.jpg HTTP/1.1" 404 11311 "-" "ImageBot/1.0 (compatible; research crawler; +https://github.com/rom1504/img2dataset; opt-out: abuse.notification.dcomp12b@gmail.com;"
52.23.26.158 - - [11/Sep/2026:10:42:12 -0400] "GET /%E5%91%A8%E9%81%AD%E7%9A%84%E7%8B%80%E6%B3%81%E9%80%99%E4%B9%88%E5%A5%BD-%E6%88%91%E8%A6%81%E5%9B%9E%E9%84%89%E6%9D%91-%E6%A7%90%E6%A8%B9%E7%81%A3%E5%92%8C%E7%BE%8E%E5%B1%8B%E5%A0%B4-%E9%9B%99/011640mkjsnrnnkzhhri34.jpg HTTP/1.1" 404 11311 "-" "ImageBot/1.0 (compatible; research crawler; +https://github.com/rom1504/img2dataset; opt-out: abuse.notification.dcomp12b@gmail.com;"
3.234.103.5 - - [11/Sep/2026:10:42:13 -0400] "GET /2024/03/17/%E8%B5%B0%E5%85%A8%E5%9C%8B%EF%BC%9A%E5%9C%A8%E9%82%A3%E7%B6%A0%E6%A6%95%E6%88%90%E8%94%AD%E9%AE%AE%E8%8A%B1%E6%80%92%E6%94%BE%E7%9A%84%E6%9D%91%E8%90%BD/115336izby33we03hbz003.jpg HTTP/1.1" 404 11311 "-" "ImageBot/1.0 (compatible; research crawler; +https://github.com/rom1504/img2dataset; opt-out: abuse.notification.dcomp12b@gmail.com;"
52.23.26.158 - - [11/Sep/2026:10:42:15 -0400] "GET /upload/resources/image/2024/01/14/1722620.jpg HTTP/1.1" 404 11311 "-" "ImageBot/1.0 (compatible; research crawler; +https://github.com/rom1504/img2dataset; opt-out: abuse.notification.dcomp12b@gmail.com;"
3.234.103.5 - - [11/Sep/2026:10:42:15 -0400] "GET /%E3%80%90%E5%9B%9E%E7%9C%B82023%E3%80%91%E6%B9%96%E5%8D%97%E4%B9%9D%E6%BE%A7%E5%90%8D%E6%A8%93-%E7%99%BE%E5%A4%A7%E5%93%A5%E5%BA%97%E6%B4%A5%E5%B8%82%E7%9C%8B%E6%B1%9F%E6%A8%93%E6%96%B0%E5%BA%97/211224cpbd3rnol521kqfl.jpg HTTP/1.1" 404 11311 "-" "ImageBot/1.0 (compatible; research crawler; +https://github.com/rom1504/img2dataset; opt-out: abuse.notification.dcomp12b@gmail.com;"
50.19.85.253 - - [11/Sep/2026:10:42:16 -0400] "GET /upload/resources/image/2023/12/02/1645285_4096x10000.jpeg HTTP/1.1" 404 11311 "-" "ImageBot/1.0 (compatible; research crawler; +https://github.com/rom1504/img2dataset; opt-out: abuse.notification.dcomp12b@gmail.com;"
52.1.250.135 - - [11/Sep/2026:10:42:19 -0400] "GET /2024/03/27/%E6%88%BF%E7%94%A2%E6%88%91%E7%9A%84%E7%88%B6%E8%A6%AA/221123vuojekwaccoakulj.jpg HTTP/1.1" 404 11311 "-" "ImageBot/1.0 (compatible; research crawler; +https://github.com/rom1504/img2dataset; opt-out: abuse.notification.dcomp12b@gmail.com;"
169.1.145.186 - - [11/Sep/2026:10:42:26 -0400] "POST /xmlrpc.php HTTP/1.1" 403 1242 "-" "Jetpack/12.5; WordPress/6.1; http://site89383879.com"
52.23.26.158 - - [11/Sep/2026:10:42:28 -0400] "GET /upload/resources/image/2025/10/14/2600433_4096x10000.jpeg HTTP/1.1" 404 11311 "-" "ImageBot/1.0 (compatible; research crawler; +https://github.com/rom1504/img2dataset; opt-out: abuse.notification.dcomp12b@gmail.com;"
3.234.103.5 - - [11/Sep/2026:10:42:29 -0400] "GET /upload/resources/image/2024/02/18/1788150_4096x10000.jpeg HTTP/1.1" 404 11311 "-" "ImageBot/1.0 (compatible; research crawler; +https://github.com/rom1504/img2dataset; opt-out: abuse.notification.dcomp12b@gmail.com;"
52.23.26.158 - - [11/Sep/2026:10:42:30 -0400] "GET /%E7%94%B7%E5%AD%90%E7%94%A8%E5%81%87%E5%B9%A3%E5%90%9175%E6%AD%B2%E7%99%BD%E5%8F%9F%E8%B2%B7%E7%B4%85%E8%96%AF%EF%BC%8C%E8%A2%AB%E6%89%AD%E9%80%81%E5%85%AC%E5%AE%89%E6%A9%9F%E9%97%9C%E6%99%82%E5%8F%97/20260120/16373.png HTTP/1.1" 404 11311 "-" "ImageBot/1.0 (compatible; research crawler; +https://github.com/rom1504/img2dataset; opt-out: abuse.notification.dcomp12b@gmail.com;"
54.166.204.138 - - [11/Sep/2026:10:42:32 -0400] "GET /%E7%8F%BE%E5%A0%B4%E6%9F%A5%E6%96%B0%E5%8C%97-%E6%88%BF%E7%94%A2%E8%A9%A2%E6%8B%9C%E8%A8%AA%E9%87%87%E8%A8%AA%EF%BC%9A%E8%A1%80%E8%88%87%E7%81%AB%E7%9A%84%E7%AD%86%E6%9E%B6%E5%B1%B1%E6%8A%97%E6%97%A5/075113swo5p8lz56bykwnn.jpg HTTP/1.1" 404 11311 "-" "ImageBot/1.0 (compatible; research crawler; +https://github.com/rom1504/img2dataset; opt-out: abuse.notification.dcomp12b@gmail.com;"
52.23.26.158 - - [11/Sep/2026:10:42:33 -0400] "GET /%E8%90%AC%E5%85%AC%E9%87%8C%E8%B7%91%E8%80%85%E9%84%A7%E8%89%AF%E8%8F%AF%E8%B7%91%E5%87%BA%E5%9C%8B%E9%96%80%E5%8D%81%E5%A4%A9%E8%A8%98-2/212048c9fg02c5qotw99to.jpg HTTP/1.1" 404 11311 "-" "ImageBot/1.0 (compatible; research crawler; +https://github.com/rom1504/img2dataset; opt-out: abuse.notification.dcomp12b@gmail.com;"
3.234.103.5 - - [11/Sep/2026:10:42:36 -0400] "GET /2024/03/31/%E7%8D%B5%E8%B1%B9car-%E8%A2%AB%E8%A1%A1%E9%99%BD%E5%B8%82%E5%9C%8B%E8%B3%87%E5%A7%94%E5%9B%9E%E7%94%9F%E9%A6%96%E6%AC%BE%E8%BB%8A%E5%9E%8Bcs01ev%E5%8F%B0%E5%8C%97-%E6%88%BF%E5%9C%B0%E7%94%A2%E4%B8%8A/142250x0ksukgpj3s49sxt.jpg HTTP/1.1" 404 11311 "-" "ImageBot/1.0 (compatible; research crawler; +https://github.com/rom1504/img2dataset; opt-out: abuse.notification.dcomp12b@gmail.com;"
52.1.250.135 - - [11/Sep/2026:10:42:39 -0400] "GET /%E6%96%B0%E6%98%A5%E8%B5%B0%E5%9F%BA%E5%B1%A4%E4%B8%A8%E6%90%AC%E6%96%B0%E5%AE%B6%E3%80%81%E9%AC%A7%E7%A4%BE%E7%81%AB-%E7%94%98%E8%82%85%E6%A6%86%E4%B8%AD%E5%8F%97%E7%81%BD%E7%BE%A4%E7%9C%BEjiuyi/20260213/35627.jpg HTTP/1.1" 404 11311 "-" "ImageBot/1.0 (compatible; research crawler; +https://github.com/rom1504/img2dataset; opt-out: abuse.notification.dcomp12b@gmail.com;"
52.23.26.158 - - [11/Sep/2026:10:42:40 -0400] "GET /%E3%80%90%E5%85%A9%E6%9C%83%E7%9C%8Bjiuyi%E4%BF%B1%E6%84%8F%E8%B1%AA%E5%AE%85%E8%A8%AD%E8%A8%88%E6%B3%95%E3%80%91%E5%AE%88%E8%AD%B7%E7%B6%A0%E6%B0%B4%E9%9D%92%E5%B1%B1%EF%BC%8C/20260308/198215.jpg HTTP/1.1" 404 11311 "-" "ImageBot/1.0 (compatible; research crawler; +https://github.com/rom1504/img2dataset; opt-out: abuse.notification.dcomp12b@gmail.com;"
52.23.26.158 - - [11/Sep/2026:10:42:41 -0400] "GET /upload/resources/image/2024/02/13/1781424_4096x10000.jpeg HTTP/1.1" 404 11311 "-" "ImageBot/1.0 (compatible; research crawler; +https://github.com/rom1504/img2dataset; opt-out: abuse.notification.dcomp12b@gmail.com;"
52.23.26.158 - - [11/Sep/2026:10:42:41 -0400] "GET /upload/resources/image/2026/04/14/2772956_4096x10000.jpeg HTTP/1.1" 404 11311 "-" "ImageBot/1.0 (compatible; research crawler; +https://github.com/rom1504/img2dataset; opt-out: abuse.notification.dcomp12b@gmail.com;"
54.166.204.138 - - [11/Sep/2026:10:42:45 -0400] "GET /2023/11/22/%E4%B9%9D%E5%AE%AE%E6%A0%BC%E6%9C%83%E8%AD%B0%E5%AE%A4%E3%80%90%E5%8E%9F%E5%89%B5%E3%80%91%E5%85%A8%E5%B9%B3%E6%98%93%E8%BF%91%E5%85%AC%E7%9B%8A%E6%9C%88%E6%8D%90%E2%97%8F%E5%B2%B3%E9%99%BD%E6%A8%93/171151iifhhq0xq7iyqhqq.jpg HTTP/1.1" 404 11311 "-" "ImageBot/1.0 (compatible; research crawler; +https://github.com/rom1504/img2dataset; opt-out: abuse.notification.dcomp12b@gmail.com;"
3.234.103.5 - - [11/Sep/2026:10:42:45 -0400] "GET /2024/03/05/%E8%BE%9B%E4%B8%91%E5%8F%B0%E4%B8%AD-%E7%A4%BE%E5%8D%80%E6%98%A5%E9%9F%BB/143430os3yx2gc2z2a5zoj.jpg HTTP/1.1" 404 11311 "-" "ImageBot/1.0 (compatible; research crawler; +https://github.com/rom1504/img2dataset; opt-out: abuse.notification.dcomp12b@gmail.com;"
3.234.103.5 - - [11/Sep/2026:10:42:49 -0400] "GET /upload/resources/image/2025/01/14/2249220_4096x10000.jpeg HTTP/1.1" 404 11311 "-" "ImageBot/1.0 (compatible; research crawler; +https://github.com/rom1504/img2dataset; opt-out: abuse.notification.dcomp12b@gmail.com;"
52.23.26.158 - - [11/Sep/2026:10:42:50 -0400] "GET /2023/11/09/%E5%8A%89%E5%BE%B7%E8%8F%AF%E4%BB%A3%E8%A8%80%E5%A4%96%E8%B2%A8%E5%8C%85%E9%A4%8A%E9%81%AD%E6%9D%B1%E6%96%B9%E6%8A%B5%E6%8A%973%E5%A4%A9%E6%90%8D6%E5%84%84%E7%9B%B4%E6%92%AD%E9%97%9C%E6%89%93/8a2d52ddf9e54e029df6f6b84db226ca.jpeg HTTP/1.1" 404 11311 "-" "ImageBot/1.0 (compatible; research crawler; +https://github.com/rom1504/img2dataset; opt-out: abuse.notification.dcomp12b@gmail.com;"
169.1.145.186 - - [11/Sep/2026:10:42:51 -0400] "POST /xmlrpc.php HTTP/1.1" 403 1242 "-" "Jetpack by WordPress.com"
50.19.85.253 - - [11/Sep/2026:10:42:52 -0400] "GET /%E6%96%B0%E7%96%86%EF%BC%9A%E5%96%AC%E3%80%81%E7%81%8C%E3%80%81%E8%97%A5%E7%AB%8B%E9%AB%94%E7%B9%94%E5%AF%86%E7%B6%A0osder%E5%A5%A7%E6%96%AF%E5%BE%B7%E5%8F%B0%E5%8C%97%E6%B1%BD/20260418/481748.jpg HTTP/1.1" 404 11311 "-" "ImageBot/1.0 (compatible; research crawler; +https://github.com/rom1504/img2dataset; opt-out: abuse.notification.dcomp12b@gmail.com;"
3.234.103.5 - - [11/Sep/2026:10:42:53 -0400] "GET /japan%E6%97%A5%E6%9C%AC%E9%A0%82%E6%B5%81%E5%A3%BD%E5%8F%B8%EF%BC%8C%E5%90%83%E5%AE%8Cjiuyi%E4%BF%B1%E6%84%8F%E5%AE%A4%E5%85%A7%E8%A8%AD%E8%A8%88%E4%B8%8A%E5%90%90%E4%B8%8B%E7%80%89/20260314/234645.jpg HTTP/1.1" 404 11311 "-" "ImageBot/1.0 (compatible; research crawler; +https://github.com/rom1504/img2dataset; opt-out: abuse.notification.dcomp12b@gmail.com;"
3.234.103.5 - - [11/Sep/2026:10:42:58 -0400] "GET /2023/12/13/%E5%B9%B4%E5%A4%9Cs%E8%A2%AB%E6%B1%AA%E5%B0%8F%E8%8F%B2%E6%89%87%E8%80%B3%E5%85%89%EF%BC%9F%E5%B0%8Fs%E9%82%A3%E8%8B%B1%E4%BA%92%E5%97%86%EF%BC%9F%E7%8E%8B%E6%80%9D%E8%81%B0%E9%9A%94%E7%A9%BA%E9%96%8B/1427486de366d0f2a81b79.jpg HTTP/1.1" 404 11311 "-" "ImageBot/1.0 (compatible; research crawler; +https://github.com/rom1504/img2dataset; opt-out: abuse.notification.dcomp12b@gmail.com;"
54.166.204.138 - - [11/Sep/2026:10:43:03 -0400] "GET /%E5%8B%87%E6%8C%91%E5%B9%B4%E5%A4%9C%E6%A2%81%E6%95%A2%E7%82%BA%E4%BA%BA%E5%85%88-%E6%89%8E%E5%AF%A6%E6%8E%A8%E9%80%B2osder%E5%A5%A7%E6%96%AF%E5%BE%B7%E6%B1%BD%E8%BB%8A%E6%9D%90%E6%96%99%E9%AB%98/20260306/185104.jpg HTTP/1.1" 404 11311 "-" "ImageBot/1.0 (compatible; research crawler; +https://github.com/rom1504/img2dataset; opt-out: abuse.notification.dcomp12b@gmail.com;"
50.19.85.253 - - [11/Sep/2026:10:43:03 -0400] "GET /html/files/2022-06/14/20220614073957410490225.jpg HTTP/1.1" 404 11311 "-" "ImageBot/1.0 (compatible; research crawler; +https://github.com/rom1504/img2dataset; opt-out: abuse.notification.dcomp12b@gmail.com;"
52.1.250.135 - - [11/Sep/2026:10:43:04 -0400] "GET /%E8%B2%B4%E6%8F%9B%E5%B1%8B%E5%B7%9E%E4%B9%8B%E8%A1%8C%E6%97%A5%E8%AA%8C/105248tyyay2d1vqz1yg2e.jpg HTTP/1.1" 404 11311 "-" "ImageBot/1.0 (compatible; research crawler; +https://github.com/rom1504/img2dataset; opt-out: abuse.notification.dcomp12b@gmail.com;"
50.19.85.253 - - [11/Sep/2026:10:43:08 -0400] "GET /%E8%B6%8520%E8%90%AC%E4%BA%BA%E6%B6%8C%E9%80%B2%E8%9E%A2jiuyi%E4%BF%B1%E6%84%8F%E8%A8%BA%E6%89%80%E8%A8%AD%E8%A8%88%E7%81%AB%E8%9F%B2%EF%BC%8C%E6%BC%AB%E5%B1%95%E6%AD%A3%E5%9C%A8%E9%9D%9C%E9%9D%9C/20260502/585314.png HTTP/1.1" 404 11311 "-" "ImageBot/1.0 (compatible; research crawler; +https://github.com/rom1504/img2dataset; opt-out: abuse.notification.dcomp12b@gmail.com;"
52.23.26.158 - - [11/Sep/2026:10:43:09 -0400] "GET /%E5%88%9D%E6%AC%A1%EF%BC%81%E7%84%A1%E4%BA%BA%E6%A9%9F%E5%A4%9C%E5%B7%A1%E7%93%8A%E5%B7%9E%E6%B5%B7%E5%B3%BD%EF%BC%8C%E8%AD%B7%E8%88%AAjiuyi%E4%BF%B1%E6%84%8F%E8%B1%AA%E5%AE%85%E8%A8%AD%E8%A8%88/20260120/34361.jpg HTTP/1.1" 404 11311 "-" "ImageBot/1.0 (compatible; research crawler; +https://github.com/rom1504/img2dataset; opt-out: abuse.notification.dcomp12b@gmail.com;"
52.23.26.158 - - [11/Sep/2026:10:43:14 -0400] "GET /upload/resources/image/2026/02/03/2709128.jpg?r=1770101211103 HTTP/1.1" 404 11311 "-" "ImageBot/1.0 (compatible; research crawler; +https://github.com/rom1504/img2dataset; opt-out: abuse.notification.dcomp12b@gmail.com;"
59.51.150.84 - - [11/Sep/2026:10:43:16 -0400] "GET /177287503707769 HTTP/1.1" 404 11311 "https://big-wife.com.tw/" "Mozilla/5.0 (Windows NT 10.0; Win64; x64) AppleWebKit/537.36 (KHTML, like Gecko) Chrome/105.0.0.0 Safari/537.3"
52.23.26.158 - - [11/Sep/2026:10:43:17 -0400] "GET /2024/03/25/%E5%8F%B0%E5%8D%97-%E7%A4%BE%E5%8D%80%E5%A4%A7%E6%A8%93%E5%BB%A3%E8%A5%BF%E9%95%B7%E5%91%BD%E4%B9%8B%E9%84%89%E9%80%90%E4%B8%80%E5%B7%B4%E9%A6%AC/134017p9k6o6vtqqhm6h69.jpg HTTP/1.1" 404 11311 "-" "ImageBot/1.0 (compatible; research crawler; +https://github.com/rom1504/img2dataset; opt-out: abuse.notification.dcomp12b@gmail.com;"
82.156.227.184 - - [11/Sep/2026:10:43:19 -0400] "GET /177287503707769 HTTP/1.1" 404 11311 "https://big-wife.com.tw/" "Mozilla/5.0 (Windows NT 10.0; Win64; x64) AppleWebKit/537.36 (KHTML, like Gecko) Chrome/105.0.0.0 Safari/537.3"
3.234.103.5 - - [11/Sep/2026:10:43:20 -0400] "GET /upload/resources/image/2024/07/23/2024146_4096x10000.jpeg HTTP/1.1" 404 11311 "-" "ImageBot/1.0 (compatible; research crawler; +https://github.com/rom1504/img2dataset; opt-out: abuse.notification.dcomp12b@gmail.com;"
114.119.149.145 - - [11/Sep/2026:10:43:21 -0400] "GET /%e5%9c%8b%e9%9a%9b%e6%b2%b9%e5%83%b96jiuyi%e4%bf%b1%e6%84%8f%e7%a9%ba%e9%96%93%e8%a8%ad%e8%a8%88%e6%97%a5%e7%b9%bc%e7%ba%8c%e4%b8%8a%e6%bc%b2/ HTTP/1.1" 200 15478 "https://big-wife.com.tw/%e6%8b%be%e5%85%89%e7%b4%80%c2%b7%e7%82%ba%e5%9c%8b%e6%b0%91%e5%87%ba%e6%94%bf%e7%b8%be%ef%bc%8120jiuyi%e4%bf%b1%e6%84%8f%e8%b1%aa%e5%ae%85%e8%a8%ad%e8%a8%8826%e5%b9%b4%ef%bc%8c%e4%b8%ad%e5%9c%8b/" "Mozilla/5.0 (Linux; Android 7.0;) AppleWebKit/537.36 (HTML, like Gecko) Mobile Safari/537.36 (compatible; PetalBot;+https://webmaster.petalsearch.com/site/petalbot)"
54.166.204.138 - - [11/Sep/2026:10:43:22 -0400] "GET /upload/resources/image/2024/02/04/1765655_4096x10000.jpeg HTTP/1.1" 404 11311 "-" "ImageBot/1.0 (compatible; research crawler; +https://github.com/rom1504/img2dataset; opt-out: abuse.notification.dcomp12b@gmail.com;"
54.166.204.138 - - [11/Sep/2026:10:43:23 -0400] "GET /upload/resources/image/2024/09/14/2093894_4096x10000.jpeg HTTP/1.1" 404 11311 "-" "ImageBot/1.0 (compatible; research crawler; +https://github.com/rom1504/img2dataset; opt-out: abuse.notification.dcomp12b@gmail.com;"
169.1.145.186 - - [11/Sep/2026:10:43:24 -0400] "POST /xmlrpc.php HTTP/1.1" 403 1242 "-" "Jetpack by WordPress.com"
54.166.204.138 - - [11/Sep/2026:10:43:26 -0400] "GET /%E6%B1%9F%E6%9D%B1%E5%8C%97%E6%98%8C%EF%BC%9A%E7%85%99%E8%8A%B1%E6%99%9A%E6%9C%83%E8%BF%8E%E6%96%B0%E6%98%A5_%E9%87%91%E7%BE%8A%E7%B6%B2osder%E5%A5%A7%E6%96%AF%E5%BE%B7%E9%9B%B6%E4%BB%B6%E5%95%86/20260218/74767.jpg HTTP/1.1" 404 11311 "-" "ImageBot/1.0 (compatible; research crawler; +https://github.com/rom1504/img2dataset; opt-out: abuse.notification.dcomp12b@gmail.com;"
52.23.26.158 - - [11/Sep/2026:10:43:27 -0400] "GET /%E6%95%B8%E8%AA%AA%E4%B8%AD%E5%9C%8B%E4%B8%A82026%E5%B9%B4%E4%B8%80%E5%AD%A3%E5%BA%A6%E4%B8%AD%E5%9C%8Bgdp%E5%90%8C%E6%AF%94%E5%A2%9E%E9%95%B75jiuyi%E4%BF%B1%E6%84%8F%E7%BF%BB%E4%BF%AE%E8%A8%AD/20260417/476832.jpg HTTP/1.1" 404 11311 "-" "ImageBot/1.0 (compatible; research crawler; +https://github.com/rom1504/img2dataset; opt-out: abuse.notification.dcomp12b@gmail.com;"
54.166.204.138 - - [11/Sep/2026:10:43:29 -0400] "GET /2024/03/11/%E9%87%87%E9%A2%A8%E5%BE%80%E5%93%AA%E9%87%8C%EF%BC%9F%E5%BE%80%E7%9B%8A%E9%99%BD%EF%BC%8C%E4%B8%80%E8%B7%AF%E5%BE%80%E5%87%9D%E8%81%BD%E6%84%9B%E5%B1%8B%E7%81%A3%E5%AD%B8%E9%9C%B8%E6%9D%91-2/140504ax457gj8z8xfbgt4.jpg HTTP/1.1" 404 11311 "-" "ImageBot/1.0 (compatible; research crawler; +https://github.com/rom1504/img2dataset; opt-out: abuse.notification.dcomp12b@gmail.com;"
3.234.103.5 - - [11/Sep/2026:10:43:30 -0400] "GET /upload/resources/image/2026/02/16/2722539_4096x10000.jpeg HTTP/1.1" 404 11311 "-" "ImageBot/1.0 (compatible; research crawler; +https://github.com/rom1504/img2dataset; opt-out: abuse.notification.dcomp12b@gmail.com;"
3.234.103.5 - - [11/Sep/2026:10:43:30 -0400] "GET /html/files/2022-02/01/20220201144616929656612.jpg HTTP/1.1" 404 11311 "-" "ImageBot/1.0 (compatible; research crawler; +https://github.com/rom1504/img2dataset; opt-out: abuse.notification.dcomp12b@gmail.com;"
52.1.250.135 - - [11/Sep/2026:10:43:31 -0400] "GET /2025%E5%B9%B4%E6%88%91%E5%9C%8B%E6%95%B8%E5%AD%97%E7%94%A2%E6%A5%AD%E6%94%AF%E5%87%BA%E8%B6%85osder%E5%A5%A7%E6%96%AF%E5%BE%B7%E6%B1%BD%E8%BB%8A%E9%9B%B6%E4%BB%B638%E8%90%AC%E5%84%84%E5%85%83/20260124/49760.jpg HTTP/1.1" 404 11311 "-" "ImageBot/1.0 (compatible; research crawler; +https://github.com/rom1504/img2dataset; opt-out: abuse.notification.dcomp12b@gmail.com;"
3.234.103.5 - - [11/Sep/2026:10:43:32 -0400] "GET /upload/resources/image/2023/06/09/1340597_4096x10000.jpeg HTTP/1.1" 404 11311 "-" "ImageBot/1.0 (compatible; research crawler; +https://github.com/rom1504/img2dataset; opt-out: abuse.notification.dcomp12b@gmail.com;"
52.23.26.158 - - [11/Sep/2026:10:43:33 -0400] "GET /upload/resources/image/2024/08/05/2041912_4096x10000.jpeg HTTP/1.1" 404 11311 "-" "ImageBot/1.0 (compatible; research crawler; +https://github.com/rom1504/img2dataset; opt-out: abuse.notification.dcomp12b@gmail.com;"
52.23.26.158 - - [11/Sep/2026:10:43:37 -0400] "GET /2024/01/19/%E5%85%A8%E8%81%B2%E5%8B%A2%E7%94%9C%E5%BF%83%E5%8C%85%E9%A4%8A%E7%B6%B2%E6%8F%AD%E6%9B%89%EF%BC%81%E8%8D%89%E8%8E%93%E9%9F%B3%E6%A8%82%E7%AF%80%EF%BC%8C%E7%AC%AC10%E6%AC%A1%E4%BE%86%E6%AD%A6%E6%BC%A2/172506afc0cf68d936253f.jpg HTTP/1.1" 404 11311 "-" "ImageBot/1.0 (compatible; research crawler; +https://github.com/rom1504/img2dataset; opt-out: abuse.notification.dcomp12b@gmail.com;"
52.23.26.158 - - [11/Sep/2026:10:43:38 -0400] "GET /%E9%A6%AC%E4%B8%8A%E8%BF%8E%E6%96%B0%E5%89%B5%E6%84%8F%E4%B8%8D%E6%96%B7-%E9%A6%AC%E8%B8%8F%E7%A6%8F%E4%BE%86%E7%AB%8B%E5%88%BB%E9%83%BD%E4%BE%86/20260119/8590.png HTTP/1.1" 404 11311 "-" "ImageBot/1.0 (compatible; research crawler; +https://github.com/rom1504/img2dataset; opt-out: abuse.notification.dcomp12b@gmail.com;"
52.23.26.158 - - [11/Sep/2026:10:43:38 -0400] "GET /2023/11/17/%E6%A0%AA%E6%B4%B2-%E8%98%86%E6%B7%9E-%E8%B3%80%E5%AE%B6%E5%9C%9F%E8%A1%97%E9%81%93-%E9%95%B7%E5%A1%98%E7%81%A3%E7%A4%BE%E5%8D%80%E6%96%B0%E6%99%82%E6%9C%9F%E4%B9%9D%E5%AE%AE%E6%A0%BC%E8%81%9A/190701sshnvhavh7xgxvxh.jpg HTTP/1.1" 404 11311 "-" "ImageBot/1.0 (compatible; research crawler; +https://github.com/rom1504/img2dataset; opt-out: abuse.notification.dcomp12b@gmail.com;"
54.166.204.138 - - [11/Sep/2026:10:43:50 -0400] "GET /upload/resources/image/2026/04/19/2777445_4096x10000.jpeg HTTP/1.1" 404 11311 "-" "ImageBot/1.0 (compatible; research crawler; +https://github.com/rom1504/img2dataset; opt-out: abuse.notification.dcomp12b@gmail.com;"
50.19.85.253 - - [11/Sep/2026:10:43:51 -0400] "GET /2024/03/08/%E9%80%99%E7%AF%87%E5%BE%88%E5%8F%B0%E5%8D%97-%E6%88%BF%E5%9C%B0%E7%94%A2%E9%95%B7%E6%B2%99%E7%9A%84%E9%AB%98%E8%80%83%E4%BD%9C%E6%96%87%E5%81%9A%E5%BE%97%E5%A5%BD%EF%BC%81/171424i3q3fd5cqdfqayce.jpg HTTP/1.1" 404 11311 "-" "ImageBot/1.0 (compatible; research crawler; +https://github.com/rom1504/img2dataset; opt-out: abuse.notification.dcomp12b@gmail.com;"
3.234.103.5 - - [11/Sep/2026:10:43:55 -0400] "GET /27%E8%90%AC%E8%B2%B7%E6%94%A4%E4%BD%8D%E7%9A%84%E8%80%81osder%E5%A5%A7%E6%96%AF%E5%BE%B7%E6%B1%BD%E8%BB%8A%E9%9B%B6%E4%BB%B6%E6%9D%BF%E5%9B%9E%E6%87%89%E8%B3%A3%E8%B1%AC%E8%B9%84%E5%9B%9E%E6%9C%AC/20260420/494326.jpg HTTP/1.1" 404 11311 "-" "ImageBot/1.0 (compatible; research crawler; +https://github.com/rom1504/img2dataset; opt-out: abuse.notification.dcomp12b@gmail.com;"
54.166.204.138 - - [11/Sep/2026:10:43:55 -0400] "GET /images/filetype/pdf.gif HTTP/1.1" 404 11311 "-" "ImageBot/1.0 (compatible; research crawler; +https://github.com/rom1504/img2dataset; opt-out: abuse.notification.dcomp12b@gmail.com;"
169.1.145.186 - - [11/Sep/2026:10:43:58 -0400] "POST /xmlrpc.php HTTP/1.1" 403 1242 "-" "Jetpack by WordPress.com (Jetpack 12.1; WordPress 6.3)"
54.166.204.138 - - [11/Sep/2026:10:44:00 -0400] "GET /upload/resources/image/2026/02/28/2731691_4096x10000.jpeg HTTP/1.1" 404 11311 "-" "ImageBot/1.0 (compatible; research crawler; +https://github.com/rom1504/img2dataset; opt-out: abuse.notification.dcomp12b@gmail.com;"
52.23.26.158 - - [11/Sep/2026:10:44:00 -0400] "GET /%E5%A4%AB%E5%A6%BB%E5%90%83%E9%A3%AF%E5%90%8E%E5%85%A8%E8%BA%AB%E5%87%BA%E8%A1%80%E4%BD%8Fosder%E5%A5%A7%E6%96%AF%E5%BE%B7%E9%9B%B6%E4%BB%B6%E5%95%86%E9%80%B2icu%EF%BC%8C%E6%87%B7%E7%96%91%E7%B6%B2/20260124/49226.jpg HTTP/1.1" 404 11311 "-" "ImageBot/1.0 (compatible; research crawler; +https://github.com/rom1504/img2dataset; opt-out: abuse.notification.dcomp12b@gmail.com;"
52.23.26.158 - - [11/Sep/2026:10:44:01 -0400] "GET /2024/07/25/%E5%B1%95%E7%A4%BA%E6%96%B0%E6%99%AF%E8%B1%A1-%E9%A6%96%E5%89%B5%E6%96%B0%E5%B1%80%E5%8B%A2-%E5%AF%AB%E5%9C%A8%E6%96%87%E6%98%8E%E5%82%B3%E6%89%BF%E6%88%90%E9%95%B7%E5%BA%A7%E8%AB%87/20240725/16313156_41b01f908e0d8a96b7c4ebc508318302.jpg HTTP/1.1" 404 11311 "-" "ImageBot/1.0 (compatible; research crawler; +https://github.com/rom1504/img2dataset; opt-out: abuse.notification.dcomp12b@gmail.com;"
177.227.88.195 - - [11/Sep/2026:10:44:02 -0400] "GET /blog-categories-sitemap.xml HTTP/1.1" 404 11311 "-" "Mozilla/4.0 (compatible; MSIE 4.01; Windows CE; Sprint:SCH-i320; Smartphone; 176x220)"
51.81.105.19 - - [11/Sep/2026:10:44:03 -0400] "GET /2025/06/09/%E4%B8%AD%E5%B0%8F%E5%AD%B8%E5%B9%B4%E9%BD%A1%E5%81%87%EF%BC%8C%E8%8B%A5%E4%BD%95%E6%94%BE%E5%BE%97%E6%9F%A5%E5%8C%85%E9%A4%8A%E5%83%B9%E9%8C%A2%E5%A5%BD%E6%8E%A8%E5%BE%97%E9%96%8B%EF%BC%9F_%E4%B8%AD/ HTTP/2" 403 1242 "-" "Mozilla/5.0 (compatible; AhrefsBot/7.0; +http://ahrefs.com/robot/)"
52.1.250.135 - - [11/Sep/2026:10:44:07 -0400] "GET /%E6%B2%B3%E5%8D%97%E5%B9%B3%E8%BC%BF%E4%B8%8A%E7%99%BE%E4%BA%BA%E5%90%83%E7%B5%90%E5%A9%9A%E5%8C%85%E9%A4%8A%E7%B6%B2%E7%AB%99%E5%AE%B4%E5%BE%8C%E9%A3%9F%E5%93%81%E4%B8%AD%E6%AF%92%EF%BC%9F%E5%B8%82/776b137d046d40deb6e440008657a668.png HTTP/1.1" 404 11311 "-" "ImageBot/1.0 (compatible; research crawler; +https://github.com/rom1504/img2dataset; opt-out: abuse.notification.dcomp12b@gmail.com;"
50.19.85.253 - - [11/Sep/2026:10:44:10 -0400] "GET /2023/12/11/%E6%B3%B0%E8%88%88%E5%9F%B9%E8%A8%93%E5%AE%A4%E5%85%A7design%E5%B9%BE%E5%A4%9A%E9%8C%A2-%E9%9B%B6%E5%9F%BA%E6%9C%AC%E7%94%9C%E5%BF%83%E5%8C%85%E9%A4%8A%E7%B6%B2%E9%80%B2%E4%BF%AE%E5%AE%A4%E5%85%A7desi/1544532030af896273cf4b.jpg HTTP/1.1" 404 11311 "-" "ImageBot/1.0 (compatible; research crawler; +https://github.com/rom1504/img2dataset; opt-out: abuse.notification.dcomp12b@gmail.com;"
52.1.250.135 - - [11/Sep/2026:10:44:10 -0400] "GET /2023/12/08/%E9%BC%8E%E5%9F%8E%E5%8D%80%E4%BA%BA%E5%B9%B4%E5%A4%9C%E5%B8%B8%E5%A7%94%E6%9C%83%E6%A9%9F%E9%97%9C%E9%97%9C%E5%B7%A5%E5%A7%94%E8%AA%BF%E7%A0%94%E6%A9%8B%E5%8D%97%E4%B9%9D%E5%AE%AE%E6%A0%BC%E7%A7%81/225623km6qmvvpvvh1shna.png HTTP/1.1" 404 11311 "-" "ImageBot/1.0 (compatible; research crawler; +https://github.com/rom1504/img2dataset; opt-out: abuse.notification.dcomp12b@gmail.com;"
50.19.85.253 - - [11/Sep/2026:10:44:12 -0400] "GET /2024/03/29/%E5%8F%B0%E4%B8%AD-%E7%A4%BE%E5%8D%80%E6%99%82%E9%9A%94%E5%A4%9A%E5%B9%B4%E6%B8%B8%E5%8D%97%E5%B2%B3%E8%A1%A1%E5%B1%B1/213125e0oouimcmybumcgz.jpg HTTP/1.1" 404 11305 "-" "ImageBot/1.0 (compatible; research crawler; +https://github.com/rom1504/img2dataset; opt-out: abuse.notification.dcomp12b@gmail.com;"
50.19.85.253 - - [11/Sep/2026:10:44:15 -0400] "GET /2024/03/30/%E8%B5%B4%E5%A9%81%E5%BA%95%E9%87%87%E6%96%B0%E5%8C%97-%E4%B8%AD%E5%8F%A4%E5%B1%8B%E9%A2%A8%E8%A8%98%E9%80%90%E4%B8%80%E8%A7%80%E8%B3%9E%E5%A9%81%E5%BA%95%E5%B8%82%E5%A9%81%E6%98%9F%E5%8D%80%E6%B0%B4/142102ranaub2essrytaua.jpg HTTP/1.1" 404 11311 "-" "ImageBot/1.0 (compatible; research crawler; +https://github.com/rom1504/img2dataset; opt-out: abuse.notification.dcomp12b@gmail.com;"
52.23.26.158 - - [11/Sep/2026:10:44:15 -0400] "GET /upload/resources/image/2026/02/17/2723047_4096x10000.jpeg HTTP/1.1" 404 11311 "-" "ImageBot/1.0 (compatible; research crawler; +https://github.com/rom1504/img2dataset; opt-out: abuse.notification.dcomp12b@gmail.com;"
54.166.204.138 - - [11/Sep/2026:10:44:16 -0400] "GET /upload/resources/image/2024/01/04/1704682_4096x10000.jpeg HTTP/1.1" 404 11311 "-" "ImageBot/1.0 (compatible; research crawler; +https://github.com/rom1504/img2dataset; opt-out: abuse.notification.dcomp12b@gmail.com;"
54.166.204.138 - - [11/Sep/2026:10:44:17 -0400] "GET /2023/12/13/%E5%B9%B4%E5%A4%9Cs%E8%A2%AB%E6%B1%AA%E5%B0%8F%E8%8F%B2%E6%89%87%E8%80%B3%E5%85%89%EF%BC%9F%E5%B0%8Fs%E9%82%A3%E8%8B%B1%E4%BA%92%E5%97%86%EF%BC%9F%E7%8E%8B%E6%80%9D%E8%81%B0%E9%9A%94%E7%A9%BA%E9%96%8B/14270823b05410545d9245.jpg HTTP/1.1" 404 11311 "-" "ImageBot/1.0 (compatible; research crawler; +https://github.com/rom1504/img2dataset; opt-out: abuse.notification.dcomp12b@gmail.com;"
3.234.103.5 - - [11/Sep/2026:10:44:17 -0400] "GET /upload/resources/image/2026/04/01/2760908_4096x10000.jpeg HTTP/1.1" 404 11311 "-" "ImageBot/1.0 (compatible; research crawler; +https://github.com/rom1504/img2dataset; opt-out: abuse.notification.dcomp12b@gmail.com;"
44.193.102.198 - - [11/Sep/2026:10:44:23 -0400] "GET /%E6%8A%8A%E7%AA%AF%E6%B4%9E%E4%B9%8B%E5%95%8F%E7%9A%84%E8%AC%8E%E5%BA%95%E5%AF%AB%E5%9C%A8%E5%9C%8B%E6%B0%91%E5%BF%83%E5%B0%88%E5%8C%85%E9%A4%8A%E7%B6%B2%E5%BF%83%E5%BE%97%E4%B8%AD/ HTTP/1.1" 200 20031 "-" "Mozilla/5.0 AppleWebKit/537.36 (KHTML, like Gecko; compatible; Amazonbot/0.1; +https://developer.amazon.com/support/amazonbot) Chrome/119.0.6045.214 Safari/537.36"
169.1.145.186 - - [11/Sep/2026:10:44:25 -0400] "POST /xmlrpc.php HTTP/1.1" 403 1242 "-" "WordPress.com; https://wordpress.com"
52.1.250.135 - - [11/Sep/2026:10:44:25 -0400] "GET /2024/03/31/%E6%B4%AA%E6%B1%9F%E7%B8%A3%E5%9F%9F%E7%B6%93%E6%BF%9F%E6%88%90%E9%95%B7%E6%A1%83%E5%9C%92-%E6%88%BF%E5%9C%B0%E7%94%A2%E8%99%95%E7%90%86%E9%A1%8C%E7%9B%AE%E9%BB%9E/191601yguo3f3xgjuus4x5.jpg HTTP/1.1" 404 11311 "-" "ImageBot/1.0 (compatible; research crawler; +https://github.com/rom1504/img2dataset; opt-out: abuse.notification.dcomp12b@gmail.com;"
54.166.204.138 - - [11/Sep/2026:10:44:28 -0400] "GET /%E9%80%99%E7%AF%87%E5%BE%88%E5%8F%B0%E5%8D%97-%E6%88%BF%E5%9C%B0%E7%94%A2%E9%95%B7%E6%B2%99%E7%9A%84%E9%AB%98%E8%80%83%E4%BD%9C%E6%96%87%E5%81%9A%E5%BE%97%E5%A5%BD%EF%BC%81/104825xdp3qqeqvp1v314n.gif HTTP/1.1" 404 11311 "-" "ImageBot/1.0 (compatible; research crawler; +https://github.com/rom1504/img2dataset; opt-out: abuse.notification.dcomp12b@gmail.com;"
98.84.184.80 - - [11/Sep/2026:10:44:28 -0400] "GET /wp-json/wp/v2/posts/4761 HTTP/1.1" 200 7102 "-" "Mozilla/5.0 AppleWebKit/537.36 (KHTML, like Gecko; compatible; Amazonbot/0.1; +https://developer.amazon.com/support/amazonbot) Chrome/119.0.6045.214 Safari/537.36"
3.234.103.5 - - [11/Sep/2026:10:44:29 -0400] "GET /2023/10/08/%E7%82%BA%E4%BB%80%E9%BA%BC%E4%BB%96%E4%BA%BA4-2%EF%BC%8C%E6%88%91%E7%9A%844-3%EF%BC%9F%E6%88%BF%E8%B2%B8%E5%88%A9%E7%8E%87%E4%B8%8B%E8%AA%BF%E9%A6%96%E6%97%A5%EF%BC%8C%E9%8A%80%E8%A1%8Capp%E4%B8%80/5da5d01ac4f34a07a14c8840ac4e74bf.jpg HTTP/1.1" 404 11311 "-" "ImageBot/1.0 (compatible; research crawler; +https://github.com/rom1504/img2dataset; opt-out: abuse.notification.dcomp12b@gmail.com;"
44.212.232.231 - - [11/Sep/2026:10:44:30 -0400] "GET /wp-json/oembed/1.0/embed?format=xml&url=https://big-wife.com.tw/%25e6%25b0%25a3%25e9%259c%25a7%25e6%25a0%25bd%25e5%259f%25b9%25ef%25bc%258c%25e7%25a8%25ae%25e5%2587%25ba%25e5%2584%2584%25e5%25b5%2590%25e8%25be%25a6%25e5%2585%25ac%25e5%25ae%25a4%25e8%25a8%25ad%25e8%25a8%2588%25e7%2593%259c%25e6%259e%259c%25e8%2594%25ac%25e8%258f%259c/ HTTP/1.1" 200 1337 "-" "Mozilla/5.0 AppleWebKit/537.36 (KHTML, like Gecko; compatible; Amazonbot/0.1; +https://developer.amazon.com/support/amazonbot) Chrome/119.0.6045.214 Safari/537.36"
52.23.26.158 - - [11/Sep/2026:10:44:35 -0400] "GET /upload/resources/image/2024/02/03/1762861_4096x10000.jpeg HTTP/1.1" 404 11311 "-" "ImageBot/1.0 (compatible; research crawler; +https://github.com/rom1504/img2dataset; opt-out: abuse.notification.dcomp12b@gmail.com;"
50.19.85.253 - - [11/Sep/2026:10:44:37 -0400] "GET /upload/resources/image/2024/01/26/1746604_4096x10000.jpeg HTTP/1.1" 404 11311 "-" "ImageBot/1.0 (compatible; research crawler; +https://github.com/rom1504/img2dataset; opt-out: abuse.notification.dcomp12b@gmail.com;"
50.19.85.253 - - [11/Sep/2026:10:44:37 -0400] "GET /upload/resources/image/2026/04/14/2772495.jpeg HTTP/1.1" 404 11311 "-" "ImageBot/1.0 (compatible; research crawler; +https://github.com/rom1504/img2dataset; opt-out: abuse.notification.dcomp12b@gmail.com;"
3.234.103.5 - - [11/Sep/2026:10:44:38 -0400] "GET /upload/resources/image/2026/04/19/2777445_4096x10000.jpeg HTTP/1.1" 404 11311 "-" "ImageBot/1.0 (compatible; research crawler; +https://github.com/rom1504/img2dataset; opt-out: abuse.notification.dcomp12b@gmail.com;"
54.166.204.138 - - [11/Sep/2026:10:44:38 -0400] "GET /upload/resources/image/2026/03/21/2751667_4096x10000.jpeg HTTP/1.1" 404 11311 "-" "ImageBot/1.0 (compatible; research crawler; +https://github.com/rom1504/img2dataset; opt-out: abuse.notification.dcomp12b@gmail.com;"
3.234.103.5 - - [11/Sep/2026:10:44:39 -0400] "GET /upload/resources/image/2024/10/30/2148238_4096x10000.jpeg HTTP/1.1" 404 11311 "-" "ImageBot/1.0 (compatible; research crawler; +https://github.com/rom1504/img2dataset; opt-out: abuse.notification.dcomp12b@gmail.com;"
3.234.103.5 - - [11/Sep/2026:10:44:41 -0400] "GET /%E6%84%9B%E5%BF%83%E5%AE%B6%E5%9C%92%E7%B4%85%E7%B6%B2%E6%84%9B%E5%BF%83%E5%AE%B6%E5%9C%92%E6%8F%9B%E5%B1%8B%E7%9B%8A%E9%99%BD%E7%AB%99-%E5%8D%81%E5%B9%B4%E9%87%8C%E7%9A%84%E7%89%B9%E5%88%A5/113740rizmmmk60mtojbg0.jpg HTTP/1.1" 404 11311 "-" "ImageBot/1.0 (compatible; research crawler; +https://github.com/rom1504/img2dataset; opt-out: abuse.notification.dcomp12b@gmail.com;"
3.234.103.5 - - [11/Sep/2026:10:44:41 -0400] "GET /2024/03/10/%E6%BC%AB%E6%AD%A5%E8%B5%B0%E5%88%B0%E9%A6%AC%E6%AC%84%E5%8F%B0%E5%8C%97-%E7%A4%BE%E5%8D%80%E5%B1%B1/113010bzwducaffxhddxyo.jpg HTTP/1.1" 404 11311 "-" "ImageBot/1.0 (compatible; research crawler; +https://github.com/rom1504/img2dataset; opt-out: abuse.notification.dcomp12b@gmail.com;"
114.119.149.145 - - [11/Sep/2026:10:44:44 -0400] "GET /%e5%9c%8b%e9%9a%9b%e5%b0%88%e5%ae%b6%e5%ad%b8%e8%80%85%e7%86%b1%e8%ad%b0%e4%b8%8a%e5%90%88%e7%b5%84%e7%b9%94%e5%b3%b0%e6%9c%83%ef%bc%9a%e8%a7%a3%e7%a2%bc%e5%b0%87%e4%be%86%e4%b8%80%e8%b5%b7%e9%85%8d/ HTTP/1.1" 200 18743 "https://big-wife.com.tw/%e5%8d%81%e4%ba%94%e4%ba%94%e9%96%8b%e5%a5%bd%e5%b1%80%e8%b5%b7%e5%a5%bd%e6%ad%a5%ef%bd%9c%e5%be%9e%e5%a4%96%e9%84%89%e9%80%a0%e5%88%b0%e5%85%a8%e7%90%83/" "Mozilla/5.0 (Linux; Android 7.0;) AppleWebKit/537.36 (HTML, like Gecko) Mobile Safari/537.36 (compatible; PetalBot;+https://webmaster.petalsearch.com/site/petalbot)"
54.166.204.138 - - [11/Sep/2026:10:44:47 -0400] "GET /%E5%A4%AB%E5%A6%BB%E5%90%83%E9%A3%AF%E5%90%8E%E5%85%A8%E8%BA%AB%E5%87%BA%E8%A1%80%E4%BD%8Fosder%E5%A5%A7%E6%96%AF%E5%BE%B7%E9%9B%B6%E4%BB%B6%E5%95%86%E9%80%B2icu%EF%BC%8C%E6%87%B7%E7%96%91%E7%B6%B2/20260124/49226.jpg HTTP/1.1" 404 11311 "-" "ImageBot/1.0 (compatible; research crawler; +https://github.com/rom1504/img2dataset; opt-out: abuse.notification.dcomp12b@gmail.com;"
3.234.103.5 - - [11/Sep/2026:10:44:47 -0400] "GET /2024/01/30/%E5%BC%B5%E4%B8%80%E5%B1%B1%E6%84%9B%E6%83%85%E5%86%8D%E6%9B%9D%E5%85%89%EF%BC%8C%E5%AD%9F%E7%BE%8E%E5%B2%90%E8%A6%93%E5%8C%85%E9%A4%8A%E7%B6%B2%E5%BF%83%E5%BE%97%E5%B9%AB%E9%96%A8%E8%9C%9C%E4%B8%8A/16023749a211a58c76b85b.jpg HTTP/1.1" 404 11311 "-" "ImageBot/1.0 (compatible; research crawler; +https://github.com/rom1504/img2dataset; opt-out: abuse.notification.dcomp12b@gmail.com;"
52.23.26.158 - - [11/Sep/2026:10:44:50 -0400] "GET /2024/03/21/%E7%A7%91%E5%8F%B0%E5%8D%97-%E6%88%BF%E7%94%A2%E5%A0%B4/215930v6ypk2ypypduudgw.jpg HTTP/1.1" 404 11311 "-" "ImageBot/1.0 (compatible; research crawler; +https://github.com/rom1504/img2dataset; opt-out: abuse.notification.dcomp12b@gmail.com;"
169.1.145.186 - - [11/Sep/2026:10:44:52 -0400] "POST /xmlrpc.php HTTP/1.1" 403 1242 "-" "Jetpack by WordPress.com"
54.166.204.138 - - [11/Sep/2026:10:44:54 -0400] "GET /201%E5%84%84%E5%85%83-osder%E5%A5%A7%E6%96%AF%E5%BE%B7%E6%B1%BD%E8%BB%8A%E6%9D%90%E6%96%99%E5%BB%A3%E5%B7%9E%E6%98%A5%E7%AF%80%E6%96%87%E6%97%85%E6%B6%88%E8%B2%BB%E7%B8%BD%E9%A1%8D%E5%90%8C%E6%AF%94/20260224/114084.jpg HTTP/1.1" 404 11311 "-" "ImageBot/1.0 (compatible; research crawler; +https://github.com/rom1504/img2dataset; opt-out: abuse.notification.dcomp12b@gmail.com;"
3.234.103.5 - - [11/Sep/2026:10:44:54 -0400] "GET /2023/10/04/%E4%B8%AD%E7%A7%8B%E3%80%81%E5%9C%8B%E6%85%B6%E5%81%87%E6%9C%9F%E9%81%A0%E7%A8%8B%E8%BB%8A%E7%A5%A8%E9%96%8B%E7%AB%AF%E9%A0%90%E5%94%AE%EF%BC%8C%E5%8A%A0%E5%8C%85%E9%A4%8A%E7%B6%B2%E7%AB%99%E5%A4%A7/8fe9573c5a8f4f0eab513f2d204801bd.jpeg HTTP/1.1" 404 11311 "-" "ImageBot/1.0 (compatible; research crawler; +https://github.com/rom1504/img2dataset; opt-out: abuse.notification.dcomp12b@gmail.com;"
50.19.85.253 - - [11/Sep/2026:10:44:56 -0400] "GET /2024/03/03/%E9%BE%8D%E9%B3%B3%E5%91%88%E7%A5%A5%E5%96%9C%E6%96%B0%E5%B9%B4-%E5%A9%81%E6%98%9F%E6%88%BF%E7%94%A2%E6%8A%95%E8%B3%87%E5%8D%80%E6%B0%B4%E6%B4%9E%E5%BA%95%E9%8E%AE%E5%90%91%E7%B4%85/152051tv6h3qjkq4yqtutw.jpg HTTP/1.1" 404 11311 "-" "ImageBot/1.0 (compatible; research crawler; +https://github.com/rom1504/img2dataset; opt-out: abuse.notification.dcomp12b@gmail.com;"
50.19.85.253 - - [11/Sep/2026:10:44:58 -0400] "GET /upload/resources/image/2026/04/19/2777483_4096x10000.jpeg HTTP/1.1" 404 11311 "-" "ImageBot/1.0 (compatible; research crawler; +https://github.com/rom1504/img2dataset; opt-out: abuse.notification.dcomp12b@gmail.com;"
50.19.85.253 - - [11/Sep/2026:10:45:02 -0400] "GET /upload/resources/image/2024/10/17/2132733_4096x10000.jpeg HTTP/1.1" 404 11311 "-" "ImageBot/1.0 (compatible; research crawler; +https://github.com/rom1504/img2dataset; opt-out: abuse.notification.dcomp12b@gmail.com;"
52.23.26.158 - - [11/Sep/2026:10:45:03 -0400] "GET /2024/03/05/2023%E6%A1%83%E5%9C%92-%E7%A4%BE%E5%8D%80%E5%A4%A7%E5%BB%88%E5%B9%B4%E6%B4%AA%E6%B1%9F%E7%AD%96%E5%8A%83%E7%B8%A3%E5%9F%8E%E6%95%99%E5%B0%8E%E5%BE%A9%E8%88%88/211818z50d02p0zvlyp0p5.jpg HTTP/1.1" 404 11311 "-" "ImageBot/1.0 (compatible; research crawler; +https://github.com/rom1504/img2dataset; opt-out: abuse.notification.dcomp12b@gmail.com;"
50.19.85.253 - - [11/Sep/2026:10:45:04 -0400] "GET /upload/resources/image/2024/02/13/1780855_4096x10000.jpeg HTTP/1.1" 404 11311 "-" "ImageBot/1.0 (compatible; research crawler; +https://github.com/rom1504/img2dataset; opt-out: abuse.notification.dcomp12b@gmail.com;"
50.19.85.253 - - [11/Sep/2026:10:45:04 -0400] "GET /%E8%87%B4%E6%95%ACjiuyi%E4%BF%B1%E6%84%8F%E7%BF%BB%E4%BF%AE%E8%A8%AD%E8%A8%88%E6%A5%B5%E5%86%B7%E7%84%A1%E4%BA%BA%E5%8D%80%E7%9A%84%E5%8C%97%E7%96%86%E5%B0%96%E5%85%B5/20260207/140485.jpg HTTP/1.1" 404 11311 "-" "ImageBot/1.0 (compatible; research crawler; +https://github.com/rom1504/img2dataset; opt-out: abuse.notification.dcomp12b@gmail.com;"
54.166.204.138 - - [11/Sep/2026:10:45:06 -0400] "GET /upload/resources/image/2026/04/15/2773261.jpg HTTP/1.1" 404 11311 "-" "ImageBot/1.0 (compatible; research crawler; +https://github.com/rom1504/img2dataset; opt-out: abuse.notification.dcomp12b@gmail.com;"
54.166.204.138 - - [11/Sep/2026:10:45:08 -0400] "GET /upload/resources/image/2026/04/09/2768001_4096x10000.jpeg HTTP/1.1" 404 11311 "-" "ImageBot/1.0 (compatible; research crawler; +https://github.com/rom1504/img2dataset; opt-out: abuse.notification.dcomp12b@gmail.com;"
3.234.103.5 - - [11/Sep/2026:10:45:09 -0400] "GET /upload/resources/image/2024/09/08/2086085_4096x50000.jpeg HTTP/1.1" 404 11311 "-" "ImageBot/1.0 (compatible; research crawler; +https://github.com/rom1504/img2dataset; opt-out: abuse.notification.dcomp12b@gmail.com;"
52.23.26.158 - - [11/Sep/2026:10:45:11 -0400] "GET /2024/03/30/%E8%B5%B4%E5%A9%81%E5%BA%95%E9%87%87%E6%96%B0%E5%8C%97-%E4%B8%AD%E5%8F%A4%E5%B1%8B%E9%A2%A8%E8%A8%98%E9%80%90%E4%B8%80%E8%A7%80%E8%B3%9E%E5%A9%81%E5%BA%95%E5%B8%82%E5%A9%81%E6%98%9F%E5%8D%80%E6%B0%B4/141240hzcuub4clnli3zt7.jpg HTTP/1.1" 404 11311 "-" "ImageBot/1.0 (compatible; research crawler; +https://github.com/rom1504/img2dataset; opt-out: abuse.notification.dcomp12b@gmail.com;"
54.166.204.138 - - [11/Sep/2026:10:45:12 -0400] "GET /upload/resources/image/2026/02/08/2714611_4096x10000.jpeg HTTP/1.1" 404 11311 "-" "ImageBot/1.0 (compatible; research crawler; +https://github.com/rom1504/img2dataset; opt-out: abuse.notification.dcomp12b@gmail.com;"
52.23.26.158 - - [11/Sep/2026:10:45:13 -0400] "GET /%E5%B1%B1%E8%A5%BF%E4%BA%94osder%E5%A5%A7%E6%96%AF%E5%BE%B7%E9%9B%B6%E4%BB%B6%E5%A0%B1%E5%83%B9%E8%87%BA%E6%BB%B4%E6%B0%B4%E5%B4%96%E5%86%B0%E7%80%91%E5%B8%83%E5%A4%AA%E5%A3%AF%E8%A7%80%E4%BA%86/20260206/132218.jpg HTTP/1.1" 404 11311 "-" "ImageBot/1.0 (compatible; research crawler; +https://github.com/rom1504/img2dataset; opt-out: abuse.notification.dcomp12b@gmail.com;"
50.19.85.253 - - [11/Sep/2026:10:45:14 -0400] "GET /2024/03/15/%E8%90%AC%E5%85%AC%E9%87%8C%E8%B7%91%E8%80%85%E9%84%A7%E8%89%AF%E8%8F%AF%E6%88%BF%E5%9C%B0%E7%94%A2%E8%B7%91%E5%87%BA%E5%9C%8B%E9%96%80%E5%8D%81%E5%A4%A9%E8%A8%98/212547boudduqlxgcdcqx6.jpg HTTP/1.1" 404 11311 "-" "ImageBot/1.0 (compatible; research crawler; +https://github.com/rom1504/img2dataset; opt-out: abuse.notification.dcomp12b@gmail.com;"
169.1.145.186 - - [11/Sep/2026:10:45:15 -0400] "POST /xmlrpc.php HTTP/1.1" 403 1242 "-" "Jetpack by WordPress.com"
52.23.26.158 - - [11/Sep/2026:10:45:15 -0400] "GET /%E9%8A%80%E5%9F%8E-%E8%BF%BD%E5%A4%A2%E4%B9%8B%E6%97%85%EF%BC%88%E4%BA%94%EF%BC%89/080248om9agbfxatkokgkl.jpg HTTP/1.1" 404 11311 "-" "ImageBot/1.0 (compatible; research crawler; +https://github.com/rom1504/img2dataset; opt-out: abuse.notification.dcomp12b@gmail.com;"
52.1.250.135 - - [11/Sep/2026:10:45:16 -0400] "GET /2024/03/30/%E4%B8%83%E8%A8%80%E7%9B%A1%E5%8F%A5-%E6%98%A5%E6%AC%B2%E6%B1%82/064340et0oh0teh1zw110p.jpg HTTP/1.1" 404 11311 "-" "ImageBot/1.0 (compatible; research crawler; +https://github.com/rom1504/img2dataset; opt-out: abuse.notification.dcomp12b@gmail.com;"
120.228.88.41 - - [11/Sep/2026:10:45:18 -0400] "GET /%e8%ae%93%e6%9d%91%e8%90%bd%e6%96%b0%e5%80%8b%e4%ba%ba%e5%b7%a5%e4%bd%9c%e8%93%ac%e5%8b%83%e7%99%bc%e5%b1%95%ef%bc%88%e9%87%91%e8%87%ba%e6%bc%ab%e7%ad%86%ef%bc%89%e6%9f%a5%e5%8c%85%e9%a4%8a%e8%a1%8c/ HTTP/1.1" 200 19042 "-" "Mozilla/5.0 (Macintosh; Intel Mac OS X 15_3_1) AppleWebKit/537.36 (KHTML, like Gecko) Chrome/129.0.6668.29 Safari/537.36"
3.234.103.5 - - [11/Sep/2026:10:45:25 -0400] "GET /%E5%85%A8%E7%90%83%E5%AA%92%E9%AB%94%E8%81%9A%E7%84%A6-%E5%A4%96%E5%AA%92%EF%BC%9A%E4%B8%AD%E5%9C%8Bosder%E5%A5%A7%E6%96%AF%E5%BE%B7%E9%9B%B6%E4%BB%B6%E5%A0%B1%E5%83%B9%E5%9C%A8%E5%BB%A3%E4%BA%A4/20260422/511387.png HTTP/1.1" 404 11311 "-" "ImageBot/1.0 (compatible; research crawler; +https://github.com/rom1504/img2dataset; opt-out: abuse.notification.dcomp12b@gmail.com;"
54.166.204.138 - - [11/Sep/2026:10:45:25 -0400] "GET /2023/11/06/%E7%9C%8B%E8%A6%8B%E4%BA%9E%E9%81%8B%E4%B8%A8%E4%B8%AD%E5%9C%8B%E5%A5%B3%E7%B1%83%E5%85%8B%E6%9C%8Dja%E5%8C%85%E9%A4%8A%E7%B6%B2pan%E6%97%A5%E6%9C%AC%E9%9A%8A-%E5%A5%AA%E4%BA%9E%E9%81%8B%E6%9C%83/cbf5b3430dce4d5481ea4b32af397e3c.jpg HTTP/1.1" 404 11311 "-" "ImageBot/1.0 (compatible; research crawler; +https://github.com/rom1504/img2dataset; opt-out: abuse.notification.dcomp12b@gmail.com;"
54.166.204.138 - - [11/Sep/2026:10:45:30 -0400] "GET /%E9%A6%AC%E4%B8%8A%E8%BF%8E%E6%96%B0%E5%89%B5%E6%84%8F%E4%B8%8D%E6%96%B7-%E9%A6%AC%E8%B8%8F%E7%A6%8F%E4%BE%86%E7%AB%8B%E5%88%BB%E9%83%BD%E4%BE%86/20260119/8586.png HTTP/1.1" 404 11311 "-" "ImageBot/1.0 (compatible; research crawler; +https://github.com/rom1504/img2dataset; opt-out: abuse.notification.dcomp12b@gmail.com;"
3.234.103.5 - - [11/Sep/2026:10:45:30 -0400] "GET /2024/03/28/%E3%80%90%E5%9B%9E%E7%9C%B82023%E3%80%91%E6%B9%96%E5%8D%97%E4%B9%9D%E6%BE%A7%E5%90%8D%E6%A8%93-%E7%99%BE%E5%A4%A7%E5%93%A5%E5%BA%97%E6%B4%A5%E5%B8%82%E8%B3%BC%E5%B1%8B%E7%9C%8B%E6%B1%9F%E6%A8%93/211225mo6b776zz737bu7z.jpg HTTP/1.1" 404 11311 "-" "ImageBot/1.0 (compatible; research crawler; +https://github.com/rom1504/img2dataset; opt-out: abuse.notification.dcomp12b@gmail.com;"
3.234.103.5 - - [11/Sep/2026:10:45:31 -0400] "GET /upload/resources/image/2026/04/14/2772396_4096x50000.jpeg HTTP/1.1" 404 11311 "-" "ImageBot/1.0 (compatible; research crawler; +https://github.com/rom1504/img2dataset; opt-out: abuse.notification.dcomp12b@gmail.com;"
52.23.26.158 - - [11/Sep/2026:10:45:32 -0400] "GET /upload/resources/image/2026/03/24/2754198_4096x10000.jpeg HTTP/1.1" 404 11311 "-" "ImageBot/1.0 (compatible; research crawler; +https://github.com/rom1504/img2dataset; opt-out: abuse.notification.dcomp12b@gmail.com;"
185.191.171.8 - - [11/Sep/2026:10:45:32 -0400] "GET /2026/02/page/28/ HTTP/1.1" 403 1242 "-" "Mozilla/5.0 (compatible; SemrushBot/7~bl; +http://www.semrush.com/bot.html)"
50.19.85.253 - - [11/Sep/2026:10:45:33 -0400] "GET /%E5%86%B6%E9%87%91%EF%BC%8C%E6%88%91%E4%B8%80%E5%8C%85%E9%A4%8A%E5%8F%88%E9%9D%9C%E9%9D%9C%E5%9C%B0%E4%BE%86%E4%BA%86/232131x7ekjm00mhkis5hi.jpg HTTP/1.1" 404 11311 "-" "ImageBot/1.0 (compatible; research crawler; +https://github.com/rom1504/img2dataset; opt-out: abuse.notification.dcomp12b@gmail.com;"
169.1.145.186 - - [11/Sep/2026:10:45:37 -0400] "POST /xmlrpc.php HTTP/1.1" 403 1242 "-" "Jetpack by WordPress.com (Jetpack 12.0; WordPress 6.2)"
52.23.26.158 - - [11/Sep/2026:10:45:38 -0400] "GET /%E9%96%80%E5%89%8D%E4%B8%89%E5%8C%85%E6%8F%90%E8%B3%AA%E5%A2%9E%E6%95%88%EF%BC%8C%E5%BB%A3%E5%B7%9E%E6%B2%B3%E6%BC%A2%E8%B7%AFjiuyi%E4%BF%B1%E6%84%8F%E5%AE%A4%E5%85%A7%E8%A8%AD/20260425/536292.jpg HTTP/1.1" 404 11311 "-" "ImageBot/1.0 (compatible; research crawler; +https://github.com/rom1504/img2dataset; opt-out: abuse.notification.dcomp12b@gmail.com;"
54.166.204.138 - - [11/Sep/2026:10:45:40 -0400] "GET /2024/01/28/%E7%BF%BB%E7%9E%AD100%E8%A6%93%E5%8C%85%E9%A4%8A%E5%83%B9%E6%A0%BC%E6%9C%AC%E5%B0%8F%E8%AA%AA%EF%BC%8C%E6%88%91%E5%80%91%E7%B5%82%E6%96%BC%E6%89%BE%E5%88%B0%E7%9E%AD%E6%88%80%E6%84%9B%E7%9A%848/114443faa1450de042eb64.png HTTP/1.1" 404 11311 "-" "ImageBot/1.0 (compatible; research crawler; +https://github.com/rom1504/img2dataset; opt-out: abuse.notification.dcomp12b@gmail.com;"
