43.157.174.69 - - [11/Sep/2026:10:37:46 -0400] "GET /%e8%aa%b0%e8%a6%81%e9%ab%98%e8%80%83%ef%bc%9f%e9%ab%98%e4%b8%89%e7%94%b7%e7%94%9f%e4%b8%8a%e5%bd%80%e8%aa%b2%e7%88%ba%e7%88%ba%e8%81%bd%e5%be%97%e6%9b%b4%e7%95%b6%e7%9c%9f/ HTTP/1.1" 200 16892 "https://big-wife.com.tw/?p=8201" "Mozilla/5.0 (iPhone; CPU iPhone OS 13_2_3 like Mac OS X) AppleWebKit/605.1.15 (KHTML, like Gecko) Version/13.0.3 Mobile/15E148 Safari/604.1"
52.23.26.158 - - [11/Sep/2026:10:37:47 -0400] "GET /%E9%A8%8F%E9%A9%A5%E8%BA%8D%E6%96%B0%E7%A8%8B%EF%BC%8C%E5%AE%89%E5%BA%B7%E4%BC%B4%E6%88%90%E9%95%B7%EF%BC%81%E7%9C%81%E5%AF%A6%E8%8D%94%E7%81%A3%E4%BA%8C%E5%B0%8F%E6%98%A5%E5%AD%A3%E9%96%8B%E5%AD%B8/20260304/175071.png HTTP/1.1" 404 11311 "-" "ImageBot/1.0 (compatible; research crawler; +https://github.com/rom1504/img2dataset; opt-out: abuse.notification.dcomp12b@gmail.com;"
52.23.26.158 - - [11/Sep/2026:10:37:47 -0400] "GET /html/files/2022-06/30/20220630102110732249666.jpg HTTP/1.1" 404 11311 "-" "ImageBot/1.0 (compatible; research crawler; +https://github.com/rom1504/img2dataset; opt-out: abuse.notification.dcomp12b@gmail.com;"
3.234.103.5 - - [11/Sep/2026:10:37:50 -0400] "GET /2023/12/08/%E9%BC%8E%E5%9F%8E%E5%8D%80%E4%BA%BA%E5%B9%B4%E5%A4%9C%E5%B8%B8%E5%A7%94%E6%9C%83%E6%A9%9F%E9%97%9C%E9%97%9C%E5%B7%A5%E5%A7%94%E8%AA%BF%E7%A0%94%E6%A9%8B%E5%8D%97%E4%B9%9D%E5%AE%AE%E6%A0%BC%E7%A7%81/225804lhjr0l00iw3xhjax.png HTTP/1.1" 404 11311 "-" "ImageBot/1.0 (compatible; research crawler; +https://github.com/rom1504/img2dataset; opt-out: abuse.notification.dcomp12b@gmail.com;"
52.23.26.158 - - [11/Sep/2026:10:37:50 -0400] "GET /upload/resources/image/2024/09/04/2082010_4096x10000.jpeg HTTP/1.1" 404 11311 "-" "ImageBot/1.0 (compatible; research crawler; +https://github.com/rom1504/img2dataset; opt-out: abuse.notification.dcomp12b@gmail.com;"
3.234.103.5 - - [11/Sep/2026:10:37:50 -0400] "GET /%E7%9C%81%E4%BA%BA%E5%B9%B4%E5%A4%9C%E4%BB%A3%E8%A1%A8%E3%80%81%E6%A2%85jiuyi%E4%BF%B1%E6%84%8F%E4%BD%8F%E5%AE%85%E8%A8%AD%E8%A8%88%E5%B7%9E%E8%88%88%E5%AF%A7%E5%B8%82%E6%BA%90%E6%B8%85%E7%A8%AE/20260127/55274.jpg HTTP/1.1" 404 11311 "-" "ImageBot/1.0 (compatible; research crawler; +https://github.com/rom1504/img2dataset; opt-out: abuse.notification.dcomp12b@gmail.com;"
39.52.236.62 - - [11/Sep/2026:10:37:50 -0400] "POST /xmlrpc.php HTTP/1.1" 403 1242 "-" "Jetpack by WordPress.com"
52.23.26.158 - - [11/Sep/2026:10:37:54 -0400] "GET /%E8%90%AC%E5%85%AC%E9%87%8C%E8%B7%91%E8%80%85%E9%84%A7%E8%89%AF%E8%8F%AF%E8%B7%91%E5%87%BA%E5%9C%8B%E9%96%80%E5%8D%81%E5%A4%A9%E8%A8%98-2/212047c72e69nd7jhf9nfh.jpg HTTP/1.1" 404 11311 "-" "ImageBot/1.0 (compatible; research crawler; +https://github.com/rom1504/img2dataset; opt-out: abuse.notification.dcomp12b@gmail.com;"
54.166.204.138 - - [11/Sep/2026:10:37:54 -0400] "GET /2024/03/06/%E8%B2%B7%E6%88%BF%E5%84%8B%E5%B7%9E%E6%95%A3%E8%A8%98/220257issmkkske433kmki.jpg HTTP/1.1" 404 11311 "-" "ImageBot/1.0 (compatible; research crawler; +https://github.com/rom1504/img2dataset; opt-out: abuse.notification.dcomp12b@gmail.com;"
50.19.85.253 - - [11/Sep/2026:10:37:55 -0400] "GET /%E6%9C%80%E9%AB%98%E6%9C%88%E8%96%AA%E9%81%8E%E8%90%AC%E5%85%83%EF%BC%81%E5%BF%99%E6%8B%9B%E5%B7%A5%EF%BC%8C%E8%B6%95%E8%A8%82%E5%96%AE%EF%BC%8C%E7%AF%80%E5%90%8E%E7%9A%84%E5%BB%A3%E5%B7%9E%E5%BA%B7/20260308/196626.jpg HTTP/1.1" 404 11311 "-" "ImageBot/1.0 (compatible; research crawler; +https://github.com/rom1504/img2dataset; opt-out: abuse.notification.dcomp12b@gmail.com;"
54.166.204.138 - - [11/Sep/2026:10:37:58 -0400] "GET /upload/resources/image/2026/04/23/2780877_4096x10000.png HTTP/1.1" 404 11311 "-" "ImageBot/1.0 (compatible; research crawler; +https://github.com/rom1504/img2dataset; opt-out: abuse.notification.dcomp12b@gmail.com;"
54.166.204.138 - - [11/Sep/2026:10:38:00 -0400] "GET /2024/03/05/%E8%BE%9B%E4%B8%91%E5%8F%B0%E4%B8%AD-%E7%A4%BE%E5%8D%80%E6%98%A5%E9%9F%BB/143107d0u5wp06mtp8botp.jpg HTTP/1.1" 404 11311 "-" "ImageBot/1.0 (compatible; research crawler; +https://github.com/rom1504/img2dataset; opt-out: abuse.notification.dcomp12b@gmail.com;"
39.52.236.62 - - [11/Sep/2026:10:38:01 -0400] "POST /xmlrpc.php HTTP/1.1" 403 1242 "-" "WordPress.com; https://wordpress.com"
52.23.26.158 - - [11/Sep/2026:10:38:02 -0400] "GET /2024/03/19/%E5%91%A8%E9%81%AD%E7%9A%84%E7%8B%80%E6%B3%81%E9%80%99%E4%B9%88%E5%A5%BD-%E6%88%91%E8%A6%81%E5%9B%9E%E9%84%89%E6%9D%91-%E6%A7%90%E6%A8%B9%E7%81%A3%E5%92%8C%E7%BE%8E%E5%B1%8B%E5%A0%B4-%E9%9B%99/170539x0pitnvshhietasm.jpg HTTP/1.1" 404 11311 "-" "ImageBot/1.0 (compatible; research crawler; +https://github.com/rom1504/img2dataset; opt-out: abuse.notification.dcomp12b@gmail.com;"
54.166.204.138 - - [11/Sep/2026:10:38:02 -0400] "GET /upload/resources/image/2026/04/14/2772677_4096x10000.jpeg HTTP/1.1" 404 11311 "-" "ImageBot/1.0 (compatible; research crawler; +https://github.com/rom1504/img2dataset; opt-out: abuse.notification.dcomp12b@gmail.com;"
3.234.103.5 - - [11/Sep/2026:10:38:07 -0400] "GET /upload/resources/image/2024/01/20/1733898_4096x10000.png HTTP/1.1" 404 11311 "-" "ImageBot/1.0 (compatible; research crawler; +https://github.com/rom1504/img2dataset; opt-out: abuse.notification.dcomp12b@gmail.com;"
54.166.204.138 - - [11/Sep/2026:10:38:07 -0400] "GET /%E8%82%87%E6%85%B6%E9%AB%98%E8%A6%81%E5%8D%80%E9%90%B5%E5%B4%97%E7%A4%BE%E5%8D%80%EF%BC%9A%E5%92%96%E5%95%A1%E5%99%B4%E9%BC%BB%E9%87%8C-%E5%8F%A4%E6%9D%91%E7%94%9F%E9%87%91-%E5%B9%B4%E5%A4%9C/20260124/49429.jpg HTTP/1.1" 404 11311 "-" "ImageBot/1.0 (compatible; research crawler; +https://github.com/rom1504/img2dataset; opt-out: abuse.notification.dcomp12b@gmail.com;"
52.23.26.158 - - [11/Sep/2026:10:38:11 -0400] "GET /upload/resources/image/2026/02/07/2714032_4096x10000.jpeg HTTP/1.1" 404 11311 "-" "ImageBot/1.0 (compatible; research crawler; +https://github.com/rom1504/img2dataset; opt-out: abuse.notification.dcomp12b@gmail.com;"
54.166.204.138 - - [11/Sep/2026:10:38:12 -0400] "GET /2024/03/31/%E5%84%8B%E5%8F%B0%E5%8C%97%E6%88%BF%E7%94%A2%E5%B7%9E%E6%95%A3%E8%A8%98/222110w2ss5fihy7ex6h4i.jpg HTTP/1.1" 404 11311 "-" "ImageBot/1.0 (compatible; research crawler; +https://github.com/rom1504/img2dataset; opt-out: abuse.notification.dcomp12b@gmail.com;"
157.55.39.195 - - [11/Sep/2026:10:38:13 -0400] "GET /%E6%9E%97%E5%B0%91%E8%8F%AF%EF%BC%9A%E6%8C%91%E6%B0%B4%E4%B8%8A%E5%B1%B1%E5%92%8C%E6%9E%97%E5%AE%B6%E5%B1%95%E5%AD%90%E6%89%BE%E4%B9%9D%E5%AE%AE%E6%A0%BC%E5%88%86%E4%BA%AB/ HTTP/2" 404 10066 "-" "Mozilla/5.0 AppleWebKit/537.36 (KHTML, like Gecko; compatible; bingbot/2.0; +http://www.bing.com/bingbot.htm) Chrome/116.0.1938.76 Safari/537.36"
39.52.236.62 - - [11/Sep/2026:10:38:14 -0400] "POST /xmlrpc.php HTTP/1.1" 403 1242 "-" "Jetpack by WordPress.com"
169.1.145.186 - - [11/Sep/2026:10:38:16 -0400] "POST /xmlrpc.php HTTP/1.1" 403 1242 "-" "Jetpack by WordPress.com (Jetpack 12.1; WordPress 6.2)"
54.166.204.138 - - [11/Sep/2026:10:38:16 -0400] "GET /2023/10/21/%E5%B1%B1%E8%A5%BF%E7%9C%81%E5%9C%8B%E6%B0%91%E7%95%B6%E5%B1%80%E4%BA%BA%E4%BA%8B%E4%BB%BB%E5%85%8D%EF%BC%81%E8%A7%B8%E5%8F%8A%E7%9C%81%E7%95%B6%E5%B1%80%E5%89%AF%E7%A7%98%E6%9B%B8%E9%95%B7%E3%80%81/5a460e66374e4f4ebc8ec24f828cba62.png HTTP/1.1" 404 11311 "-" "ImageBot/1.0 (compatible; research crawler; +https://github.com/rom1504/img2dataset; opt-out: abuse.notification.dcomp12b@gmail.com;"
52.1.250.135 - - [11/Sep/2026:10:38:19 -0400] "GET /upload/resources/image/2026/02/27/2730517.jpg HTTP/1.1" 404 11311 "-" "ImageBot/1.0 (compatible; research crawler; +https://github.com/rom1504/img2dataset; opt-out: abuse.notification.dcomp12b@gmail.com;"
39.52.236.62 - - [11/Sep/2026:10:38:19 -0400] "POST /xmlrpc.php HTTP/1.1" 403 1242 "-" "Jetpack/12.0; WordPress/6.1; http://site57250456.com"
3.234.103.5 - - [11/Sep/2026:10:38:21 -0400] "GET /%E4%B8%80%E4%BD%8D%E5%9D%90%E5%8F%B0%E4%B8%AD-%E7%A4%BE%E5%8D%80%E5%A4%A7%E5%BB%88%E6%9D%9F%E7%B8%9B%E7%89%8C%E8%B2%A8%E8%BB%8A%E6%96%B0%E5%A8%98%E7%9A%84%E5%AF%86%E6%84%8F%E5%9B%9E%E7%9C%B8%EF%BC%88/095833tndjbnbmxbpfdntr.jpg HTTP/1.1" 404 11311 "-" "ImageBot/1.0 (compatible; research crawler; +https://github.com/rom1504/img2dataset; opt-out: abuse.notification.dcomp12b@gmail.com;"
3.234.103.5 - - [11/Sep/2026:10:38:22 -0400] "GET /%E9%84%B0%E5%B1%85%E4%B8%80%E6%97%A9jiuyi%E4%BF%B1%E6%84%8F%E4%BD%8F%E5%AE%85%E8%A8%AD%E8%A8%88%E8%B6%95%E4%BE%86%E6%94%AF%E6%92%90%EF%BC%81%E6%B7%B1%E5%9C%B3%E7%99%BC%E5%87%BA%E9%96%89/20260414/450390.jpg HTTP/1.1" 404 11311 "-" "ImageBot/1.0 (compatible; research crawler; +https://github.com/rom1504/img2dataset; opt-out: abuse.notification.dcomp12b@gmail.com;"
3.234.103.5 - - [11/Sep/2026:10:38:26 -0400] "GET /2024/03/10/%E6%BC%AB%E6%AD%A5%E8%B5%B0%E5%88%B0%E9%A6%AC%E6%AC%84%E5%8F%B0%E5%8C%97-%E7%A4%BE%E5%8D%80%E5%B1%B1/113205r9ki0pq3q72vvvai.jpg HTTP/1.1" 404 11311 "-" "ImageBot/1.0 (compatible; research crawler; +https://github.com/rom1504/img2dataset; opt-out: abuse.notification.dcomp12b@gmail.com;"
52.1.250.135 - - [11/Sep/2026:10:38:30 -0400] "GET /2024/03/04/%E8%90%AC%E5%85%AC%E9%87%8C%E8%B7%91%E8%80%85%E9%84%A7%E8%89%AF%E8%8F%AF%E8%B7%91%E5%87%BA%E5%9C%8B%E9%96%80%E6%96%B0%E5%8C%97%E6%88%BF%E7%94%A2%E5%8D%81%E5%A4%A9%E8%A8%98/212544gl0n0mrpp000xozx.png HTTP/1.1" 404 11311 "-" "ImageBot/1.0 (compatible; research crawler; +https://github.com/rom1504/img2dataset; opt-out: abuse.notification.dcomp12b@gmail.com;"
54.166.204.138 - - [11/Sep/2026:10:38:34 -0400] "GET /%E6%96%B0%E6%98%A5%E8%B5%B0%E5%9F%BA%E5%B1%A4%E4%B8%A8%E9%84%89%E6%9D%91osder%E5%A5%A7%E6%96%AF%E5%BE%B7%E6%B1%BD%E8%BB%8A%E6%9D%90%E6%96%99%E9%9E%8F%E5%B9%B4%E5%A4%9C%E5%BB%9A%E7%9A%84%E7%85%99/20260217/66433.jpg HTTP/1.1" 404 11311 "-" "ImageBot/1.0 (compatible; research crawler; +https://github.com/rom1504/img2dataset; opt-out: abuse.notification.dcomp12b@gmail.com;"
50.19.85.253 - - [11/Sep/2026:10:38:35 -0400] "GET /2023%E6%A1%83%E5%9C%92-%E7%A4%BE%E5%8D%80%E5%A4%A7%E5%BB%88%E5%B9%B4%E6%B4%AA%E6%B1%9F%E7%AD%96%E5%8A%83%E7%B8%A3%E5%9F%8E%E6%95%99%E5%B0%8E%E5%BE%A9%E8%88%88/132229i8syz42bucxx1se5.jpg HTTP/1.1" 404 11311 "-" "ImageBot/1.0 (compatible; research crawler; +https://github.com/rom1504/img2dataset; opt-out: abuse.notification.dcomp12b@gmail.com;"
52.23.26.158 - - [11/Sep/2026:10:38:36 -0400] "GET /upload/resources/image/2025/10/13/2599541_4096x10000.jpeg HTTP/1.1" 404 11311 "-" "ImageBot/1.0 (compatible; research crawler; +https://github.com/rom1504/img2dataset; opt-out: abuse.notification.dcomp12b@gmail.com;"
52.23.26.158 - - [11/Sep/2026:10:38:37 -0400] "GET /%E6%98%A5%E5%AD%A3%E6%97%A5%E6%89%BE%E5%8C%85%E9%A4%8A%E5%83%B9%E6%A0%BC%E5%A4%9C%E6%BA%AB%E5%B7%AE%E4%B9%8B%E5%B9%B4%E5%A4%9C%EF%BC%8C%E7%82%BA%E4%BD%95%E5%83%8F%E5%9D%90%E9%81%8E%E5%B1%B1/da763d73dca245299a3729f25e179f13/images/73836f0322da44c5a33ca15cd7eb4e06.jpg HTTP/1.1" 404 11311 "-" "ImageBot/1.0 (compatible; research crawler; +https://github.com/rom1504/img2dataset; opt-out: abuse.notification.dcomp12b@gmail.com;"
3.234.103.5 - - [11/Sep/2026:10:38:37 -0400] "GET /2024/01/29/%E5%B0%8F%E7%B7%A8%E8%A6%AA%E6%B8%AC%EF%BC%81%E7%9C%9F%E4%BA%BA%E5%87%BA%E9%8F%A1%EF%BC%81%E5%A4%9A%E5%9C%96%E9%A0%90%E8%AD%A6%EF%BC%81%EF%BC%81%E8%A6%93%E5%8C%85%E9%A4%8Aapp%E7%B5%A6%E4%BD%A0/101742k3bk2okhhkh2s2sk.png HTTP/1.1" 404 11311 "-" "ImageBot/1.0 (compatible; research crawler; +https://github.com/rom1504/img2dataset; opt-out: abuse.notification.dcomp12b@gmail.com;"
50.19.85.253 - - [11/Sep/2026:10:38:39 -0400] "GET /upload/resources/image/2026/04/06/2765038_4096x10000.jpeg HTTP/1.1" 404 11311 "-" "ImageBot/1.0 (compatible; research crawler; +https://github.com/rom1504/img2dataset; opt-out: abuse.notification.dcomp12b@gmail.com;"
54.166.204.138 - - [11/Sep/2026:10:38:40 -0400] "GET /2jiuyi%E4%BF%B1%E6%84%8F%E8%A8%BA%E6%89%80%E8%A8%AD%E8%A8%881%E8%90%AC%E5%BC%B5%E9%87%87%E8%B3%BC%E5%95%86%E4%BF%A1%E8%B3%B4%E7%A5%A8-%E6%8A%95%E5%90%91%E5%B8%B8%E9%9D%92%E7%9A%84%E5%A4%96%E8%B2%BF/20260415/457327.jpg HTTP/1.1" 404 11311 "-" "ImageBot/1.0 (compatible; research crawler; +https://github.com/rom1504/img2dataset; opt-out: abuse.notification.dcomp12b@gmail.com;"
3.234.103.5 - - [11/Sep/2026:10:38:40 -0400] "GET /2024/03/26/%E6%B5%B8%E5%B3%AA-%E5%8F%B0%E5%8D%97-%E6%88%BF%E7%94%A2-%E6%A1%91%E6%A4%8D%E5%B9%B4%E5%A4%9C%E5%B1%B1%E4%B8%AD%E7%9A%84%E6%98%8E%E7%8F%A0/225720pvkugl7uqljgblev.jpg HTTP/1.1" 404 11311 "-" "ImageBot/1.0 (compatible; research crawler; +https://github.com/rom1504/img2dataset; opt-out: abuse.notification.dcomp12b@gmail.com;"
3.234.103.5 - - [11/Sep/2026:10:38:42 -0400] "GET /2023/12/27/%E3%80%90%E9%81%8A%E6%88%B2%E3%80%91%E6%88%91%E5%80%91%E6%88%90%E5%A9%9A%E5%90%A7%EF%BC%81%E5%BF%AB%E5%8C%85%E9%A4%8Aapp%E4%BE%86%E7%A7%80%E7%A7%80%E4%BD%A0%E5%92%8C%E7%94%B7%E7%A5%9E%E5%A5%B3/10393247c9rtc47if787ee.jpg HTTP/1.1" 404 11311 "-" "ImageBot/1.0 (compatible; research crawler; +https://github.com/rom1504/img2dataset; opt-out: abuse.notification.dcomp12b@gmail.com;"
3.234.103.5 - - [11/Sep/2026:10:38:45 -0400] "GET /2024/03/09/%E5%AE%B6%E5%9C%92%E7%BE%8E%E4%B8%8D%E5%8B%95%E7%94%A2%E5%A6%82%E7%95%AB/104941y9nkiz3mm9rk0r97.jpg HTTP/1.1" 404 11311 "-" "ImageBot/1.0 (compatible; research crawler; +https://github.com/rom1504/img2dataset; opt-out: abuse.notification.dcomp12b@gmail.com;"
52.23.26.158 - - [11/Sep/2026:10:38:45 -0400] "GET /2024/03/09/%E5%AE%B6%E5%9C%92%E7%BE%8E%E4%B8%8D%E5%8B%95%E7%94%A2%E5%A6%82%E7%95%AB/114032osfs6z3l14o64zr7.jpg HTTP/1.1" 404 11311 "-" "ImageBot/1.0 (compatible; research crawler; +https://github.com/rom1504/img2dataset; opt-out: abuse.notification.dcomp12b@gmail.com;"
52.23.26.158 - - [11/Sep/2026:10:38:47 -0400] "GET /%E7%9B%A1%E6%83%85%E6%88%BF%E7%94%A2%E8%B3%87%E8%A8%8A%E4%BA%94%E6%BA%AA%E8%B0%B7-%E6%B2%89%E9%86%89%E5%B1%B1%E5%B7%9D%E9%96%93/225732xn8wiow9t1oftd5n.png HTTP/1.1" 404 11311 "-" "ImageBot/1.0 (compatible; research crawler; +https://github.com/rom1504/img2dataset; opt-out: abuse.notification.dcomp12b@gmail.com;"
3.234.103.5 - - [11/Sep/2026:10:38:48 -0400] "GET /upload/resources/image/2026/03/08/2740120_4096x10000.jpeg HTTP/1.1" 404 11311 "-" "ImageBot/1.0 (compatible; research crawler; +https://github.com/rom1504/img2dataset; opt-out: abuse.notification.dcomp12b@gmail.com;"
50.19.85.253 - - [11/Sep/2026:10:38:48 -0400] "GET /%E5%A5%AE%E6%A5%AB%E5%95%8F%E5%A4%A9osder%E5%A5%A7%E6%96%AF%E5%BE%B7%E9%9B%B6%E4%BB%B6%E5%95%86%E8%B7%AF%EF%BC%8C%E9%80%90%E5%A4%A2%E6%8E%A2%E8%92%BC%E7%A9%B9/20260424/525766.jpg HTTP/1.1" 404 11311 "-" "ImageBot/1.0 (compatible; research crawler; +https://github.com/rom1504/img2dataset; opt-out: abuse.notification.dcomp12b@gmail.com;"
169.1.145.186 - - [11/Sep/2026:10:38:48 -0400] "POST /xmlrpc.php HTTP/1.1" 403 1242 "-" "Jetpack/12.5; WordPress/6.4; http://site86152965.com"
52.23.26.158 - - [11/Sep/2026:10:38:50 -0400] "GET /%E6%AD%A1%E9%A8%B0%E4%B8%ADjiuyi%E4%BF%B1%E6%84%8F%E4%BD%8F%E5%AE%85%E8%A8%AD%E8%A8%88%E5%9C%8B%E5%B9%B4%E4%B8%A8%E6%BD%AE%E6%B1%95%E8%8B%B1%E6%AD%8C%E8%B3%80%E6%96%B0%E6%98%A5_%E9%87%91%E7%BE%8A/20260222/102195.jpg HTTP/1.1" 404 11311 "-" "ImageBot/1.0 (compatible; research crawler; +https://github.com/rom1504/img2dataset; opt-out: abuse.notification.dcomp12b@gmail.com;"
52.23.26.158 - - [11/Sep/2026:10:38:51 -0400] "GET /2023/08/26/city-walk%E4%B8%A8%E5%8C%85%E9%A4%8A%E5%92%B8%E9%99%BD%E8%80%81%E8%A1%97%E5%85%A9%E6%97%A5%E6%B8%B8%E4%BF%9D%E5%A7%86%E7%B4%9A%E6%B8%B8%E7%8E%A9%E6%94%BB%E7%95%A5%E4%BE%86%E4%BA%86/095541qhgbgzjzkpjl32tp.jpg HTTP/1.1" 404 11311 "-" "ImageBot/1.0 (compatible; research crawler; +https://github.com/rom1504/img2dataset; opt-out: abuse.notification.dcomp12b@gmail.com;"
3.234.103.5 - - [11/Sep/2026:10:38:52 -0400] "GET /%E8%B6%8520%E8%90%AC%E4%BA%BA%E6%B6%8C%E9%80%B2%E8%9E%A2jiuyi%E4%BF%B1%E6%84%8F%E8%A8%BA%E6%89%80%E8%A8%AD%E8%A8%88%E7%81%AB%E8%9F%B2%EF%BC%8C%E6%BC%AB%E5%B1%95%E6%AD%A3%E5%9C%A8%E9%9D%9C%E9%9D%9C/20260502/585311.jpg HTTP/1.1" 404 11311 "-" "ImageBot/1.0 (compatible; research crawler; +https://github.com/rom1504/img2dataset; opt-out: abuse.notification.dcomp12b@gmail.com;"
3.234.103.5 - - [11/Sep/2026:10:38:58 -0400] "GET /2023/12/11/%E7%94%B7%E4%BA%BA%E8%82%BA%E5%85%A7%E4%B8%80%E5%8C%85%E9%A4%8A%E7%B6%B2%E8%A5%BF%E7%93%9C%E7%B1%BD%E9%89%85%E7%B4%B0%E7%B5%90%E7%AF%80%E7%AB%9F%E6%98%AF%E7%99%8C%EF%BC%81%E5%B0%88/165236fwjfgtvifcwvj09w.jpg HTTP/1.1" 404 11311 "-" "ImageBot/1.0 (compatible; research crawler; +https://github.com/rom1504/img2dataset; opt-out: abuse.notification.dcomp12b@gmail.com;"
54.166.204.138 - - [11/Sep/2026:10:39:00 -0400] "GET /2024/03/01/%E6%89%BE%E5%8C%85%E9%A4%8A%E7%B6%93%E9%A9%97%E5%9C%8B%E5%BA%A6%E5%9C%B0%E7%90%86%E8%87%BA%E5%9C%A8%E5%8D%97%E6%A5%B5%E5%85%A7%E9%99%B8%E9%96%8B%E8%BE%9F%E6%96%B0%E7%9A%84%E4%B8%8D%E9%9B%85%E6%B8%AC/6dd5a20e570f430bb97ae077b229a217/images/cf37a4640942486ea330247e05aaa27a.jpg HTTP/1.1" 404 11311 "-" "ImageBot/1.0 (compatible; research crawler; +https://github.com/rom1504/img2dataset; opt-out: abuse.notification.dcomp12b@gmail.com;"
50.19.85.253 - - [11/Sep/2026:10:39:07 -0400] "GET /html/files/2022-06/14/20220614073957592887671.jpg HTTP/1.1" 404 11311 "-" "ImageBot/1.0 (compatible; research crawler; +https://github.com/rom1504/img2dataset; opt-out: abuse.notification.dcomp12b@gmail.com;"
114.119.134.67 - - [11/Sep/2026:10:39:08 -0400] "GET /%e5%9c%8b%e9%9a%9b%e9%8a%b3%e8%a9%95%e4%b8%a8%e6%ad%90%e6%b4%b2%e6%94%bf%e8%a6%81%e5%af%86%e9%9b%86%e8%a8%aa%e8%8f%af%e8%83%8c%e5%90%8e%e7%9a%84%e6%99%82%e8%88%87jiuyi%e4%bf%b1%e6%84%8f%e8%b1%aa/ HTTP/1.1" 200 27782 "https://big-wife.com.tw/%e5%bb%a3%e5%b7%9e%e5%87%ba%e8%87%ba%e5%9c%b0%e4%b8%8b%e7%a9%ba%e9%96%93%e9%96%8b%e7%99%bc%e6%87%89%e7%94%a8%e6%96%b0%e8%a6%8f%ef%bc%8c%e6%94%bf%e7%ad%96%e8%a7%a3%e8%ae%80%e4%be%86%e4%ba%86jiuyi/" "Mozilla/5.0 (Linux; Android 7.0;) AppleWebKit/537.36 (HTML, like Gecko) Mobile Safari/537.36 (compatible; PetalBot;+https://webmaster.petalsearch.com/site/petalbot)"
50.19.85.253 - - [11/Sep/2026:10:39:10 -0400] "GET /2023/09/08/%E5%8A%89%E5%A0%85-%E6%9A%91%E5%A4%8F%E6%B0%B4%E9%9B%BB%E8%A1%8C%E5%9F%8E%E6%AD%A5%E5%8D%97%E5%B1%B1%E6%B8%B8/071110he1a7qiv7tq3ivpj.jpg HTTP/1.1" 404 11311 "-" "ImageBot/1.0 (compatible; research crawler; +https://github.com/rom1504/img2dataset; opt-out: abuse.notification.dcomp12b@gmail.com;"
52.23.26.158 - - [11/Sep/2026:10:39:13 -0400] "GET /%E7%8F%BE%E5%A0%B4%E6%9F%A5%E6%96%B0%E5%8C%97-%E6%88%BF%E7%94%A2%E8%A9%A2%E6%8B%9C%E8%A8%AA%E9%87%87%E8%A8%AA%EF%BC%9A%E8%A1%80%E8%88%87%E7%81%AB%E7%9A%84%E7%AD%86%E6%9E%B6%E5%B1%B1%E6%8A%97%E6%97%A5/082112m5pmpazss4i9i9ni.jpg HTTP/1.1" 404 11311 "-" "ImageBot/1.0 (compatible; research crawler; +https://github.com/rom1504/img2dataset; opt-out: abuse.notification.dcomp12b@gmail.com;"
52.23.26.158 - - [11/Sep/2026:10:39:13 -0400] "GET /%E6%99%B4%E9%9B%A8%E5%8D%B3%E5%B0%87%E8%BD%89jiuyi%E4%BF%B1%E6%84%8F%E8%A8%BA%E6%89%80%E8%A8%AD%E8%A8%88%E6%8F%9B%EF%BC%81%E4%BB%8A%E6%99%9A%E5%BB%A3%E6%9D%B1%E6%9A%B4%E9%9B%A8%E6%88%96%E9%87%8D/20260402/364431.jpg HTTP/1.1" 404 11311 "-" "ImageBot/1.0 (compatible; research crawler; +https://github.com/rom1504/img2dataset; opt-out: abuse.notification.dcomp12b@gmail.com;"
52.23.26.158 - - [11/Sep/2026:10:39:15 -0400] "GET /%E7%9B%A1%E6%83%85%E6%88%BF%E7%94%A2%E8%B3%87%E8%A8%8A%E4%BA%94%E6%BA%AA%E8%B0%B7-%E6%B2%89%E9%86%89%E5%B1%B1%E5%B7%9D%E9%96%93/224655gx0dukx23dpua2cv.png HTTP/1.1" 404 11311 "-" "ImageBot/1.0 (compatible; research crawler; +https://github.com/rom1504/img2dataset; opt-out: abuse.notification.dcomp12b@gmail.com;"
52.23.26.158 - - [11/Sep/2026:10:39:15 -0400] "GET /2024/03/19/%E6%88%91%E7%9A%84%E6%96%B0%E5%8C%97-%E4%B8%AD%E5%8F%A4%E5%B1%8B%E7%88%B6%E8%A6%AA/213308licpdkjc5xpwtp5l.jpg HTTP/1.1" 404 11311 "-" "ImageBot/1.0 (compatible; research crawler; +https://github.com/rom1504/img2dataset; opt-out: abuse.notification.dcomp12b@gmail.com;"
52.1.250.135 - - [11/Sep/2026:10:39:19 -0400] "GET /upload/resources/image/2026/01/25/2701099_4096x10000.jpeg HTTP/1.1" 404 11311 "-" "ImageBot/1.0 (compatible; research crawler; +https://github.com/rom1504/img2dataset; opt-out: abuse.notification.dcomp12b@gmail.com;"
50.19.85.253 - - [11/Sep/2026:10:39:24 -0400] "GET /upload/resources/image/2025/12/19/2666896_4096x10000.jpeg HTTP/1.1" 404 11311 "-" "ImageBot/1.0 (compatible; research crawler; +https://github.com/rom1504/img2dataset; opt-out: abuse.notification.dcomp12b@gmail.com;"
169.1.145.186 - - [11/Sep/2026:10:39:25 -0400] "POST /xmlrpc.php HTTP/1.1" 403 1242 "-" "Jetpack by WordPress.com"
185.191.171.17 - - [11/Sep/2026:10:39:28 -0400] "GET /3jiuyi%E4%BF%B1%E6%84%8F%E8%B1%AA%E5%AE%85%E8%A8%AD%E8%A8%881%E5%B9%B4%E8%A1%8C%E5%8D%81%E8%90%AC%E9%87%8C%E8%B7%AF-%E7%85%A7%E4%BA%AE%E5%85%A9%E5%8D%83%E4%BD%99%E5%B1%B1%E5%8D%80%E5%AD%A9%E7%AB%A5/ HTTP/1.1" 403 1242 "-" "Mozilla/5.0 (compatible; SemrushBot/7~bl; +http://www.semrush.com/bot.html)"
52.1.250.135 - - [11/Sep/2026:10:39:30 -0400] "GET /upload/resources/image/2024/10/18/2133132_4096x10000.jpeg HTTP/1.1" 404 11311 "-" "ImageBot/1.0 (compatible; research crawler; +https://github.com/rom1504/img2dataset; opt-out: abuse.notification.dcomp12b@gmail.com;"
52.1.250.135 - - [11/Sep/2026:10:39:32 -0400] "GET /upload/resources/image/2026/02/21/2725259_4096x10000.jpeg HTTP/1.1" 404 11311 "-" "ImageBot/1.0 (compatible; research crawler; +https://github.com/rom1504/img2dataset; opt-out: abuse.notification.dcomp12b@gmail.com;"
3.234.103.5 - - [11/Sep/2026:10:39:32 -0400] "GET /2024/03/28/%E3%80%90%E6%88%91%E5%80%91%E7%9A%84%E8%85%B3%E6%AD%A5%E3%80%91%E7%9F%B3%E5%85%89%E5%BD%A9%E4%B8%A8%E6%9D%91%E8%90%BD%E5%BE%A9%E8%88%88%E8%A6%81%E6%9C%89%E5%BE%97%E9%AB%94%E7%9A%84%E9%A0%98%E9%A0%AD/110616vkvv232394zm2k9q.png HTTP/1.1" 404 11311 "-" "ImageBot/1.0 (compatible; research crawler; +https://github.com/rom1504/img2dataset; opt-out: abuse.notification.dcomp12b@gmail.com;"
3.234.103.5 - - [11/Sep/2026:10:39:39 -0400] "GET /2024/03/14/%E6%88%BF%E7%94%A2%E8%AA%B0%E9%82%84%E8%A8%98%E5%BE%97%E7%9B%A7%E5%AD%9D%E6%9E%97%E4%B9%8B%E9%80%9D%E4%B8%96%E5%97%8E%EF%BC%9F%E7%94%B1%E6%96%BC%E4%B8%80%E5%8F%AA%E6%B2%92%E6%A0%93%E7%B9%A9%E7%9A%84/231307vq8rtk3tmb88nkrd.png HTTP/1.1" 404 11311 "-" "ImageBot/1.0 (compatible; research crawler; +https://github.com/rom1504/img2dataset; opt-out: abuse.notification.dcomp12b@gmail.com;"
185.191.171.15 - - [11/Sep/2026:10:39:39 -0400] "GET /%E5%A0%85%E5%B0%88%E5%8C%85%E9%A4%8A%E5%83%B9%E6%A0%BC%E5%AF%A6%E5%9C%B0%E7%94%9F%E6%B6%AF%EF%BC%8C%E7%BE%8E%E5%A6%99%E5%9C%B0%E5%81%9A%E5%A4%A2/ HTTP/1.1" 403 1242 "-" "Mozilla/5.0 (compatible; SemrushBot/7~bl; +http://www.semrush.com/bot.html)"
3.234.103.5 - - [11/Sep/2026:10:39:39 -0400] "GET /2024/03/31/%E7%8D%B5%E8%B1%B9car-%E8%A2%AB%E8%A1%A1%E9%99%BD%E5%B8%82%E5%9C%8B%E8%B3%87%E5%A7%94%E5%9B%9E%E7%94%9F%E9%A6%96%E6%AC%BE%E8%BB%8A%E5%9E%8Bcs01ev%E5%8F%B0%E5%8C%97-%E6%88%BF%E5%9C%B0%E7%94%A2%E4%B8%8A/141847x5e9ly5iyl22y95j.jpg HTTP/1.1" 404 11311 "-" "ImageBot/1.0 (compatible; research crawler; +https://github.com/rom1504/img2dataset; opt-out: abuse.notification.dcomp12b@gmail.com;"
138.246.253.7 - - [11/Sep/2026:10:39:42 -0400] "HEAD / HTTP/3" 301 0 "-" "quic-go-HTTP/3"
50.19.85.253 - - [11/Sep/2026:10:39:43 -0400] "GET /upload/resources/image/2024/08/27/2070509_4096x10000.jpeg HTTP/1.1" 404 11311 "-" "ImageBot/1.0 (compatible; research crawler; +https://github.com/rom1504/img2dataset; opt-out: abuse.notification.dcomp12b@gmail.com;"
3.234.103.5 - - [11/Sep/2026:10:39:47 -0400] "GET /upload/resources/image/2024/05/26/1951817_4096x10000.jpeg HTTP/1.1" 404 11311 "-" "ImageBot/1.0 (compatible; research crawler; +https://github.com/rom1504/img2dataset; opt-out: abuse.notification.dcomp12b@gmail.com;"
52.23.26.158 - - [11/Sep/2026:10:39:48 -0400] "GET /upload/resources/image/2024/10/18/2133132_4096x10000.jpeg HTTP/1.1" 404 11311 "-" "ImageBot/1.0 (compatible; research crawler; +https://github.com/rom1504/img2dataset; opt-out: abuse.notification.dcomp12b@gmail.com;"
52.1.250.135 - - [11/Sep/2026:10:39:52 -0400] "GET /%E5%AD%AB%E6%84%9B%E7%BE%A4%E8%A9%B3%E8%A7%A3%E6%BD%AE%E5%B7%9Ejiuyi%E4%BF%B1%E6%84%8F%E4%BD%8F%E5%AE%85%E8%A8%AD%E8%A8%88%E6%96%87%E6%98%8E%E7%89%B9%E8%B3%AA%E8%88%87%E7%BE%8E%E9%A3%9F%E5%85%A8/20260324/295073.jpg HTTP/1.1" 404 11311 "-" "ImageBot/1.0 (compatible; research crawler; +https://github.com/rom1504/img2dataset; opt-out: abuse.notification.dcomp12b@gmail.com;"
52.23.26.158 - - [11/Sep/2026:10:39:57 -0400] "GET /html/files/2022-03/17/20220317153602930329951.jpg HTTP/1.1" 404 11311 "-" "ImageBot/1.0 (compatible; research crawler; +https://github.com/rom1504/img2dataset; opt-out: abuse.notification.dcomp12b@gmail.com;"
50.19.85.253 - - [11/Sep/2026:10:39:57 -0400] "GET /upload/resources/image/2026/03/23/2753502_4096x50000.jpeg HTTP/1.1" 404 11311 "-" "ImageBot/1.0 (compatible; research crawler; +https://github.com/rom1504/img2dataset; opt-out: abuse.notification.dcomp12b@gmail.com;"
169.1.145.186 - - [11/Sep/2026:10:39:59 -0400] "POST /xmlrpc.php HTTP/1.1" 403 1242 "-" "WordPress.com; https://wordpress.com"
50.19.85.253 - - [11/Sep/2026:10:40:00 -0400] "GET /2024/03/06/%E6%96%B0%E8%8E%8A%E6%9D%91%EF%BC%8C%E6%BC%82%E4%BA%AE%E5%B1%8B%E5%A0%B4%E7%9A%84%E7%A4%BA%E8%8C%83%E7%A4%BE%E5%8D%80%E5%A4%A7%E5%BB%88%E6%9D%91%E8%90%BD/075148xefi8gitdtbiuiuh.jpg HTTP/1.1" 404 11311 "-" "ImageBot/1.0 (compatible; research crawler; +https://github.com/rom1504/img2dataset; opt-out: abuse.notification.dcomp12b@gmail.com;"
54.166.204.138 - - [11/Sep/2026:10:40:04 -0400] "GET /2024/03/04/%E8%B3%BC%E5%B1%8B%EF%BC%882021-2035%E5%B9%B4%EF%BC%89%E9%80%99%E5%BC%B5%E9%95%B7%E6%B2%99%E5%9C%B0%E9%90%B5%E6%96%B0%E8%A8%88%E5%8A%83%E5%9C%96%E5%B0%B1%E6%98%AF%E5%B0%87%E4%BE%86%E7%9A%84%E6%98%9F/093459ywwwxzywkwxkypei.jpg HTTP/1.1" 404 11311 "-" "ImageBot/1.0 (compatible; research crawler; +https://github.com/rom1504/img2dataset; opt-out: abuse.notification.dcomp12b@gmail.com;"
52.23.26.158 - - [11/Sep/2026:10:40:06 -0400] "GET /2023/11/29/%E6%95%A2%E6%89%93%E6%95%A2%E6%8B%BC%EF%BC%81%E4%B8%AD%E5%9C%8B%E5%A5%B3%E6%8E%923-0%E6%93%8A%E7%94%9C%E5%BF%83%E5%AF%B6%E8%B2%9D%E5%8C%85%E9%A4%8A%E7%B6%B2%E6%95%97japan%E6%97%A5%E6%9C%AC%EF%BC%8C/813083e80d1e461b8f88e2a060e49415.jpg HTTP/1.1" 404 11311 "-" "ImageBot/1.0 (compatible; research crawler; +https://github.com/rom1504/img2dataset; opt-out: abuse.notification.dcomp12b@gmail.com;"
52.1.250.135 - - [11/Sep/2026:10:40:06 -0400] "GET /2023/11/17/%E6%A0%AA%E6%B4%B2-%E8%98%86%E6%B7%9E-%E8%B3%80%E5%AE%B6%E5%9C%9F%E8%A1%97%E9%81%93-%E9%95%B7%E5%A1%98%E7%81%A3%E7%A4%BE%E5%8D%80%E6%96%B0%E6%99%82%E6%9C%9F%E4%B9%9D%E5%AE%AE%E6%A0%BC%E8%81%9A/190706d0vv40ifq461144g.jpg HTTP/1.1" 404 11311 "-" "ImageBot/1.0 (compatible; research crawler; +https://github.com/rom1504/img2dataset; opt-out: abuse.notification.dcomp12b@gmail.com;"
52.23.26.158 - - [11/Sep/2026:10:40:08 -0400] "GET /2024/01/29/%E5%B0%8F%E7%B7%A8%E8%A6%AA%E6%B8%AC%EF%BC%81%E7%9C%9F%E4%BA%BA%E5%87%BA%E9%8F%A1%EF%BC%81%E5%A4%9A%E5%9C%96%E9%A0%90%E8%AD%A6%EF%BC%81%EF%BC%81%E8%A6%93%E5%8C%85%E9%A4%8Aapp%E7%B5%A6%E4%BD%A0/16202786zqdz8bqguk65sb.jpg HTTP/1.1" 404 11311 "-" "ImageBot/1.0 (compatible; research crawler; +https://github.com/rom1504/img2dataset; opt-out: abuse.notification.dcomp12b@gmail.com;"
52.1.250.135 - - [11/Sep/2026:10:40:12 -0400] "GET /%E5%BB%A3%E8%B2%A8%E8%A1%8C%E5%85%A8%E5%9C%8B-%E7%A4%BE%E7%A7%91%E8%96%A6%E5%84%AA%E5%93%81-jiuyi%E4%BF%B1%E6%84%8F%E8%A8%BA%E6%89%80%E8%A8%AD%E8%A8%88-%E9%99%BD%E8%A5%BF%E4%BD%B3%E5%91%B3%EF%BC%9A/20260214/42801.png HTTP/1.1" 404 11311 "-" "ImageBot/1.0 (compatible; research crawler; +https://github.com/rom1504/img2dataset; opt-out: abuse.notification.dcomp12b@gmail.com;"
52.23.26.158 - - [11/Sep/2026:10:40:15 -0400] "GET /2023/11/27/%E3%80%90%E5%B0%8B%E5%8C%85%E9%A4%8A%E7%B6%B2vip%E6%99%AF%E6%B9%96%E5%8D%97%E3%80%91%E3%80%90%E5%BE%A9%E8%88%88%E6%9D%AF%E3%80%91%E8%AE%80%E4%BD%A0%E5%8D%83%E9%81%8D%E4%B8%8D%E5%8E%AD%E5%80%A6/125029iz657jwf0j1s1d1f.jpg HTTP/1.1" 404 11311 "-" "ImageBot/1.0 (compatible; research crawler; +https://github.com/rom1504/img2dataset; opt-out: abuse.notification.dcomp12b@gmail.com;"
3.234.103.5 - - [11/Sep/2026:10:40:16 -0400] "GET /thefirstvoice%E4%B8%A8xi-jinpings-key-quotes-on-apec-cooperation-%E7%BF%92%E8%BF%91%E5%B9%B3%E8%AB%87apecjiuyi%E4%BF%B1%E6%84%8F%E8%B1%AA%E5%AE%85%E8%A8%AD%E8%A8%88%E4%B8%80%E8%B5%B7%E9%85%8D/20260218/73780.jpg HTTP/1.1" 404 11311 "-" "ImageBot/1.0 (compatible; research crawler; +https://github.com/rom1504/img2dataset; opt-out: abuse.notification.dcomp12b@gmail.com;"
50.19.85.253 - - [11/Sep/2026:10:40:16 -0400] "GET /2024/03/22/%E5%85%AC%E4%BA%A4%E6%9D%91%E8%90%BD%E6%B8%B8%E5%8F%B0%E5%8D%97-%E7%A4%BE%E5%8D%80%E5%AE%8B%E5%AE%B6%E6%B4%9E/220702a44hzm66wpvz106k.jpg HTTP/1.1" 404 11311 "-" "ImageBot/1.0 (compatible; research crawler; +https://github.com/rom1504/img2dataset; opt-out: abuse.notification.dcomp12b@gmail.com;"
50.19.85.253 - - [11/Sep/2026:10:40:18 -0400] "GET /%E5%9C%8B%E6%BD%AEosder%E5%A5%A7%E6%96%AF%E5%BE%B7%E6%B1%BD%E8%BB%8A%E9%9B%B6%E4%BB%B6%E5%87%BA%E6%B5%B7%E6%AD%A3%E7%95%B6%E6%99%82%EF%BC%81%E6%9D%B1%E8%8E%9E%E6%BD%AE%E7%8E%A9/20260417/476024.jpg HTTP/1.1" 404 11311 "-" "ImageBot/1.0 (compatible; research crawler; +https://github.com/rom1504/img2dataset; opt-out: abuse.notification.dcomp12b@gmail.com;"
52.1.250.135 - - [11/Sep/2026:10:40:19 -0400] "GET /%E6%A0%A1%E5%9C%B0%E6%94%9C%E6%89%8Bjiuyi%E4%BF%B1%E6%84%8F%E4%BD%8F%E5%AE%85%E8%A8%AD%E8%A8%88%E9%BB%9E%E7%87%83%E7%B1%83%E7%90%83%E7%86%B1%E6%BD%AE%EF%BC%81%E7%B2%B5ba%E6%8F%AD%E9%99%BD%E4%B8%BB/20260330/346402.jpg HTTP/1.1" 404 11311 "-" "ImageBot/1.0 (compatible; research crawler; +https://github.com/rom1504/img2dataset; opt-out: abuse.notification.dcomp12b@gmail.com;"
50.19.85.253 - - [11/Sep/2026:10:40:21 -0400] "GET /html/files/2021-01/08/20210108102402304422115.jpg HTTP/1.1" 404 11311 "-" "ImageBot/1.0 (compatible; research crawler; +https://github.com/rom1504/img2dataset; opt-out: abuse.notification.dcomp12b@gmail.com;"
52.1.250.135 - - [11/Sep/2026:10:40:21 -0400] "GET /upload/resources/image/2026/03/25/2754758_4096x10000.jpeg HTTP/1.1" 404 11311 "-" "ImageBot/1.0 (compatible; research crawler; +https://github.com/rom1504/img2dataset; opt-out: abuse.notification.dcomp12b@gmail.com;"
3.234.103.5 - - [11/Sep/2026:10:40:22 -0400] "GET /%E5%BB%A3%E6%9D%B1%E5%85%AC%E5%AE%89%E4%BA%A4%E6%98%A5%E7%AF%80%E5%AE%89%E7%84%B6%E7%AD%94%E5%8D%B7%EF%BC%9A%E5%88%91%E4%BA%8B%E6%B2%BB%E5%AE%89%E8%AD%A6%E6%83%85%E3%80%81%E8%B7%AF/20260224/115277.jpg HTTP/1.1" 404 11311 "-" "ImageBot/1.0 (compatible; research crawler; +https://github.com/rom1504/img2dataset; opt-out: abuse.notification.dcomp12b@gmail.com;"
3.234.103.5 - - [11/Sep/2026:10:40:27 -0400] "GET /html/files/2021-03/29/20210329190804028448552.jpg HTTP/1.1" 404 11311 "-" "ImageBot/1.0 (compatible; research crawler; +https://github.com/rom1504/img2dataset; opt-out: abuse.notification.dcomp12b@gmail.com;"
52.23.26.158 - - [11/Sep/2026:10:40:28 -0400] "GET /%E6%83%85%E7%86%B1%E6%96%B0%E6%98%A5%EF%BC%8C%E5%B1%A5%E8%81%B7%E7%82%BA%E5%B9%B3osder%E5%A5%A7%E6%96%AF%E5%BE%B7%E6%B1%BD%E8%BB%8A%E6%9D%90%E6%96%99%E6%98%93%E8%BF%91%EF%BC%81%E5%BB%A3%E5%B7%9E/20260208/145007.jpg HTTP/1.1" 404 11311 "-" "ImageBot/1.0 (compatible; research crawler; +https://github.com/rom1504/img2dataset; opt-out: abuse.notification.dcomp12b@gmail.com;"
169.1.145.186 - - [11/Sep/2026:10:40:28 -0400] "POST /xmlrpc.php HTTP/1.1" 403 1242 "-" "Jetpack/12.5; WordPress/6.1; http://site71627839.com"
50.19.85.253 - - [11/Sep/2026:10:40:28 -0400] "GET /2023/11/24/%E7%BE%8E%E4%B8%8D%E5%A0%AA%E6%94%B6%E7%9A%84%E5%8C%85%E9%A4%8A%E5%8D%97%E6%B2%99%E8%8A%B1%E5%9C%83%E9%A3%AF%E5%BA%97%E2%91%A1/070610airjft2a2gi7itta.jpg HTTP/1.1" 404 11311 "-" "ImageBot/1.0 (compatible; research crawler; +https://github.com/rom1504/img2dataset; opt-out: abuse.notification.dcomp12b@gmail.com;"
54.166.204.138 - - [11/Sep/2026:10:40:29 -0400] "GET /upload/resources/image/2026/02/19/2724452_4096x10000.jpeg HTTP/1.1" 404 11311 "-" "ImageBot/1.0 (compatible; research crawler; +https://github.com/rom1504/img2dataset; opt-out: abuse.notification.dcomp12b@gmail.com;"
52.23.26.158 - - [11/Sep/2026:10:40:31 -0400] "GET /%E5%BE%9E%E9%BB%A8%E7%9A%84%E4%BA%8C%E5%8D%81jiuyi%E4%BF%B1%E6%84%8F%E8%B1%AA%E5%AE%85%E8%A8%AD%E8%A8%88%E5%B1%86%E5%9B%9B%E4%B8%AD%E5%85%A8%E6%9C%83%E5%88%B02026%E5%B9%B4%E5%85%A8%E5%9C%8B%E5%85%A9/20260320/272168.jpg HTTP/1.1" 404 11311 "-" "ImageBot/1.0 (compatible; research crawler; +https://github.com/rom1504/img2dataset; opt-out: abuse.notification.dcomp12b@gmail.com;"
50.19.85.253 - - [11/Sep/2026:10:40:32 -0400] "GET /%E7%AD%96%E9%A6%AC%E6%8F%9A%E9%9E%AD%E5%86%8D%E5%87%BA%E7%99%BC-%E6%98%A5%E7%AF%80%E5%90%8Ejiuyi%E4%BF%B1%E6%84%8F%E7%A9%BA%E9%96%93%E8%A8%AD%E8%A8%88%E9%96%8B%E5%B7%A5%E9%A6%96/20260225/124536.jpg HTTP/1.1" 404 11311 "-" "ImageBot/1.0 (compatible; research crawler; +https://github.com/rom1504/img2dataset; opt-out: abuse.notification.dcomp12b@gmail.com;"
114.119.149.145 - - [11/Sep/2026:10:40:31 -0400] "GET /%e5%9c%8b%e9%9a%9b%e9%8a%b3%e8%a9%95%e4%b8%a8%e5%be%9e%e5%9c%8d%e4%b8%8d%e9%9b%85%e5%b0%88%e5%8c%85%e9%a4%8a%e5%88%b0%e8%9e%8d%e9%80%b2%ef%bc%8c%e6%84%9f%e7%9f%a5/ HTTP/1.1" 200 18548 "https://big-wife.com.tw/2026/02/page/21/" "Mozilla/5.0 (Linux; Android 7.0;) AppleWebKit/537.36 (HTML, like Gecko) Mobile Safari/537.36 (compatible; PetalBot;+https://webmaster.petalsearch.com/site/petalbot)"
52.23.26.158 - - [11/Sep/2026:10:40:32 -0400] "GET /2024/01/19/%E7%89%87%E5%AD%90%E3%80%8A%E4%B8%89%E8%B2%B4%E5%8C%85%E9%A4%8A%E6%83%85%E5%8F%B2%E3%80%8B%E6%AD%A6%E6%BC%A2%E8%B7%AF%E6%BC%94-%E7%9C%9F%E6%84%9B%E7%AB%A5%E8%A9%B1%E8%AD%B0%E9%A1%8C%E5%BC%95%E4%B8%8D/173126e30cffd911126971.png HTTP/1.1" 404 11311 "-" "ImageBot/1.0 (compatible; research crawler; +https://github.com/rom1504/img2dataset; opt-out: abuse.notification.dcomp12b@gmail.com;"
50.19.85.253 - - [11/Sep/2026:10:40:36 -0400] "GET /%E5%9B%9B%E5%B7%9D%E7%9C%89%E5%B1%B1%E4%B8%89%E8%98%87%E7%A5%A0%E9%87%8Cosder%E5%A5%A7%E6%96%AF%E5%BE%B7%E5%8F%B0%E5%8C%97%E6%B1%BD%E8%BB%8A%E5%B9%B4%E5%91%B3%E4%BC%B4%E8%A9%A9%E5%99%B4%E9%BC%BB_/20260216/58643.jpg HTTP/1.1" 404 11311 "-" "ImageBot/1.0 (compatible; research crawler; +https://github.com/rom1504/img2dataset; opt-out: abuse.notification.dcomp12b@gmail.com;"
3.234.103.5 - - [11/Sep/2026:10:40:36 -0400] "GET /upload/resources/image/2026/03/07/2738793_4096x10000.jpeg HTTP/1.1" 404 11311 "-" "ImageBot/1.0 (compatible; research crawler; +https://github.com/rom1504/img2dataset; opt-out: abuse.notification.dcomp12b@gmail.com;"
54.166.204.138 - - [11/Sep/2026:10:40:38 -0400] "GET /2024/03/18/%E6%B9%98%E8%A1%8C%E6%95%A3%E8%A8%98%E9%80%99%E7%AF%87%E5%BE%88%E9%95%B7%E6%B2%99%E7%9A%84%E9%AB%98%E8%80%83%E4%BD%9C%E6%96%87%E5%81%9A%E5%BE%97%E5%A5%BD%E5%8F%B0%E5%8D%97/172038v3zy3egd39q66msf.jpg HTTP/1.1" 404 11311 "-" "ImageBot/1.0 (compatible; research crawler; +https://github.com/rom1504/img2dataset; opt-out: abuse.notification.dcomp12b@gmail.com;"
52.23.26.158 - - [11/Sep/2026:10:40:38 -0400] "GET /2024/03/25/%E8%8F%AF%E8%A3%94%E5%9F%8E%E9%8C%AF%E6%8E%89%E6%95%91%E5%91%BD%E7%A8%BB%E5%8F%B0%E5%8D%97-%E7%A4%BE%E5%8D%80%E5%A4%A7%E6%A8%93%E8%8D%89%EF%BC%8C%E9%82%84%E8%83%BD%E7%BF%BB%E8%BA%AB%E5%90%A6/185634vunlsklltyuet0je.jpg HTTP/1.1" 404 11311 "-" "ImageBot/1.0 (compatible; research crawler; +https://github.com/rom1504/img2dataset; opt-out: abuse.notification.dcomp12b@gmail.com;"
54.166.204.138 - - [11/Sep/2026:10:40:40 -0400] "GET /upload/resources/image/2023/06/23/1362771_4096x10000.jpeg HTTP/1.1" 404 11311 "-" "ImageBot/1.0 (compatible; research crawler; +https://github.com/rom1504/img2dataset; opt-out: abuse.notification.dcomp12b@gmail.com;"
50.19.85.253 - - [11/Sep/2026:10:40:40 -0400] "GET /%E8%81%8A%E4%B8%8B%E5%86%B7%E6%B0%B4%E7%81%98%E7%A2%A7%E6%A1%82%E5%9C%92%E9%BB%83%E9%87%91%E6%99%82%E6%9C%9F%E7%9A%84%E5%9C%B0%E4%B8%8B%E5%8F%B0%E5%8D%97-%E7%A4%BE%E5%8D%80%E5%A4%A7%E6%A8%93%E8%BB%8A/081916nzpnxtru7xsaua6x.jpg HTTP/1.1" 404 11311 "-" "ImageBot/1.0 (compatible; research crawler; +https://github.com/rom1504/img2dataset; opt-out: abuse.notification.dcomp12b@gmail.com;"
54.166.204.138 - - [11/Sep/2026:10:40:42 -0400] "GET /%E5%80%9F%E6%AE%BC%E4%B8%8Aosder%E5%A5%A7%E6%96%AF%E5%BE%B7%E5%BE%B7%E7%B3%BB%E8%BB%8A%E5%B8%82%E5%8B%9D%E5%88%A9%EF%BC%9F%E4%B8%89%E5%8F%AA%E7%BE%8A%E8%BE%9F%E8%AC%A0/20260226/129809.jpg HTTP/1.1" 404 11311 "-" "ImageBot/1.0 (compatible; research crawler; +https://github.com/rom1504/img2dataset; opt-out: abuse.notification.dcomp12b@gmail.com;"
52.1.250.135 - - [11/Sep/2026:10:40:43 -0400] "GET /upload/resources/image/2026/02/02/2707108.jpg HTTP/1.1" 404 11311 "-" "ImageBot/1.0 (compatible; research crawler; +https://github.com/rom1504/img2dataset; opt-out: abuse.notification.dcomp12b@gmail.com;"
3.234.103.5 - - [11/Sep/2026:10:40:44 -0400] "GET /2024/03/27/%E5%AF%A6%E8%A1%8C%E6%9D%91%E8%90%BD%E5%BE%A9%E8%88%88-%E6%89%B6%E6%A4%8D%E5%B9%B8%E7%A6%8F%E9%BC%8E%E5%9F%8E%EF%BC%88%E4%B8%89%EF%BC%89-2/201605vx47wx4wskwbb34j.png HTTP/1.1" 404 11311 "-" "ImageBot/1.0 (compatible; research crawler; +https://github.com/rom1504/img2dataset; opt-out: abuse.notification.dcomp12b@gmail.com;"
54.166.204.138 - - [11/Sep/2026:10:40:51 -0400] "GET /2024/03/16/%E4%B8%80%E4%BD%8D%E5%9D%90%E6%9D%9F%E5%8F%B0%E4%B8%AD%E6%88%BF%E7%94%A2%E7%B8%9B%E7%89%8C%E8%B2%A8%E8%BB%8A%E6%96%B0%E5%A8%98%E7%9A%84%E5%AF%86%E6%84%8F%E5%9B%9E%E7%9C%B8%EF%BC%88%E6%95%A3%E6%96%87/094912gnwjtety2uqh0f6n.jpg HTTP/1.1" 404 11311 "-" "ImageBot/1.0 (compatible; research crawler; +https://github.com/rom1504/img2dataset; opt-out: abuse.notification.dcomp12b@gmail.com;"
50.19.85.253 - - [11/Sep/2026:10:40:51 -0400] "GET /2024/03/16/%E4%B8%80%E4%BD%8D%E5%9D%90%E6%9D%9F%E5%8F%B0%E4%B8%AD%E6%88%BF%E7%94%A2%E7%B8%9B%E7%89%8C%E8%B2%A8%E8%BB%8A%E6%96%B0%E5%A8%98%E7%9A%84%E5%AF%86%E6%84%8F%E5%9B%9E%E7%9C%B8%EF%BC%88%E6%95%A3%E6%96%87/094912gnwjtety2uqh0f6n.jpg HTTP/1.1" 404 11311 "-" "ImageBot/1.0 (compatible; research crawler; +https://github.com/rom1504/img2dataset; opt-out: abuse.notification.dcomp12b@gmail.com;"
54.166.204.138 - - [11/Sep/2026:10:40:56 -0400] "GET /2024/03/11/%E8%90%AC%E5%85%AC%E9%87%8C%E8%B7%91%E8%80%85%E9%84%A7%E8%89%AF%E8%8F%AF%E8%B7%91%E5%87%BA%E5%9C%8B%E9%96%80%E5%8D%81%E5%A4%A9%E8%A8%98-2/212058goqk7yovml38f833.jpg HTTP/1.1" 404 11311 "-" "ImageBot/1.0 (compatible; research crawler; +https://github.com/rom1504/img2dataset; opt-out: abuse.notification.dcomp12b@gmail.com;"
3.234.103.5 - - [11/Sep/2026:10:40:58 -0400] "GET /%E6%95%B8%E8%AA%AA%E4%B8%AD%E5%9C%8B%E4%B8%A82026%E5%B9%B4%E4%B8%80%E5%AD%A3%E5%BA%A6%E4%B8%AD%E5%9C%8Bgdp%E5%90%8C%E6%AF%94%E5%A2%9E%E9%95%B75jiuyi%E4%BF%B1%E6%84%8F%E7%BF%BB%E4%BF%AE%E8%A8%AD/20260417/476824.jpg HTTP/1.1" 404 11311 "-" "ImageBot/1.0 (compatible; research crawler; +https://github.com/rom1504/img2dataset; opt-out: abuse.notification.dcomp12b@gmail.com;"
50.19.85.253 - - [11/Sep/2026:10:40:58 -0400] "GET /2023/08/02/%E6%AD%B7%E4%BB%A3%E5%90%8E%E4%B8%BB%E7%9A%84%E9%82%A3%E4%BA%9B%E5%99%B4%E9%BC%BB%E8%89%B7%E4%BA%8B%E5%85%92%EF%BC%88%E4%B8%80%EF%BC%89%E7%84%A1%E6%84%81%E7%9A%87%E5%8C%85%E9%A4%8A%E8%A1%8C%E6%83%85/141701ny74kwvndy7ckeuc.jpg HTTP/1.1" 404 11311 "-" "ImageBot/1.0 (compatible; research crawler; +https://github.com/rom1504/img2dataset; opt-out: abuse.notification.dcomp12b@gmail.com;"
169.1.145.186 - - [11/Sep/2026:10:41:03 -0400] "POST /xmlrpc.php HTTP/1.1" 403 1242 "-" "Jetpack by WordPress.com"
54.166.204.138 - - [11/Sep/2026:10:41:04 -0400] "GET /2024/03/13/%E5%BE%80%E6%B3%A1%E6%B2%AB%E5%8C%96-%E5%B0%87%E4%BE%86%E6%88%91%E5%9C%8B%E6%88%BF%E5%9C%B0%E7%94%A2%E6%88%90%E9%95%B7%E6%96%B0%E6%A8%99%E7%9A%84%E7%9B%AE%E7%9A%84%EF%BC%88%E4%BF%AE%E6%94%B9/154158u9e2n7z2neojcjt9.jpg HTTP/1.1" 404 11311 "-" "ImageBot/1.0 (compatible; research crawler; +https://github.com/rom1504/img2dataset; opt-out: abuse.notification.dcomp12b@gmail.com;"
52.23.26.158 - - [11/Sep/2026:10:41:05 -0400] "GET /2023/12/13/%E5%B9%B4%E5%A4%9Cs%E8%A2%AB%E6%B1%AA%E5%B0%8F%E8%8F%B2%E6%89%87%E8%80%B3%E5%85%89%EF%BC%9F%E5%B0%8Fs%E9%82%A3%E8%8B%B1%E4%BA%92%E5%97%86%EF%BC%9F%E7%8E%8B%E6%80%9D%E8%81%B0%E9%9A%94%E7%A9%BA%E9%96%8B/142613c6b444f538bf4c58.jpg HTTP/1.1" 404 11311 "-" "ImageBot/1.0 (compatible; research crawler; +https://github.com/rom1504/img2dataset; opt-out: abuse.notification.dcomp12b@gmail.com;"
50.19.85.253 - - [11/Sep/2026:10:41:05 -0400] "GET /upload/resources/image/2026/02/28/2731993_4096x10000.jpeg HTTP/1.1" 404 11311 "-" "ImageBot/1.0 (compatible; research crawler; +https://github.com/rom1504/img2dataset; opt-out: abuse.notification.dcomp12b@gmail.com;"
52.1.250.135 - - [11/Sep/2026:10:41:07 -0400] "GET /2024/01/11/%E7%AC%AC%E5%8D%81%E4%B9%9D%E5%B1%86%E4%B8%AD%E5%9C%8B%E6%9C%83%E5%B1%95%E7%B6%93%E6%BF%9F%E5%9C%8B%E9%9A%9B%E4%B8%80%E8%B5%B7%E9%85%8D%E5%90%88%E8%AB%96%E5%A3%87%E5%9C%A8%E5%8D%97%E6%98%8C%E6%8F%AD/d9e06d64402d48c193f9eac64f49f8b1/images/d79db01ed4c14848a27a55b35fec6b85.jpg HTTP/1.1" 404 11311 "-" "ImageBot/1.0 (compatible; research crawler; +https://github.com/rom1504/img2dataset; opt-out: abuse.notification.dcomp12b@gmail.com;"
3.234.103.5 - - [11/Sep/2026:10:41:08 -0400] "GET /%E7%B6%93%E6%BF%9F%E5%B9%B4%E5%A4%9C%E7%9C%81-%E4%BD%95%E6%95%85%E6%8C%91%E6%A2%81%EF%BC%9F-%E4%BA%94jiuyi%E4%BF%B1%E6%84%8F%E5%AE%A4%E5%85%A7%E8%A8%AD%E8%A8%88%E5%95%8F%E7%B6%93/20260307/192743.jpg HTTP/1.1" 404 11311 "-" "ImageBot/1.0 (compatible; research crawler; +https://github.com/rom1504/img2dataset; opt-out: abuse.notification.dcomp12b@gmail.com;"
50.19.85.253 - - [11/Sep/2026:10:41:10 -0400] "GET /2023/09/05/%E9%B3%B3%E5%87%B0%E5%8F%A4%E5%9F%8E%E5%93%AA%E9%87%8C%E6%9C%89%E7%8F%BE%E6%88%90%E7%9A%84%E4%B8%83%E5%A4%95%E5%BB%A3%E5%91%8A%E5%8C%85%E9%A4%8A%E5%A0%B4%E6%99%AF%EF%BC%9F/170917t01p075xfgf5btb0.jpg HTTP/1.1" 404 11311 "-" "ImageBot/1.0 (compatible; research crawler; +https://github.com/rom1504/img2dataset; opt-out: abuse.notification.dcomp12b@gmail.com;"
85.208.96.209 - - [11/Sep/2026:10:41:14 -0400] "GET /%E6%8B%9B%E5%8B%9F%E6%8C%81%E7%BA%8C%E5%8D%87%E6%BA%AB%EF%BC%81%E9%A6%96%E5%B1%86%E5%B9%B4%E5%A4%9C%E7%81%A3%E5%8D%80%E6%A0%A1%E5%9C%92%E6%88%B2%E5%8A%87%E5%AD%A3%E8%88%89%E8%A1%8C%E9%A6%96%E8%BC%AAos/ HTTP/1.1" 403 1242 "-" "Mozilla/5.0 (compatible; SemrushBot/7~bl; +http://www.semrush.com/bot.html)"
54.166.204.138 - - [11/Sep/2026:10:41:15 -0400] "GET /upload/resources/image/2024/06/09/1971781.jpg HTTP/1.1" 404 11311 "-" "ImageBot/1.0 (compatible; research crawler; +https://github.com/rom1504/img2dataset; opt-out: abuse.notification.dcomp12b@gmail.com;"
54.166.204.138 - - [11/Sep/2026:10:41:17 -0400] "GET /upload/resources/image/2026/03/22/2752457_4096x10000.jpeg HTTP/1.1" 404 11311 "-" "ImageBot/1.0 (compatible; research crawler; +https://github.com/rom1504/img2dataset; opt-out: abuse.notification.dcomp12b@gmail.com;"
54.166.204.138 - - [11/Sep/2026:10:41:21 -0400] "GET /2023/12/27/%E3%80%90%E9%81%8A%E6%88%B2%E3%80%91%E6%88%91%E5%80%91%E6%88%90%E5%A9%9A%E5%90%A7%EF%BC%81%E5%BF%AB%E5%8C%85%E9%A4%8Aapp%E4%BE%86%E7%A7%80%E7%A7%80%E4%BD%A0%E5%92%8C%E7%94%B7%E7%A5%9E%E5%A5%B3/1037338zbfjn45zkhggygv.gif HTTP/1.1" 404 11311 "-" "ImageBot/1.0 (compatible; research crawler; +https://github.com/rom1504/img2dataset; opt-out: abuse.notification.dcomp12b@gmail.com;"
123.53.228.107 - - [11/Sep/2026:10:41:24 -0400] "GET /177287500951863 HTTP/1.1" 404 11311 "https://big-wife.com.tw/" "Mozilla/5.0 (Windows NT 10.0; Win64; x64) AppleWebKit/537.36 (KHTML, like Gecko) Chrome/112.0.0.0 Safari/537.36"
175.27.137.4 - - [11/Sep/2026:10:41:26 -0400] "GET /177287500951863 HTTP/1.1" 404 11311 "https://big-wife.com.tw/" "Mozilla/5.0 (Windows NT 10.0; Win64; x64) AppleWebKit/537.36 (KHTML, like Gecko) Chrome/112.0.0.0 Safari/537.36"
185.191.171.14 - - [11/Sep/2026:10:41:29 -0400] "GET /%E5%B4%94%E8%B4%9B%EF%BC%9A%E5%84%84%E5%B5%90%E8%BE%A6%E5%85%AC%E5%AE%A4%E8%A8%AD%E8%A8%88%E6%89%8E%E6%A0%B9%E6%9D%91%E8%90%BD%E6%B3%95%E5%BA%AD21%E5%B9%B4/ HTTP/1.1" 403 1242 "-" "Mozilla/5.0 (compatible; SemrushBot/7~bl; +http://www.semrush.com/bot.html)"
50.19.85.253 - - [11/Sep/2026:10:41:30 -0400] "GET /2023/08/09/%E5%8C%85%E9%A4%8A%E7%B6%93%E9%A9%97/193316alcepbn1nmev8p1e.jpg HTTP/1.1" 404 11311 "-" "ImageBot/1.0 (compatible; research crawler; +https://github.com/rom1504/img2dataset; opt-out: abuse.notification.dcomp12b@gmail.com;"
169.1.145.186 - - [11/Sep/2026:10:41:31 -0400] "POST /xmlrpc.php HTTP/1.1" 403 1242 "-" "Jetpack by WordPress.com"
54.166.204.138 - - [11/Sep/2026:10:41:31 -0400] "GET /2024/03/26/%E6%B5%B8%E5%B3%AA-%E5%8F%B0%E5%8D%97-%E6%88%BF%E7%94%A2-%E6%A1%91%E6%A4%8D%E5%B9%B4%E5%A4%9C%E5%B1%B1%E4%B8%AD%E7%9A%84%E6%98%8E%E7%8F%A0/154116hxmmwxlcqmxxk2nm.jpg HTTP/1.1" 404 11311 "-" "ImageBot/1.0 (compatible; research crawler; +https://github.com/rom1504/img2dataset; opt-out: abuse.notification.dcomp12b@gmail.com;"
3.234.103.5 - - [11/Sep/2026:10:41:31 -0400] "GET /%E4%B8%96%E7%95%8C%E5%9C%B0%E7%90%83%E6%97%A5%EF%BD%9C%E7%94%A8%E6%88%91jiuyi%E4%BF%B1%E6%84%8F%E8%A8%BA%E6%89%80%E8%A8%AD%E8%A8%88%E5%80%91%E7%9A%84%E6%B0%A3%E5%8A%9B%E5%AE%88%E8%AD%B7%E9%AB%98/20260423/516783.png HTTP/1.1" 404 11311 "-" "ImageBot/1.0 (compatible; research crawler; +https://github.com/rom1504/img2dataset; opt-out: abuse.notification.dcomp12b@gmail.com;"
52.23.26.158 - - [11/Sep/2026:10:41:32 -0400] "GET /upload/resources/image/2026/04/17/2775779_4096x10000.jpeg HTTP/1.1" 404 11311 "-" "ImageBot/1.0 (compatible; research crawler; +https://github.com/rom1504/img2dataset; opt-out: abuse.notification.dcomp12b@gmail.com;"
52.1.250.135 - - [11/Sep/2026:10:41:34 -0400] "GET /2024/03/21/%E8%B5%B0%E5%85%A8%E5%9C%8B%EF%BC%9A%E5%9C%A8%E5%8F%B0%E5%8D%97%E6%88%BF%E7%94%A2%E9%82%A3%E7%B6%A0%E6%A6%95%E6%88%90%E8%94%AD%E9%AE%AE%E8%8A%B1%E6%80%92%E6%94%BE%E7%9A%84%E6%9D%91%E8%90%BD/115330lb02e5cubykyo19v.jpg HTTP/1.1" 404 11311 "-" "ImageBot/1.0 (compatible; research crawler; +https://github.com/rom1504/img2dataset; opt-out: abuse.notification.dcomp12b@gmail.com;"
50.19.85.253 - - [11/Sep/2026:10:41:35 -0400] "GET /2023%E6%A1%83%E5%9C%92-%E7%A4%BE%E5%8D%80%E5%A4%A7%E5%BB%88%E5%B9%B4%E6%B4%AA%E6%B1%9F%E7%AD%96%E5%8A%83%E7%B8%A3%E5%9F%8E%E6%95%99%E5%B0%8E%E5%BE%A9%E8%88%88/230109n6d66mbs16kkpk6q.jpg HTTP/1.1" 404 11311 "-" "ImageBot/1.0 (compatible; research crawler; +https://github.com/rom1504/img2dataset; opt-out: abuse.notification.dcomp12b@gmail.com;"
52.1.250.135 - - [11/Sep/2026:10:41:39 -0400] "GET /2024/03/30/%E4%B8%83%E8%A8%80%E7%9B%A1%E5%8F%A5-%E6%98%A5%E6%AC%B2%E6%B1%82/064312bvv8d370p3dvppf8.jpg HTTP/1.1" 404 11311 "-" "ImageBot/1.0 (compatible; research crawler; +https://github.com/rom1504/img2dataset; opt-out: abuse.notification.dcomp12b@gmail.com;"
52.23.26.158 - - [11/Sep/2026:10:41:40 -0400] "GET /2024/03/11/%E9%87%87%E9%A2%A8%E5%BE%80%E5%93%AA%E9%87%8C%EF%BC%9F%E5%BE%80%E7%9B%8A%E9%99%BD%EF%BC%8C%E4%B8%80%E8%B7%AF%E5%BE%80%E5%87%9D%E8%81%BD%E6%84%9B%E5%B1%8B%E7%81%A3%E5%AD%B8%E9%9C%B8%E6%9D%91-2/134635pi05gbug84ubhtuq.jpg HTTP/1.1" 404 11311 "-" "ImageBot/1.0 (compatible; research crawler; +https://github.com/rom1504/img2dataset; opt-out: abuse.notification.dcomp12b@gmail.com;"
17.166.25.22 - - [11/Sep/2026:10:41:41 -0400] "GET /%E6%B1%9F%E8%98%87%E5%B9%B4%E5%A4%9C%E8%B1%90%EF%BC%9A%E6%88%90%E9%95%B7%E9%A3%9F%E7%94%A8%E8%8F%8C%E8%B2%A1%E7%94%A2-%E5%8A%A9%E5%8A%9B%E6%9D%91%E8%90%BD%E7%94%9C%E5%BF%83%E5%AF%B6%E7%89%A9%E6%9F%A5/ HTTP/2" 404 11311 "-" "Mozilla/5.0 (Macintosh; Intel Mac OS X 10_15_7) AppleWebKit/605.1.15 (KHTML, like Gecko) Version/17.4 Safari/605.1.15 (Applebot/0.1; +http://www.apple.com/go/applebot)"
54.166.204.138 - - [11/Sep/2026:10:41:42 -0400] "GET /upload/resources/image/2026/01/31/2705697.jpg?r=1769799391500 HTTP/1.1" 404 11311 "-" "ImageBot/1.0 (compatible; research crawler; +https://github.com/rom1504/img2dataset; opt-out: abuse.notification.dcomp12b@gmail.com;"
17.166.25.22 - - [11/Sep/2026:10:41:42 -0400] "GET /wp-content/themes/ashe/assets/js/custom-plugins.js?ver=1.8.2 HTTP/2" 200 22775 "https://big-wife.com.tw/%e6%b1%9f%e8%98%87%e5%b9%b4%e5%a4%9c%e8%b1%90%ef%bc%9a%e6%88%90%e9%95%b7%e9%a3%9f%e7%94%a8%e8%8f%8c%e8%b2%a1%e7%94%a2-%e5%8a%a9%e5%8a%9b%e6%9d%91%e8%90%bd%e7%94%9c%e5%bf%83%e5%af%b6%e7%89%a9%e6%9f%a5/" "Mozilla/5.0 (Macintosh; Intel Mac OS X 10_15_7) AppleWebKit/605.1.15 (KHTML, like Gecko) Version/17.4 Safari/605.1.15 (Applebot/0.1; +http://www.apple.com/go/applebot)"
52.1.250.135 - - [11/Sep/2026:10:41:43 -0400] "GET /upload/resources/image/2023/05/23/1312164_4096x10000.jpeg HTTP/1.1" 404 11311 "-" "ImageBot/1.0 (compatible; research crawler; +https://github.com/rom1504/img2dataset; opt-out: abuse.notification.dcomp12b@gmail.com;"
54.166.204.138 - - [11/Sep/2026:10:41:43 -0400] "GET /2024/01/17/%E4%B8%80%E5%8C%85%E9%A4%8A%E7%B6%B2%E7%AB%99%E5%B8%B8%E5%BE%B7%E6%80%A7%E5%90%9F%E4%B9%8B%E4%B8%80/160412h9q106x2ea6d60qx.jpg HTTP/1.1" 404 11311 "-" "ImageBot/1.0 (compatible; research crawler; +https://github.com/rom1504/img2dataset; opt-out: abuse.notification.dcomp12b@gmail.com;"
17.166.25.22 - - [11/Sep/2026:10:41:43 -0400] "GET /wp-content/themes/ashe/assets/js/custom-scripts.js?ver=1.9.7 HTTP/2" 200 3880 "https://big-wife.com.tw/%e6%b1%9f%e8%98%87%e5%b9%b4%e5%a4%9c%e8%b1%90%ef%bc%9a%e6%88%90%e9%95%b7%e9%a3%9f%e7%94%a8%e8%8f%8c%e8%b2%a1%e7%94%a2-%e5%8a%a9%e5%8a%9b%e6%9d%91%e8%90%bd%e7%94%9c%e5%bf%83%e5%af%b6%e7%89%a9%e6%9f%a5/" "Mozilla/5.0 (Macintosh; Intel Mac OS X 10_15_7) AppleWebKit/605.1.15 (KHTML, like Gecko) Version/17.4 Safari/605.1.15 (Applebot/0.1; +http://www.apple.com/go/applebot)"
17.166.25.22 - - [11/Sep/2026:10:41:45 -0400] "GET /wp-includes/js/jquery/jquery-migrate.min.js?ver=3.4.1 HTTP/2" 200 4678 "https://big-wife.com.tw/%e6%b1%9f%e8%98%87%e5%b9%b4%e5%a4%9c%e8%b1%90%ef%bc%9a%e6%88%90%e9%95%b7%e9%a3%9f%e7%94%a8%e8%8f%8c%e8%b2%a1%e7%94%a2-%e5%8a%a9%e5%8a%9b%e6%9d%91%e8%90%bd%e7%94%9c%e5%bf%83%e5%af%b6%e7%89%a9%e6%9f%a5/" "Mozilla/5.0 (Macintosh; Intel Mac OS X 10_15_7) AppleWebKit/605.1.15 (KHTML, like Gecko) Version/17.4 Safari/605.1.15 (Applebot/0.1; +http://www.apple.com/go/applebot)"
