52.1.250.135 - - [11/Sep/2026:10:27:17 -0400] "GET /%E6%B4%AA%E6%B1%9F%E7%B8%A3%E5%9F%8E%E5%8C%97%E9%9A%86%E5%B9%B3%E9%BB%8C%E8%88%8D%E5%8D%97%E9%BB%94%E9%99%BD%E4%B8%89%E4%B8%AD%EF%BC%8C2023%E5%B9%B4%E4%B8%AD%E5%AD%B8%E7%AD%96%E6%88%BF-%E7%94%A2/132046ig4bguxbxxg2gg2p.jpg HTTP/1.1" 404 11311 "-" "ImageBot/1.0 (compatible; research crawler; +https://github.com/rom1504/img2dataset; opt-out: abuse.notification.dcomp12b@gmail.com;"
54.166.204.138 - - [11/Sep/2026:10:27:17 -0400] "GET /2024/03/15/%E8%90%AC%E5%85%AC%E9%87%8C%E8%B7%91%E8%80%85%E9%84%A7%E8%89%AF%E8%8F%AF%E6%88%BF%E5%9C%B0%E7%94%A2%E8%B7%91%E5%87%BA%E5%9C%8B%E9%96%80%E5%8D%81%E5%A4%A9%E8%A8%98/212541uahdagq1d2ae1qhd.jpg HTTP/1.1" 404 11311 "-" "ImageBot/1.0 (compatible; research crawler; +https://github.com/rom1504/img2dataset; opt-out: abuse.notification.dcomp12b@gmail.com;"
50.19.85.253 - - [11/Sep/2026:10:27:18 -0400] "GET /upload/resources/image/2026/01/05/2680870_4096x50000.jpeg HTTP/1.1" 404 11311 "-" "ImageBot/1.0 (compatible; research crawler; +https://github.com/rom1504/img2dataset; opt-out: abuse.notification.dcomp12b@gmail.com;"
3.234.103.5 - - [11/Sep/2026:10:27:18 -0400] "GET /%E5%90%84%E5%9C%B0%E5%A4%9A%E6%8E%AA%E5%B9%B6%E8%88%89%E5%AE%88%E8%AD%B7%E5%B8%82%E5%B9%B3%E6%98%93osder%E5%A5%A7%E6%96%AF%E5%BE%B7%E6%9D%90%E6%96%99%E5%A0%B1%E5%83%B9%E8%BF%91%E8%8F%9C/20260206/131151.png HTTP/1.1" 404 11311 "-" "ImageBot/1.0 (compatible; research crawler; +https://github.com/rom1504/img2dataset; opt-out: abuse.notification.dcomp12b@gmail.com;"
52.23.26.158 - - [11/Sep/2026:10:27:22 -0400] "GET /upload/resources/image/2026/01/08/2684495_4096x10000.jpeg HTTP/1.1" 404 11311 "-" "ImageBot/1.0 (compatible; research crawler; +https://github.com/rom1504/img2dataset; opt-out: abuse.notification.dcomp12b@gmail.com;"
52.1.250.135 - - [11/Sep/2026:10:27:22 -0400] "GET /upload/resources/image/2026/04/15/2774475.png HTTP/1.1" 404 11311 "-" "ImageBot/1.0 (compatible; research crawler; +https://github.com/rom1504/img2dataset; opt-out: abuse.notification.dcomp12b@gmail.com;"
54.166.204.138 - - [11/Sep/2026:10:27:24 -0400] "GET /2024/07/25/%E5%B1%95%E7%A4%BA%E6%96%B0%E6%99%AF%E8%B1%A1-%E9%A6%96%E5%89%B5%E6%96%B0%E5%B1%80%E5%8B%A2-%E5%AF%AB%E5%9C%A8%E6%96%87%E6%98%8E%E5%82%B3%E6%89%BF%E6%88%90%E9%95%B7%E5%BA%A7%E8%AB%87/20240725/16313156_86c2344dcb60668f0945da818fc19d65.jpg HTTP/1.1" 404 11311 "-" "ImageBot/1.0 (compatible; research crawler; +https://github.com/rom1504/img2dataset; opt-out: abuse.notification.dcomp12b@gmail.com;"
3.234.103.5 - - [11/Sep/2026:10:27:26 -0400] "GET /%E8%A8%98%E8%80%85%E5%B9%AB%EF%BD%9C%E6%98%A5osder%E5%A5%A7%E6%96%AF%E5%BE%B7%E6%B1%BD%E8%BB%8A%E9%9B%B6%E4%BB%B6%E7%AF%80%E6%94%9C%E5%AF%B5%E5%87%BA%E8%A1%8C%EF%BC%8C%E7%9C%8B%E9%80%99%E7%AF%87/20260202/99508.jpg HTTP/1.1" 404 11311 "-" "ImageBot/1.0 (compatible; research crawler; +https://github.com/rom1504/img2dataset; opt-out: abuse.notification.dcomp12b@gmail.com;"
52.23.26.158 - - [11/Sep/2026:10:27:27 -0400] "GET /upload/resources/image/2026/03/06/2738757.jpg HTTP/1.1" 404 11311 "-" "ImageBot/1.0 (compatible; research crawler; +https://github.com/rom1504/img2dataset; opt-out: abuse.notification.dcomp12b@gmail.com;"
3.234.103.5 - - [11/Sep/2026:10:27:31 -0400] "GET /2024/03/11/%E5%AD%94%E5%8F%B0%E5%8D%97-%E7%A4%BE%E5%8D%80%E4%B9%99%E5%B7%B1%E7%94%A8%E8%8C%B4%E5%99%B4%E9%BC%BB%E8%B1%86%E5%AF%AB%E7%9A%84%E7%BE%8E%E5%A5%BD-%E6%98%A5%E8%81%AF-%EF%BC%8C%E7%84%A1/124828vgeyejgb93m9pj0l.jpg HTTP/1.1" 404 11311 "-" "ImageBot/1.0 (compatible; research crawler; +https://github.com/rom1504/img2dataset; opt-out: abuse.notification.dcomp12b@gmail.com;"
54.166.204.138 - - [11/Sep/2026:10:27:35 -0400] "GET /upload/resources/image/2026/03/24/2754475_4096x10000.jpeg HTTP/1.1" 404 11311 "-" "ImageBot/1.0 (compatible; research crawler; +https://github.com/rom1504/img2dataset; opt-out: abuse.notification.dcomp12b@gmail.com;"
52.23.26.158 - - [11/Sep/2026:10:27:37 -0400] "GET /2024/03/05/2023%E6%A1%83%E5%9C%92-%E7%A4%BE%E5%8D%80%E5%A4%A7%E5%BB%88%E5%B9%B4%E6%B4%AA%E6%B1%9F%E7%AD%96%E5%8A%83%E7%B8%A3%E5%9F%8E%E6%95%99%E5%B0%8E%E5%BE%A9%E8%88%88/211819goordr7ay373yrry.jpg HTTP/1.1" 404 11311 "-" "ImageBot/1.0 (compatible; research crawler; +https://github.com/rom1504/img2dataset; opt-out: abuse.notification.dcomp12b@gmail.com;"
50.19.85.253 - - [11/Sep/2026:10:27:37 -0400] "GET /2023/11/12/%E5%91%A8%E5%85%A8%E9%9D%A0%E5%BE%97%E4%BD%8F%E9%AB%94%E9%A9%97%EF%BC%9Ahuaweimate60%E7%B3%BB%E5%88%97%E6%88%90%E7%82%BA%E6%89%8B%E6%A9%9F%E9%9D%A0%E5%BE%97%E4%BD%8F%E6%80%A7%E7%9A%84%E5%BC%95/267768d9106d46a3a4c6a1ac7074749e.gif HTTP/1.1" 404 11311 "-" "ImageBot/1.0 (compatible; research crawler; +https://github.com/rom1504/img2dataset; opt-out: abuse.notification.dcomp12b@gmail.com;"
54.166.204.138 - - [11/Sep/2026:10:27:39 -0400] "GET /upload/resources/image/2026/03/10/2741687.png?r=1773108903115 HTTP/1.1" 404 11311 "-" "ImageBot/1.0 (compatible; research crawler; +https://github.com/rom1504/img2dataset; opt-out: abuse.notification.dcomp12b@gmail.com;"
54.166.204.138 - - [11/Sep/2026:10:27:39 -0400] "GET /%E9%99%BD%E5%8F%B0%E5%8C%97-%E7%A4%BE%E5%8D%80%E5%86%AC%E8%8F%AF-%E4%B8%A8-%E6%B4%A3%E6%B0%B4%E6%B2%B3%E7%95%94%E7%9A%84%E5%A5%B3%E4%BA%BA%EF%BC%8C%E8%8C%B6%E6%B2%B9%E5%92%8C%E9%98%BF%E6%A0%B9/111956coesdimhnwstd3wv.jpg HTTP/1.1" 404 11311 "-" "ImageBot/1.0 (compatible; research crawler; +https://github.com/rom1504/img2dataset; opt-out: abuse.notification.dcomp12b@gmail.com;"
169.1.145.186 - - [11/Sep/2026:10:27:41 -0400] "POST /xmlrpc.php HTTP/1.1" 403 1242 "-" "Jetpack by WordPress.com (Jetpack 13.0; WordPress 6.1)"
52.23.26.158 - - [11/Sep/2026:10:27:43 -0400] "GET /%E6%96%B0%E8%8E%8A%E6%9D%91%EF%BC%8C%E6%BC%82%E4%BA%AE%E5%B1%8B%E5%A0%B4%E7%9A%84%E7%A4%BA%E8%8C%83%E7%A4%BE%E5%8D%80%E5%A4%A7%E5%BB%88%E6%9D%91%E8%90%BD/075231oaob9bjaz5yy9pjz.jpg HTTP/1.1" 404 11311 "-" "ImageBot/1.0 (compatible; research crawler; +https://github.com/rom1504/img2dataset; opt-out: abuse.notification.dcomp12b@gmail.com;"
54.166.204.138 - - [11/Sep/2026:10:27:43 -0400] "GET /2023/08/09/%E5%8C%85%E9%A4%8A%E7%B6%93%E9%A9%97/193800tin4ki2kkrcmmj13.jpg HTTP/1.1" 404 11311 "-" "ImageBot/1.0 (compatible; research crawler; +https://github.com/rom1504/img2dataset; opt-out: abuse.notification.dcomp12b@gmail.com;"
54.166.204.138 - - [11/Sep/2026:10:27:45 -0400] "GET /html/files/2021-03/15/20210315165959203546501.jpg HTTP/1.1" 404 11311 "-" "ImageBot/1.0 (compatible; research crawler; +https://github.com/rom1504/img2dataset; opt-out: abuse.notification.dcomp12b@gmail.com;"
52.1.250.135 - - [11/Sep/2026:10:27:48 -0400] "GET /upload/resources/image/2024/01/01/1699104_4096x10000.jpeg HTTP/1.1" 404 11311 "-" "ImageBot/1.0 (compatible; research crawler; +https://github.com/rom1504/img2dataset; opt-out: abuse.notification.dcomp12b@gmail.com;"
54.166.204.138 - - [11/Sep/2026:10:27:49 -0400] "GET /%E8%A6%96%E9%A0%BB%E4%B8%A8%E4%B8%80%E9%82%8A%E6%8B%9C%E9%AC%BC-%E4%B8%80%E9%82%8A%E6%93%B4%E6%AD%A6-%E9%AB%98%E5%B8%82%E6%AD%A3%E5%B8%B6%E9%A0%98japan%E6%97%A5%E6%9C%AC%E8%B5%B0/20260427/547295.jpg HTTP/1.1" 404 11311 "-" "ImageBot/1.0 (compatible; research crawler; +https://github.com/rom1504/img2dataset; opt-out: abuse.notification.dcomp12b@gmail.com;"
54.166.204.138 - - [11/Sep/2026:10:27:52 -0400] "GET /upload/resources/image/2024/01/17/1729117_4096x10000.jpeg HTTP/1.1" 404 11311 "-" "ImageBot/1.0 (compatible; research crawler; +https://github.com/rom1504/img2dataset; opt-out: abuse.notification.dcomp12b@gmail.com;"
54.166.204.138 - - [11/Sep/2026:10:27:52 -0400] "GET /%E7%8D%BB%E7%B5%A6jiuyi%E4%BF%B1%E6%84%8F%E8%B1%AA%E5%AE%85%E8%A8%AD%E8%A8%88%E5%8D%97%E5%9C%8B%E7%9A%84%E8%A9%A9%E8%97%9D%E4%B8%8B%E6%88%B0%E6%9B%B8%E8%8C%B6%EF%BC%81%E8%A9%A9/20260428/560816.png HTTP/1.1" 404 11311 "-" "ImageBot/1.0 (compatible; research crawler; +https://github.com/rom1504/img2dataset; opt-out: abuse.notification.dcomp12b@gmail.com;"
39.52.236.62 - - [11/Sep/2026:10:27:53 -0400] "POST /xmlrpc.php HTTP/1.1" 403 1242 "-" "Jetpack by WordPress.com (Jetpack 13.0; WordPress 6.2)"
114.119.149.145 - - [11/Sep/2026:10:27:58 -0400] "GET /%e5%9f%b7%e5%8b%a4%e8%bc%94%e8%ad%a6%e4%b8%ad%e6%9a%91%e6%9a%88%e5%84%84%e5%b5%90%e5%b7%a5%e5%ad%b8%e6%a4%85%e5%80%922%e6%ac%a1%e4%b8%96%e4%ba%ba%e7%86%b1%e5%bf%83%e5%ae%88%e8%ad%b7-18/ HTTP/1.1" 200 15445 "https://big-wife.com.tw/page/29/" "Mozilla/5.0 (Linux; Android 7.0;) AppleWebKit/537.36 (HTML, like Gecko) Mobile Safari/537.36 (compatible; PetalBot;+https://webmaster.petalsearch.com/site/petalbot)"
50.19.85.253 - - [11/Sep/2026:10:27:59 -0400] "GET /upload/resources/image/2026/03/25/2754724_4096x10000.jpeg HTTP/1.1" 404 11311 "-" "ImageBot/1.0 (compatible; research crawler; +https://github.com/rom1504/img2dataset; opt-out: abuse.notification.dcomp12b@gmail.com;"
54.166.204.138 - - [11/Sep/2026:10:28:01 -0400] "GET /2024/03/08/2023%E5%B9%B4%E6%B4%AA%E6%B1%9F%E7%AD%96%E5%8A%83%E7%B8%A3%E5%9F%8E%E6%95%99%E6%88%BF%E7%94%A2%E6%8A%95%E8%B3%87%E5%B0%8E%E5%BE%A9%E8%88%88/132223q4m3eae7rd4udz6z.jpg HTTP/1.1" 404 11311 "-" "ImageBot/1.0 (compatible; research crawler; +https://github.com/rom1504/img2dataset; opt-out: abuse.notification.dcomp12b@gmail.com;"
3.234.103.5 - - [11/Sep/2026:10:28:03 -0400] "GET /%E6%99%82%E6%94%BF%E6%96%B0%E8%81%9E%E7%9C%BC%E4%B8%A8%E7%AC%AC%E5%9B%9B%E6%AC%A1%E5%88%B0%E9%9B%84%E5%AE%89%EF%BC%8C%E7%BF%92%E8%BF%91%E5%B9%B3%E7%82%BA%E5%8D%83%E5%B9%B4%E5%B9%B4%E5%A4%9Cji/20260324/294729.jpg HTTP/1.1" 404 11311 "-" "ImageBot/1.0 (compatible; research crawler; +https://github.com/rom1504/img2dataset; opt-out: abuse.notification.dcomp12b@gmail.com;"
3.234.103.5 - - [11/Sep/2026:10:28:04 -0400] "GET /2024/03/19/%E7%B5%84%E7%B9%94%E5%A4%96%E9%83%A8%E5%93%A1%E5%B7%A5%E5%88%B7%E5%A5%BD%E8%A9%95%EF%BC%8C%E5%BC%B5%E5%B0%8F%E6%B3%89%E5%9C%A8%E9%81%8E%E9%8C%AF%E7%9A%84%E9%80%94%E5%BE%91%E4%B8%8A%E4%B8%8D%E9%A1%98/104348q84w44n4w093cw3a.jpg HTTP/1.1" 404 11311 "-" "ImageBot/1.0 (compatible; research crawler; +https://github.com/rom1504/img2dataset; opt-out: abuse.notification.dcomp12b@gmail.com;"
50.19.85.253 - - [11/Sep/2026:10:28:07 -0400] "GET /%E4%BA%94%E4%B8%80%E5%81%87%E6%9C%9F%E8%B7%A8%E5%9F%8E%E8%BF%BD%E5%B9%B4%E5%A4%9C%E7%81%A3%E9%9B%9Eosder%E5%A5%A7%E6%96%AF%E5%BE%B7%E6%B1%BD%E8%BB%8A%E9%9B%B6/20260501/580713.jpg HTTP/1.1" 404 11311 "-" "ImageBot/1.0 (compatible; research crawler; +https://github.com/rom1504/img2dataset; opt-out: abuse.notification.dcomp12b@gmail.com;"
39.52.236.62 - - [11/Sep/2026:10:28:09 -0400] "POST /xmlrpc.php HTTP/1.1" 403 1242 "-" "WordPress.com; https://wordpress.com"
169.1.145.186 - - [11/Sep/2026:10:28:09 -0400] "POST /xmlrpc.php HTTP/1.1" 403 1242 "-" "Jetpack by WordPress.com"
3.234.103.5 - - [11/Sep/2026:10:28:09 -0400] "GET /upload/resources/image/2026/02/28/2731688_4096x10000.jpeg HTTP/1.1" 404 11311 "-" "ImageBot/1.0 (compatible; research crawler; +https://github.com/rom1504/img2dataset; opt-out: abuse.notification.dcomp12b@gmail.com;"
113.120.130.1 - - [11/Sep/2026:10:28:10 -0400] "GET /%e6%b2%99%e7%95%ab%ef%bd%9c%e5%b9%b4%e5%b9%b4%e4%ba%8b%e6%ad%b2%e6%98%a5%e9%a1%9e%e4%bc%bc%ef%bc%8c%e6%ad%b2%e6%ad%b2%e5%b9%b4%e5%b9%b4%e9%81%8b%e5%b0%88%e5%8c%85/ HTTP/1.1" 200 19856 "-" "Mozilla/5.0 (Macintosh; Intel Mac OS X 13.1; rv:132.0) Gecko/20100101 Firefox/132.0"
39.52.236.62 - - [11/Sep/2026:10:28:11 -0400] "POST /xmlrpc.php HTTP/1.1" 403 1242 "-" "Jetpack by WordPress.com (Jetpack 13.0; WordPress 6.3)"
216.73.217.94 - - [11/Sep/2026:10:28:12 -0400] "GET /robots.txt HTTP/1.1" 200 116 "-" "Mozilla/5.0 (Macintosh; Intel Mac OS X 10_15_7) AppleWebKit/537.36 (KHTML, like Gecko) Chrome/131.0.0.0 Safari/537.36; ClaudeBot/1.0; +claudebot@anthropic.com)"
216.73.217.94 - - [11/Sep/2026:10:28:13 -0400] "GET /%E5%8D%97%E4%BA%AC%E9%A4%93%E9%80%9D%E4%B8%96%E5%85%A9%E5%A5%B3%E4%B9%9D%E5%AE%AE%E6%A0%BC%E5%88%86%E4%BA%AB%E7%AB%A5%E6%AF%8D%E8%A6%AA%E5%B0%87%E5%88%86%E5%A8%A9-%E7%94%9F%E5%AD%90%E5%90%8E%E9%A0%93/ HTTP/2" 404 10066 "-" "Mozilla/5.0 (Macintosh; Intel Mac OS X 10_15_7) AppleWebKit/537.36 (KHTML, like Gecko) Chrome/131.0.0.0 Safari/537.36; ClaudeBot/1.0; +claudebot@anthropic.com)"
216.73.217.94 - - [11/Sep/2026:10:28:13 -0400] "GET /wp-content/themes/ashe/style.css?ver=2.234 HTTP/2" 200 10275 "https://big-wife.com.tw/%E5%8D%97%E4%BA%AC%E9%A4%93%E9%80%9D%E4%B8%96%E5%85%A9%E5%A5%B3%E4%B9%9D%E5%AE%AE%E6%A0%BC%E5%88%86%E4%BA%AB%E7%AB%A5%E6%AF%8D%E8%A6%AA%E5%B0%87%E5%88%86%E5%A8%A9-%E7%94%9F%E5%AD%90%E5%90%8E%E9%A0%93/" "Mozilla/5.0 (Macintosh; Intel Mac OS X 10_15_7) AppleWebKit/537.36 (KHTML, like Gecko) Chrome/131.0.0.0 Safari/537.36; ClaudeBot/1.0; +claudebot@anthropic.com)"
216.73.217.94 - - [11/Sep/2026:10:28:13 -0400] "GET /wp-content/themes/ashe/assets/css/fontawesome.min.css?ver=6.5.1 HTTP/2" 200 21984 "https://big-wife.com.tw/%E5%8D%97%E4%BA%AC%E9%A4%93%E9%80%9D%E4%B8%96%E5%85%A9%E5%A5%B3%E4%B9%9D%E5%AE%AE%E6%A0%BC%E5%88%86%E4%BA%AB%E7%AB%A5%E6%AF%8D%E8%A6%AA%E5%B0%87%E5%88%86%E5%A8%A9-%E7%94%9F%E5%AD%90%E5%90%8E%E9%A0%93/" "Mozilla/5.0 (Macintosh; Intel Mac OS X 10_15_7) AppleWebKit/537.36 (KHTML, like Gecko) Chrome/131.0.0.0 Safari/537.36; ClaudeBot/1.0; +claudebot@anthropic.com)"
216.73.217.94 - - [11/Sep/2026:10:28:13 -0400] "GET /wp-content/themes/ashe/assets/css/fontello.css?ver=7.1 HTTP/2" 200 388 "https://big-wife.com.tw/%E5%8D%97%E4%BA%AC%E9%A4%93%E9%80%9D%E4%B8%96%E5%85%A9%E5%A5%B3%E4%B9%9D%E5%AE%AE%E6%A0%BC%E5%88%86%E4%BA%AB%E7%AB%A5%E6%AF%8D%E8%A6%AA%E5%B0%87%E5%88%86%E5%A8%A9-%E7%94%9F%E5%AD%90%E5%90%8E%E9%A0%93/" "Mozilla/5.0 (Macintosh; Intel Mac OS X 10_15_7) AppleWebKit/537.36 (KHTML, like Gecko) Chrome/131.0.0.0 Safari/537.36; ClaudeBot/1.0; +claudebot@anthropic.com)"
216.73.217.94 - - [11/Sep/2026:10:28:13 -0400] "GET /wp-content/themes/ashe/assets/css/slick.css?ver=7.1 HTTP/2" 200 394 "https://big-wife.com.tw/%E5%8D%97%E4%BA%AC%E9%A4%93%E9%80%9D%E4%B8%96%E5%85%A9%E5%A5%B3%E4%B9%9D%E5%AE%AE%E6%A0%BC%E5%88%86%E4%BA%AB%E7%AB%A5%E6%AF%8D%E8%A6%AA%E5%B0%87%E5%88%86%E5%A8%A9-%E7%94%9F%E5%AD%90%E5%90%8E%E9%A0%93/" "Mozilla/5.0 (Macintosh; Intel Mac OS X 10_15_7) AppleWebKit/537.36 (KHTML, like Gecko) Chrome/131.0.0.0 Safari/537.36; ClaudeBot/1.0; +claudebot@anthropic.com)"
216.73.217.94 - - [11/Sep/2026:10:28:13 -0400] "GET /wp-content/themes/ashe/assets/css/perfect-scrollbar.css?ver=7.1 HTTP/2" 200 304 "https://big-wife.com.tw/%E5%8D%97%E4%BA%AC%E9%A4%93%E9%80%9D%E4%B8%96%E5%85%A9%E5%A5%B3%E4%B9%9D%E5%AE%AE%E6%A0%BC%E5%88%86%E4%BA%AB%E7%AB%A5%E6%AF%8D%E8%A6%AA%E5%B0%87%E5%88%86%E5%A8%A9-%E7%94%9F%E5%AD%90%E5%90%8E%E9%A0%93/" "Mozilla/5.0 (Macintosh; Intel Mac OS X 10_15_7) AppleWebKit/537.36 (KHTML, like Gecko) Chrome/131.0.0.0 Safari/537.36; ClaudeBot/1.0; +claudebot@anthropic.com)"
216.73.217.94 - - [11/Sep/2026:10:28:13 -0400] "GET /wp-content/themes/ashe/assets/css/responsive.css?ver=1.9.7 HTTP/2" 200 1852 "https://big-wife.com.tw/%E5%8D%97%E4%BA%AC%E9%A4%93%E9%80%9D%E4%B8%96%E5%85%A9%E5%A5%B3%E4%B9%9D%E5%AE%AE%E6%A0%BC%E5%88%86%E4%BA%AB%E7%AB%A5%E6%AF%8D%E8%A6%AA%E5%B0%87%E5%88%86%E5%A8%A9-%E7%94%9F%E5%AD%90%E5%90%8E%E9%A0%93/" "Mozilla/5.0 (Macintosh; Intel Mac OS X 10_15_7) AppleWebKit/537.36 (KHTML, like Gecko) Chrome/131.0.0.0 Safari/537.36; ClaudeBot/1.0; +claudebot@anthropic.com)"
216.73.217.94 - - [11/Sep/2026:10:28:13 -0400] "GET /wp-includes/js/jquery/jquery.min.js?ver=3.7.1 HTTP/2" 200 29744 "https://big-wife.com.tw/%E5%8D%97%E4%BA%AC%E9%A4%93%E9%80%9D%E4%B8%96%E5%85%A9%E5%A5%B3%E4%B9%9D%E5%AE%AE%E6%A0%BC%E5%88%86%E4%BA%AB%E7%AB%A5%E6%AF%8D%E8%A6%AA%E5%B0%87%E5%88%86%E5%A8%A9-%E7%94%9F%E5%AD%90%E5%90%8E%E9%A0%93/" "Mozilla/5.0 (Macintosh; Intel Mac OS X 10_15_7) AppleWebKit/537.36 (KHTML, like Gecko) Chrome/131.0.0.0 Safari/537.36; ClaudeBot/1.0; +claudebot@anthropic.com)"
216.73.217.94 - - [11/Sep/2026:10:28:13 -0400] "GET /wp-includes/js/jquery/jquery-migrate.min.js?ver=3.4.1 HTTP/2" 200 4678 "https://big-wife.com.tw/%E5%8D%97%E4%BA%AC%E9%A4%93%E9%80%9D%E4%B8%96%E5%85%A9%E5%A5%B3%E4%B9%9D%E5%AE%AE%E6%A0%BC%E5%88%86%E4%BA%AB%E7%AB%A5%E6%AF%8D%E8%A6%AA%E5%B0%87%E5%88%86%E5%A8%A9-%E7%94%9F%E5%AD%90%E5%90%8E%E9%A0%93/" "Mozilla/5.0 (Macintosh; Intel Mac OS X 10_15_7) AppleWebKit/537.36 (KHTML, like Gecko) Chrome/131.0.0.0 Safari/537.36; ClaudeBot/1.0; +claudebot@anthropic.com)"
216.73.217.94 - - [11/Sep/2026:10:28:13 -0400] "GET /wp-content/themes/ashe/assets/js/custom-plugins.js?ver=1.8.2 HTTP/2" 200 22775 "https://big-wife.com.tw/%E5%8D%97%E4%BA%AC%E9%A4%93%E9%80%9D%E4%B8%96%E5%85%A9%E5%A5%B3%E4%B9%9D%E5%AE%AE%E6%A0%BC%E5%88%86%E4%BA%AB%E7%AB%A5%E6%AF%8D%E8%A6%AA%E5%B0%87%E5%88%86%E5%A8%A9-%E7%94%9F%E5%AD%90%E5%90%8E%E9%A0%93/" "Mozilla/5.0 (Macintosh; Intel Mac OS X 10_15_7) AppleWebKit/537.36 (KHTML, like Gecko) Chrome/131.0.0.0 Safari/537.36; ClaudeBot/1.0; +claudebot@anthropic.com)"
216.73.217.94 - - [11/Sep/2026:10:28:13 -0400] "GET /wp-content/themes/ashe/assets/js/custom-scripts.js?ver=1.9.7 HTTP/2" 200 3880 "https://big-wife.com.tw/%E5%8D%97%E4%BA%AC%E9%A4%93%E9%80%9D%E4%B8%96%E5%85%A9%E5%A5%B3%E4%B9%9D%E5%AE%AE%E6%A0%BC%E5%88%86%E4%BA%AB%E7%AB%A5%E6%AF%8D%E8%A6%AA%E5%B0%87%E5%88%86%E5%A8%A9-%E7%94%9F%E5%AD%90%E5%90%8E%E9%A0%93/" "Mozilla/5.0 (Macintosh; Intel Mac OS X 10_15_7) AppleWebKit/537.36 (KHTML, like Gecko) Chrome/131.0.0.0 Safari/537.36; ClaudeBot/1.0; +claudebot@anthropic.com)"
52.1.250.135 - - [11/Sep/2026:10:28:13 -0400] "GET /%E8%A2%AB%E5%93%88%E9%A6%AC%E6%96%AF%E7%8B%99%E6%93%8A%EF%BC%8C%E6%9C%89%E6%9C%89%E6%95%B8%E5%82%B3%E5%A5%87%E9%81%8E%E5%BE%80%E7%9A%84%E4%BB%A5%E8%89%B2%E5%88%97%E8%AB%9C%E5%A0%B1%E6%A9%9F%E6%A7%8B/15240b230e2b49d3a60d143b47f969c1.jpg HTTP/1.1" 404 11311 "-" "ImageBot/1.0 (compatible; research crawler; +https://github.com/rom1504/img2dataset; opt-out: abuse.notification.dcomp12b@gmail.com;"
216.73.217.94 - - [11/Sep/2026:10:28:13 -0400] "GET /wp-content/themes/ashe/assets/fonts/fa-regular-400.woff2 HTTP/2" 200 25452 "https://big-wife.com.tw/wp-content/themes/ashe/assets/css/fontawesome.min.css?ver=6.5.1" "Mozilla/5.0 (Macintosh; Intel Mac OS X 10_15_7) AppleWebKit/537.36 (KHTML, like Gecko) Chrome/131.0.0.0 Safari/537.36; ClaudeBot/1.0; +claudebot@anthropic.com)"
216.73.217.94 - - [11/Sep/2026:10:28:13 -0400] "GET /wp-content/themes/ashe/assets/fonts/fa-solid-900.woff2 HTTP/2" 200 156496 "https://big-wife.com.tw/wp-content/themes/ashe/assets/css/fontawesome.min.css?ver=6.5.1" "Mozilla/5.0 (Macintosh; Intel Mac OS X 10_15_7) AppleWebKit/537.36 (KHTML, like Gecko) Chrome/131.0.0.0 Safari/537.36; ClaudeBot/1.0; +claudebot@anthropic.com)"
216.73.217.94 - - [11/Sep/2026:10:28:13 -0400] "GET /wp-content/themes/ashe/assets/images/ashe_bg.jpg HTTP/2" 200 492249 "https://big-wife.com.tw/%E5%8D%97%E4%BA%AC%E9%A4%93%E9%80%9D%E4%B8%96%E5%85%A9%E5%A5%B3%E4%B9%9D%E5%AE%AE%E6%A0%BC%E5%88%86%E4%BA%AB%E7%AB%A5%E6%AF%8D%E8%A6%AA%E5%B0%87%E5%88%86%E5%A8%A9-%E7%94%9F%E5%AD%90%E5%90%8E%E9%A0%93/" "Mozilla/5.0 (Macintosh; Intel Mac OS X 10_15_7) AppleWebKit/537.36 (KHTML, like Gecko) Chrome/131.0.0.0 Safari/537.36; ClaudeBot/1.0; +claudebot@anthropic.com)"
43.140.193.238 - - [11/Sep/2026:10:28:14 -0400] "GET /upload/resources/image/2025/11/09/2627281_4096x10000.png HTTP/1.1" 404 11311 "https://big-wife.com.tw/" "Mozilla/5.0 (Windows NT 10.0; Win64; x64) AppleWebKit/537.36 (KHTML, like Gecko) Chrome/106.0.5249.119 Safari/537.36"
114.117.215.31 - - [11/Sep/2026:10:28:14 -0400] "GET /upload/resources/image/2025/11/09/2627283_4096x10000.png HTTP/1.1" 404 11311 "https://big-wife.com.tw/" "Mozilla/5.0 (Windows NT 10.0; Win64; x64) AppleWebKit/537.36 (KHTML, like Gecko) Chrome/106.0.5249.119 Safari/537.36"
42.194.137.118 - - [11/Sep/2026:10:28:14 -0400] "GET /upload/resources/image/2025/11/09/2627288_4096x10000.png HTTP/1.1" 404 11311 "https://big-wife.com.tw/" "Mozilla/5.0 (Windows NT 10.0; Win64; x64) AppleWebKit/537.36 (KHTML, like Gecko) Chrome/106.0.5249.119 Safari/537.36"
139.186.223.248 - - [11/Sep/2026:10:28:14 -0400] "GET /upload/resources/image/2025/11/09/2627286_4096x10000.png HTTP/1.1" 404 11311 "https://big-wife.com.tw/" "Mozilla/5.0 (Windows NT 10.0; Win64; x64) AppleWebKit/537.36 (KHTML, like Gecko) Chrome/106.0.5249.119 Safari/537.36"
139.155.142.195 - - [11/Sep/2026:10:28:14 -0400] "GET /upload/resources/image/2025/11/09/2627282_4096x10000.png HTTP/1.1" 404 11311 "https://big-wife.com.tw/" "Mozilla/5.0 (Windows NT 10.0; Win64; x64) AppleWebKit/537.36 (KHTML, like Gecko) Chrome/106.0.5249.119 Safari/537.36"
139.155.142.195 - - [11/Sep/2026:10:28:14 -0400] "GET /upload/resources/image/2025/11/09/2627290_4096x10000.png HTTP/1.1" 404 11311 "https://big-wife.com.tw/" "Mozilla/5.0 (Windows NT 10.0; Win64; x64) AppleWebKit/537.36 (KHTML, like Gecko) Chrome/106.0.5249.119 Safari/537.36"
139.155.142.195 - - [11/Sep/2026:10:28:15 -0400] "GET /upload/resources/image/2025/11/09/2627289_4096x10000.png HTTP/1.1" 404 11311 "https://big-wife.com.tw/" "Mozilla/5.0 (Windows NT 10.0; Win64; x64) AppleWebKit/537.36 (KHTML, like Gecko) Chrome/106.0.5249.119 Safari/537.36"
129.28.43.102 - - [11/Sep/2026:10:28:15 -0400] "GET /upload/resources/image/2025/11/09/2627284_4096x10000.png HTTP/1.1" 404 11311 "https://big-wife.com.tw/" "Mozilla/5.0 (Windows NT 10.0; Win64; x64) AppleWebKit/537.36 (KHTML, like Gecko) Chrome/106.0.5249.119 Safari/537.36"
43.142.69.118 - - [11/Sep/2026:10:28:15 -0400] "GET /upload/resources/image/2025/11/09/2627279_4096x10000.png HTTP/1.1" 404 11311 "https://big-wife.com.tw/" "Mozilla/5.0 (Windows NT 10.0; Win64; x64) AppleWebKit/537.36 (KHTML, like Gecko) Chrome/106.0.5249.119 Safari/537.36"
162.14.68.5 - - [11/Sep/2026:10:28:15 -0400] "GET /upload/resources/image/2025/11/09/2627281_4096x10000.png HTTP/1.1" 404 11311 "https://big-wife.com.tw/" "Mozilla/5.0 (Windows NT 10.0; Win64; x64) AppleWebKit/537.36 (KHTML, like Gecko) Chrome/106.0.5249.119 Safari/537.36"
139.155.50.113 - - [11/Sep/2026:10:28:15 -0400] "GET /upload/resources/image/2025/11/09/2627280_4096x10000.png HTTP/1.1" 404 11311 "https://big-wife.com.tw/" "Mozilla/5.0 (Windows NT 10.0; Win64; x64) AppleWebKit/537.36 (KHTML, like Gecko) Chrome/106.0.5249.119 Safari/537.36"
49.234.207.50 - - [11/Sep/2026:10:28:15 -0400] "GET /upload/resources/image/2025/11/09/2627286_4096x10000.png HTTP/1.1" 404 11311 "https://big-wife.com.tw/" "Mozilla/5.0 (Windows NT 10.0; Win64; x64) AppleWebKit/537.36 (KHTML, like Gecko) Chrome/106.0.5249.119 Safari/537.36"
94.191.49.231 - - [11/Sep/2026:10:28:15 -0400] "GET /upload/resources/image/2025/11/09/2627288_4096x10000.png HTTP/1.1" 404 11311 "https://big-wife.com.tw/" "Mozilla/5.0 (Windows NT 10.0; Win64; x64) AppleWebKit/537.36 (KHTML, like Gecko) Chrome/106.0.5249.119 Safari/537.36"
81.68.78.15 - - [11/Sep/2026:10:28:15 -0400] "GET /upload/resources/image/2025/11/09/2627283_4096x10000.png HTTP/1.1" 404 11311 "https://big-wife.com.tw/" "Mozilla/5.0 (Windows NT 10.0; Win64; x64) AppleWebKit/537.36 (KHTML, like Gecko) Chrome/106.0.5249.119 Safari/537.36"
94.191.49.231 - - [11/Sep/2026:10:28:16 -0400] "GET /upload/resources/image/2025/11/09/2627282_4096x10000.png HTTP/1.1" 404 11311 "https://big-wife.com.tw/" "Mozilla/5.0 (Windows NT 10.0; Win64; x64) AppleWebKit/537.36 (KHTML, like Gecko) Chrome/106.0.5249.119 Safari/537.36"
52.23.26.158 - - [11/Sep/2026:10:28:16 -0400] "GET /upload/resources/image/2025/10/08/2595106_4096x10000.jpeg HTTP/1.1" 404 11311 "-" "ImageBot/1.0 (compatible; research crawler; +https://github.com/rom1504/img2dataset; opt-out: abuse.notification.dcomp12b@gmail.com;"
49.232.186.167 - - [11/Sep/2026:10:28:16 -0400] "GET /upload/resources/image/2025/11/09/2627290_4096x10000.png HTTP/1.1" 404 11311 "https://big-wife.com.tw/" "Mozilla/5.0 (Windows NT 10.0; Win64; x64) AppleWebKit/537.36 (KHTML, like Gecko) Chrome/106.0.5249.119 Safari/537.36"
162.14.68.5 - - [11/Sep/2026:10:28:16 -0400] "GET /upload/resources/image/2025/11/09/2627289_4096x10000.png HTTP/1.1" 404 11311 "https://big-wife.com.tw/" "Mozilla/5.0 (Windows NT 10.0; Win64; x64) AppleWebKit/537.36 (KHTML, like Gecko) Chrome/106.0.5249.119 Safari/537.36"
162.14.68.5 - - [11/Sep/2026:10:28:16 -0400] "GET /upload/resources/image/2025/11/09/2627279_4096x10000.png HTTP/1.1" 404 11311 "https://big-wife.com.tw/" "Mozilla/5.0 (Windows NT 10.0; Win64; x64) AppleWebKit/537.36 (KHTML, like Gecko) Chrome/106.0.5249.119 Safari/537.36"
49.51.132.100 - - [11/Sep/2026:10:28:16 -0400] "GET /wp-json/wp/v2/posts/2577 HTTP/1.1" 200 5824 "-" "Mozilla/5.0 (iPhone; CPU iPhone OS 13_2_3 like Mac OS X) AppleWebKit/605.1.15 (KHTML, like Gecko) Version/13.0.3 Mobile/15E148 Safari/604.1"
81.68.78.15 - - [11/Sep/2026:10:28:16 -0400] "GET /upload/resources/image/2025/11/09/2627280_4096x10000.png HTTP/1.1" 404 11311 "https://big-wife.com.tw/" "Mozilla/5.0 (Windows NT 10.0; Win64; x64) AppleWebKit/537.36 (KHTML, like Gecko) Chrome/106.0.5249.119 Safari/537.36"
129.28.43.102 - - [11/Sep/2026:10:28:16 -0400] "GET /upload/resources/image/2025/11/09/2627287_4096x10000.png HTTP/1.1" 404 11311 "https://big-wife.com.tw/" "Mozilla/5.0 (Windows NT 10.0; Win64; x64) AppleWebKit/537.36 (KHTML, like Gecko) Chrome/106.0.5249.119 Safari/537.36"
81.70.7.152 - - [11/Sep/2026:10:28:17 -0400] "GET /upload/resources/image/2025/11/09/2627284_4096x10000.png HTTP/1.1" 404 11305 "https://big-wife.com.tw/" "Mozilla/5.0 (Windows NT 10.0; Win64; x64) AppleWebKit/537.36 (KHTML, like Gecko) Chrome/106.0.5249.119 Safari/537.36"
129.28.43.102 - - [11/Sep/2026:10:28:18 -0400] "GET /upload/resources/image/2025/11/09/2627285_4096x10000.png HTTP/1.1" 404 11311 "https://big-wife.com.tw/" "Mozilla/5.0 (Windows NT 10.0; Win64; x64) AppleWebKit/537.36 (KHTML, like Gecko) Chrome/106.0.5249.119 Safari/537.36"
54.166.204.138 - - [11/Sep/2026:10:28:18 -0400] "GET /upload/resources/image/2026/02/08/2714608_4096x10000.jpeg HTTP/1.1" 404 11311 "-" "ImageBot/1.0 (compatible; research crawler; +https://github.com/rom1504/img2dataset; opt-out: abuse.notification.dcomp12b@gmail.com;"
118.195.129.169 - - [11/Sep/2026:10:28:18 -0400] "GET /upload/resources/image/2025/11/09/2627287_4096x10000.png HTTP/1.1" 404 11311 "https://big-wife.com.tw/" "Mozilla/5.0 (Windows NT 10.0; Win64; x64) AppleWebKit/537.36 (KHTML, like Gecko) Chrome/106.0.5249.119 Safari/537.36"
42.193.37.186 - - [11/Sep/2026:10:28:19 -0400] "GET /upload/resources/image/2025/11/09/2627285_4096x10000.png HTTP/1.1" 404 11311 "https://big-wife.com.tw/" "Mozilla/5.0 (Windows NT 10.0; Win64; x64) AppleWebKit/537.36 (KHTML, like Gecko) Chrome/106.0.5249.119 Safari/537.36"
50.19.85.253 - - [11/Sep/2026:10:28:19 -0400] "GET /upload/resources/image/2024/02/01/1759841_4096x50000.jpeg HTTP/1.1" 404 11311 "-" "ImageBot/1.0 (compatible; research crawler; +https://github.com/rom1504/img2dataset; opt-out: abuse.notification.dcomp12b@gmail.com;"
52.23.26.158 - - [11/Sep/2026:10:28:20 -0400] "GET /2024/03/26/%E5%A4%9A%E5%BD%A9%E8%B5%AB%E5%B1%B1%E8%A1%8C%E6%88%BF%E7%94%A2%EF%BC%8C%E7%9C%8B%E6%9C%9B%E6%98%8E%E6%98%9F%E6%9D%91/155219ngcpvymfn6zu2cyu.jpg HTTP/1.1" 404 11311 "-" "ImageBot/1.0 (compatible; research crawler; +https://github.com/rom1504/img2dataset; opt-out: abuse.notification.dcomp12b@gmail.com;"
50.19.85.253 - - [11/Sep/2026:10:28:24 -0400] "GET /2024/03/15/%E8%90%AC%E5%85%AC%E9%87%8C%E8%B7%91%E8%80%85%E9%84%A7%E8%89%AF%E8%8F%AF%E6%88%BF%E5%9C%B0%E7%94%A2%E8%B7%91%E5%87%BA%E5%9C%8B%E9%96%80%E5%8D%81%E5%A4%A9%E8%A8%98/212609ctta6ycddaoz3ga2.jpg HTTP/1.1" 404 11311 "-" "ImageBot/1.0 (compatible; research crawler; +https://github.com/rom1504/img2dataset; opt-out: abuse.notification.dcomp12b@gmail.com;"
50.19.85.253 - - [11/Sep/2026:10:28:25 -0400] "GET /upload/resources/image/2026/04/01/2761677_4096x10000.jpeg HTTP/1.1" 404 11311 "-" "ImageBot/1.0 (compatible; research crawler; +https://github.com/rom1504/img2dataset; opt-out: abuse.notification.dcomp12b@gmail.com;"
52.1.250.135 - - [11/Sep/2026:10:28:26 -0400] "GET /2024/03/31/%E7%9B%A1%E6%83%85%E6%88%BF%E7%94%A2%E8%B3%87%E8%A8%8A%E4%BA%94%E6%BA%AA%E8%B0%B7-%E6%B2%89%E9%86%89%E5%B1%B1%E5%B7%9D%E9%96%93/225834zozlpqlkygrz0qly.png HTTP/1.1" 404 11311 "-" "ImageBot/1.0 (compatible; research crawler; +https://github.com/rom1504/img2dataset; opt-out: abuse.notification.dcomp12b@gmail.com;"
39.52.236.62 - - [11/Sep/2026:10:28:27 -0400] "POST /xmlrpc.php HTTP/1.1" 403 1242 "-" "WordPress.com; https://wordpress.com"
3.234.103.5 - - [11/Sep/2026:10:28:27 -0400] "GET /%E5%BE%9E%E6%91%A9%E6%89%98%E9%95%B7%E9%BE%8D%E5%88%B0%E9%AB%98%E9%90%B5%E9%A3%9B%E9%A6%B3-%E6%98%A5%E7%AF%80%E5%9B%9E%E5%AE%B6%E7%9A%84%E6%96%B9%E6%B3%95%E9%83%BD%E6%9C%89%E5%93%AAosder%E5%A5%A7/20260208/145379.jpg HTTP/1.1" 404 11311 "-" "ImageBot/1.0 (compatible; research crawler; +https://github.com/rom1504/img2dataset; opt-out: abuse.notification.dcomp12b@gmail.com;"
169.1.145.186 - - [11/Sep/2026:10:28:33 -0400] "POST /xmlrpc.php HTTP/1.1" 403 1242 "-" "Jetpack by WordPress.com"
52.1.250.135 - - [11/Sep/2026:10:28:34 -0400] "GET /%E7%B4%85%E7%B6%B2%E6%84%9B%E5%BF%83%E5%AE%B6%E5%9C%92%E7%9B%8A%E9%99%BD%E7%AB%99-%E5%8D%81%E5%B9%B4%E6%88%BF-%E7%94%A2%E9%87%8C%E7%9A%84%E7%89%B9%E5%88%A5%E5%B9%AB%E6%89%B6%E6%83%85%E7%B7%A3/113740y33io55kf7o9an2a.jpg HTTP/1.1" 404 11311 "-" "ImageBot/1.0 (compatible; research crawler; +https://github.com/rom1504/img2dataset; opt-out: abuse.notification.dcomp12b@gmail.com;"
50.19.85.253 - - [11/Sep/2026:10:28:35 -0400] "GET /2024/03/19/%E5%91%A8%E9%81%AD%E7%9A%84%E7%8B%80%E6%B3%81%E9%80%99%E4%B9%88%E5%A5%BD-%E6%88%91%E8%A6%81%E5%9B%9E%E9%84%89%E6%9D%91-%E6%A7%90%E6%A8%B9%E7%81%A3%E5%92%8C%E7%BE%8E%E5%B1%8B%E5%A0%B4-%E9%9B%99/011735nh4ngnghenqeneg4.jpg HTTP/1.1" 404 11311 "-" "ImageBot/1.0 (compatible; research crawler; +https://github.com/rom1504/img2dataset; opt-out: abuse.notification.dcomp12b@gmail.com;"
3.234.103.5 - - [11/Sep/2026:10:28:35 -0400] "GET /upload/resources/image/2026/03/14/2745730_4096x10000.jpeg HTTP/1.1" 404 11311 "-" "ImageBot/1.0 (compatible; research crawler; +https://github.com/rom1504/img2dataset; opt-out: abuse.notification.dcomp12b@gmail.com;"
54.166.204.138 - - [11/Sep/2026:10:28:36 -0400] "GET /%E4%BA%A4osder%E5%A5%A7%E6%96%AF%E5%BE%B7%E5%BE%B7%E7%B3%BB%E8%BB%8A%E9%9F%BF%E7%9B%9B%E5%AE%B4%E5%95%9F%E5%B9%95%EF%BC%81%E4%B8%89%E5%B9%B4%E5%A4%9C%E6%A8%82%E5%9C%98%E5%9B%9B%E5%B9%B4%E5%A4%9C/20260416/468161.jpg HTTP/1.1" 404 11311 "-" "ImageBot/1.0 (compatible; research crawler; +https://github.com/rom1504/img2dataset; opt-out: abuse.notification.dcomp12b@gmail.com;"
50.19.85.253 - - [11/Sep/2026:10:28:36 -0400] "GET /2024/01/18/%E5%86%B6%E9%87%91%EF%BC%8C%E6%88%91%E4%B8%80%E5%8C%85%E9%A4%8A%E5%8F%88%E9%9D%9C%E9%9D%9C%E5%9C%B0%E4%BE%86%E4%BA%86/001214phs115x531dzsvi2.jpg HTTP/1.1" 404 11311 "-" "ImageBot/1.0 (compatible; research crawler; +https://github.com/rom1504/img2dataset; opt-out: abuse.notification.dcomp12b@gmail.com;"
52.23.26.158 - - [11/Sep/2026:10:28:38 -0400] "GET /2023/08/12/%E7%A8%BB%E5%99%B4%E9%BC%BB%E4%B8%96%E7%95%8C%C2%B7%E8%A9%A9%E7%95%AB%E6%B4%AA%E6%B1%9F%EF%BC%8C%E4%B9%8B%E9%BB%94%E9%99%BD%E5%8C%85%E9%A4%8A%E8%A1%8C%E6%83%85%E5%8F%A4%E5%9F%8E/094740dabtmi3p9ff6btil.jpg HTTP/1.1" 404 11311 "-" "ImageBot/1.0 (compatible; research crawler; +https://github.com/rom1504/img2dataset; opt-out: abuse.notification.dcomp12b@gmail.com;"
52.1.250.135 - - [11/Sep/2026:10:28:38 -0400] "GET /2024/03/10/%E6%BC%AB%E6%AD%A5%E8%B5%B0%E5%88%B0%E9%A6%AC%E6%AC%84%E5%8F%B0%E5%8C%97-%E7%A4%BE%E5%8D%80%E5%B1%B1/120805q7mpt944zm2zmhh9.jpg HTTP/1.1" 404 11311 "-" "ImageBot/1.0 (compatible; research crawler; +https://github.com/rom1504/img2dataset; opt-out: abuse.notification.dcomp12b@gmail.com;"
54.166.204.138 - - [11/Sep/2026:10:28:43 -0400] "GET /2024/01/17/%E3%80%90%E5%8E%9F%E5%89%B5%E3%80%91%E5%B9%B8%E7%A6%8F%E7%A4%BE%E5%B7%A5%E5%B1%95%E9%96%8B%E9%A0%86%E9%A2%A8%E5%AF%B6%E7%89%A9%E5%8C%85%E9%A4%8A%E4%BF%B1%E6%A8%82%E9%83%A8%E7%86%B1/204429memyy45yyyy6fyen.jpg HTTP/1.1" 404 11311 "-" "ImageBot/1.0 (compatible; research crawler; +https://github.com/rom1504/img2dataset; opt-out: abuse.notification.dcomp12b@gmail.com;"
50.19.85.253 - - [11/Sep/2026:10:28:44 -0400] "GET /2024/01/29/%E5%B0%8F%E7%B7%A8%E8%A6%AA%E6%B8%AC%EF%BC%81%E7%9C%9F%E4%BA%BA%E5%87%BA%E9%8F%A1%EF%BC%81%E5%A4%9A%E5%9C%96%E9%A0%90%E8%AD%A6%EF%BC%81%EF%BC%81%E8%A6%93%E5%8C%85%E9%A4%8Aapp%E7%B5%A6%E4%BD%A0/1710251xxxvzjx096n6i6b.jpg HTTP/1.1" 404 11311 "-" "ImageBot/1.0 (compatible; research crawler; +https://github.com/rom1504/img2dataset; opt-out: abuse.notification.dcomp12b@gmail.com;"
39.52.236.62 - - [11/Sep/2026:10:28:46 -0400] "POST /xmlrpc.php HTTP/1.1" 403 1242 "-" "Jetpack by WordPress.com (Jetpack 12.0; WordPress 6.3)"
185.191.171.2 - - [11/Sep/2026:10:28:46 -0400] "GET /%E5%8C%97%E5%B9%B4%E5%A4%9C%E5%82%B3%E6%8E%88%E9%99%B3%E5%B9%B3%E5%8E%9F%EF%BC%9A%E5%85%A8jiuyi%E4%BF%B1%E6%84%8F%E4%BD%8F%E5%AE%85%E8%A8%AD%E8%A8%88%E5%B9%B3%E6%98%93%E8%BF%91ai%E6%99%82%E4%BB%A3/ HTTP/1.1" 403 1242 "-" "Mozilla/5.0 (compatible; SemrushBot/7~bl; +http://www.semrush.com/bot.html)"
52.1.250.135 - - [11/Sep/2026:10:28:50 -0400] "GET /2024/03/25/%E5%8F%B0%E5%8D%97-%E7%A4%BE%E5%8D%80%E5%A4%A7%E6%A8%93%E5%BB%A3%E8%A5%BF%E9%95%B7%E5%91%BD%E4%B9%8B%E9%84%89%E9%80%90%E4%B8%80%E5%B7%B4%E9%A6%AC/134002brqjbjapb7uq3juv.jpg HTTP/1.1" 404 11311 "-" "ImageBot/1.0 (compatible; research crawler; +https://github.com/rom1504/img2dataset; opt-out: abuse.notification.dcomp12b@gmail.com;"
54.166.204.138 - - [11/Sep/2026:10:28:53 -0400] "GET /2024/01/18/%E6%B2%83%E6%9F%91%E5%9C%92%E9%87%8C%E9%AB%94%E4%B8%80%E5%8C%85%E9%A4%8A%E5%BF%83%E5%BE%97%E9%A9%97%E6%9D%91%E8%90%BD%E7%94%9F%E6%B6%AF/094643yobiko7i1obioio4.png HTTP/1.1" 404 11311 "-" "ImageBot/1.0 (compatible; research crawler; +https://github.com/rom1504/img2dataset; opt-out: abuse.notification.dcomp12b@gmail.com;"
50.19.85.253 - - [11/Sep/2026:10:28:56 -0400] "GET /html/files/2021-12/22/20211222105844114306265.jpg HTTP/1.1" 404 11311 "-" "ImageBot/1.0 (compatible; research crawler; +https://github.com/rom1504/img2dataset; opt-out: abuse.notification.dcomp12b@gmail.com;"
39.52.236.62 - - [11/Sep/2026:10:28:59 -0400] "POST /xmlrpc.php HTTP/1.1" 403 1242 "-" "Jetpack/12.5; WordPress/6.2; http://site31689226.com"
52.1.250.135 - - [11/Sep/2026:10:29:00 -0400] "GET /%E8%90%AC%E5%85%AC%E9%87%8C%E8%B7%91%E8%80%85%E9%84%A7%E8%89%AF%E8%8F%AF%E8%B7%91%E5%87%BA%E5%9C%8B%E9%96%80%E5%8D%81%E5%A4%A9%E8%A8%98-2/212052oexzq5he66o7o6qx.jpg HTTP/1.1" 404 11311 "-" "ImageBot/1.0 (compatible; research crawler; +https://github.com/rom1504/img2dataset; opt-out: abuse.notification.dcomp12b@gmail.com;"
52.1.250.135 - - [11/Sep/2026:10:29:00 -0400] "GET /2023/12/02/%E4%B8%AD%E7%A7%8B%E5%9C%8B%E5%8C%85%E9%A4%8Aapp%E6%85%B6%E5%81%87%E6%9C%9F%E6%9C%80%E6%93%A0%E5%9F%8E%E5%B8%82%E6%8E%92%E8%A1%8C%E6%A6%9C%EF%BC%9A%E5%8C%97%E4%B8%8A%E5%BB%A3%E6%B7%B1%E6%9C%AA/00c0df9e43da4eac919b3bb9022b6cd5.png HTTP/1.1" 404 11311 "-" "ImageBot/1.0 (compatible; research crawler; +https://github.com/rom1504/img2dataset; opt-out: abuse.notification.dcomp12b@gmail.com;"
39.52.236.62 - - [11/Sep/2026:10:29:04 -0400] "POST /xmlrpc.php HTTP/1.1" 403 1242 "-" "Jetpack/13.0; WordPress/6.1; http://site55377221.com"
52.23.26.158 - - [11/Sep/2026:10:29:04 -0400] "GET /2023/12/27/%E3%80%90%E9%81%8A%E6%88%B2%E3%80%91%E6%88%91%E5%80%91%E6%88%90%E5%A9%9A%E5%90%A7%EF%BC%81%E5%BF%AB%E5%8C%85%E9%A4%8Aapp%E4%BE%86%E7%A7%80%E7%A7%80%E4%BD%A0%E5%92%8C%E7%94%B7%E7%A5%9E%E5%A5%B3/1053170u3u0pa03px1ezuq.jpg HTTP/1.1" 404 11311 "-" "ImageBot/1.0 (compatible; research crawler; +https://github.com/rom1504/img2dataset; opt-out: abuse.notification.dcomp12b@gmail.com;"
52.1.250.135 - - [11/Sep/2026:10:29:05 -0400] "GET /%E5%91%A8%E9%81%AD%E7%9A%84%E7%8B%80%E6%B3%81%E9%80%99%E4%B9%88%E5%A5%BD-%E6%88%91%E8%A6%81%E5%9B%9E%E9%84%89%E6%9D%91-%E6%A7%90%E6%A8%B9%E7%81%A3%E5%92%8C%E7%BE%8E%E5%B1%8B%E5%A0%B4-%E9%9B%99/010511z27fw7kf75ms2mwz.jpg HTTP/1.1" 404 11311 "-" "ImageBot/1.0 (compatible; research crawler; +https://github.com/rom1504/img2dataset; opt-out: abuse.notification.dcomp12b@gmail.com;"
169.1.145.186 - - [11/Sep/2026:10:29:06 -0400] "POST /xmlrpc.php HTTP/1.1" 403 1242 "-" "Jetpack by WordPress.com"
52.23.26.158 - - [11/Sep/2026:10:29:11 -0400] "GET /upload/resources/image/2026/01/21/2696769.jpg?r=1768937598380 HTTP/1.1" 404 11311 "-" "ImageBot/1.0 (compatible; research crawler; +https://github.com/rom1504/img2dataset; opt-out: abuse.notification.dcomp12b@gmail.com;"
39.52.236.62 - - [11/Sep/2026:10:29:17 -0400] "POST /xmlrpc.php HTTP/1.1" 403 1242 "-" "Jetpack/12.0; WordPress/6.1; http://site19757598.com"
52.167.144.174 - - [11/Sep/2026:10:29:18 -0400] "GET /%E6%9C%88%E6%9C%88%E6%9C%89%E4%B8%BB%E9%A1%8C%EF%BC%8C%E5%91%A8%E5%91%A8%E6%9C%89%E6%B4%BB%E5%8B%95%EF%BC%8Cklook-%E5%AE%A2%E8%B7%AF-%E4%BB%98%E6%AC%BE%E5%84%AA%E6%83%A0%E5%A4%A9%E5%A4%A9%E6%9C%89/ HTTP/2" 404 10066 "-" "Mozilla/5.0 AppleWebKit/537.36 (KHTML, like Gecko; compatible; bingbot/2.0; +http://www.bing.com/bingbot.htm) Chrome/116.0.1938.76 Safari/537.36"
52.1.250.135 - - [11/Sep/2026:10:29:18 -0400] "GET /upload/resources/image/2024/01/24/1742853_4096x10000.jpeg HTTP/1.1" 404 11311 "-" "ImageBot/1.0 (compatible; research crawler; +https://github.com/rom1504/img2dataset; opt-out: abuse.notification.dcomp12b@gmail.com;"
52.23.26.158 - - [11/Sep/2026:10:29:20 -0400] "GET /upload/resources/image/2025/01/26/2268105_4096x10000.jpeg HTTP/1.1" 404 11311 "-" "ImageBot/1.0 (compatible; research crawler; +https://github.com/rom1504/img2dataset; opt-out: abuse.notification.dcomp12b@gmail.com;"
114.119.159.122 - - [11/Sep/2026:10:29:21 -0400] "GET /%e5%9c%a8%e6%98%a5%e6%99%9a%e5%bd%a9%e6%8e%92%e6%9c%9f%e9%96%93%e5%90%91%e7%b2%89%e7%b5%b2%e4%b8%89%e9%9e%a0%e8%ba%ac%e5%bc%95%e7%86%b1%e8%ad%b0%ef%bc%8c%e6%a2%81%e5%ae%b6%e8%bc%9d%e5%9b%9e%e6%87%89/20260224/115698.gif HTTP/1.1" 404 10066 "https://big-wife.com.tw/%e5%9c%a8%e6%98%a5%e6%99%9a%e5%bd%a9%e6%8e%92%e6%9c%9f%e9%96%93%e5%90%91%e7%b2%89%e7%b5%b2%e4%b8%89%e9%9e%a0%e8%ba%ac%e5%bc%95%e7%86%b1%e8%ad%b0%ef%bc%8c%e6%a2%81%e5%ae%b6%e8%bc%9d%e5%9b%9e%e6%87%89/" "Mozilla/5.0 (Linux; Android 7.0;) AppleWebKit/537.36 (HTML, like Gecko) Mobile Safari/537.36 (compatible; PetalBot;+https://webmaster.petalsearch.com/site/petalbot)"
52.167.144.163 - - [11/Sep/2026:10:29:23 -0400] "GET /%E9%A6%96%E6%89%B9%E7%94%9C%E5%BF%83%E6%89%BE%E5%8C%85%E9%A4%8A%E7%B6%B2%E7%B6%93%E7%94%B1%E9%81%8E%E7%A8%8B%E9%9B%BB%E5%AD%90%E8%AD%89%E6%9B%B8%E7%96%BE%E9%80%9F%E9%80%9A%E9%97%9C%E7%9A%84%E9%82%8A/ HTTP/2" 404 10066 "-" "Mozilla/5.0 AppleWebKit/537.36 (KHTML, like Gecko; compatible; bingbot/2.0; +http://www.bing.com/bingbot.htm) Chrome/116.0.1938.76 Safari/537.36"
50.19.85.253 - - [11/Sep/2026:10:29:24 -0400] "GET /upload/resources/image/2026/01/26/2701851_700x50000.jpg?r=1769405802739 HTTP/1.1" 404 11311 "-" "ImageBot/1.0 (compatible; research crawler; +https://github.com/rom1504/img2dataset; opt-out: abuse.notification.dcomp12b@gmail.com;"
52.1.250.135 - - [11/Sep/2026:10:29:24 -0400] "GET /upload/resources/image/2023/12/28/1691841_4096x10000.jpeg HTTP/1.1" 404 11311 "-" "ImageBot/1.0 (compatible; research crawler; +https://github.com/rom1504/img2dataset; opt-out: abuse.notification.dcomp12b@gmail.com;"
50.19.85.253 - - [11/Sep/2026:10:29:26 -0400] "GET /2024/03/29/%E9%87%8D%E9%8E%8A%E6%96%B0%E8%81%9E%EF%BC%9A%E9%BA%BB%E9%99%BD%E7%8B%80%E5%85%83%E5%BA%9C%E6%9D%AF%E5%85%A8%E7%B8%A3%E6%88%BF%E7%94%A2%E8%B3%87%E8%A8%8A%E4%B8%AD%E5%B0%8F%E5%85%88/211709b3lopox3q89oolqx.jpg HTTP/1.1" 404 11311 "-" "ImageBot/1.0 (compatible; research crawler; +https://github.com/rom1504/img2dataset; opt-out: abuse.notification.dcomp12b@gmail.com;"
50.19.85.253 - - [11/Sep/2026:10:29:26 -0400] "GET /%E4%B8%BB%E6%92%ADosder%E5%A5%A7%E6%96%AF%E5%BE%B7%E5%BE%B7%E7%B3%BB%E8%BB%8A%E8%AA%AA%E8%81%AF%E6%92%AD%E4%B8%A8%E9%80%8F%E9%81%8E%E6%98%A5%E6%99%9A%EF%BC%8C%E7%9C%8B%E8%A6%8B%E4%B8%AD%E5%9C%8B/20260209/2647.jpg HTTP/1.1" 404 11311 "-" "ImageBot/1.0 (compatible; research crawler; +https://github.com/rom1504/img2dataset; opt-out: abuse.notification.dcomp12b@gmail.com;"
39.52.236.62 - - [11/Sep/2026:10:29:27 -0400] "POST /xmlrpc.php HTTP/1.1" 403 1242 "-" "Jetpack by WordPress.com"
52.23.26.158 - - [11/Sep/2026:10:29:28 -0400] "GET /2023/12/23/%E5%90%88%E9%81%A9%E6%83%85%E4%BE%B6%E7%B4%84%E6%9C%83%E5%8C%85%E9%A4%8A%E7%9A%84%E9%AB%98%E7%B4%9A%E9%A4%90%E5%BB%B3/142428gpe8sp84valu1rl0.jpg HTTP/1.1" 404 11311 "-" "ImageBot/1.0 (compatible; research crawler; +https://github.com/rom1504/img2dataset; opt-out: abuse.notification.dcomp12b@gmail.com;"
54.166.204.138 - - [11/Sep/2026:10:29:30 -0400] "GET /%E7%9B%8A%E9%99%BD%E5%9C%B0%E5%9F%9F%E7%9A%84%E8%BF%AD%E8%AE%8A%E6%8F%9B%E5%B1%8B%E3%80%82/113924g79h8c27nrrhr7zs.jpg HTTP/1.1" 404 11311 "-" "ImageBot/1.0 (compatible; research crawler; +https://github.com/rom1504/img2dataset; opt-out: abuse.notification.dcomp12b@gmail.com;"
54.166.204.138 - - [11/Sep/2026:10:29:31 -0400] "GET /%E9%87%91jiuyi%E4%BF%B1%E6%84%8F%E4%BD%8F%E5%AE%85%E8%A8%AD%E8%A8%88%E8%9E%8D%E8%B3%A6%E8%83%BD%E6%A0%A1%E5%8F%8B%E7%94%9F%E6%85%8B-%E6%94%9C%E6%89%8B%E5%85%B1%E5%95%9F%E5%83%B9%E5%80%BC%E6%96%B0/20260123/40476.png HTTP/1.1" 404 11311 "-" "ImageBot/1.0 (compatible; research crawler; +https://github.com/rom1504/img2dataset; opt-out: abuse.notification.dcomp12b@gmail.com;"
54.166.204.138 - - [11/Sep/2026:10:29:32 -0400] "GET /%E5%B0%8F%E5%81%B7%E7%9A%84%E6%89%8B%E9%82%84%E6%98%AF%E4%BC%B8%E5%90%91%E4%BA%86%E7%BE%BD%E6%AF%9B%E7%90%83%EF%BC%8C%E5%85%A9%E4%BA%BA%E7%B4%AF%E8%A8%88%E4%B8%8D%E7%AC%A6%E5%90%88%E6%B3%95jiuyi/20260120/24974.jpg HTTP/1.1" 404 11311 "-" "ImageBot/1.0 (compatible; research crawler; +https://github.com/rom1504/img2dataset; opt-out: abuse.notification.dcomp12b@gmail.com;"
169.1.145.186 - - [11/Sep/2026:10:29:33 -0400] "POST /xmlrpc.php HTTP/1.1" 403 1242 "-" "WordPress.com; https://wordpress.com"
54.166.204.138 - - [11/Sep/2026:10:29:33 -0400] "GET /%E7%8E%8B%E7%9F%B3%E6%96%B9%E7%99%BC%E5%B8%83%E5%BE%8B%E5%B8%AB%E8%81%B2%E6%98%8E%EF%BC%9A%E7%8E%8B%E7%9F%B3%E8%A2%AB%E6%8A%93%E7%B4%94%E5%B1%AC%E8%AC%8A%E8%A8%80%EF%BC%8C%E4%B8%80/20260414/451371.jpg HTTP/1.1" 404 11311 "-" "ImageBot/1.0 (compatible; research crawler; +https://github.com/rom1504/img2dataset; opt-out: abuse.notification.dcomp12b@gmail.com;"
50.19.85.253 - - [11/Sep/2026:10:29:36 -0400] "GET /2024/02/07/%E7%A7%91%E6%8A%80%E7%AB%8B%E7%95%B0%E4%B8%96%E7%95%8C%E6%BD%AE%E8%BC%95%E9%87%8F%E5%8C%96%E6%89%BE%E5%8C%85%E9%A4%8A%E8%A1%8C%E6%83%85%E5%92%8C%E7%BA%8C%E8%88%AA%E9%87%8C%E7%A8%8B%E7%AD%89%E5%9B%B0/dbefad01746b4ee88a53aa3f57f3bc12/images/c41b4f54deb24b2b939bae3200b21bbc.jpg HTTP/1.1" 404 11311 "-" "ImageBot/1.0 (compatible; research crawler; +https://github.com/rom1504/img2dataset; opt-out: abuse.notification.dcomp12b@gmail.com;"
52.23.26.158 - - [11/Sep/2026:10:29:36 -0400] "GET /%E4%B8%80%E4%BD%8D%E5%9D%90%E6%9D%9F%E7%B8%9B%E7%89%8C%E4%B8%8D%E5%8B%95%E7%94%A2%E8%B2%A8%E8%BB%8A%E6%96%B0%E5%A8%98%E7%9A%84%E5%AF%86%E6%84%8F%E5%9B%9E%E7%9C%B8%EF%BC%88%E6%95%A3%E6%96%87%EF%BC%89/101439ormp0mmzmzs44m83.jpg HTTP/1.1" 404 11311 "-" "ImageBot/1.0 (compatible; research crawler; +https://github.com/rom1504/img2dataset; opt-out: abuse.notification.dcomp12b@gmail.com;"
3.234.103.5 - - [11/Sep/2026:10:29:37 -0400] "GET /upload/resources/image/2024/11/19/2174898_4096x10000.jpeg HTTP/1.1" 404 11311 "-" "ImageBot/1.0 (compatible; research crawler; +https://github.com/rom1504/img2dataset; opt-out: abuse.notification.dcomp12b@gmail.com;"
3.234.103.5 - - [11/Sep/2026:10:29:39 -0400] "GET /%E6%99%82%E6%94%BFosder%E5%A5%A7%E6%96%AF%E5%BE%B7%E5%8F%B0%E5%8C%97%E6%B1%BD%E8%BB%8A%E6%96%B0%E8%81%9E%E7%9C%BC%E4%B8%A8%E7%B6%93%E6%BF%9F%E5%B9%B4%E5%A4%9C%E7%9C%81%E8%8B%A5%E4%BD%95%E6%8A%93/20260306/184715.jpg HTTP/1.1" 404 11311 "-" "ImageBot/1.0 (compatible; research crawler; +https://github.com/rom1504/img2dataset; opt-out: abuse.notification.dcomp12b@gmail.com;"
3.234.103.5 - - [11/Sep/2026:10:29:39 -0400] "GET /upload/resources/image/2026/01/05/2680605_4096x10000.jpeg HTTP/1.1" 404 11311 "-" "ImageBot/1.0 (compatible; research crawler; +https://github.com/rom1504/img2dataset; opt-out: abuse.notification.dcomp12b@gmail.com;"
51.81.110.85 - - [11/Sep/2026:10:29:45 -0400] "GET /2025/07/01/%E5%9C%8B%E5%AE%B6%E9%87%8D%E9%BB%9E%E7%A0%94%E7%99%BC%E8%A8%88%E5%8A%83%E9%AB%98%E4%B8%80%E5%8C%85%E9%A4%8A%E5%BF%83%E5%BE%97%E5%AF%86%E5%BA%A6%E5%84%B2%E6%B0%AB%E8%B3%87%E6%96%99%E5%8F%8A/ HTTP/2" 403 1242 "-" "Mozilla/5.0 (compatible; AhrefsBot/7.0; +http://ahrefs.com/robot/)"
39.52.236.62 - - [11/Sep/2026:10:29:50 -0400] "POST /xmlrpc.php HTTP/1.1" 403 1242 "-" "WordPress.com; https://wordpress.com"
54.166.204.138 - - [11/Sep/2026:10:29:49 -0400] "GET /2024/03/20/%E9%80%99%E7%AF%87%E5%BE%88%E9%95%B7%E6%B2%99%E7%9A%84%E9%AB%98%E5%8F%B0%E5%8D%97-%E4%B8%AD%E5%8F%A4%E5%B1%8B%E8%80%83%E4%BD%9C%E6%96%87%E5%81%9A%E5%BE%97%E5%A5%BD%EF%BC%81/171136n7scoros7ccck5qs.jpg HTTP/1.1" 404 11311 "-" "ImageBot/1.0 (compatible; research crawler; +https://github.com/rom1504/img2dataset; opt-out: abuse.notification.dcomp12b@gmail.com;"
50.19.85.253 - - [11/Sep/2026:10:29:51 -0400] "GET /upload/resources/image/2026/03/18/2749455_4096x10000.jpeg HTTP/1.1" 404 11311 "-" "ImageBot/1.0 (compatible; research crawler; +https://github.com/rom1504/img2dataset; opt-out: abuse.notification.dcomp12b@gmail.com;"
50.19.85.253 - - [11/Sep/2026:10:29:51 -0400] "GET /upload/resources/image/2024/01/28/1749515_4096x10000.jpeg HTTP/1.1" 404 11311 "-" "ImageBot/1.0 (compatible; research crawler; +https://github.com/rom1504/img2dataset; opt-out: abuse.notification.dcomp12b@gmail.com;"
52.23.26.158 - - [11/Sep/2026:10:29:53 -0400] "GET /upload/resources/image/2026/01/31/2705708.jpg?r=1769799514683 HTTP/1.1" 404 11311 "-" "ImageBot/1.0 (compatible; research crawler; +https://github.com/rom1504/img2dataset; opt-out: abuse.notification.dcomp12b@gmail.com;"
52.1.250.135 - - [11/Sep/2026:10:29:53 -0400] "GET /upload/resources/image/2024/01/25/1744924_4096x10000.gif HTTP/1.1" 404 11311 "-" "ImageBot/1.0 (compatible; research crawler; +https://github.com/rom1504/img2dataset; opt-out: abuse.notification.dcomp12b@gmail.com;"
52.23.26.158 - - [11/Sep/2026:10:29:54 -0400] "GET /%E5%BB%A3%E8%A5%BF%E4%B8%89%E6%B1%9F%EF%BC%9A%E6%A0%A1%E5%9C%92%E6%90%B6%E8%8A%B1%E7%82%AE-%E5%96%9C%E8%BF%8E%E4%B8%89%E6%9C%88%E4%B8%89_%E9%87%91%E7%BE%8A%E7%B6%B2jiuyi%E4%BF%B1/20260416/470120.jpg HTTP/1.1" 404 11311 "-" "ImageBot/1.0 (compatible; research crawler; +https://github.com/rom1504/img2dataset; opt-out: abuse.notification.dcomp12b@gmail.com;"
52.1.250.135 - - [11/Sep/2026:10:29:56 -0400] "GET /upload/resources/image/2024/07/04/2002724_4096x10000.jpeg HTTP/1.1" 404 11311 "-" "ImageBot/1.0 (compatible; research crawler; +https://github.com/rom1504/img2dataset; opt-out: abuse.notification.dcomp12b@gmail.com;"
50.19.85.253 - - [11/Sep/2026:10:29:56 -0400] "GET /upload/resources/image/2026/01/25/2701169_4096x10000.jpeg HTTP/1.1" 404 11311 "-" "ImageBot/1.0 (compatible; research crawler; +https://github.com/rom1504/img2dataset; opt-out: abuse.notification.dcomp12b@gmail.com;"
54.166.204.138 - - [11/Sep/2026:10:29:57 -0400] "GET /upload/resources/image/2023/09/25/1534677_4096x10000.jpeg HTTP/1.1" 404 11311 "-" "ImageBot/1.0 (compatible; research crawler; +https://github.com/rom1504/img2dataset; opt-out: abuse.notification.dcomp12b@gmail.com;"
52.1.250.135 - - [11/Sep/2026:10:29:57 -0400] "GET /upload/resources/image/2024/02/12/1779764_4096x10000.jpeg HTTP/1.1" 404 11311 "-" "ImageBot/1.0 (compatible; research crawler; +https://github.com/rom1504/img2dataset; opt-out: abuse.notification.dcomp12b@gmail.com;"
54.166.204.138 - - [11/Sep/2026:10:29:58 -0400] "GET /upload/resources/image/2026/02/02/2707238.jpg HTTP/1.1" 404 11311 "-" "ImageBot/1.0 (compatible; research crawler; +https://github.com/rom1504/img2dataset; opt-out: abuse.notification.dcomp12b@gmail.com;"
3.234.103.5 - - [11/Sep/2026:10:29:59 -0400] "GET /2023/12/27/%E3%80%90%E9%81%8A%E6%88%B2%E3%80%91%E6%88%91%E5%80%91%E6%88%90%E5%A9%9A%E5%90%A7%EF%BC%81%E5%BF%AB%E5%8C%85%E9%A4%8Aapp%E4%BE%86%E7%A7%80%E7%A7%80%E4%BD%A0%E5%92%8C%E7%94%B7%E7%A5%9E%E5%A5%B3/1053170u3u0pa03px1ezuq.jpg HTTP/1.1" 404 11311 "-" "ImageBot/1.0 (compatible; research crawler; +https://github.com/rom1504/img2dataset; opt-out: abuse.notification.dcomp12b@gmail.com;"
39.52.236.62 - - [11/Sep/2026:10:30:00 -0400] "POST /xmlrpc.php HTTP/1.1" 403 1242 "-" "Jetpack/12.0; WordPress/6.2; http://site79225875.com"
169.1.145.186 - - [11/Sep/2026:10:30:04 -0400] "POST /xmlrpc.php HTTP/1.1" 403 1242 "-" "WordPress.com; https://wordpress.com"
52.23.26.158 - - [11/Sep/2026:10:30:04 -0400] "GET /%E6%98%A5%E5%A4%A9%E5%90%83%E9%AD%9A%E5%B0%B1%E9%81%B8%E5%AE%83%EF%BC%81%E5%AF%A6%E6%83%A0%E5%8F%88%E7%87%9F%E9%A4%8A-%E9%AE%AE%E7%BE%8E%E6%87%89%E5%AD%A3%E6%9B%B4%E9%A4%8Aosder%E5%A5%A7%E6%96%AF/20260218/74382.jpg HTTP/1.1" 404 11311 "-" "ImageBot/1.0 (compatible; research crawler; +https://github.com/rom1504/img2dataset; opt-out: abuse.notification.dcomp12b@gmail.com;"
39.52.236.62 - - [11/Sep/2026:10:30:06 -0400] "POST /xmlrpc.php HTTP/1.1" 403 1242 "-" "Jetpack/12.1; WordPress/6.4; http://site10100373.com"
3.234.103.5 - - [11/Sep/2026:10:30:08 -0400] "GET /2024/03/27/%E6%90%AD%E4%B9%98%E6%90%AD%E5%BA%A7%E9%9B%BB%E6%A2%AF%EF%BC%8C%E9%80%99%E4%BA%9B%E5%B9%B3%E5%AE%89%E8%A6%81%E9%BB%9E%E8%AB%8B%E7%89%A2%E7%89%A2%E8%A8%98%E4%BD%8F/101002hvrxvrvbq3reeeqn.png HTTP/1.1" 404 11311 "-" "ImageBot/1.0 (compatible; research crawler; +https://github.com/rom1504/img2dataset; opt-out: abuse.notification.dcomp12b@gmail.com;"
3.234.103.5 - - [11/Sep/2026:10:30:10 -0400] "GET /upload/resources/image/2026/03/26/2756103_4096x10000.jpeg HTTP/1.1" 404 11311 "-" "ImageBot/1.0 (compatible; research crawler; +https://github.com/rom1504/img2dataset; opt-out: abuse.notification.dcomp12b@gmail.com;"
