52.1.250.135 - - [11/Sep/2026:09:18:43 -0400] "GET /2023/11/01/%E6%9C%80%E6%96%B0%E5%91%8A%E8%A8%B4%EF%BC%81%E6%B5%B7%E7%8F%A0%E5%BB%A3%E5%A0%B4%E7%AB%99%E5%8C%85%E9%A4%8A%E7%B6%93%E9%A9%97%EF%BC%8C%E6%81%A2%E5%BE%A9%EF%BC%81/4ba3abb5a85249aa9ddf8dbd2d86ba75.jpg HTTP/1.1" 404 11311 "-" "ImageBot/1.0 (compatible; research crawler; +https://github.com/rom1504/img2dataset; opt-out: abuse.notification.dcomp12b@gmail.com;"
52.1.250.135 - - [11/Sep/2026:09:18:43 -0400] "GET /upload/resources/image/2026/01/23/2699648_4096x10000.jpeg HTTP/1.1" 404 11311 "-" "ImageBot/1.0 (compatible; research crawler; +https://github.com/rom1504/img2dataset; opt-out: abuse.notification.dcomp12b@gmail.com;"
54.166.204.138 - - [11/Sep/2026:09:18:48 -0400] "GET /evisu%E6%9C%8D%E8%A3%9D%E5%95%86%E6%A8%99%E8%A2%AB%E8%80%B3%E6%A9%9F%E8%B7%A8osder%E5%A5%A7%E6%96%AF%E5%BE%B7%E6%B1%BD%E8%BB%8A%E6%9D%90%E6%96%99%E9%A1%9E%E4%BE%B5%E6%AC%8A%EF%BC%8C/20260426/540375.png HTTP/1.1" 404 11311 "-" "ImageBot/1.0 (compatible; research crawler; +https://github.com/rom1504/img2dataset; opt-out: abuse.notification.dcomp12b@gmail.com;"
88.235.246.21 - - [11/Sep/2026:09:18:48 -0400] "GET /author-sitemap.xml HTTP/1.1" 404 11311 "-" "Mozilla/5.0 (Macintosh; Intel Mac OS X 14.1; rv:127.0) Gecko/20100101 Firefox/127.0"
3.234.103.5 - - [11/Sep/2026:09:18:48 -0400] "GET /upload/resources/image/2023/11/29/1640007_4096x10000.jpeg HTTP/1.1" 404 11311 "-" "ImageBot/1.0 (compatible; research crawler; +https://github.com/rom1504/img2dataset; opt-out: abuse.notification.dcomp12b@gmail.com;"
54.166.204.138 - - [11/Sep/2026:09:18:48 -0400] "GET /html/files/2022-07/08/20220708081758365135442.jpg HTTP/1.1" 404 11311 "-" "ImageBot/1.0 (compatible; research crawler; +https://github.com/rom1504/img2dataset; opt-out: abuse.notification.dcomp12b@gmail.com;"
54.166.204.138 - - [11/Sep/2026:09:18:49 -0400] "GET /upload/resources/image/2026/03/23/2753501_4096x50000.jpeg HTTP/1.1" 404 11311 "-" "ImageBot/1.0 (compatible; research crawler; +https://github.com/rom1504/img2dataset; opt-out: abuse.notification.dcomp12b@gmail.com;"
50.19.85.253 - - [11/Sep/2026:09:18:58 -0400] "GET /upload/resources/image/2024/01/20/1733903_4096x10000.png HTTP/1.1" 404 11311 "-" "ImageBot/1.0 (compatible; research crawler; +https://github.com/rom1504/img2dataset; opt-out: abuse.notification.dcomp12b@gmail.com;"
50.19.85.253 - - [11/Sep/2026:09:19:01 -0400] "GET /%E4%B8%AD%E5%9C%8B%E9%90%B5%E8%B7%AF%EF%BC%9A%E7%B6%B2%E5%82%B32026%E5%B9%B4%E6%98%A5jiuyi%E4%BF%B1%E6%84%8F%E4%BD%8F%E5%AE%85%E8%A8%AD%E8%A8%88%E9%81%8B%E7%B6%A0%E7%9A%AE%E8%BB%8A%E5%9A%B4%E9%87%8D/20260216/57737.jpg HTTP/1.1" 404 11311 "-" "ImageBot/1.0 (compatible; research crawler; +https://github.com/rom1504/img2dataset; opt-out: abuse.notification.dcomp12b@gmail.com;"
52.1.250.135 - - [11/Sep/2026:09:19:02 -0400] "GET /%E3%80%90%E6%95%A3%E6%96%87%E8%8B%91%E3%80%91%E7%88%B6%E8%A6%AA%E7%9A%84%E6%89%81%E6%93%94%EF%BC%88%E4%BD%9C%E6%96%B0%E5%8C%97-%E4%B8%AD%E5%8F%A4%E5%B1%8B%E8%80%85%EF%BC%9A%E9%99%B3%E5%A8%9F%EF%BC%89/084503p4pzht1ipkin0ont.jpg HTTP/1.1" 404 11311 "-" "ImageBot/1.0 (compatible; research crawler; +https://github.com/rom1504/img2dataset; opt-out: abuse.notification.dcomp12b@gmail.com;"
52.23.26.158 - - [11/Sep/2026:09:19:03 -0400] "GET /%E6%B2%B3%E5%8D%97%E5%B9%B3%E8%BC%BF%E4%B8%8A%E7%99%BE%E4%BA%BA%E5%90%83%E7%B5%90%E5%A9%9A%E5%8C%85%E9%A4%8A%E7%B6%B2%E7%AB%99%E5%AE%B4%E5%BE%8C%E9%A3%9F%E5%93%81%E4%B8%AD%E6%AF%92%EF%BC%9F%E5%B8%82/e3827738f8984de5a0571308d4d026fd.png HTTP/1.1" 404 11311 "-" "ImageBot/1.0 (compatible; research crawler; +https://github.com/rom1504/img2dataset; opt-out: abuse.notification.dcomp12b@gmail.com;"
3.234.103.5 - - [11/Sep/2026:09:19:05 -0400] "GET /upload/resources/image/2025/02/03/2276960.jpg HTTP/1.1" 404 11311 "-" "ImageBot/1.0 (compatible; research crawler; +https://github.com/rom1504/img2dataset; opt-out: abuse.notification.dcomp12b@gmail.com;"
50.19.85.253 - - [11/Sep/2026:09:19:05 -0400] "GET /upload/resources/image/2026/02/13/2720157_4096x10000.png HTTP/1.1" 404 11311 "-" "ImageBot/1.0 (compatible; research crawler; +https://github.com/rom1504/img2dataset; opt-out: abuse.notification.dcomp12b@gmail.com;"
43.134.78.217 - - [11/Sep/2026:09:19:10 -0400] "GET /%e5%b9%b4%e5%a4%9c%e9%81%93%e8%87%b3%e7%b0%a1%e5%b0%88%e5%8c%85%e9%a4%8aapp%e5%af%a6%e5%b9%b2%e7%82%ba%e8%a6%81/ HTTP/1.1" 200 20159 "-" "Mozilla/5.0 (iPhone; CPU iPhone OS 13_2_3 like Mac OS X) AppleWebKit/605.1.15 (KHTML, like Gecko) Version/13.0.3 Mobile/15E148 Safari/604.1"
3.234.103.5 - - [11/Sep/2026:09:19:10 -0400] "GET /upload/resources/image/2026/02/28/2731990_4096x10000.jpeg HTTP/1.1" 404 11311 "-" "ImageBot/1.0 (compatible; research crawler; +https://github.com/rom1504/img2dataset; opt-out: abuse.notification.dcomp12b@gmail.com;"
52.23.26.158 - - [11/Sep/2026:09:19:11 -0400] "GET /upload/resources/image/2026/03/27/2757383_4096x10000.jpeg HTTP/1.1" 404 11311 "-" "ImageBot/1.0 (compatible; research crawler; +https://github.com/rom1504/img2dataset; opt-out: abuse.notification.dcomp12b@gmail.com;"
40.77.167.132 - - [11/Sep/2026:09:19:11 -0400] "GET /%E6%98%A5%E5%AD%A3%E8%B3%9E%E8%8A%B1%E6%B8%B8%E7%86%B1%E5%BA%A6s%E5%8C%85%E9%A4%8A%E7%B6%B2%E7%AB%99%E4%B8%8A%E6%BC%B23%E5%80%8D-%E8%B3%9E%E8%8A%B1%E8%B8%8F%E9%9D%92%E5%93%AA%E9%87%8C%E6%9C%80/ HTTP/2" 404 10066 "-" "Mozilla/5.0 AppleWebKit/537.36 (KHTML, like Gecko; compatible; bingbot/2.0; +http://www.bing.com/bingbot.htm) Chrome/116.0.1938.76 Safari/537.36"
40.77.167.132 - - [11/Sep/2026:09:19:11 -0400] "GET /%E6%9C%89%E9%A2%A8%E4%BE%86%E4%B8%A8%E6%96%87%E6%98%8E%E4%B8%AD%E5%9C%8B%E8%A1%8C%E9%81%87%E8%A6%8B%E7%9A%84%E4%B8%89%E5%BC%B5%E6%96%87%E4%B8%80%E5%8C%85%E9%A4%8Aapp%E5%8C%96/ HTTP/2" 404 10066 "-" "Mozilla/5.0 AppleWebKit/537.36 (KHTML, like Gecko; compatible; bingbot/2.0; +http://www.bing.com/bingbot.htm) Chrome/116.0.1938.76 Safari/537.36"
50.19.85.253 - - [11/Sep/2026:09:19:11 -0400] "GET /%E6%84%9B%E5%BF%83%E5%AE%B6%E5%9C%92%E7%B4%85%E7%B6%B2%E6%84%9B%E5%BF%83%E5%AE%B6%E5%9C%92%E6%8F%9B%E5%B1%8B%E7%9B%8A%E9%99%BD%E7%AB%99-%E5%8D%81%E5%B9%B4%E9%87%8C%E7%9A%84%E7%89%B9%E5%88%A5/111442di7j65n7z5ypyb7n.jpg HTTP/1.1" 404 11311 "-" "ImageBot/1.0 (compatible; research crawler; +https://github.com/rom1504/img2dataset; opt-out: abuse.notification.dcomp12b@gmail.com;"
50.19.85.253 - - [11/Sep/2026:09:19:12 -0400] "GET /html/files/2022-07/07/20220707202759055240911.jpg HTTP/1.1" 404 11311 "-" "ImageBot/1.0 (compatible; research crawler; +https://github.com/rom1504/img2dataset; opt-out: abuse.notification.dcomp12b@gmail.com;"
54.166.204.138 - - [11/Sep/2026:09:19:12 -0400] "GET /%E5%B0%8F%E5%81%B7%E7%9A%84%E6%89%8B%E9%82%84%E6%98%AF%E4%BC%B8%E5%90%91%E4%BA%86%E7%BE%BD%E6%AF%9B%E7%90%83%EF%BC%8C%E5%85%A9%E4%BA%BA%E7%B4%AF%E8%A8%88%E4%B8%8D%E7%AC%A6%E5%90%88%E6%B3%95jiuyi/20260120/24975.jpg HTTP/1.1" 404 11311 "-" "ImageBot/1.0 (compatible; research crawler; +https://github.com/rom1504/img2dataset; opt-out: abuse.notification.dcomp12b@gmail.com;"
207.46.13.17 - - [11/Sep/2026:09:19:16 -0400] "GET /%E3%80%90%E7%9B%B4%E6%93%8A%E5%BB%A3%E6%9D%B1%E3%80%91%E8%86%A0%E5%B7%B1%E4%BA%BA-%E9%80%99%E9%83%A8%E6%BD%AE%E6%B1%95%E6%96%B9%E8%A8%80%E9%99%A2%E7%B7%9A%E9%9B%BB%E5%BD%B1%E5%8D%B3%E4%B8%80%E5%8C%85/ HTTP/2" 404 10066 "-" "Mozilla/5.0 AppleWebKit/537.36 (KHTML, like Gecko; compatible; bingbot/2.0; +http://www.bing.com/bingbot.htm) Chrome/116.0.1938.76 Safari/537.36"
52.23.26.158 - - [11/Sep/2026:09:19:17 -0400] "GET /2023/11/23/%E7%96%AB%E6%83%85%E5%B0%B1%E8%A6%81%E5%81%9C%E5%8C%85%E9%A4%8A%E6%84%9F%E6%83%85%E6%AD%A2%EF%BC%8C%E4%B8%8D%E8%A6%81%E6%9C%AC%E8%BA%AB%E5%9A%87%E6%9C%AC%E8%BA%AB%E4%BA%86/103604qxqofiyl2irir62c.jpeg HTTP/1.1" 404 11311 "-" "ImageBot/1.0 (compatible; research crawler; +https://github.com/rom1504/img2dataset; opt-out: abuse.notification.dcomp12b@gmail.com;"
54.166.204.138 - - [11/Sep/2026:09:19:18 -0400] "GET /2024/03/20/%E7%B4%85%E7%B6%B2%E6%84%9B%E5%BF%83%E5%AE%B6%E5%9C%92%E7%9B%8A%E9%99%BD%E7%AB%99-%E5%8D%81%E6%88%BF%E7%94%A2%E6%8A%95%E8%B3%87%E5%B9%B4%E9%87%8C%E7%9A%84%E7%89%B9%E5%88%A5%E5%B9%AB%E6%89%B6/111443eccymh71qy1s81vs.jpg HTTP/1.1" 404 11311 "-" "ImageBot/1.0 (compatible; research crawler; +https://github.com/rom1504/img2dataset; opt-out: abuse.notification.dcomp12b@gmail.com;"
52.23.26.158 - - [11/Sep/2026:09:19:20 -0400] "GET /2024/03/08/2023%E5%B9%B4%E6%B4%AA%E6%B1%9F%E7%AD%96%E5%8A%83%E7%B8%A3%E5%9F%8E%E6%95%99%E6%88%BF%E7%94%A2%E6%8A%95%E8%B3%87%E5%B0%8E%E5%BE%A9%E8%88%88/230113xgge9m14zkx4e9gk.jpg HTTP/1.1" 404 11311 "-" "ImageBot/1.0 (compatible; research crawler; +https://github.com/rom1504/img2dataset; opt-out: abuse.notification.dcomp12b@gmail.com;"
50.19.85.253 - - [11/Sep/2026:09:19:24 -0400] "GET /2024/01/30/%E5%BC%B5%E4%B8%80%E5%B1%B1%E6%84%9B%E6%83%85%E5%86%8D%E6%9B%9D%E5%85%89%EF%BC%8C%E5%AD%9F%E7%BE%8E%E5%B2%90%E8%A6%93%E5%8C%85%E9%A4%8A%E7%B6%B2%E5%BF%83%E5%BE%97%E5%B9%AB%E9%96%A8%E8%9C%9C%E4%B8%8A/16145875d84904e88d9767.jpg HTTP/1.1" 404 11311 "-" "ImageBot/1.0 (compatible; research crawler; +https://github.com/rom1504/img2dataset; opt-out: abuse.notification.dcomp12b@gmail.com;"
52.1.250.135 - - [11/Sep/2026:09:19:31 -0400] "GET /%E7%BF%92%E8%A8%80%E9%81%93%EF%BD%9C9%E5%B9%B44%E6%AC%A1%E8%80%83%E6%A0%B8%E9%9B%84%E5%AE%89%EF%BC%8C%E7%BF%92osder%E5%A5%A7%E6%96%AF%E5%BE%B7%E6%B1%BD%E8%BB%8A%E9%9B%B6%E4%BB%B6%E8%BF%91%E5%B9%B3/20260326/313410.jpg HTTP/1.1" 404 11311 "-" "ImageBot/1.0 (compatible; research crawler; +https://github.com/rom1504/img2dataset; opt-out: abuse.notification.dcomp12b@gmail.com;"
52.1.250.135 - - [11/Sep/2026:09:19:32 -0400] "GET /%E4%B8%AD%E5%9C%8B%E7%AC%AC%E4%BA%8C%E9%83%A8%E6%B3%95%E5%85%B8%E6%9C%89%E4%BD%95%E4%BA%AE%E9%BB%9E%EF%BC%9Fjiuyi%E4%BF%B1%E6%84%8F%E7%BF%BB%E4%BF%AE%E8%A8%AD%E8%A8%88%E4%B8%80%E7%B5%84%E6%B5%B7/20260306/187518.jpg HTTP/1.1" 404 11311 "-" "ImageBot/1.0 (compatible; research crawler; +https://github.com/rom1504/img2dataset; opt-out: abuse.notification.dcomp12b@gmail.com;"
54.166.204.138 - - [11/Sep/2026:09:19:33 -0400] "GET /2023/12/13/%E5%B9%B4%E5%A4%9Cs%E8%A2%AB%E6%B1%AA%E5%B0%8F%E8%8F%B2%E6%89%87%E8%80%B3%E5%85%89%EF%BC%9F%E5%B0%8Fs%E9%82%A3%E8%8B%B1%E4%BA%92%E5%97%86%EF%BC%9F%E7%8E%8B%E6%80%9D%E8%81%B0%E9%9A%94%E7%A9%BA%E9%96%8B/14270872bf7c100dbfde90.jpg HTTP/1.1" 404 11311 "-" "ImageBot/1.0 (compatible; research crawler; +https://github.com/rom1504/img2dataset; opt-out: abuse.notification.dcomp12b@gmail.com;"
52.1.250.135 - - [11/Sep/2026:09:19:34 -0400] "GET /2024/03/05/2023%E6%A1%83%E5%9C%92-%E7%A4%BE%E5%8D%80%E5%A4%A7%E5%BB%88%E5%B9%B4%E6%B4%AA%E6%B1%9F%E7%AD%96%E5%8A%83%E7%B8%A3%E5%9F%8E%E6%95%99%E5%B0%8E%E5%BE%A9%E8%88%88/230106wdcyx11dyazwyyfx.jpg HTTP/1.1" 404 11311 "-" "ImageBot/1.0 (compatible; research crawler; +https://github.com/rom1504/img2dataset; opt-out: abuse.notification.dcomp12b@gmail.com;"
114.119.150.110 - - [11/Sep/2026:09:19:35 -0400] "GET /%e5%b1%b1%e6%9d%b1%e7%9c%81%e6%9d%b1%e5%b0%88%e5%8c%85%e9%a4%8a%e8%a1%8c%e6%83%85%e9%a2%a8%e8%88%89%e5%8b%95%e5%a4%b1%e6%a5%ad%e6%94%af%e6%8f%b4%e5%ad%a3%e6%8e%a8%e5%8b%95%e9%81%8b/ HTTP/1.1" 200 17429 "https://big-wife.com.tw/%e6%98%a5%e5%8f%b0%e5%8c%85%e9%a4%8a%e5%bf%83%e5%be%97%e5%a4%a9%e7%9a%84%e5%98%89%e6%9c%83%e5%b0%87%e8%87%b3%ef%bc%8c%e4%bb%96%e5%80%91%e9%83%bd%e5%9c%a8%e7%ad%89%e5%be%85%e5%95%a5/" "Mozilla/5.0 (Linux; Android 7.0;) AppleWebKit/537.36 (HTML, like Gecko) Mobile Safari/537.36 (compatible; PetalBot;+https://webmaster.petalsearch.com/site/petalbot)"
3.234.103.5 - - [11/Sep/2026:09:19:37 -0400] "GET /2024/03/19/%E6%88%91%E7%9A%84%E6%96%B0%E5%8C%97-%E4%B8%AD%E5%8F%A4%E5%B1%8B%E7%88%B6%E8%A6%AA/213544ahu81pzhvqph8uu8.png HTTP/1.1" 404 11311 "-" "ImageBot/1.0 (compatible; research crawler; +https://github.com/rom1504/img2dataset; opt-out: abuse.notification.dcomp12b@gmail.com;"
52.23.26.158 - - [11/Sep/2026:09:19:40 -0400] "GET /2024/03/04/%E3%80%90%E5%B0%8B%E6%99%AF%E6%B9%96%E5%8D%97%E3%80%91%E5%A5%A7%E7%A7%98%E7%9A%84%E6%83%B9%E5%B7%B4%E6%8B%89%E5%9C%9F%E5%AE%B6%E6%88%BF%E7%94%A2-%E7%B6%B2%E5%8F%A4%E6%9D%91%E5%AF%A8/171105kbjznb8zlabb8b7y.jpg HTTP/1.1" 404 11311 "-" "ImageBot/1.0 (compatible; research crawler; +https://github.com/rom1504/img2dataset; opt-out: abuse.notification.dcomp12b@gmail.com;"
216.194.86.197 - - [11/Sep/2026:09:19:44 -0400] "GET /%E9%BB%83%E6%B0%B8%E5%AE%8F%EF%BC%9A%E5%89%B5%E6%96%B0%E6%96%87%E6%98%8E%E5%BE%80%E5%B9%B4%E5%8A%A9%E5%9C%8B%E9%98%B2%E9%83%A8%E7%9C%81%E4%B8%8B1%E5%84%846000%E5%8F%B0%E5%8C%97%E7%A7%80%E5%82%B3/ HTTP/2" 200 15111 "-" "Mozilla/5.0 (Macintosh; Intel Mac OS X 10_15_7) AppleWebKit/537.36 (KHTML, like Gecko) Chrome/150.0.0.0 Safari/537.36"
50.19.85.253 - - [11/Sep/2026:09:19:46 -0400] "GET /%E6%99%82%E6%94%BFosder%E5%A5%A7%E6%96%AF%E5%BE%B7%E5%8F%B0%E5%8C%97%E6%B1%BD%E8%BB%8A%E6%96%B0%E8%81%9E%E7%9C%BC%E4%B8%A8%E7%B6%93%E6%BF%9F%E5%B9%B4%E5%A4%9C%E7%9C%81%E8%8B%A5%E4%BD%95%E6%8A%93/20260306/184714.jpg HTTP/1.1" 404 11311 "-" "ImageBot/1.0 (compatible; research crawler; +https://github.com/rom1504/img2dataset; opt-out: abuse.notification.dcomp12b@gmail.com;"
52.1.250.135 - - [11/Sep/2026:09:19:48 -0400] "GET /%E5%8A%A9%E5%8A%9B%E9%86%AB%E5%AD%B8%E4%BA%BA%E6%96%87%E5%BB%BA%E8%A8%AD%EF%BC%81%E3%80%8A%E7%8D%A8%E7%AB%8B%E6%80%9Dosder%E5%A5%A7%E6%96%AF%E5%BE%B7%E5%BE%B7%E7%B3%BB%E8%BB%8A%E6%85%AE%C2%B7%E6%9D%8E/20260307/191299.jpg HTTP/1.1" 404 11311 "-" "ImageBot/1.0 (compatible; research crawler; +https://github.com/rom1504/img2dataset; opt-out: abuse.notification.dcomp12b@gmail.com;"
52.1.250.135 - - [11/Sep/2026:09:19:51 -0400] "GET /2024/03/19/%E5%91%A8%E9%81%AD%E7%9A%84%E7%8B%80%E6%B3%81%E9%80%99%E4%B9%88%E5%A5%BD-%E6%88%91%E8%A6%81%E5%9B%9E%E9%84%89%E6%9D%91-%E6%A7%90%E6%A8%B9%E7%81%A3%E5%92%8C%E7%BE%8E%E5%B1%8B%E5%A0%B4-%E9%9B%99/010157ifllf36sz684l28t.jpg HTTP/1.1" 404 11311 "-" "ImageBot/1.0 (compatible; research crawler; +https://github.com/rom1504/img2dataset; opt-out: abuse.notification.dcomp12b@gmail.com;"
52.23.26.158 - - [11/Sep/2026:09:19:53 -0400] "GET /%E3%80%8A%E9%87%91%E7%93%B6%E6%A2%85%E3%80%8B%E7%A0%94%E8%A8%8E%E5%B0%88jiuyi%E4%BF%B1%E6%84%8F%E4%BD%8F%E5%AE%85%E8%A8%AD%E8%A8%88%E5%AE%B6%E7%8E%8B%E6%B1%9D%E6%A2%85%E5%8E%BB%E4%B8%96/20260327/324018.jpg HTTP/1.1" 404 11311 "-" "ImageBot/1.0 (compatible; research crawler; +https://github.com/rom1504/img2dataset; opt-out: abuse.notification.dcomp12b@gmail.com;"
52.23.26.158 - - [11/Sep/2026:09:19:57 -0400] "GET /upload/resources/image/2026/01/07/2683249.png?r=1767746834116 HTTP/1.1" 404 11311 "-" "ImageBot/1.0 (compatible; research crawler; +https://github.com/rom1504/img2dataset; opt-out: abuse.notification.dcomp12b@gmail.com;"
52.1.250.135 - - [11/Sep/2026:09:20:03 -0400] "GET /upload/resources/image/2026/03/11/2742420.jpg?r=1773184943556 HTTP/1.1" 404 11311 "-" "ImageBot/1.0 (compatible; research crawler; +https://github.com/rom1504/img2dataset; opt-out: abuse.notification.dcomp12b@gmail.com;"
52.1.250.135 - - [11/Sep/2026:09:20:05 -0400] "GET /2024/01/23/%E5%86%B6%E9%87%91%EF%BC%8C%E6%88%91%E5%8F%88%E4%B9%9D%E5%AE%AE%E6%A0%BC%E6%99%82%E7%A7%9F%E9%9D%9C%E9%9D%9C%E5%9C%B0%E4%BE%86%E4%BA%86/233128byf3373mfzncqn2f.jpg HTTP/1.1" 404 11311 "-" "ImageBot/1.0 (compatible; research crawler; +https://github.com/rom1504/img2dataset; opt-out: abuse.notification.dcomp12b@gmail.com;"
51.81.103.244 - - [11/Sep/2026:09:20:09 -0400] "GET /2025/07/25/%E9%96%8B%E5%B0%81%E5%B8%82%E5%BC%95%E9%BB%83%E7%81%8C%E5%8D%80%E4%BA%8B%E5%8B%99%E4%B8%AD%E9%96%93%E5%B1%95%E5%B0%88%E5%8C%85%E9%A4%8A%E7%B6%B2%E7%AB%99%E6%AF%94%E8%BC%83%E9%96%8B%E5%BC%95%E5%B0%8E/ HTTP/2" 403 1242 "-" "Mozilla/5.0 (compatible; AhrefsBot/7.0; +http://ahrefs.com/robot/)"
3.234.103.5 - - [11/Sep/2026:09:20:10 -0400] "GET /upload/resources/image/2023/11/28/1639480_4096x10000.jpeg HTTP/1.1" 404 11311 "-" "ImageBot/1.0 (compatible; research crawler; +https://github.com/rom1504/img2dataset; opt-out: abuse.notification.dcomp12b@gmail.com;"
50.19.85.253 - - [11/Sep/2026:09:20:11 -0400] "GET /upload/resources/image/2026/03/18/2749409_4096x10000.jpeg HTTP/1.1" 404 11311 "-" "ImageBot/1.0 (compatible; research crawler; +https://github.com/rom1504/img2dataset; opt-out: abuse.notification.dcomp12b@gmail.com;"
50.19.85.253 - - [11/Sep/2026:09:20:13 -0400] "GET /2024/03/28/%E3%80%90%E5%9B%9E%E7%9C%B82023%E3%80%91%E6%B9%96%E5%8D%97%E4%B9%9D%E6%BE%A7%E5%90%8D%E6%A8%93-%E7%99%BE%E5%A4%A7%E5%93%A5%E5%BA%97%E6%B4%A5%E5%B8%82%E8%B3%BC%E5%B1%8B%E7%9C%8B%E6%B1%9F%E6%A8%93/211132ecs4set78ercnnyp.jpg HTTP/1.1" 404 11311 "-" "ImageBot/1.0 (compatible; research crawler; +https://github.com/rom1504/img2dataset; opt-out: abuse.notification.dcomp12b@gmail.com;"
3.234.103.5 - - [11/Sep/2026:09:20:13 -0400] "GET /upload/resources/image/2023/01/08/1109069.jpg?r=1673144080451 HTTP/1.1" 404 11311 "-" "ImageBot/1.0 (compatible; research crawler; +https://github.com/rom1504/img2dataset; opt-out: abuse.notification.dcomp12b@gmail.com;"
50.19.85.253 - - [11/Sep/2026:09:20:15 -0400] "GET /upload/resources/image/2025/11/13/2632641_4096x10000.jpeg HTTP/1.1" 404 11311 "-" "ImageBot/1.0 (compatible; research crawler; +https://github.com/rom1504/img2dataset; opt-out: abuse.notification.dcomp12b@gmail.com;"
52.23.26.158 - - [11/Sep/2026:09:20:16 -0400] "GET /upload/resources/image/2026/02/09/2715393.jpg?r=1770620049929 HTTP/1.1" 404 11311 "-" "ImageBot/1.0 (compatible; research crawler; +https://github.com/rom1504/img2dataset; opt-out: abuse.notification.dcomp12b@gmail.com;"
54.166.204.138 - - [11/Sep/2026:09:20:21 -0400] "GET /upload/resources/image/2025/01/13/2247990_4096x10000.jpeg HTTP/1.1" 404 11311 "-" "ImageBot/1.0 (compatible; research crawler; +https://github.com/rom1504/img2dataset; opt-out: abuse.notification.dcomp12b@gmail.com;"
52.23.26.158 - - [11/Sep/2026:09:20:24 -0400] "GET /2023/10/04/%E4%B8%AD%E7%A7%8B%E3%80%81%E5%9C%8B%E6%85%B6%E5%81%87%E6%9C%9F%E9%81%A0%E7%A8%8B%E8%BB%8A%E7%A5%A8%E9%96%8B%E7%AB%AF%E9%A0%90%E5%94%AE%EF%BC%8C%E5%8A%A0%E5%8C%85%E9%A4%8A%E7%B6%B2%E7%AB%99%E5%A4%A7/107aa948c85a4c2a9e85b34c191e4236.jpeg HTTP/1.1" 404 11311 "-" "ImageBot/1.0 (compatible; research crawler; +https://github.com/rom1504/img2dataset; opt-out: abuse.notification.dcomp12b@gmail.com;"
50.19.85.253 - - [11/Sep/2026:09:20:25 -0400] "GET /2024/01/29/%E5%B0%8F%E7%B7%A8%E8%A6%AA%E6%B8%AC%EF%BC%81%E7%9C%9F%E4%BA%BA%E5%87%BA%E9%8F%A1%EF%BC%81%E5%A4%9A%E5%9C%96%E9%A0%90%E8%AD%A6%EF%BC%81%EF%BC%81%E8%A6%93%E5%8C%85%E9%A4%8Aapp%E7%B5%A6%E4%BD%A0/164930goofgzdx9h0bxb5f.jpg HTTP/1.1" 404 11311 "-" "ImageBot/1.0 (compatible; research crawler; +https://github.com/rom1504/img2dataset; opt-out: abuse.notification.dcomp12b@gmail.com;"
54.166.204.138 - - [11/Sep/2026:09:20:25 -0400] "GET /2023/12/03/%E9%87%91%E5%8F%A5%E4%BE%86%E7%9E%AD%EF%BC%81%E7%BF%92%E8%BF%91%E5%8C%85%E9%A4%8A%E5%83%B9%E6%A0%BC%E5%B9%B3%E5%9C%A8%E7%AC%AC%E4%B8%89%E5%B1%86%E4%B8%80%E5%B8%B6%E4%B8%80%E8%B7%AF/1ed548c4340d4395b68561cadca21df1.jpg HTTP/1.1" 404 11311 "-" "ImageBot/1.0 (compatible; research crawler; +https://github.com/rom1504/img2dataset; opt-out: abuse.notification.dcomp12b@gmail.com;"
54.166.204.138 - - [11/Sep/2026:09:20:25 -0400] "GET /2024/03/29/%E8%B5%B4%E6%96%B0%E5%8C%97-%E7%A4%BE%E5%8D%80%E5%A4%A7%E5%BB%88%E5%A9%81%E5%BA%95%E9%87%87%E9%A2%A8%E8%A8%98%E9%80%90%E4%B8%80%E8%A7%80%E8%B3%9E%E5%A9%81%E5%BA%95%E5%B8%82%E5%A9%81%E6%98%9F%E5%8D%80/141556in8aawcqohah8e66.jpg HTTP/1.1" 404 11311 "-" "ImageBot/1.0 (compatible; research crawler; +https://github.com/rom1504/img2dataset; opt-out: abuse.notification.dcomp12b@gmail.com;"
50.19.85.253 - - [11/Sep/2026:09:20:26 -0400] "GET /2023/10/08/%E7%82%BA%E4%BB%80%E9%BA%BC%E4%BB%96%E4%BA%BA4-2%EF%BC%8C%E6%88%91%E7%9A%844-3%EF%BC%9F%E6%88%BF%E8%B2%B8%E5%88%A9%E7%8E%87%E4%B8%8B%E8%AA%BF%E9%A6%96%E6%97%A5%EF%BC%8C%E9%8A%80%E8%A1%8Capp%E4%B8%80/e9463ed97ee84d30aead8b2057cedb3c.png HTTP/1.1" 404 11311 "-" "ImageBot/1.0 (compatible; research crawler; +https://github.com/rom1504/img2dataset; opt-out: abuse.notification.dcomp12b@gmail.com;"
54.152.163.42 - - [11/Sep/2026:09:20:26 -0400] "GET /%E5%9F%B7%E5%8B%A4%E8%BC%94%E8%AD%A6%E4%B8%AD%E6%9A%91%E6%9A%88%E5%84%84%E5%B5%90%E5%B7%A5%E5%AD%B8%E6%A4%85%E5%80%922%E6%AC%A1%E4%B8%96%E4%BA%BA%E7%86%B1%E5%BF%83%E5%AE%88%E8%AD%B7-25/ HTTP/1.1" 200 17534 "-" "Mozilla/5.0 AppleWebKit/537.36 (KHTML, like Gecko; compatible; Amazonbot/0.1; +https://developer.amazon.com/support/amazonbot) Chrome/119.0.6045.214 Safari/537.36"
50.19.85.253 - - [11/Sep/2026:09:20:29 -0400] "GET /upload/resources/image/2024/02/18/1787379_4096x10000.jpeg HTTP/1.1" 404 11311 "-" "ImageBot/1.0 (compatible; research crawler; +https://github.com/rom1504/img2dataset; opt-out: abuse.notification.dcomp12b@gmail.com;"
50.19.85.253 - - [11/Sep/2026:09:20:30 -0400] "GET /upload/resources/image/2026/03/20/2750711_4096x10000.png HTTP/1.1" 404 11311 "-" "ImageBot/1.0 (compatible; research crawler; +https://github.com/rom1504/img2dataset; opt-out: abuse.notification.dcomp12b@gmail.com;"
3.94.40.182 - - [11/Sep/2026:09:20:31 -0400] "GET /wp-json/wp/v2/posts/3812 HTTP/1.1" 200 9693 "-" "Mozilla/5.0 AppleWebKit/537.36 (KHTML, like Gecko; compatible; Amazonbot/0.1; +https://developer.amazon.com/support/amazonbot) Chrome/119.0.6045.214 Safari/537.36"
50.19.85.253 - - [11/Sep/2026:09:20:32 -0400] "GET /%E6%97%A9%E8%AE%80-%E6%B7%B1%E5%9C%B3%E9%A6%96%E6%8F%90%E5%96%AE%E8%BA%AB%E5%A5%B3%E6%80%A7%E7%94%9F%E9%A4%8A%E5%8A%9B%E8%A9%A6%E9%BB%9E%E5%9F%8E%E5%B8%82%EF%BC%9Bjiuyi%E4%BF%B1/20260209/6013.jpg HTTP/1.1" 404 11311 "-" "ImageBot/1.0 (compatible; research crawler; +https://github.com/rom1504/img2dataset; opt-out: abuse.notification.dcomp12b@gmail.com;"
3.234.103.5 - - [11/Sep/2026:09:20:34 -0400] "GET /upload/resources/image/2024/01/25/1746086_4096x10000.jpeg HTTP/1.1" 404 11311 "-" "ImageBot/1.0 (compatible; research crawler; +https://github.com/rom1504/img2dataset; opt-out: abuse.notification.dcomp12b@gmail.com;"
98.84.60.17 - - [11/Sep/2026:09:20:35 -0400] "GET /wp-json/oembed/1.0/embed?url=https://big-wife.com.tw/%25e6%2596%25b0%25e5%25bc%2595%25e6%2593%258e%25e8%25b7%2591%25e5%2587%25ba%25e5%258a%25a0%25e5%25bf%25ab%25e5%25ba%25a6-%25e5%25be%259e%25e4%25b8%2596%25e7%2595%258c%25e5%2588%25b0%25e4%25b9%259d%25e5%25ae%25ae%25e6%25a0%25bc%25e8%25ac%259b/ HTTP/1.1" 200 1373 "-" "Mozilla/5.0 AppleWebKit/537.36 (KHTML, like Gecko; compatible; Amazonbot/0.1; +https://developer.amazon.com/support/amazonbot) Chrome/119.0.6045.214 Safari/537.36"
50.19.85.253 - - [11/Sep/2026:09:20:35 -0400] "GET /upload/resources/image/2024/01/25/1744937_4096x10000.gif HTTP/1.1" 404 11311 "-" "ImageBot/1.0 (compatible; research crawler; +https://github.com/rom1504/img2dataset; opt-out: abuse.notification.dcomp12b@gmail.com;"
52.1.250.135 - - [11/Sep/2026:09:20:37 -0400] "GET /2024/03/29/%E9%87%8D%E9%8E%8A%E6%96%B0%E8%81%9E%EF%BC%9A%E9%BA%BB%E9%99%BD%E7%8B%80%E5%85%83%E5%BA%9C%E6%9D%AF%E5%85%A8%E7%B8%A3%E6%88%BF%E7%94%A2%E8%B3%87%E8%A8%8A%E4%B8%AD%E5%B0%8F%E5%85%88/211745j0zlb9m666zz0ybd.jpg HTTP/1.1" 404 11311 "-" "ImageBot/1.0 (compatible; research crawler; +https://github.com/rom1504/img2dataset; opt-out: abuse.notification.dcomp12b@gmail.com;"
54.166.204.138 - - [11/Sep/2026:09:20:39 -0400] "GET /2023/10/12/%E5%8E%9F%E5%89%B5-%E5%8C%85%E9%A4%8A%E5%83%B9%E6%A0%BC-2%E7%B4%856%E9%BB%83%EF%BC%81%E5%9C%8B%E8%B6%B3%E8%BF%B8%E7%99%BC%E5%8A%87%E7%83%88%E6%B2%96%E7%AA%81%EF%BC%81%E8%B3%BD%E5%BE%8C/dd2c649d9e5e4405b0291a4ec95161f1.jpeg HTTP/1.1" 404 11311 "-" "ImageBot/1.0 (compatible; research crawler; +https://github.com/rom1504/img2dataset; opt-out: abuse.notification.dcomp12b@gmail.com;"
54.166.204.138 - - [11/Sep/2026:09:20:39 -0400] "GET /upload/resources/image/2026/02/16/2722721_4096x10000.jpeg HTTP/1.1" 404 11311 "-" "ImageBot/1.0 (compatible; research crawler; +https://github.com/rom1504/img2dataset; opt-out: abuse.notification.dcomp12b@gmail.com;"
3.234.103.5 - - [11/Sep/2026:09:20:43 -0400] "GET /2024/03/10/%E6%BC%AB%E6%AD%A5%E8%B5%B0%E5%88%B0%E9%A6%AC%E6%AC%84%E5%8F%B0%E5%8C%97-%E7%A4%BE%E5%8D%80%E5%B1%B1/113209nafdpfbcvfjvcpzc.jpg HTTP/1.1" 404 11311 "-" "ImageBot/1.0 (compatible; research crawler; +https://github.com/rom1504/img2dataset; opt-out: abuse.notification.dcomp12b@gmail.com;"
42.193.100.131 - - [11/Sep/2026:09:20:43 -0400] "GET /%E5%86%B6%E9%87%91%EF%BC%8C%E6%88%91%E4%B8%80%E5%8C%85%E9%A4%8A%E5%8F%88%E9%9D%9C%E9%9D%9C%E5%9C%B0%E4%BE%86%E4%BA%86/204827fq53appqsu3qlsiq.jpg HTTP/1.1" 404 11311 "https://big-wife.com.tw/" "Mozilla/5.0 (Windows NT 10.0; Win64; x64) AppleWebKit/537.36 (KHTML, like Gecko) Chrome/105.0.0.0 Safari/537.3"
54.166.204.138 - - [11/Sep/2026:09:20:44 -0400] "GET /upload/resources/image/2024/09/10/2088155_4096x10000.jpeg HTTP/1.1" 404 11311 "-" "ImageBot/1.0 (compatible; research crawler; +https://github.com/rom1504/img2dataset; opt-out: abuse.notification.dcomp12b@gmail.com;"
52.1.250.135 - - [11/Sep/2026:09:20:45 -0400] "GET /2024/03/27/%E7%9B%8A%E9%99%BD%E5%9C%B0%E5%9F%9F%E7%9A%84%E8%BF%AD%E7%A4%BE%E5%8D%80%E8%AE%8A%E3%80%82/113924liud3k3lhzdbk33c.jpg HTTP/1.1" 404 11311 "-" "ImageBot/1.0 (compatible; research crawler; +https://github.com/rom1504/img2dataset; opt-out: abuse.notification.dcomp12b@gmail.com;"
54.166.204.138 - - [11/Sep/2026:09:20:45 -0400] "GET /2024/03/31/%E5%BE%9E%E9%80%99%E7%A8%AE%E4%BA%BA%E6%80%8E%E4%B9%88%E9%82%84%E8%B3%BC%E5%B1%8B%E5%B8%B6%E5%87%BA%E4%BE%86%E8%AA%AA%E8%B5%B7/153828irrj1vgf3nbxcdb1.jpg HTTP/1.1" 404 11311 "-" "ImageBot/1.0 (compatible; research crawler; +https://github.com/rom1504/img2dataset; opt-out: abuse.notification.dcomp12b@gmail.com;"
54.166.204.138 - - [11/Sep/2026:09:20:46 -0400] "GET /%E5%A4%A9%E9%82%A6%E9%89%86%E7%9F%B3%E5%B1%B1%E5%B0%8F%E5%8D%80%E8%A1%A1%E5%AE%87%E6%BB%B2%E6%B0%B4%E5%8D%81%E5%B9%B4%EF%BC%8C%E7%89%A9%E6%A5%AD%E5%8F%AA%E6%8F%9B%E5%B1%8B%E6%94%B6%E9%8C%A2%E4%B8%8D/101331m903bxb1bxrxdbdc.jpg HTTP/1.1" 404 11311 "-" "ImageBot/1.0 (compatible; research crawler; +https://github.com/rom1504/img2dataset; opt-out: abuse.notification.dcomp12b@gmail.com;"
50.19.85.253 - - [11/Sep/2026:09:20:46 -0400] "GET /%E5%AD%B8%E7%BF%92jiuyi%E4%BF%B1%E6%84%8F%E8%A8%BA%E6%89%80%E8%A8%AD%E8%A8%88%E7%AD%86%E8%A8%98-%E9%80%99%E4%BA%9B%E6%94%BF%E7%B8%BE%E8%A7%80%E9%8C%AF%E4%BD%8D%E7%9A%84%E8%A1%A8%E7%8F%BE%EF%BC%8C/20260318/261026.png HTTP/1.1" 404 11311 "-" "ImageBot/1.0 (compatible; research crawler; +https://github.com/rom1504/img2dataset; opt-out: abuse.notification.dcomp12b@gmail.com;"
50.19.85.253 - - [11/Sep/2026:09:20:49 -0400] "GET /%E5%8D%88%E5%90%8E%E9%9B%A8%E4%BE%86%E4%BA%86%EF%BC%81%E5%BB%A3%E5%B7%9E%E5%A4%9A%E5%8D%80%E7%99%BC%E5%B8%83%E9%A0%90%E8%AD%A6osder%E5%A5%A7%E6%96%AF%E5%BE%B7%E9%9B%B6%E4%BB%B6/20260302/156038.jpg HTTP/1.1" 404 11311 "-" "ImageBot/1.0 (compatible; research crawler; +https://github.com/rom1504/img2dataset; opt-out: abuse.notification.dcomp12b@gmail.com;"
52.23.26.158 - - [11/Sep/2026:09:20:50 -0400] "GET /upload/resources/image/2026/01/29/2704813_4096x10000.jpeg HTTP/1.1" 404 11311 "-" "ImageBot/1.0 (compatible; research crawler; +https://github.com/rom1504/img2dataset; opt-out: abuse.notification.dcomp12b@gmail.com;"
124.223.105.165 - - [11/Sep/2026:09:20:55 -0400] "GET /2024/04/01/%E3%80%90%E5%9B%9E%E7%9C%B82023%E3%80%91%E6%B9%96%E5%8D%97%E4%B9%9D%E6%BE%A7%E5%90%8D%E6%A8%93-%E7%99%BE%E5%A4%A7%E5%93%A5%E5%BA%97%E6%B4%A5%E5%B8%82%E7%9C%8B%E6%B1%9F%E6%A8%93%E6%96%B0%E5%BA%97/211222wyuzulhq1cs2u1ob.jpg HTTP/1.1" 404 11311 "https://big-wife.com.tw/" "Mozilla/5.0 (Windows NT 10.0; Win64; x64) AppleWebKit/537.36 (KHTML, like Gecko) Chrome/112.0.0.0 Safari/537.36"
52.23.26.158 - - [11/Sep/2026:09:20:57 -0400] "GET /upload/resources/image/2024/02/25/1800741_4096x10000.jpeg HTTP/1.1" 404 11311 "-" "ImageBot/1.0 (compatible; research crawler; +https://github.com/rom1504/img2dataset; opt-out: abuse.notification.dcomp12b@gmail.com;"
114.119.150.110 - - [11/Sep/2026:09:20:59 -0400] "GET /%e5%b1%b1%e5%90%9b%e4%b8%8d%e7%99%bc%e5%a8%81%ef%bc%8c%e4%bd%a0%e7%95%b6%e6%88%91%e6%98%af%e7%87%92%e9%b5%9d%ef%bc%9f21%e5%9f%8e%e9%96%8b%e6%89%93%ef%bc%8c%e7%b2%b5ba%e8%a7%80jiuyi%e4%bf%b1%e6%84%8f/ HTTP/1.1" 200 17493 "https://big-wife.com.tw/%e6%87%89%e6%80%a5%e9%83%a8%e9%96%80jiuyi%e4%bf%b1%e6%84%8f%e7%bf%bb%e4%bf%ae%e8%a8%ad%e8%a8%88%e5%9b%9e%e6%87%89%e5%85%a7%e8%92%99%e5%8f%a4%e7%a1%9d%e5%8c%96%e8%bb%8a%e9%96%93%e7%88%86%e7%82%b8/" "Mozilla/5.0 (Linux; Android 7.0;) AppleWebKit/537.36 (HTML, like Gecko) Mobile Safari/537.36 (compatible; PetalBot;+https://webmaster.petalsearch.com/site/petalbot)"
3.234.103.5 - - [11/Sep/2026:09:21:00 -0400] "GET /2024/01/23/%E5%86%B6%E9%87%91%EF%BC%8C%E6%88%91%E5%8F%88%E4%B9%9D%E5%AE%AE%E6%A0%BC%E6%99%82%E7%A7%9F%E9%9D%9C%E9%9D%9C%E5%9C%B0%E4%BE%86%E4%BA%86/235935qzkt7fg9k2gtt83g.jpg HTTP/1.1" 404 11311 "-" "ImageBot/1.0 (compatible; research crawler; +https://github.com/rom1504/img2dataset; opt-out: abuse.notification.dcomp12b@gmail.com;"
50.19.85.253 - - [11/Sep/2026:09:21:02 -0400] "GET /upload/resources/image/2025/03/04/2323863.jpg?r=1741054358394 HTTP/1.1" 404 11311 "-" "ImageBot/1.0 (compatible; research crawler; +https://github.com/rom1504/img2dataset; opt-out: abuse.notification.dcomp12b@gmail.com;"
50.19.85.253 - - [11/Sep/2026:09:21:02 -0400] "GET /2024/03/31/%E7%8D%B5%E8%B1%B9car-%E8%A2%AB%E8%A1%A1%E9%99%BD%E5%B8%82%E5%9C%8B%E8%B3%87%E5%A7%94%E5%9B%9E%E7%94%9F%E9%A6%96%E6%AC%BE%E8%BB%8A%E5%9E%8Bcs01ev%E5%8F%B0%E5%8C%97-%E6%88%BF%E5%9C%B0%E7%94%A2%E4%B8%8A/204831dyupent4c99zomep.jpg HTTP/1.1" 404 11311 "-" "ImageBot/1.0 (compatible; research crawler; +https://github.com/rom1504/img2dataset; opt-out: abuse.notification.dcomp12b@gmail.com;"
36.159.140.239 - - [11/Sep/2026:09:21:07 -0400] "GET /upload/resources/image/2026/04/06/2765034_4096x10000.jpeg HTTP/1.1" 404 11311 "https://big-wife.com.tw/" "Mozilla/5.0 (Windows NT 10.0; Win64; x64) AppleWebKit/537.36 (KHTML, like Gecko) Chrome/104.0.5112.81 Safari/537.36"
54.166.204.138 - - [11/Sep/2026:09:21:08 -0400] "GET /2024/03/18/%E6%B9%98%E8%A1%8C%E6%95%A3%E8%A8%98%E9%80%99%E7%AF%87%E5%BE%88%E9%95%B7%E6%B2%99%E7%9A%84%E9%AB%98%E8%80%83%E4%BD%9C%E6%96%87%E5%81%9A%E5%BE%97%E5%A5%BD%E5%8F%B0%E5%8D%97/172323o33t3cb3hnlnidcl.jpg HTTP/1.1" 404 11311 "-" "ImageBot/1.0 (compatible; research crawler; +https://github.com/rom1504/img2dataset; opt-out: abuse.notification.dcomp12b@gmail.com;"
52.23.26.158 - - [11/Sep/2026:09:21:08 -0400] "GET /%E5%BB%A3%E8%A5%BF%E4%B8%89%E6%B1%9F%EF%BC%9A%E6%A0%A1%E5%9C%92%E6%90%B6%E8%8A%B1%E7%82%AE-%E5%96%9C%E8%BF%8E%E4%B8%89%E6%9C%88%E4%B8%89_%E9%87%91%E7%BE%8A%E7%B6%B2jiuyi%E4%BF%B1/20260416/470121.jpg HTTP/1.1" 404 11311 "-" "ImageBot/1.0 (compatible; research crawler; +https://github.com/rom1504/img2dataset; opt-out: abuse.notification.dcomp12b@gmail.com;"
3.234.103.5 - - [11/Sep/2026:09:21:09 -0400] "GET /2024/01/30/%E5%BC%B5%E4%B8%80%E5%B1%B1%E6%84%9B%E6%83%85%E5%86%8D%E6%9B%9D%E5%85%89%EF%BC%8C%E5%AD%9F%E7%BE%8E%E5%B2%90%E8%A6%93%E5%8C%85%E9%A4%8A%E7%B6%B2%E5%BF%83%E5%BE%97%E5%B9%AB%E9%96%A8%E8%9C%9C%E4%B8%8A/1614066abdf738b102b9ea.jpg HTTP/1.1" 404 11311 "-" "ImageBot/1.0 (compatible; research crawler; +https://github.com/rom1504/img2dataset; opt-out: abuse.notification.dcomp12b@gmail.com;"
42.193.115.59 - - [11/Sep/2026:09:21:09 -0400] "GET /upload/resources/image/2026/04/06/2765034_4096x10000.jpeg HTTP/1.1" 404 11311 "https://big-wife.com.tw/" "Mozilla/5.0 (Windows NT 10.0; Win64; x64) AppleWebKit/537.36 (KHTML, like Gecko) Chrome/104.0.5112.81 Safari/537.36"
3.234.103.5 - - [11/Sep/2026:09:21:12 -0400] "GET /upload/resources/image/2024/01/24/1741941_4096x10000.jpeg HTTP/1.1" 404 11311 "-" "ImageBot/1.0 (compatible; research crawler; +https://github.com/rom1504/img2dataset; opt-out: abuse.notification.dcomp12b@gmail.com;"
54.166.204.138 - - [11/Sep/2026:09:21:12 -0400] "GET /upload/resources/image/2025/02/23/2310645_4096x10000.jpeg HTTP/1.1" 404 11311 "-" "ImageBot/1.0 (compatible; research crawler; +https://github.com/rom1504/img2dataset; opt-out: abuse.notification.dcomp12b@gmail.com;"
50.19.85.253 - - [11/Sep/2026:09:21:13 -0400] "GET /2024/03/23/%E9%87%87%E9%A2%A8%E5%BE%80%E5%93%AA%E9%87%8C%EF%BC%9F%E5%BE%80%E7%9B%8A%E9%99%BD%EF%BC%8C%E4%B8%80%E8%B7%AF%E5%BE%80%E5%87%9D%E8%81%BD%E6%84%9B%E5%B1%8B%E7%81%A3%E5%AD%B8%E9%9C%B8%E6%9D%91-3/140504ax457gj8z8xfbgt4.jpg HTTP/1.1" 404 11311 "-" "ImageBot/1.0 (compatible; research crawler; +https://github.com/rom1504/img2dataset; opt-out: abuse.notification.dcomp12b@gmail.com;"
185.191.171.11 - - [11/Sep/2026:09:21:13 -0400] "GET /%E6%89%98jiuyi%E4%BF%B1%E6%84%8F%E4%BD%8F%E5%AE%85%E8%A8%AD%E8%A8%88%E7%A6%8F%E5%9C%92%E7%A4%BE%E5%8D%80%E8%B7%AF%E6%BC%94%E6%B4%BB%E5%8B%95/ HTTP/1.1" 403 1242 "-" "Mozilla/5.0 (compatible; SemrushBot/7~bl; +http://www.semrush.com/bot.html)"
3.234.103.5 - - [11/Sep/2026:09:21:17 -0400] "GET /2024/02/10/%E6%89%BE%E5%8C%85%E9%A4%8A%E5%83%B9%E6%A0%BC%E6%8C%AF%E7%BF%85%E5%B7%A5%E5%85%B7%E5%8D%97%E5%8C%97%E4%B8%AD%EF%BC%81%E6%9C%89%E5%AE%83%E5%9C%A8%EF%BC%8C%E5%BA%95%E6%B0%A3%E5%B0%B1/ea28e0890dab47e7806351ea290fce91/images/935ce7faf3b8491a8f5e4a20c7be595b.jpg HTTP/1.1" 404 11311 "-" "ImageBot/1.0 (compatible; research crawler; +https://github.com/rom1504/img2dataset; opt-out: abuse.notification.dcomp12b@gmail.com;"
52.1.250.135 - - [11/Sep/2026:09:21:18 -0400] "GET /2023/10/11/%E5%93%88%E7%88%BE%E6%BF%B1%E5%8C%85%E9%A4%8A%E8%A1%8C%E6%83%85%E7%B5%84%E5%9C%98%E5%88%B0%E5%8D%97%E4%BA%AC%E8%B3%A3%E6%88%BF-%E6%88%90%E4%BA%A4%E9%87%8F/d3b4d95aa99240d5896ad3835b4e8e69.jpg HTTP/1.1" 404 11311 "-" "ImageBot/1.0 (compatible; research crawler; +https://github.com/rom1504/img2dataset; opt-out: abuse.notification.dcomp12b@gmail.com;"
52.1.250.135 - - [11/Sep/2026:09:21:21 -0400] "GET /2023/10/04/%E4%B8%AD%E7%A7%8B%E3%80%81%E5%9C%8B%E6%85%B6%E5%81%87%E6%9C%9F%E9%81%A0%E7%A8%8B%E8%BB%8A%E7%A5%A8%E9%96%8B%E7%AB%AF%E9%A0%90%E5%94%AE%EF%BC%8C%E5%8A%A0%E5%8C%85%E9%A4%8A%E7%B6%B2%E7%AB%99%E5%A4%A7/a2b0cf983fcc4ec9a2ee68f482e49c73.jpeg HTTP/1.1" 404 11311 "-" "ImageBot/1.0 (compatible; research crawler; +https://github.com/rom1504/img2dataset; opt-out: abuse.notification.dcomp12b@gmail.com;"
52.23.26.158 - - [11/Sep/2026:09:21:23 -0400] "GET /2024/03/31/%E7%8D%B5%E8%B1%B9car-%E8%A2%AB%E8%A1%A1%E9%99%BD%E5%B8%82%E5%9C%8B%E8%B3%87%E5%A7%94%E5%9B%9E%E7%94%9F%E9%A6%96%E6%AC%BE%E8%BB%8A%E5%9E%8Bcs01ev%E5%8F%B0%E5%8C%97-%E6%88%BF%E5%9C%B0%E7%94%A2%E4%B8%8A/141836j3zd881df1yy35uf.jpg HTTP/1.1" 404 11311 "-" "ImageBot/1.0 (compatible; research crawler; +https://github.com/rom1504/img2dataset; opt-out: abuse.notification.dcomp12b@gmail.com;"
50.19.85.253 - - [11/Sep/2026:09:21:27 -0400] "GET /2023/11/09/%E5%8A%89%E5%BE%B7%E8%8F%AF%E4%BB%A3%E8%A8%80%E5%A4%96%E8%B2%A8%E5%8C%85%E9%A4%8A%E9%81%AD%E6%9D%B1%E6%96%B9%E6%8A%B5%E6%8A%973%E5%A4%A9%E6%90%8D6%E5%84%84%E7%9B%B4%E6%92%AD%E9%97%9C%E6%89%93/b8984a30db3a45678e5fe9890f31bb31.jpeg HTTP/1.1" 404 11311 "-" "ImageBot/1.0 (compatible; research crawler; +https://github.com/rom1504/img2dataset; opt-out: abuse.notification.dcomp12b@gmail.com;"
54.166.204.138 - - [11/Sep/2026:09:21:29 -0400] "GET /2024/01/17/%E4%B8%80%E5%8C%85%E9%A4%8A%E7%B6%B2%E7%AB%99%E5%B8%B8%E5%BE%B7%E6%80%A7%E5%90%9F%E4%B9%8B%E4%B8%80/160524v4tgtii3iatwi38q.jpg HTTP/1.1" 404 11311 "-" "ImageBot/1.0 (compatible; research crawler; +https://github.com/rom1504/img2dataset; opt-out: abuse.notification.dcomp12b@gmail.com;"
185.170.167.18 - - [11/Sep/2026:09:21:33 -0400] "GET /%E6%89%98jiuyi%E4%BF%B1%E6%84%8F%E4%BD%8F%E5%AE%85%E8%A8%AD%E8%A8%88%E7%A6%8F%E5%9C%92%E7%A4%BE%E5%8D%80%E8%B7%AF%E6%BC%94%E6%B4%BB%E5%8B%95/ HTTP/1.1" 200 28119 "-" "Mozilla/5.0 (compatible; BacklinksExtendedBot)"
52.1.250.135 - - [11/Sep/2026:09:21:33 -0400] "GET /%E5%89%8D%E5%85%AC%E5%8F%B8%E9%81%B2%E9%81%B2%E4%B8%8D%E9%96%8B%E9%9B%A2%E8%81%B7%E8%AD%89%E6%98%8E%EF%BC%8C%E7%94%B7%E4%BA%BA4-5%E8%90%AC%E6%9C%88%E8%96%AA%E4%BB%BB%E5%8B%99%E8%A2%AB%E6%94%AA/20260417/474878.png HTTP/1.1" 404 11311 "-" "ImageBot/1.0 (compatible; research crawler; +https://github.com/rom1504/img2dataset; opt-out: abuse.notification.dcomp12b@gmail.com;"
54.166.204.138 - - [11/Sep/2026:09:21:35 -0400] "GET /%E6%B5%B7%E7%9A%84%E6%99%AF%E8%A7%80%E5%98%86jiuyi%E4%BF%B1%E6%84%8F%E4%BD%8F%E5%AE%85%E8%A8%AD%E8%A8%88%E5%95%A1%EF%BC%81%E5%92%96%E5%95%A1%E9%A3%84%E5%99%B4%E9%BC%BB%E6%BF%80%E6%B4%BB%E5%BB%A3/20260503/595065.png HTTP/1.1" 404 11311 "-" "ImageBot/1.0 (compatible; research crawler; +https://github.com/rom1504/img2dataset; opt-out: abuse.notification.dcomp12b@gmail.com;"
185.191.171.14 - - [11/Sep/2026:09:21:35 -0400] "GET /%E4%B8%89%E4%BA%9E%E4%BA%9E%E6%B2%99%E6%9C%83%E7%89%B9%E6%AE%8A%E5%A0%B1%E9%81%93%E4%B8%A8%E8%85%B3%E8%B8%A9%E8%BB%9F%E6%B2%99%E6%89%8B%E8%BD%89%E4%B9%BE%E5%B0%88%E5%8C%85%E9%A4%8A/ HTTP/1.1" 403 1242 "-" "Mozilla/5.0 (compatible; SemrushBot/7~bl; +http://www.semrush.com/bot.html)"
3.234.103.5 - - [11/Sep/2026:09:21:35 -0400] "GET /%E8%94%A1%E4%BE%9D%E6%9E%97%E6%BC%94%E5%94%B1%E6%9C%83%E8%A2%AB%E8%88%89%E5%A0%B1%E6%B2%96%E4%B8%8A%E7%86%B1%E6%90%9C%EF%BC%8130%E7%B1%B3%E6%A9%9F%E6%A2%B0%E8%9B%87%E3%80%81%E9%87%91/20260113/518523.png HTTP/1.1" 404 11311 "-" "ImageBot/1.0 (compatible; research crawler; +https://github.com/rom1504/img2dataset; opt-out: abuse.notification.dcomp12b@gmail.com;"
50.19.85.253 - - [11/Sep/2026:09:21:37 -0400] "GET /upload/resources/image/2026/02/06/2712885.png?r=1770356591026 HTTP/1.1" 404 11311 "-" "ImageBot/1.0 (compatible; research crawler; +https://github.com/rom1504/img2dataset; opt-out: abuse.notification.dcomp12b@gmail.com;"
54.166.204.138 - - [11/Sep/2026:09:21:38 -0400] "GET /%E9%AB%98%E4%B8%AD%E7%94%9F%E9%9B%86%E4%B8%AD%E9%81%B8%E7%89%A9%E5%8C%96%E7%94%9F%EF%BC%8C%E6%9C%89%E7%8F%AD%E9%A1%8D%E8%B6%8555%E4%BA%BAosder%E5%A5%A7%E6%96%AF%E5%BE%B7%E6%9D%90%E6%96%99%E5%A0%B1/20260420/494930.jpg HTTP/1.1" 404 11311 "-" "ImageBot/1.0 (compatible; research crawler; +https://github.com/rom1504/img2dataset; opt-out: abuse.notification.dcomp12b@gmail.com;"
117.132.188.205 - - [11/Sep/2026:09:21:38 -0400] "GET /xmlrpc.php?rsd HTTP/1.1" 403 1242 "-" "Mozilla/5.0 (Windows NT 10.0; Win64; x64) AppleWebKit/537.36 (KHTML, like Gecko) Chrome/107.0.0.0 Safari/537.36"
111.58.248.219 - - [11/Sep/2026:09:21:39 -0400] "GET /upload/resources/image/2026/01/05/2680874_4096x50000.jpeg HTTP/1.1" 404 11311 "https://big-wife.com.tw/" "Mozilla/5.0 (Windows NT 10.0; Win64; x64) AppleWebKit/537.36 (KHTML, like Gecko) Chrome/124.0.0.0 Safari/537.36"
117.132.188.205 - - [11/Sep/2026:09:21:41 -0400] "GET /wp-json/ HTTP/1.1" 200 26274 "-" "Mozilla/5.0 (Windows NT 10.0; Win64; x64) AppleWebKit/537.36 (KHTML, like Gecko) Chrome/107.0.0.0 Safari/537.36"
43.136.181.13 - - [11/Sep/2026:09:21:41 -0400] "GET /upload/resources/image/2026/01/05/2680874_4096x50000.jpeg HTTP/1.1" 404 11311 "https://big-wife.com.tw/" "Mozilla/5.0 (Windows NT 10.0; Win64; x64) AppleWebKit/537.36 (KHTML, like Gecko) Chrome/124.0.0.0 Safari/537.36"
52.23.26.158 - - [11/Sep/2026:09:21:43 -0400] "GET /html/files/2021-08/15/20210815075859731616377.png HTTP/1.1" 404 11311 "-" "ImageBot/1.0 (compatible; research crawler; +https://github.com/rom1504/img2dataset; opt-out: abuse.notification.dcomp12b@gmail.com;"
52.1.250.135 - - [11/Sep/2026:09:21:44 -0400] "GET /upload/resources/image/2024/09/09/2087520_4096x10000.jpeg HTTP/1.1" 404 11311 "-" "ImageBot/1.0 (compatible; research crawler; +https://github.com/rom1504/img2dataset; opt-out: abuse.notification.dcomp12b@gmail.com;"
3.234.103.5 - - [11/Sep/2026:09:21:45 -0400] "GET /2024/03/09/%E5%AE%B6%E5%9C%92%E7%BE%8E%E4%B8%8D%E5%8B%95%E7%94%A2%E5%A6%82%E7%95%AB/112041vx2dzxwq4gg4uqgg.jpg HTTP/1.1" 404 11311 "-" "ImageBot/1.0 (compatible; research crawler; +https://github.com/rom1504/img2dataset; opt-out: abuse.notification.dcomp12b@gmail.com;"
3.234.103.5 - - [11/Sep/2026:09:21:48 -0400] "GET /%E4%B8%96%E7%95%8C%E7%B4%9A%E5%8C%96%E5%B7%A5%E7%87%88%E5%A1%94jiuyi%E4%BF%B1%E6%84%8F%E7%BF%BB%E4%BF%AE%E8%A8%AD%E8%A8%88%EF%BC%8C%E6%9C%AC%E6%97%A5%E5%9C%A8%E6%B9%9B%E6%B1%9F/20260326/311607.png HTTP/1.1" 404 11311 "-" "ImageBot/1.0 (compatible; research crawler; +https://github.com/rom1504/img2dataset; opt-out: abuse.notification.dcomp12b@gmail.com;"
52.23.26.158 - - [11/Sep/2026:09:21:49 -0400] "GET /html/files/2022-06/25/20220625133502419988345.jpg HTTP/1.1" 404 11311 "-" "ImageBot/1.0 (compatible; research crawler; +https://github.com/rom1504/img2dataset; opt-out: abuse.notification.dcomp12b@gmail.com;"
50.19.85.253 - - [11/Sep/2026:09:21:53 -0400] "GET /%E4%B8%80%E4%BD%8D%E5%9D%90%E6%9D%9F%E7%B8%9B%E7%89%8C%E8%B2%A8%E8%BB%8A%E6%96%B0%E5%A8%98%E7%9A%84%E5%AF%86%E6%84%8F%E5%9B%9E%E7%9C%B8%EF%BC%88%E6%95%A3%E6%96%87%EF%BC%89-2/104222py3tvymvh33o583n.jpg HTTP/1.1" 404 11311 "-" "ImageBot/1.0 (compatible; research crawler; +https://github.com/rom1504/img2dataset; opt-out: abuse.notification.dcomp12b@gmail.com;"
50.19.85.253 - - [11/Sep/2026:09:21:54 -0400] "GET /2024/03/10/%E6%BC%AB%E6%AD%A5%E8%B5%B0%E5%88%B0%E9%A6%AC%E6%AC%84%E5%8F%B0%E5%8C%97-%E7%A4%BE%E5%8D%80%E5%B1%B1/113206hckb37k13jz01e7a.jpg HTTP/1.1" 404 11311 "-" "ImageBot/1.0 (compatible; research crawler; +https://github.com/rom1504/img2dataset; opt-out: abuse.notification.dcomp12b@gmail.com;"
54.166.204.138 - - [11/Sep/2026:09:21:54 -0400] "GET /2024/03/19/%E5%91%A8%E9%81%AD%E7%9A%84%E7%8B%80%E6%B3%81%E9%80%99%E4%B9%88%E5%A5%BD-%E6%88%91%E8%A6%81%E5%9B%9E%E9%84%89%E6%9D%91-%E6%A7%90%E6%A8%B9%E7%81%A3%E5%92%8C%E7%BE%8E%E5%B1%8B%E5%A0%B4-%E9%9B%99/011857jne4inl7leanpukp.jpg HTTP/1.1" 404 11311 "-" "ImageBot/1.0 (compatible; research crawler; +https://github.com/rom1504/img2dataset; opt-out: abuse.notification.dcomp12b@gmail.com;"
3.234.103.5 - - [11/Sep/2026:09:21:58 -0400] "GET /2023/08/09/%E5%8C%85%E9%A4%8A%E7%B6%93%E9%A9%97/193704qe2uuc2uce0w6sgg.jpg HTTP/1.1" 404 11311 "-" "ImageBot/1.0 (compatible; research crawler; +https://github.com/rom1504/img2dataset; opt-out: abuse.notification.dcomp12b@gmail.com;"
52.1.250.135 - - [11/Sep/2026:09:22:01 -0400] "GET /%E7%8E%8B%E6%9B%BC%E6%98%B1%E8%88%87%E5%AD%AB%E7%A9%8E%E8%8E%8E%E6%9C%83%E5%B8%AB%E6%B1%BA%E8%B3%BD%EF%BC%8C%E5%9C%8B%E4%B9%92%E9%8E%96%E5%AE%9A%E4%B8%96%E7%95%8C%E6%9D%AF%E5%A5%B3%E5%96%AEosder/20260405/390365.jpg HTTP/1.1" 404 11311 "-" "ImageBot/1.0 (compatible; research crawler; +https://github.com/rom1504/img2dataset; opt-out: abuse.notification.dcomp12b@gmail.com;"
117.132.188.205 - - [11/Sep/2026:09:21:52 -0400] "GET /comments/feed/ HTTP/1.1" 200 452 "-" "Mozilla/5.0 (Windows NT 10.0; Win64; x64) AppleWebKit/537.36 (KHTML, like Gecko) Chrome/107.0.0.0 Safari/537.36"
3.234.103.5 - - [11/Sep/2026:09:22:07 -0400] "GET /%E6%88%90%E9%83%BD%E7%9C%BE%E7%B1%8C%E6%AE%BAosder%E5%A5%A7%E6%96%AF%E5%BE%B7%E6%B1%BD%E8%BB%8A%E9%9B%B6%E4%BB%B6%E8%B1%AC%E5%AE%B4%EF%BC%9A%E5%8D%83%E4%BA%BA%E5%85%B1%E8%B5%B4/20260120/12872.jpg HTTP/1.1" 404 11311 "-" "ImageBot/1.0 (compatible; research crawler; +https://github.com/rom1504/img2dataset; opt-out: abuse.notification.dcomp12b@gmail.com;"
52.1.250.135 - - [11/Sep/2026:09:22:10 -0400] "GET /2024/03/04/%E8%90%AC%E5%85%AC%E9%87%8C%E8%B7%91%E8%80%85%E9%84%A7%E8%89%AF%E8%8F%AF%E8%B7%91%E5%87%BA%E5%9C%8B%E9%96%80%E6%96%B0%E5%8C%97%E6%88%BF%E7%94%A2%E5%8D%81%E5%A4%A9%E8%A8%98/212541jpdxn8u1u81lj1zm.jpg-wm HTTP/1.1" 404 11311 "-" "ImageBot/1.0 (compatible; research crawler; +https://github.com/rom1504/img2dataset; opt-out: abuse.notification.dcomp12b@gmail.com;"
117.132.188.205 - - [11/Sep/2026:09:21:58 -0400] "GET /feed/ HTTP/1.1" 200 32640 "-" "Mozilla/5.0 (Windows NT 10.0; Win64; x64) AppleWebKit/537.36 (KHTML, like Gecko) Chrome/107.0.0.0 Safari/537.36"
50.19.85.253 - - [11/Sep/2026:09:22:11 -0400] "GET /%E6%AC%8A%E5%A8%81%E6%95%B8%E8%AE%80%EF%BD%9C%E4%B8%80osder%E5%A5%A7%E6%96%AF%E5%BE%B7%E9%9B%B6%E4%BB%B6%E5%A0%B1%E5%83%B9%E5%91%A8%E9%9D%9A%E6%95%B8/20260503/592975.jpg HTTP/1.1" 404 11311 "-" "ImageBot/1.0 (compatible; research crawler; +https://github.com/rom1504/img2dataset; opt-out: abuse.notification.dcomp12b@gmail.com;"
223.77.126.133 - - [11/Sep/2026:09:22:12 -0400] "GET /upload/resources/image/2025/03/21/2350673.png?r=1742544296896 HTTP/1.1" 404 11311 "https://big-wife.com.tw/" "Mozilla/5.0 (Windows NT 10.0; Win64; x64) AppleWebKit/537.36 (KHTML, like Gecko) Chrome/120.0.0.0 Safari/537.36"
54.166.204.138 - - [11/Sep/2026:09:22:13 -0400] "GET /upload/resources/image/2024/09/04/2082013_4096x10000.jpeg HTTP/1.1" 404 11311 "-" "ImageBot/1.0 (compatible; research crawler; +https://github.com/rom1504/img2dataset; opt-out: abuse.notification.dcomp12b@gmail.com;"
114.117.242.95 - - [11/Sep/2026:09:22:14 -0400] "GET /upload/resources/image/2025/03/21/2350673.png?r=1742544296896 HTTP/1.1" 404 11311 "https://big-wife.com.tw/" "Mozilla/5.0 (Windows NT 10.0; Win64; x64) AppleWebKit/537.36 (KHTML, like Gecko) Chrome/120.0.0.0 Safari/537.36"
117.132.188.205 - - [11/Sep/2026:09:22:16 -0400] "GET /page/2/ HTTP/1.1" 200 21143 "-" "Mozilla/5.0 (Windows NT 10.0; Win64; x64) AppleWebKit/537.36 (KHTML, like Gecko) Chrome/107.0.0.0 Safari/537.36"
117.132.188.205 - - [11/Sep/2026:09:22:17 -0400] "GET /%e5%85%b1%e8%a9%b1%e6%94%b6%e9%9b%86%e7%b4%a0%e9%a4%8a%e6%89%b6%e6%a4%8d-%e5%85%b1%e7%ad%91%e7%be%8e%e5%a6%99%e7%b2%be%e5%b0%88%e5%8c%85%e9%a4%8a%e7%b6%b2%e5%8a%9b%e5%ae%b6%e5%9c%92/ HTTP/1.1" 200 18900 "-" "Mozilla/5.0 (Windows NT 10.0; Win64; x64) AppleWebKit/537.36 (KHTML, like Gecko) Chrome/107.0.0.0 Safari/537.36"
117.132.188.205 - - [11/Sep/2026:09:22:17 -0400] "GET /202osder%e5%a5%a7%e6%96%af%e5%be%b7%e6%b1%bd%e8%bb%8a%e9%9b%b6%e4%bb%b65%e5%87%ba%e7%99%bc%ef%bc%8c%e6%af%8f%e4%b8%80%e5%b0%8f%e6%88%91%e9%83%bd%e6%98%af%e9%85%8d%e8%a7%92%ef%bc%81/ HTTP/1.1" 200 21965 "-" "Mozilla/5.0 (Windows NT 10.0; Win64; x64) AppleWebKit/537.36 (KHTML, like Gecko) Chrome/107.0.0.0 Safari/537.36"
117.155.182.178 - - [11/Sep/2026:09:22:19 -0400] "GET /%E3%80%90%E6%88%BF%E5%9C%B0%E7%94%A2%E6%94%9D%E5%BD%B1%E4%BA%AE%E9%BB%9E%E3%80%91%E8%B5%B0%E9%80%B2%E7%9A%96%E5%8D%97%E7%9F%B3%E8%87%BA%EF%BC%9A%E6%AD%A1%E4%BA%AB%E5%AF%8C%E7%A1%92%E8%B2%A0%E6%B0%A7/212210dwy2p82s1488e22z.jpg HTTP/1.1" 404 11311 "https://big-wife.com.tw/" "Mozilla/5.0 (Windows NT 10.0; Win64; x64) AppleWebKit/537.36 (KHTML, like Gecko) Chrome/110.0.0.0 Safari/537.36"
117.132.188.205 - - [11/Sep/2026:09:22:19 -0400] "GET /56%e5%b9%b4%e5%b0%88%e6%b3%a8%e6%a6%86%e6%a8%b9%e5%8a%a3%e7%a8%ae%e7%a7%80%e5%82%b3%e9%86%ab%e9%99%a2%e8%b2%bb%e7%94%a8%e9%81%b8%e8%82%b2%ef%bc%8c%e5%bc%b5%e6%85%b6%e9%80%a3-%e7%b6%a0/ HTTP/1.1" 200 22503 "-" "Mozilla/5.0 (Windows NT 10.0; Win64; x64) AppleWebKit/537.36 (KHTML, like Gecko) Chrome/107.0.0.0 Safari/537.36"
117.132.188.205 - - [11/Sep/2026:09:22:19 -0400] "GET /%e9%8a%98%e5%88%bb%e6%b1%97%e9%9d%92%e6%87%b7%e5%bf%b5%e5%85%88%e7%83%88%c2%b7%e4%bb%8a%e6%98%94%e5%88%b0%e4%b9%9d%e5%ae%ae%e6%a0%bc%e5%8a%87%e8%ae%8a%ef%bd%9c%e7%99%bd%e8%89%b2%e7%86%b1/ HTTP/1.1" 200 21270 "-" "Mozilla/5.0 (Windows NT 10.0; Win64; x64) AppleWebKit/537.36 (KHTML, like Gecko) Chrome/107.0.0.0 Safari/537.36"
117.132.188.205 - - [11/Sep/2026:09:22:20 -0400] "GET /%e6%8a%8aosder%e5%a5%a7%e6%96%af%e5%be%b7%e6%b1%bd%e8%bb%8a%e6%9d%90%e6%96%99%e8%b2%a8%e8%bb%8a%e5%8f%b8%e6%a9%9f%e7%9a%84%e6%9c%9f%e7%9b%bc%e5%b8%b6%e5%88%b0%e5%9c%8b%e6%b0%91%e5%b9%b4%e5%a4%9c/ HTTP/1.1" 200 19350 "-" "Mozilla/5.0 (Windows NT 10.0; Win64; x64) AppleWebKit/537.36 (KHTML, like Gecko) Chrome/107.0.0.0 Safari/537.36"
117.132.188.205 - - [11/Sep/2026:09:22:21 -0400] "GET /%e3%80%90%e9%a6%ac%e5%9c%8b%e5%b9%b4%e5%a4%9c%e9%81%b8%e3%80%91%e9%a6%ac%e5%93%88%e8%bf%aa%e6%96%97%e6%96%b0%e7%ab%b9%e6%a3%ae%e5%92%8c%e8%a8%ba%e6%89%80%e5%a3%ab%e9%bb%a8%e5%90%89%e6%89%93%e5%85%a8/ HTTP/1.1" 200 17021 "-" "Mozilla/5.0 (Windows NT 10.0; Win64; x64) AppleWebKit/537.36 (KHTML, like Gecko) Chrome/107.0.0.0 Safari/537.36"
117.132.188.205 - - [11/Sep/2026:09:22:22 -0400] "GET /%e7%8e%8b%e7%a7%80%e8%8a%9d%ef%bc%9a%e4%b8%89%e5%8d%81%e4%bd%99%e5%88%b0%e4%b9%9d%e5%ae%ae%e6%a0%bc%e5%85%b1%e4%ba%ab%e7%a9%ba%e9%96%93%e8%bc%89%e6%89%8e%e6%a0%b9%e9%83%8a%e9%87%8e%e6%90%9e%e7%a7%91/ HTTP/1.1" 200 19137 "-" "Mozilla/5.0 (Windows NT 10.0; Win64; x64) AppleWebKit/537.36 (KHTML, like Gecko) Chrome/107.0.0.0 Safari/537.36"
49.235.40.195 - - [11/Sep/2026:09:22:23 -0400] "GET /%E3%80%90%E6%88%BF%E5%9C%B0%E7%94%A2%E6%94%9D%E5%BD%B1%E4%BA%AE%E9%BB%9E%E3%80%91%E8%B5%B0%E9%80%B2%E7%9A%96%E5%8D%97%E7%9F%B3%E8%87%BA%EF%BC%9A%E6%AD%A1%E4%BA%AB%E5%AF%8C%E7%A1%92%E8%B2%A0%E6%B0%A7/212210dwy2p82s1488e22z.jpg HTTP/1.1" 404 11311 "https://big-wife.com.tw/" "Mozilla/5.0 (Windows NT 10.0; Win64; x64) AppleWebKit/537.36 (KHTML, like Gecko) Chrome/110.0.0.0 Safari/537.36"
114.119.134.67 - - [11/Sep/2026:09:22:23 -0400] "GET /%e5%b1%95%e9%96%8b%e5%a4%b1%e6%a5%ad%e5%9f%b9%e8%a8%93%e7%a7%80%e5%82%b3%e9%86%ab%e9%99%a2%e9%ab%94%e6%aa%a2%e5%a2%9e%e9%80%b2%e5%86%b0%e9%9b%aa%e8%8a%b1%e8%b2%bb/ HTTP/1.1" 200 16317 "https://big-wife.com.tw/%e6%bc%b2%e4%b8%80%e5%b9%b4%e4%ba%86%ef%bc%8c%e7%a7%80%e5%82%b3%e9%86%ab%e9%99%a2%e5%8b%9e%e6%aa%a2%e5%92%96%e5%95%a1%e8%b1%86%e5%83%b9%e9%8c%a2%e9%80%99%e6%98%af%e9%ac%a7%e5%93%aa%e6%a8%a3%ef%bc%9f/" "Mozilla/5.0 (Linux; Android 7.0;) AppleWebKit/537.36 (HTML, like Gecko) Mobile Safari/537.36 (compatible; PetalBot;+https://webmaster.petalsearch.com/site/petalbot)"
117.132.188.205 - - [11/Sep/2026:09:22:23 -0400] "GET /%e6%9c%ac%e5%b9%b4%e5%89%8d10%e6%9c%88%e6%96%b0%e7%96%86%e9%9c%8d%e7%88%be%e6%9e%9c%e6%96%af%e6%b8%af%e5%8f%a3%e9%80%b2%e5%87%ba%e5%8f%a3%e8%b2%a8%e9%81%8b%e9%87%8f%e8%b6%853800%e8%90%ac%e5%84%84/ HTTP/1.1" 200 17382 "-" "Mozilla/5.0 (Windows NT 10.0; Win64; x64) AppleWebKit/537.36 (KHTML, like Gecko) Chrome/107.0.0.0 Safari/537.36"
50.19.85.253 - - [11/Sep/2026:09:22:24 -0400] "GET /upload/resources/image/2024/02/16/1785218_4096x10000.jpeg HTTP/1.1" 404 11311 "-" "ImageBot/1.0 (compatible; research crawler; +https://github.com/rom1504/img2dataset; opt-out: abuse.notification.dcomp12b@gmail.com;"
