50.19.85.253 - - [11/Sep/2026:10:12:27 -0400] "GET /html/files/2021-03/15/20210315165642649955814.jpg HTTP/1.1" 404 11311 "-" "ImageBot/1.0 (compatible; research crawler; +https://github.com/rom1504/img2dataset; opt-out: abuse.notification.dcomp12b@gmail.com;"
3.234.103.5 - - [11/Sep/2026:10:12:27 -0400] "GET /2023/12/13/%E5%B9%B4%E5%A4%9Cs%E8%A2%AB%E6%B1%AA%E5%B0%8F%E8%8F%B2%E6%89%87%E8%80%B3%E5%85%89%EF%BC%9F%E5%B0%8Fs%E9%82%A3%E8%8B%B1%E4%BA%92%E5%97%86%EF%BC%9F%E7%8E%8B%E6%80%9D%E8%81%B0%E9%9A%94%E7%A9%BA%E9%96%8B/142731e188bde457f6e73b.jpg HTTP/1.1" 404 11311 "-" "ImageBot/1.0 (compatible; research crawler; +https://github.com/rom1504/img2dataset; opt-out: abuse.notification.dcomp12b@gmail.com;"
54.166.204.138 - - [11/Sep/2026:10:12:29 -0400] "GET /upload/resources/image/2026/02/06/2713287_450x10000.jpg?r=1770366302367 HTTP/1.1" 404 11311 "-" "ImageBot/1.0 (compatible; research crawler; +https://github.com/rom1504/img2dataset; opt-out: abuse.notification.dcomp12b@gmail.com;"
50.19.85.253 - - [11/Sep/2026:10:12:29 -0400] "GET /%E5%88%B6%E8%8A%B1%E7%87%88-%E8%BF%8E%E6%96%B0osder%E5%A5%A7%E6%96%AF%E5%BE%B7%E5%BE%B7%E7%B3%BB%E8%BB%8A%E6%98%A5/20260204/116964.jpg HTTP/1.1" 404 11311 "-" "ImageBot/1.0 (compatible; research crawler; +https://github.com/rom1504/img2dataset; opt-out: abuse.notification.dcomp12b@gmail.com;"
52.1.250.135 - - [11/Sep/2026:10:12:30 -0400] "GET /%E4%B8%80%E6%A0%B9%E7%94%98%E8%94%97%E7%9A%84osder%E5%A5%A7%E6%96%AF%E5%BE%B7%E5%8F%B0%E5%8C%97%E6%B1%BD%E8%BB%8A%E7%94%9C%E8%88%87%E4%B8%80%E5%BA%A7%E5%9F%8E%E7%9A%84/20260323/288942.jpg HTTP/1.1" 404 11311 "-" "ImageBot/1.0 (compatible; research crawler; +https://github.com/rom1504/img2dataset; opt-out: abuse.notification.dcomp12b@gmail.com;"
52.23.26.158 - - [11/Sep/2026:10:12:30 -0400] "GET /upload/resources/image/2024/01/25/1744945_4096x10000.jpeg HTTP/1.1" 404 11311 "-" "ImageBot/1.0 (compatible; research crawler; +https://github.com/rom1504/img2dataset; opt-out: abuse.notification.dcomp12b@gmail.com;"
3.234.103.5 - - [11/Sep/2026:10:12:31 -0400] "GET /upload/resources/image/2024/09/14/2093898_4096x10000.jpeg HTTP/1.1" 404 11311 "-" "ImageBot/1.0 (compatible; research crawler; +https://github.com/rom1504/img2dataset; opt-out: abuse.notification.dcomp12b@gmail.com;"
52.23.26.158 - - [11/Sep/2026:10:12:31 -0400] "GET /2024/03/13/%E3%80%90%E5%9B%9E%E7%9C%B820%E6%89%BE%E6%88%BF%E5%B1%8B23%E3%80%91%E6%B9%98%E6%B0%B4%E6%94%BE%E6%AD%8C%EF%BC%8C%E7%99%BE%E6%AD%B2%E5%8F%88%E6%96%B0%E7%A8%8B/184305tssenzwn4iswg4qg.jpg HTTP/1.1" 404 11311 "-" "ImageBot/1.0 (compatible; research crawler; +https://github.com/rom1504/img2dataset; opt-out: abuse.notification.dcomp12b@gmail.com;"
39.52.236.62 - - [11/Sep/2026:10:12:32 -0400] "POST /xmlrpc.php HTTP/1.1" 403 1242 "-" "Jetpack by WordPress.com (Jetpack 12.1; WordPress 6.4)"
50.19.85.253 - - [11/Sep/2026:10:12:34 -0400] "GET /2024/03/11/%E8%BE%A6-%E9%9E%AD%EF%BC%88%E8%B3%BC%E5%B1%8B%E5%B0%8F%E8%AA%AA%EF%BC%89/204924nz65eaqyq5n5ayad.jpg HTTP/1.1" 404 11311 "-" "ImageBot/1.0 (compatible; research crawler; +https://github.com/rom1504/img2dataset; opt-out: abuse.notification.dcomp12b@gmail.com;"
50.19.85.253 - - [11/Sep/2026:10:12:34 -0400] "GET /upload/resources/image/2026/02/28/2731537_4096x50000.jpeg HTTP/1.1" 404 11311 "-" "ImageBot/1.0 (compatible; research crawler; +https://github.com/rom1504/img2dataset; opt-out: abuse.notification.dcomp12b@gmail.com;"
114.119.149.145 - - [11/Sep/2026:10:12:36 -0400] "GET /%e6%b8%85%e8%8f%af%e7%b0%a1%e6%9c%80%e6%96%b0%e7%b5%90%e6%9e%9c%e7%99%bc%e5%b8%83%e9%9b%86%e4%b8%ad%e5%b1%95%e7%a4%ba%e4%b8%80%e6%89%b9%e6%88%91%e5%9c%8b%e8%bf%84%e4%bb%8a%e6%9c%80%e6%97%a9/ HTTP/1.1" 200 17557 "https://big-wife.com.tw/%e4%bb%b2%e8%a3%81%e8%aa%bf%e5%81%9c%e5%b9%ab%e8%b2%a8%e8%bb%8a%e5%8f%b8%e6%a9%9f%e8%bf%bd%e5%9b%9e%e7%94%9c%e5%bf%83%e5%8f%b0%e5%8c%85%e9%a4%8a%e7%b6%b2%e6%ac%a0%e8%96%aa4%e8%90%ac/" "Mozilla/5.0 (Linux; Android 7.0;) AppleWebKit/537.36 (HTML, like Gecko) Mobile Safari/537.36 (compatible; PetalBot;+https://webmaster.petalsearch.com/site/petalbot)"
50.19.85.253 - - [11/Sep/2026:10:12:37 -0400] "GET /upload/resources/image/2025/02/26/2314276.jpg?r=1740514526238 HTTP/1.1" 404 11311 "-" "ImageBot/1.0 (compatible; research crawler; +https://github.com/rom1504/img2dataset; opt-out: abuse.notification.dcomp12b@gmail.com;"
52.23.26.158 - - [11/Sep/2026:10:12:39 -0400] "GET /%E6%84%9B%E5%BF%83%E5%AE%B6%E5%9C%92%E7%B4%85%E7%B6%B2%E6%84%9B%E5%BF%83%E5%AE%B6%E5%9C%92%E6%8F%9B%E5%B1%8B%E7%9B%8A%E9%99%BD%E7%AB%99-%E5%8D%81%E5%B9%B4%E9%87%8C%E7%9A%84%E7%89%B9%E5%88%A5/111443eccymh71qy1s81vs.jpg HTTP/1.1" 404 11311 "-" "ImageBot/1.0 (compatible; research crawler; +https://github.com/rom1504/img2dataset; opt-out: abuse.notification.dcomp12b@gmail.com;"
50.19.85.253 - - [11/Sep/2026:10:12:41 -0400] "GET /html/files/2021-03/15/20210315165701860221728.jpg HTTP/1.1" 404 11311 "-" "ImageBot/1.0 (compatible; research crawler; +https://github.com/rom1504/img2dataset; opt-out: abuse.notification.dcomp12b@gmail.com;"
50.19.85.253 - - [11/Sep/2026:10:12:45 -0400] "GET /2023/12/21/%E6%B8%85%E9%BB%9E2018%E5%B9%B4%E4%BA%BA%E8%A8%AD%E7%94%9C%E5%BF%83%E5%AF%B6%E8%B2%9D%E5%8C%85%E9%A4%8A%E7%B6%B2%E5%B4%A9%E5%A1%8C%E7%9A%84%E6%98%8E%E6%98%9F%E5%B9%B4%E5%A4%9C%E5%92%96%EF%BC%8C/17344264f13ca4fc2a2e5c.jpg HTTP/1.1" 404 11311 "-" "ImageBot/1.0 (compatible; research crawler; +https://github.com/rom1504/img2dataset; opt-out: abuse.notification.dcomp12b@gmail.com;"
52.1.250.135 - - [11/Sep/2026:10:12:48 -0400] "GET /2024/02/26/%E8%AB%87%E6%96%87%E6%98%8E%E6%89%B6%E6%A4%8D%EF%BC%8C%E7%B8%BD%E6%9B%B8%E8%A8%98%E6%8F%B4%E7%94%9C%E5%BF%83%E5%AF%B6%E8%B2%9D%E6%89%BE%E5%8C%85%E9%A4%8A%E7%B6%B2%E7%94%A8%E4%BA%86%E9%80%99%E4%BA%9B/766d9a15f93645dd87bf033fc22d7d9c/images/79c2edf4ed3d456e82a76b9e09613265.jpg HTTP/1.1" 404 11311 "-" "ImageBot/1.0 (compatible; research crawler; +https://github.com/rom1504/img2dataset; opt-out: abuse.notification.dcomp12b@gmail.com;"
50.19.85.253 - - [11/Sep/2026:10:12:49 -0400] "GET /upload/resources/image/2025/12/26/2673510_4096x10000.jpeg HTTP/1.1" 404 11311 "-" "ImageBot/1.0 (compatible; research crawler; +https://github.com/rom1504/img2dataset; opt-out: abuse.notification.dcomp12b@gmail.com;"
169.1.145.186 - - [11/Sep/2026:10:12:49 -0400] "POST /xmlrpc.php HTTP/1.1" 403 1242 "-" "Jetpack by WordPress.com (Jetpack 12.0; WordPress 6.1)"
52.23.26.158 - - [11/Sep/2026:10:12:49 -0400] "GET /%E4%B8%80%E4%BD%8D%E5%9D%90%E6%9D%9F%E7%B8%9B%E7%89%8C%E8%B2%A8%E8%BB%8A%E6%96%B0%E5%A8%98%E7%9A%84%E5%AF%86%E6%84%8F%E5%9B%9E%E7%9C%B8%EF%BC%88%E6%95%A3%E6%96%87%EF%BC%89-2/100400wrcczitpp0ialdit.jpg HTTP/1.1" 404 11311 "-" "ImageBot/1.0 (compatible; research crawler; +https://github.com/rom1504/img2dataset; opt-out: abuse.notification.dcomp12b@gmail.com;"
50.19.85.253 - - [11/Sep/2026:10:12:49 -0400] "GET /upload/resources/image/2026/04/27/2784629.jpg?r=1777251282749 HTTP/1.1" 404 11311 "-" "ImageBot/1.0 (compatible; research crawler; +https://github.com/rom1504/img2dataset; opt-out: abuse.notification.dcomp12b@gmail.com;"
52.1.250.135 - - [11/Sep/2026:10:12:51 -0400] "GET /upload/resources/image/2026/02/16/2722535_4096x10000.jpeg HTTP/1.1" 404 11311 "-" "ImageBot/1.0 (compatible; research crawler; +https://github.com/rom1504/img2dataset; opt-out: abuse.notification.dcomp12b@gmail.com;"
39.52.236.62 - - [11/Sep/2026:10:12:53 -0400] "POST /xmlrpc.php HTTP/1.1" 403 1242 "-" "Jetpack/12.0; WordPress/6.3; http://site54840321.com"
3.234.103.5 - - [11/Sep/2026:10:12:57 -0400] "GET /2024/03/25/%E5%8F%B0%E5%8D%97-%E7%A4%BE%E5%8D%80%E5%A4%A7%E6%A8%93%E5%BB%A3%E8%A5%BF%E9%95%B7%E5%91%BD%E4%B9%8B%E9%84%89%E9%80%90%E4%B8%80%E5%B7%B4%E9%A6%AC/134010xx85141q027qcrpk.jpg HTTP/1.1" 404 11311 "-" "ImageBot/1.0 (compatible; research crawler; +https://github.com/rom1504/img2dataset; opt-out: abuse.notification.dcomp12b@gmail.com;"
50.19.85.253 - - [11/Sep/2026:10:12:57 -0400] "GET /%E8%A6%96%E9%A0%BB%E4%B8%A8%E4%B8%80%E9%82%8A%E6%8B%9C%E9%AC%BC-%E4%B8%80%E9%82%8A%E6%93%B4%E6%AD%A6-%E9%AB%98%E5%B8%82%E6%AD%A3%E5%B8%B6%E9%A0%98japan%E6%97%A5%E6%9C%AC%E8%B5%B0/20260427/547314.jpg HTTP/1.1" 404 11311 "-" "ImageBot/1.0 (compatible; research crawler; +https://github.com/rom1504/img2dataset; opt-out: abuse.notification.dcomp12b@gmail.com;"
52.1.250.135 - - [11/Sep/2026:10:12:59 -0400] "GET /2024/03/21/%E8%B5%B0%E5%85%A8%E5%9C%8B%EF%BC%9A%E5%9C%A8%E5%8F%B0%E5%8D%97%E6%88%BF%E7%94%A2%E9%82%A3%E7%B6%A0%E6%A6%95%E6%88%90%E8%94%AD%E9%AE%AE%E8%8A%B1%E6%80%92%E6%94%BE%E7%9A%84%E6%9D%91%E8%90%BD/115331ej7vxjffx7jx72a2.jpg HTTP/1.1" 404 11311 "-" "ImageBot/1.0 (compatible; research crawler; +https://github.com/rom1504/img2dataset; opt-out: abuse.notification.dcomp12b@gmail.com;"
52.1.250.135 - - [11/Sep/2026:10:13:04 -0400] "GET /upload/resources/image/2026/04/13/2771317_4096x10000.jpeg HTTP/1.1" 404 11311 "-" "ImageBot/1.0 (compatible; research crawler; +https://github.com/rom1504/img2dataset; opt-out: abuse.notification.dcomp12b@gmail.com;"
50.19.85.253 - - [11/Sep/2026:10:13:06 -0400] "GET /upload/resources/image/2024/10/30/2148648_4096x50000.gif HTTP/1.1" 404 11311 "-" "ImageBot/1.0 (compatible; research crawler; +https://github.com/rom1504/img2dataset; opt-out: abuse.notification.dcomp12b@gmail.com;"
52.22.64.232 - - [11/Sep/2026:10:13:06 -0400] "GET /%E5%85%AD%E6%97%AC%E9%98%BF%E5%A7%A8%E7%B5%95%E7%B6%93%E5%90%8E%E5%87%BA%E8%A1%80%E6%8B%96jiuyi%E4%BF%B1%E6%84%8F%E4%BD%8F%E5%AE%85%E8%A8%AD%E8%A8%88%E6%88%90%E5%AD%90%E5%AE%AE%E5%85%A7%E8%86%9C/ HTTP/1.1" 200 18590 "-" "Mozilla/5.0 AppleWebKit/537.36 (KHTML, like Gecko; compatible; Amazonbot/0.1; +https://developer.amazon.com/support/amazonbot) Chrome/119.0.6045.214 Safari/537.36"
54.166.204.138 - - [11/Sep/2026:10:13:10 -0400] "GET /upload/resources/image/2024/04/20/1896125_4096x10000.jpeg HTTP/1.1" 404 11311 "-" "ImageBot/1.0 (compatible; research crawler; +https://github.com/rom1504/img2dataset; opt-out: abuse.notification.dcomp12b@gmail.com;"
54.166.204.138 - - [11/Sep/2026:10:13:12 -0400] "GET /2024/02/10/%E6%89%BE%E5%8C%85%E9%A4%8A%E5%83%B9%E6%A0%BC%E6%8C%AF%E7%BF%85%E5%B7%A5%E5%85%B7%E5%8D%97%E5%8C%97%E4%B8%AD%EF%BC%81%E6%9C%89%E5%AE%83%E5%9C%A8%EF%BC%8C%E5%BA%95%E6%B0%A3%E5%B0%B1/ea28e0890dab47e7806351ea290fce91/images/d7b1cf9fdb7c4db6acad87f310c1fa04.jpg HTTP/1.1" 404 11311 "-" "ImageBot/1.0 (compatible; research crawler; +https://github.com/rom1504/img2dataset; opt-out: abuse.notification.dcomp12b@gmail.com;"
169.1.145.186 - - [11/Sep/2026:10:13:14 -0400] "POST /xmlrpc.php HTTP/1.1" 403 1242 "-" "Jetpack by WordPress.com (Jetpack 13.0; WordPress 6.2)"
3.234.103.5 - - [11/Sep/2026:10:13:14 -0400] "GET /2024/03/16/%E6%9D%91%E8%90%BD%E5%BE%A9%E8%88%88%E3%80%90%E6%88%91%E7%9A%84%E5%B9%B4%E5%A4%9C%E6%89%BE%E6%88%BF%E5%B1%8B%E5%9F%8E%E5%B0%8F%E9%8E%AE%E3%80%91%E6%AD%8C%E8%88%9E%E8%BF%8E%E6%96%B0%E5%B9%B4/094755v30pl5p2fu7nlp3t.jpg HTTP/1.1" 404 11311 "-" "ImageBot/1.0 (compatible; research crawler; +https://github.com/rom1504/img2dataset; opt-out: abuse.notification.dcomp12b@gmail.com;"
52.1.250.135 - - [11/Sep/2026:10:13:15 -0400] "GET /2024/03/24/%E3%80%90%E6%95%A3%E6%96%87%E8%8B%91%E3%80%91%E7%88%B6%E8%A6%AA%E7%9A%84%E6%89%81%E6%93%94%EF%BC%88%E4%BD%9C%E8%80%85%EF%BC%9A%E9%99%B3%E5%A8%9F%E7%A4%BE%E5%8D%80%EF%BC%89/084503p4pzht1ipkin0ont.jpg HTTP/1.1" 404 11311 "-" "ImageBot/1.0 (compatible; research crawler; +https://github.com/rom1504/img2dataset; opt-out: abuse.notification.dcomp12b@gmail.com;"
17.166.237.125 - - [11/Sep/2026:10:13:16 -0400] "GET /%e5%be%9e%e4%be%bf%e5%b9%b3%e6%98%93%e8%bf%91%e8%be%a6%e4%ba%8b%e7%ab%99%e5%88%b0%e5%b9%b3%e6%98%93%e8%bf%91%e7%94%9f%e8%be%a6%e4%ba%8b%e7%aa%97%e5%8f%a3osder%e5%a5%a7/ HTTP/2" 200 18905 "-" "Mozilla/5.0 (Macintosh; Intel Mac OS X 10_15_7) AppleWebKit/605.1.15 (KHTML, like Gecko) Version/17.4 Safari/605.1.15 (Applebot/0.1; +http://www.apple.com/go/applebot)"
50.19.85.253 - - [11/Sep/2026:10:13:17 -0400] "GET /upload/resources/image/2026/04/13/2771000_4096x10000.jpeg HTTP/1.1" 404 11311 "-" "ImageBot/1.0 (compatible; research crawler; +https://github.com/rom1504/img2dataset; opt-out: abuse.notification.dcomp12b@gmail.com;"
54.166.204.138 - - [11/Sep/2026:10:13:19 -0400] "GET /2024/03/14/%E8%BE%A6-%E9%9E%AD%EF%BC%88%E5%B0%8F%E8%AA%AA%EF%BC%89/204924nz65eaqyq5n5ayad.jpg HTTP/1.1" 404 11311 "-" "ImageBot/1.0 (compatible; research crawler; +https://github.com/rom1504/img2dataset; opt-out: abuse.notification.dcomp12b@gmail.com;"
54.166.204.138 - - [11/Sep/2026:10:13:19 -0400] "GET /upload/resources/image/2023/06/12/1345811_4096x10000.jpeg HTTP/1.1" 404 11311 "-" "ImageBot/1.0 (compatible; research crawler; +https://github.com/rom1504/img2dataset; opt-out: abuse.notification.dcomp12b@gmail.com;"
52.1.250.135 - - [11/Sep/2026:10:13:19 -0400] "GET /%E6%97%A9%E8%AE%80%E4%B8%A8%E7%AC%AC139%E5%B1%86%E5%BB%A3%E4%BA%A4%E6%9C%83%E6%9C%AC%E6%97%A5%E9%96%8B%E5%B9%95%EF%BC%9B%E5%BB%A3%E6%9D%B1osder%E5%A5%A7%E6%96%AF%E5%BE%B7%E9%9B%B6%E4%BB%B6/20260415/461220.jpg HTTP/1.1" 404 11311 "-" "ImageBot/1.0 (compatible; research crawler; +https://github.com/rom1504/img2dataset; opt-out: abuse.notification.dcomp12b@gmail.com;"
52.23.26.158 - - [11/Sep/2026:10:13:21 -0400] "GET /2023/08/26/city-walk%E4%B8%A8%E5%8C%85%E9%A4%8A%E5%92%B8%E9%99%BD%E8%80%81%E8%A1%97%E5%85%A9%E6%97%A5%E6%B8%B8%E4%BF%9D%E5%A7%86%E7%B4%9A%E6%B8%B8%E7%8E%A9%E6%94%BB%E7%95%A5%E4%BE%86%E4%BA%86/095602ragom43z7sn77zn9.jpg HTTP/1.1" 404 11311 "-" "ImageBot/1.0 (compatible; research crawler; +https://github.com/rom1504/img2dataset; opt-out: abuse.notification.dcomp12b@gmail.com;"
54.166.204.138 - - [11/Sep/2026:10:13:23 -0400] "GET /upload/resources/image/2025/08/15/2537528_4096x10000.jpeg HTTP/1.1" 404 11311 "-" "ImageBot/1.0 (compatible; research crawler; +https://github.com/rom1504/img2dataset; opt-out: abuse.notification.dcomp12b@gmail.com;"
3.234.103.5 - - [11/Sep/2026:10:13:24 -0400] "GET /2024/03/13/%E5%A4%A9%E9%82%A6%E9%89%86%E7%9F%B3%E5%B1%B1%E5%B0%8F%E5%8D%80%E8%A1%A1%E5%AE%87%E6%BB%B2%E6%B0%B4%E5%8D%81%E5%B9%B4%EF%BC%8C%E7%89%A9%E6%A5%AD%E5%8F%AA%E6%8F%9B%E5%B1%8B%E6%94%B6%E9%8C%A2%E4%B8%8D/101405nqawjw92wye0ysq1.jpg HTTP/1.1" 404 11311 "-" "ImageBot/1.0 (compatible; research crawler; +https://github.com/rom1504/img2dataset; opt-out: abuse.notification.dcomp12b@gmail.com;"
39.52.236.62 - - [11/Sep/2026:10:13:26 -0400] "POST /xmlrpc.php HTTP/1.1" 403 1242 "-" "Jetpack by WordPress.com"
39.52.236.62 - - [11/Sep/2026:10:13:30 -0400] "POST /xmlrpc.php HTTP/1.1" 403 1242 "-" "Jetpack by WordPress.com"
54.166.204.138 - - [11/Sep/2026:10:13:35 -0400] "GET /2024/03/09/%E5%AE%B6%E5%9C%92%E7%BE%8E%E4%B8%8D%E5%8B%95%E7%94%A2%E5%A6%82%E7%95%AB/103956bg65b2hl7hzf3ff6.jpg HTTP/1.1" 404 11311 "-" "ImageBot/1.0 (compatible; research crawler; +https://github.com/rom1504/img2dataset; opt-out: abuse.notification.dcomp12b@gmail.com;"
52.23.26.158 - - [11/Sep/2026:10:13:37 -0400] "GET /%E8%90%AC%E5%85%AC%E9%87%8C%E8%B7%91%E8%80%85%E9%84%A7%E8%89%AF%E8%8F%AF%E8%B7%91%E5%87%BA%E5%9C%8B%E9%96%80%E5%8D%81%E5%A4%A9%E8%A8%98-2/212045f5jg3vxo75mz55lw.jpg HTTP/1.1" 404 11311 "-" "ImageBot/1.0 (compatible; research crawler; +https://github.com/rom1504/img2dataset; opt-out: abuse.notification.dcomp12b@gmail.com;"
50.19.85.253 - - [11/Sep/2026:10:13:39 -0400] "GET /2024/03/20/%E7%B4%85%E7%B6%B2%E6%84%9B%E5%BF%83%E5%AE%B6%E5%9C%92%E7%9B%8A%E9%99%BD%E7%AB%99-%E5%8D%81%E6%88%BF%E7%94%A2%E6%8A%95%E8%B3%87%E5%B9%B4%E9%87%8C%E7%9A%84%E7%89%B9%E5%88%A5%E5%B9%AB%E6%89%B6/111442di7j65n7z5ypyb7n.jpg HTTP/1.1" 404 11311 "-" "ImageBot/1.0 (compatible; research crawler; +https://github.com/rom1504/img2dataset; opt-out: abuse.notification.dcomp12b@gmail.com;"
3.234.103.5 - - [11/Sep/2026:10:13:39 -0400] "GET /%E6%A2%85%E7%94%9C%E5%BF%83%E5%AF%B6%E8%B2%9D%E6%89%BE%E5%8C%85%E9%A4%8A%E7%B6%B2%E9%BE%8D%E9%AB%98%E9%90%B5%E5%85%A8%E7%B7%9A%E9%96%8B%E7%AB%AF%E5%B1%95%E8%BB%8C/090cc12fe27044378af6c4e7e33f4402/images/2f82002b71ce41a49d33131c2e92527a.jpg HTTP/1.1" 404 11311 "-" "ImageBot/1.0 (compatible; research crawler; +https://github.com/rom1504/img2dataset; opt-out: abuse.notification.dcomp12b@gmail.com;"
169.1.145.186 - - [11/Sep/2026:10:13:40 -0400] "POST /xmlrpc.php HTTP/1.1" 403 1242 "-" "Jetpack by WordPress.com (Jetpack 12.5; WordPress 6.1)"
54.166.204.138 - - [11/Sep/2026:10:13:41 -0400] "GET /2023/12/23/%E3%80%90%E5%BE%AE%E9%97%9C%E8%A8%BB%E3%80%91%E9%BB%83%E5%A5%95%E5%A4%AB%E5%A6%BB%E7%8E%89%E7%9F%B3%E5%8C%85%E9%A4%8A%E8%A1%8C%E6%83%85%E4%BF%B1%E7%84%9A%EF%BC%9F%E5%B0%8F%E5%9B%9B%E8%BA%AB%E9%AB%98/0949262n2c98lxixag8u98.jpg HTTP/1.1" 404 11311 "-" "ImageBot/1.0 (compatible; research crawler; +https://github.com/rom1504/img2dataset; opt-out: abuse.notification.dcomp12b@gmail.com;"
54.166.204.138 - - [11/Sep/2026:10:13:42 -0400] "GET /2024/03/22/%E8%90%AC%E5%85%AC%E9%87%8C%E8%B7%91%E8%80%85%E9%84%A7%E5%8F%B0%E5%8C%97-%E7%A4%BE%E5%8D%80%E8%89%AF%E8%8F%AF%E8%B7%91%E5%87%BA%E5%9C%8B%E9%96%80%E5%8D%81%E5%A4%A9%E8%A8%98/212556orgag7zm5x5xgx0u.jpg HTTP/1.1" 404 11311 "-" "ImageBot/1.0 (compatible; research crawler; +https://github.com/rom1504/img2dataset; opt-out: abuse.notification.dcomp12b@gmail.com;"
50.19.85.253 - - [11/Sep/2026:10:13:44 -0400] "GET /%E5%BB%A3%E5%B7%9E%E8%81%9A%E5%8A%9B%E6%A7%8B%E5%BB%BA%E9%84%89%E6%9D%91%E5%85%92%E7%AB%A5%E5%8F%8B%E6%84%9B%E7%94%9F%E6%85%8B%E5%9C%88%EF%BC%8C%E7%AB%A5jiuyi%E4%BF%B1%E6%84%8F%E7%BF%BB/20260331/348204.jpg HTTP/1.1" 404 11311 "-" "ImageBot/1.0 (compatible; research crawler; +https://github.com/rom1504/img2dataset; opt-out: abuse.notification.dcomp12b@gmail.com;"
3.234.103.5 - - [11/Sep/2026:10:13:44 -0400] "GET /upload/resources/image/2024/04/25/1904391_4096x10000.jpeg HTTP/1.1" 404 11311 "-" "ImageBot/1.0 (compatible; research crawler; +https://github.com/rom1504/img2dataset; opt-out: abuse.notification.dcomp12b@gmail.com;"
52.23.26.158 - - [11/Sep/2026:10:13:45 -0400] "GET /%E6%96%B0%E6%98%A5%E8%B5%B0%E5%9F%BA%E5%B1%A4%E4%B8%A8%E6%9D%91%E5%AE%B4%E9%9D%9E%E9%81%BAosder%E5%A5%A7%E6%96%AF%E5%BE%B7%E9%9B%B6%E4%BB%B6%E5%95%86%EF%BC%9A%E8%88%8C%E5%B0%96/20260209/2745.jpg HTTP/1.1" 404 11311 "-" "ImageBot/1.0 (compatible; research crawler; +https://github.com/rom1504/img2dataset; opt-out: abuse.notification.dcomp12b@gmail.com;"
52.1.250.135 - - [11/Sep/2026:10:13:49 -0400] "GET /2024/03/23/%E4%BA%BA%E4%B8%96%E6%8F%9B%E5%B1%8B%E9%A9%9A%E9%B4%BB%EF%BC%8C%E5%AE%A2%E5%98%86%E6%AD%B2%E6%9C%88%EF%BC%88%E4%B8%80%EF%BC%89/105339wshququbq9z6ri8i.jpg HTTP/1.1" 404 11311 "-" "ImageBot/1.0 (compatible; research crawler; +https://github.com/rom1504/img2dataset; opt-out: abuse.notification.dcomp12b@gmail.com;"
52.23.26.158 - - [11/Sep/2026:10:13:49 -0400] "GET /2024/01/29/%E5%B0%8F%E7%B7%A8%E8%A6%AA%E6%B8%AC%EF%BC%81%E7%9C%9F%E4%BA%BA%E5%87%BA%E9%8F%A1%EF%BC%81%E5%A4%9A%E5%9C%96%E9%A0%90%E8%AD%A6%EF%BC%81%EF%BC%81%E8%A6%93%E5%8C%85%E9%A4%8Aapp%E7%B5%A6%E4%BD%A0/1656130dsq37mffd07vao3.jpg HTTP/1.1" 404 11311 "-" "ImageBot/1.0 (compatible; research crawler; +https://github.com/rom1504/img2dataset; opt-out: abuse.notification.dcomp12b@gmail.com;"
54.166.204.138 - - [11/Sep/2026:10:13:52 -0400] "GET /html/files/2022-03/17/20220317153657443260376.jpg HTTP/1.1" 404 11311 "-" "ImageBot/1.0 (compatible; research crawler; +https://github.com/rom1504/img2dataset; opt-out: abuse.notification.dcomp12b@gmail.com;"
54.166.204.138 - - [11/Sep/2026:10:13:53 -0400] "GET /2024/03/13/%E4%B8%80%E4%BD%8D%E5%9D%90%E5%8F%B0%E4%B8%AD-%E7%A4%BE%E5%8D%80%E5%A4%A7%E5%BB%88%E6%9D%9F%E7%B8%9B%E7%89%8C%E8%B2%A8%E8%BB%8A%E6%96%B0%E5%A8%98%E7%9A%84%E5%AF%86%E6%84%8F%E5%9B%9E%E7%9C%B8%EF%BC%88/104222py3tvymvh33o583n.jpg HTTP/1.1" 404 11311 "-" "ImageBot/1.0 (compatible; research crawler; +https://github.com/rom1504/img2dataset; opt-out: abuse.notification.dcomp12b@gmail.com;"
50.19.85.253 - - [11/Sep/2026:10:13:53 -0400] "GET /1-4%E5%80%8B%E4%B8%96%E7%B4%80%E9%81%8E%E5%BE%80jiuyi%E4%BF%B1%E6%84%8F%E7%BF%BB%E4%BF%AE%E8%A8%AD%E8%A8%88%E4%BA%86%EF%BC%8C%E5%BE%9E%E9%A0%AD%E8%AA%8D%E8%AD%98%E4%B8%80%E4%B8%8B%E9%80%99%E5%80%8B/20260326/311706.jpg HTTP/1.1" 404 11311 "-" "ImageBot/1.0 (compatible; research crawler; +https://github.com/rom1504/img2dataset; opt-out: abuse.notification.dcomp12b@gmail.com;"
54.166.204.138 - - [11/Sep/2026:10:13:53 -0400] "GET /2024/03/31/%E7%9B%A1%E6%83%85%E6%88%BF%E7%94%A2%E8%B3%87%E8%A8%8A%E4%BA%94%E6%BA%AA%E8%B0%B7-%E6%B2%89%E9%86%89%E5%B1%B1%E5%B7%9D%E9%96%93/225900w3k0llyokyjlo3ov.png HTTP/1.1" 404 11311 "-" "ImageBot/1.0 (compatible; research crawler; +https://github.com/rom1504/img2dataset; opt-out: abuse.notification.dcomp12b@gmail.com;"
39.52.236.62 - - [11/Sep/2026:10:13:54 -0400] "POST /xmlrpc.php HTTP/1.1" 403 1242 "-" "Jetpack by WordPress.com"
52.23.26.158 - - [11/Sep/2026:10:13:54 -0400] "GET /2024/03/19/%E6%88%91%E7%9A%84%E6%96%B0%E5%8C%97-%E4%B8%AD%E5%8F%A4%E5%B1%8B%E7%88%B6%E8%A6%AA/221407tdho2dlfd5p0ktl5.jpg HTTP/1.1" 404 11311 "-" "ImageBot/1.0 (compatible; research crawler; +https://github.com/rom1504/img2dataset; opt-out: abuse.notification.dcomp12b@gmail.com;"
52.1.250.135 - - [11/Sep/2026:10:13:55 -0400] "GET /2023/12/08/%E5%B9%B4%E5%A4%9C%E5%8C%85%E9%A4%8A%E7%B6%B2%E9%BB%83/113340eqsbk8k81erpmhur.jpg HTTP/1.1" 404 11311 "-" "ImageBot/1.0 (compatible; research crawler; +https://github.com/rom1504/img2dataset; opt-out: abuse.notification.dcomp12b@gmail.com;"
52.23.26.158 - - [11/Sep/2026:10:13:55 -0400] "GET /upload/resources/image/2025/02/04/2278016.png HTTP/1.1" 404 11311 "-" "ImageBot/1.0 (compatible; research crawler; +https://github.com/rom1504/img2dataset; opt-out: abuse.notification.dcomp12b@gmail.com;"
3.234.103.5 - - [11/Sep/2026:10:13:57 -0400] "GET /%E7%89%B9%E5%AF%AB%EF%BD%9C21%E5%9F%8E%E5%A4%A2%E5%B9%BB%E8%81%AF%E5%8B%95%EF%BC%8C%E9%80%99osder%E5%A5%A7%E6%96%AF%E5%BE%B7%E5%8F%B0%E5%8C%97%E6%B1%BD%E8%BB%8A%E4%B8%80%E5%A4%9C%E7%B2%B5%E8%B6%85/20260425/532465.jpg HTTP/1.1" 404 11311 "-" "ImageBot/1.0 (compatible; research crawler; +https://github.com/rom1504/img2dataset; opt-out: abuse.notification.dcomp12b@gmail.com;"
50.19.85.253 - - [11/Sep/2026:10:14:03 -0400] "GET /2024/03/20/%E7%B4%85%E7%B6%B2%E6%84%9B%E5%BF%83%E5%AE%B6%E5%9C%92%E7%9B%8A%E9%99%BD%E7%AB%99-%E5%8D%81%E6%88%BF%E7%94%A2%E6%8A%95%E8%B3%87%E5%B9%B4%E9%87%8C%E7%9A%84%E7%89%B9%E5%88%A5%E5%B9%AB%E6%89%B6/111442di7j65n7z5ypyb7n.jpg HTTP/1.1" 404 11311 "-" "ImageBot/1.0 (compatible; research crawler; +https://github.com/rom1504/img2dataset; opt-out: abuse.notification.dcomp12b@gmail.com;"
52.23.26.158 - - [11/Sep/2026:10:14:05 -0400] "GET /upload/resources/image/2024/02/12/1779752_4096x10000.jpeg HTTP/1.1" 404 11311 "-" "ImageBot/1.0 (compatible; research crawler; +https://github.com/rom1504/img2dataset; opt-out: abuse.notification.dcomp12b@gmail.com;"
169.1.145.186 - - [11/Sep/2026:10:14:07 -0400] "POST /xmlrpc.php HTTP/1.1" 403 1242 "-" "WordPress.com; https://wordpress.com"
185.191.171.5 - - [11/Sep/2026:10:14:10 -0400] "GET /%E4%B8%AD%E8%8F%AF%E5%9C%8B%E6%B0%91%E5%85%B1%E5%92%8C%E5%9C%8B%E9%A2%A8%E9%9A%AA%E5%8E%BB%E7%A7%80%E5%82%B3%E9%86%AB%E9%99%A2%E4%BE%9B%E8%86%B3%E5%8C%96%E5%AD%B8%E5%93%81%E5%B9%B3%E5%AE%89%E6%B3%95/ HTTP/1.1" 403 1242 "-" "Mozilla/5.0 (compatible; SemrushBot/7~bl; +http://www.semrush.com/bot.html)"
3.234.103.5 - - [11/Sep/2026:10:14:11 -0400] "GET /2024/03/17/%E5%BE%80%E6%B3%A1%E6%B2%AB%E5%8C%96-%E5%B0%87%E4%BE%86%E6%88%91%E5%9C%8B%E6%88%BF%E5%9C%B0%E7%94%A2%E6%88%90%E9%95%B7%E6%96%B0%E6%A8%99%E7%9A%84%E5%8F%B0%E5%8D%97-%E7%A4%BE%E5%8D%80%E5%A4%A7/154518vl2alnqmx9gvpivx.jpg HTTP/1.1" 404 11311 "-" "ImageBot/1.0 (compatible; research crawler; +https://github.com/rom1504/img2dataset; opt-out: abuse.notification.dcomp12b@gmail.com;"
52.23.26.158 - - [11/Sep/2026:10:14:13 -0400] "GET /2024/03/08/%E3%80%90%E5%BE%A9%E8%88%88%E6%9D%AF%E3%80%91%E5%8A%89%E6%9C%89%E8%89%AF%E6%88%BF-%E7%94%A2%E4%B8%A8%E5%BC%9F%E5%BC%9F%E7%9A%84%E6%96%B0%E5%88%A5%E5%A2%85/230655iresrk2g2zxxjxxj.jpg HTTP/1.1" 404 11311 "-" "ImageBot/1.0 (compatible; research crawler; +https://github.com/rom1504/img2dataset; opt-out: abuse.notification.dcomp12b@gmail.com;"
52.23.26.158 - - [11/Sep/2026:10:14:15 -0400] "GET /2023/09/28/%E6%95%98%E5%88%A9%E4%BA%9E%E7%AC%AC%E4%B8%80%E5%A4%AB%E4%BA%BA%EF%BC%9A48%E6%AD%B2%E5%84%AA%E9%9B%85%E8%AA%98%E4%BA%BA%EF%BC%8C%E8%BA%AB%E6%82%A3%E9%87%8D%E7%96%BE%E7%94%9C%E5%BF%83%E5%AF%B6%E8%B2%9D/86f793e6f7df49beb8bfbe2fcedcfdc7.png HTTP/1.1" 404 11311 "-" "ImageBot/1.0 (compatible; research crawler; +https://github.com/rom1504/img2dataset; opt-out: abuse.notification.dcomp12b@gmail.com;"
66.249.79.206 - - [11/Sep/2026:10:14:17 -0400] "GET /category/uncategorized/page/2/ HTTP/1.1" 200 17769 "-" "Mozilla/5.0 (Linux; Android 6.0.1; Nexus 5X Build/MMB29P) AppleWebKit/537.36 (KHTML, like Gecko) Chrome/153.0.8010.36 Mobile Safari/537.36 (compatible; Googlebot/2.1; +http://www.google.com/bot.html)"
52.23.26.158 - - [11/Sep/2026:10:14:18 -0400] "GET /%E8%81%9A%E7%84%A6%E6%89%BE%E5%8C%85%E9%A4%8A%E7%B6%B2%E8%97%A5%E5%AD%B8%E5%89%8D%E6%B2%BF-%E9%99%A2%E5%A3%AB%E5%B0%88%E5%AE%B6%E9%BD%8A%E8%81%9A%E9%87%8D%E6%85%B6%E5%85%B1%E5%95%86%E8%97%A5%E7%89%A9/e46d6dff8a8c4a6588b3da7da645b370/images/2b47daa5f86643f990e3b23c450ebe67.jpg HTTP/1.1" 404 11311 "-" "ImageBot/1.0 (compatible; research crawler; +https://github.com/rom1504/img2dataset; opt-out: abuse.notification.dcomp12b@gmail.com;"
54.166.204.138 - - [11/Sep/2026:10:14:18 -0400] "GET /2024/03/28/%E5%80%92%E8%A8%88%E6%99%822%E5%A4%A9%EF%BC%812023%E5%B9%B4%E6%88%BF%E5%9C%B0%E7%94%A2%E6%AD%A6%E9%9A%86%E4%BB%99%E5%A5%B3%E5%B1%B1%E5%9C%8B%E9%9A%9B%E9%9C%B2%E7%87%9F%E9%9F%B3%E6%A8%82%E7%AF%80/214038kpk6ften9k6t6b9b.png HTTP/1.1" 404 11311 "-" "ImageBot/1.0 (compatible; research crawler; +https://github.com/rom1504/img2dataset; opt-out: abuse.notification.dcomp12b@gmail.com;"
52.1.250.135 - - [11/Sep/2026:10:14:19 -0400] "GET /2024/03/22/%E8%90%AC%E5%85%AC%E9%87%8C%E8%B7%91%E8%80%85%E9%84%A7%E5%8F%B0%E5%8C%97-%E7%A4%BE%E5%8D%80%E8%89%AF%E8%8F%AF%E8%B7%91%E5%87%BA%E5%9C%8B%E9%96%80%E5%8D%81%E5%A4%A9%E8%A8%98/212543n0tbt0t9lhwwzad1.jpg HTTP/1.1" 404 11311 "-" "ImageBot/1.0 (compatible; research crawler; +https://github.com/rom1504/img2dataset; opt-out: abuse.notification.dcomp12b@gmail.com;"
114.119.150.110 - - [11/Sep/2026:10:14:20 -0400] "GET /%e5%a4%a9%e7%84%b6%e7%b6%ad%e8%ad%b7%e5%8d%80%ef%bc%8c%e8%8b%a5%e4%bd%95%e6%9f%a5%e5%8c%85%e9%a4%8a%e7%b6%b2%e7%ab%99%e6%af%94%e6%93%ac%e5%ae%8c%e6%88%90%e9%ab%98%e7%a8%8b%e5%ba%a6%e7%b6%ad%e8%ad%b7/ HTTP/1.1" 200 18875 "https://big-wife.com.tw/category/uncategorized/page/8/" "Mozilla/5.0 (Linux; Android 7.0;) AppleWebKit/537.36 (HTML, like Gecko) Mobile Safari/537.36 (compatible; PetalBot;+https://webmaster.petalsearch.com/site/petalbot)"
50.19.85.253 - - [11/Sep/2026:10:14:22 -0400] "GET /%E5%BB%A3%E8%A5%BF%E4%B8%89%E6%B1%9F%EF%BC%9A%E6%A0%A1%E5%9C%92%E6%90%B6%E8%8A%B1%E7%82%AE-%E5%96%9C%E8%BF%8E%E4%B8%89%E6%9C%88%E4%B8%89_%E9%87%91%E7%BE%8A%E7%B6%B2jiuyi%E4%BF%B1/20260416/470114.jpg HTTP/1.1" 404 11311 "-" "ImageBot/1.0 (compatible; research crawler; +https://github.com/rom1504/img2dataset; opt-out: abuse.notification.dcomp12b@gmail.com;"
52.23.26.158 - - [11/Sep/2026:10:14:25 -0400] "GET /2024/03/29/%EF%BC%882021-2035%E5%B9%B4%EF%BC%89%E9%80%99%E5%BC%B5%E9%95%B7%E6%B2%99%E5%9C%B0%E9%90%B5%E6%96%B0%E8%A8%88%E5%8A%83%E5%9C%96%E5%B0%B1%E6%98%AF%E5%B0%87%E4%BE%86%E7%9A%84%E6%98%9F%E5%9F%8E%E5%8F%B0/093459ghglrgl6enlw92gz.jpg HTTP/1.1" 404 11311 "-" "ImageBot/1.0 (compatible; research crawler; +https://github.com/rom1504/img2dataset; opt-out: abuse.notification.dcomp12b@gmail.com;"
50.19.85.253 - - [11/Sep/2026:10:14:27 -0400] "GET /%E5%91%A8%E6%9C%AB%E5%BB%A3%E6%9D%B1jiuyi%E4%BF%B1%E6%84%8F%E5%AE%A4%E5%85%A7%E8%A8%AD%E8%A8%88%E5%A4%9A%E5%9C%B0%E9%9B%B7%E9%9B%A8%E6%9A%AB%E6%AD%87%EF%BC%8C%E6%98%8E%E8%B5%B7%E5%BE%9E%E9%A0%AD/20260419/491184.jpg HTTP/1.1" 404 11311 "-" "ImageBot/1.0 (compatible; research crawler; +https://github.com/rom1504/img2dataset; opt-out: abuse.notification.dcomp12b@gmail.com;"
50.19.85.253 - - [11/Sep/2026:10:14:29 -0400] "GET /upload/resources/image/2026/01/15/2692192_4096x10000.jpeg HTTP/1.1" 404 11311 "-" "ImageBot/1.0 (compatible; research crawler; +https://github.com/rom1504/img2dataset; opt-out: abuse.notification.dcomp12b@gmail.com;"
54.166.204.138 - - [11/Sep/2026:10:14:29 -0400] "GET /upload/resources/image/2026/01/15/2691819_4096x10000.jpeg HTTP/1.1" 404 11311 "-" "ImageBot/1.0 (compatible; research crawler; +https://github.com/rom1504/img2dataset; opt-out: abuse.notification.dcomp12b@gmail.com;"
50.19.85.253 - - [11/Sep/2026:10:14:30 -0400] "GET /upload/resources/image/2026/04/19/2777449_4096x10000.jpeg HTTP/1.1" 404 11311 "-" "ImageBot/1.0 (compatible; research crawler; +https://github.com/rom1504/img2dataset; opt-out: abuse.notification.dcomp12b@gmail.com;"
3.234.103.5 - - [11/Sep/2026:10:14:34 -0400] "GET /2023/09/13/%E9%AC%A7%E7%86%B1%E7%86%B1%E7%83%88%E7%B9%81%E8%8F%AF%E5%A4%9C%E5%B8%82%E4%B9%9D%E5%AE%AE%E6%A0%BC%E7%A7%81%E5%AF%86%E7%A9%BA%E9%96%93%E9%87%8C%E9%82%A3%E4%B8%80%E6%8A%B9%E5%AF%A7%E9%9D%9C%E7%9A%84/161017ehciqxchaydvxiiq.jpg HTTP/1.1" 404 11311 "-" "ImageBot/1.0 (compatible; research crawler; +https://github.com/rom1504/img2dataset; opt-out: abuse.notification.dcomp12b@gmail.com;"
52.23.26.158 - - [11/Sep/2026:10:14:34 -0400] "GET /2024/03/19/%E6%88%91%E7%9A%84%E6%96%B0%E5%8C%97-%E4%B8%AD%E5%8F%A4%E5%B1%8B%E7%88%B6%E8%A6%AA/221802ltdx4x1xhhqi1zt1.jpg HTTP/1.1" 404 11311 "-" "ImageBot/1.0 (compatible; research crawler; +https://github.com/rom1504/img2dataset; opt-out: abuse.notification.dcomp12b@gmail.com;"
50.19.85.253 - - [11/Sep/2026:10:14:34 -0400] "GET /upload/resources/image/2025/02/03/2276955.jpg HTTP/1.1" 404 11311 "-" "ImageBot/1.0 (compatible; research crawler; +https://github.com/rom1504/img2dataset; opt-out: abuse.notification.dcomp12b@gmail.com;"
3.234.103.5 - - [11/Sep/2026:10:14:35 -0400] "GET /1-4%E5%80%8B%E4%B8%96%E7%B4%80%E9%81%8E%E5%BE%80jiuyi%E4%BF%B1%E6%84%8F%E7%BF%BB%E4%BF%AE%E8%A8%AD%E8%A8%88%E4%BA%86%EF%BC%8C%E5%BE%9E%E9%A0%AD%E8%AA%8D%E8%AD%98%E4%B8%80%E4%B8%8B%E9%80%99%E5%80%8B/20260326/311710.jpg HTTP/1.1" 404 11311 "-" "ImageBot/1.0 (compatible; research crawler; +https://github.com/rom1504/img2dataset; opt-out: abuse.notification.dcomp12b@gmail.com;"
50.19.85.253 - - [11/Sep/2026:10:14:36 -0400] "GET /%E5%8F%88%E5%88%B0%E5%85%85%E9%9B%BB%E5%99%A8%E4%B8%80osder%E5%A5%A7%E6%96%AF%E5%BE%B7%E5%BE%B7%E7%B3%BB%E8%BB%8A%E6%8B%94%E6%99%82%E9%96%93%EF%BC%8C%E9%80%99%E4%BA%9B%E9%9B%A2/20260223/106812.png HTTP/1.1" 404 11311 "-" "ImageBot/1.0 (compatible; research crawler; +https://github.com/rom1504/img2dataset; opt-out: abuse.notification.dcomp12b@gmail.com;"
52.23.26.158 - - [11/Sep/2026:10:14:36 -0400] "GET /2023/12/13/%E5%B9%B4%E5%A4%9Cs%E8%A2%AB%E6%B1%AA%E5%B0%8F%E8%8F%B2%E6%89%87%E8%80%B3%E5%85%89%EF%BC%9F%E5%B0%8Fs%E9%82%A3%E8%8B%B1%E4%BA%92%E5%97%86%EF%BC%9F%E7%8E%8B%E6%80%9D%E8%81%B0%E9%9A%94%E7%A9%BA%E9%96%8B/14271013347f6deda7b4ab.jpg HTTP/1.1" 404 11311 "-" "ImageBot/1.0 (compatible; research crawler; +https://github.com/rom1504/img2dataset; opt-out: abuse.notification.dcomp12b@gmail.com;"
39.52.236.62 - - [11/Sep/2026:10:14:39 -0400] "POST /xmlrpc.php HTTP/1.1" 403 1242 "-" "Jetpack by WordPress.com (Jetpack 12.5; WordPress 6.1)"
3.234.103.5 - - [11/Sep/2026:10:14:46 -0400] "GET /%E5%B1%B1%E6%9D%B1%E6%BF%9F%E5%8D%97%EF%BC%9Ajiuyi%E4%BF%B1%E6%84%8F%E7%BF%BB%E4%BF%AE%E8%A8%AD%E8%A8%88%E8%8A%B1%E7%87%88%E6%AE%98%E6%9A%B4-%E5%BC%95%E5%B9%B3%E6%98%93%E8%BF%91%E7%9C%BE%E5%A4%9C/20260215/48373.jpg HTTP/1.1" 404 11311 "-" "ImageBot/1.0 (compatible; research crawler; +https://github.com/rom1504/img2dataset; opt-out: abuse.notification.dcomp12b@gmail.com;"
169.1.145.186 - - [11/Sep/2026:10:14:46 -0400] "POST /xmlrpc.php HTTP/1.1" 403 1242 "-" "WordPress.com; https://wordpress.com"
52.23.26.158 - - [11/Sep/2026:10:14:46 -0400] "GET /2024/03/22/%E6%84%9B%E5%BF%83%E5%AE%B6%E5%9C%92%E7%B4%85%E7%B6%B2%E6%84%9B%E5%BF%83%E5%AE%B6%E5%9C%92%E7%9B%8A%E9%99%BD%E7%AB%99-%E5%8D%81%E5%B9%B4%E9%87%8C%E7%9A%84%E7%89%B9%E5%88%A5%E5%B9%AB%E6%89%B6/113742d49qcbz7r50mw9mf.jpg HTTP/1.1" 404 11311 "-" "ImageBot/1.0 (compatible; research crawler; +https://github.com/rom1504/img2dataset; opt-out: abuse.notification.dcomp12b@gmail.com;"
54.166.204.138 - - [11/Sep/2026:10:14:47 -0400] "GET /upload/resources/image/2024/11/19/2174901_4096x10000.jpeg HTTP/1.1" 404 11311 "-" "ImageBot/1.0 (compatible; research crawler; +https://github.com/rom1504/img2dataset; opt-out: abuse.notification.dcomp12b@gmail.com;"
52.23.26.158 - - [11/Sep/2026:10:14:52 -0400] "GET /2024/04/01/%E7%A7%81%E8%A1%8C%E5%85%8D%E8%B2%BB%EF%BC%8C%E7%BD%B0%E6%AC%BE250%E6%88%BF-%E7%94%A2%E5%85%83%EF%BC%8C%E9%80%99%E5%80%8B%E6%95%B8%E5%AD%97%E5%A4%AA%E5%90%89%E5%88%A9%E4%BA%86/120253dhphfp7b5s8ndfhe.jpg HTTP/1.1" 404 11311 "-" "ImageBot/1.0 (compatible; research crawler; +https://github.com/rom1504/img2dataset; opt-out: abuse.notification.dcomp12b@gmail.com;"
52.23.26.158 - - [11/Sep/2026:10:14:52 -0400] "GET /upload/resources/image/2024/09/18/2097636.jpeg HTTP/1.1" 404 11311 "-" "ImageBot/1.0 (compatible; research crawler; +https://github.com/rom1504/img2dataset; opt-out: abuse.notification.dcomp12b@gmail.com;"
50.19.85.253 - - [11/Sep/2026:10:14:54 -0400] "GET /upload/resources/image/2024/09/08/2086089_4096x50000.jpeg HTTP/1.1" 404 11311 "-" "ImageBot/1.0 (compatible; research crawler; +https://github.com/rom1504/img2dataset; opt-out: abuse.notification.dcomp12b@gmail.com;"
50.19.85.253 - - [11/Sep/2026:10:14:55 -0400] "GET /upload/resources/image/2024/10/27/2144599_4096x10000.jpeg HTTP/1.1" 404 11311 "-" "ImageBot/1.0 (compatible; research crawler; +https://github.com/rom1504/img2dataset; opt-out: abuse.notification.dcomp12b@gmail.com;"
54.166.204.138 - - [11/Sep/2026:10:14:56 -0400] "GET /2023/12/08/%E6%B9%96%E5%8C%97%E6%97%A5%E5%A0%B1%E5%82%B3%E5%AA%92%E5%9C%98%E9%AB%94%E5%B9%B4%E5%A4%9C%E6%A8%93%EF%BC%8C8%E8%99%9F%E7%B7%9A%E7%9C%81%E5%8D%9A%E5%9C%B0%E9%90%B5%E5%8F%A350%E7%B1%B3%E5%85%B1/1717106895026d7289e5cf.jpg HTTP/1.1" 404 11311 "-" "ImageBot/1.0 (compatible; research crawler; +https://github.com/rom1504/img2dataset; opt-out: abuse.notification.dcomp12b@gmail.com;"
50.19.85.253 - - [11/Sep/2026:10:14:57 -0400] "GET /%E8%A8%B1%E6%98%95%E3%80%81%E6%A5%8A%E9%99%BD%E6%BC%94%E5%87%BA%E5%86%B0%E5%A3%BA%E5%B9%B4%E5%A4%9C%E6%88%B0%EF%BC%8C%E4%B8%AD%E5%9C%8B%E4%B9%8B%E5%AE%B6%E5%B1%95%E7%8F%BE%E4%B8%AD/20260206/132176.png HTTP/1.1" 404 11311 "-" "ImageBot/1.0 (compatible; research crawler; +https://github.com/rom1504/img2dataset; opt-out: abuse.notification.dcomp12b@gmail.com;"
3.234.103.5 - - [11/Sep/2026:10:15:02 -0400] "GET /2024/03/20/%E9%80%99%E7%AF%87%E5%BE%88%E9%95%B7%E6%B2%99%E7%9A%84%E9%AB%98%E5%8F%B0%E5%8D%97-%E4%B8%AD%E5%8F%A4%E5%B1%8B%E8%80%83%E4%BD%9C%E6%96%87%E5%81%9A%E5%BE%97%E5%A5%BD%EF%BC%81/171424i3q3fd5cqdfqayce.jpg HTTP/1.1" 404 11311 "-" "ImageBot/1.0 (compatible; research crawler; +https://github.com/rom1504/img2dataset; opt-out: abuse.notification.dcomp12b@gmail.com;"
52.23.26.158 - - [11/Sep/2026:10:15:02 -0400] "GET /2023/12/23/%E3%80%90%E5%BE%AE%E9%97%9C%E8%A8%BB%E3%80%91%E9%BB%83%E5%A5%95%E5%A4%AB%E5%A6%BB%E7%8E%89%E7%9F%B3%E5%8C%85%E9%A4%8A%E8%A1%8C%E6%83%85%E4%BF%B1%E7%84%9A%EF%BC%9F%E5%B0%8F%E5%9B%9B%E8%BA%AB%E9%AB%98/094723awylwnwwu9wy4yuw.jpg HTTP/1.1" 404 11311 "-" "ImageBot/1.0 (compatible; research crawler; +https://github.com/rom1504/img2dataset; opt-out: abuse.notification.dcomp12b@gmail.com;"
50.19.85.253 - - [11/Sep/2026:10:15:03 -0400] "GET /%E5%AD%B8%E7%BF%92%E9%80%B2%E8%A1%8C%E6%99%82%EF%BD%9C%E7%BF%92%E8%BF%91%E5%B9%B3%E7%B8%BD%E6%9B%B8%E8%A8%98%E5%82%B3%E6%8E%88osder%E5%A5%A7%E6%96%AF%E5%BE%B7%E5%8F%B0%E5%8C%97%E6%B1%BD%E8%BB%8A/20260419/489249.jpg HTTP/1.1" 404 11311 "-" "ImageBot/1.0 (compatible; research crawler; +https://github.com/rom1504/img2dataset; opt-out: abuse.notification.dcomp12b@gmail.com;"
52.23.26.158 - - [11/Sep/2026:10:15:03 -0400] "GET /2023/11/04/%E5%9C%8B%E7%BE%BD%E4%BA%9E%E9%81%8B%E7%94%B7%E5%9C%98%E6%B1%BA%E8%B3%BD%E9%80%86%E8%BD%89%E6%91%98%E9%87%91%EF%BC%8C%E5%8D%B0%E5%BA%A6%E5%AA%92%E9%AB%94%EF%BC%9A%E7%99%BC%E6%98%8E%E7%9E%AD%E4%B8%80/58702db519f747f48a8910b1cfde189f.jpeg HTTP/1.1" 404 11311 "-" "ImageBot/1.0 (compatible; research crawler; +https://github.com/rom1504/img2dataset; opt-out: abuse.notification.dcomp12b@gmail.com;"
3.234.103.5 - - [11/Sep/2026:10:15:04 -0400] "GET /%E8%A6%96%E9%A0%BB%E4%B8%A8%E5%88%B0%E4%B8%AD%E5%9C%8B%E9%81%8Ejiuyi%E4%BF%B1%E6%84%8F%E5%AE%A4%E5%85%A7%E8%A8%AD%E8%A8%88%E5%B9%B4%E6%99%AF%E7%86%B1%E6%BD%AE-%E6%B5%B7%E5%8D%97%E6%98%A5%E7%AF%80/20260213/30495.jpg HTTP/1.1" 404 11311 "-" "ImageBot/1.0 (compatible; research crawler; +https://github.com/rom1504/img2dataset; opt-out: abuse.notification.dcomp12b@gmail.com;"
50.19.85.253 - - [11/Sep/2026:10:15:05 -0400] "GET /%E8%BE%A6%E5%AF%A6%E4%BA%8B%E3%80%81%E7%86%B1%E4%BA%BA%E5%BF%83%EF%BC%81%E5%BB%A3%E5%B7%9E%E5%B8%82%E5%8D%81%E5%85%AD%E5%B1%86%E4%BA%BA%E5%B9%B4%E5%A4%9C%E5%85%AD%E6%AC%A1%E6%9C%83%E8%AD%B0%E9%A6%96/20260119/1147.png HTTP/1.1" 404 11311 "-" "ImageBot/1.0 (compatible; research crawler; +https://github.com/rom1504/img2dataset; opt-out: abuse.notification.dcomp12b@gmail.com;"
3.234.103.5 - - [11/Sep/2026:10:15:05 -0400] "GET /2024/03/09/%E5%AE%B6%E5%9C%92%E7%BE%8E%E4%B8%8D%E5%8B%95%E7%94%A2%E5%A6%82%E7%95%AB/113052bwkt29yzqquyv3yz.jpg HTTP/1.1" 404 11311 "-" "ImageBot/1.0 (compatible; research crawler; +https://github.com/rom1504/img2dataset; opt-out: abuse.notification.dcomp12b@gmail.com;"
54.166.204.138 - - [11/Sep/2026:10:15:05 -0400] "GET /upload/resources/image/2026/03/29/2758004_4096x10000.jpeg HTTP/1.1" 404 11311 "-" "ImageBot/1.0 (compatible; research crawler; +https://github.com/rom1504/img2dataset; opt-out: abuse.notification.dcomp12b@gmail.com;"
54.166.204.138 - - [11/Sep/2026:10:15:07 -0400] "GET /%E9%A8%B0%E8%A8%8A%E6%B8%B8%E6%88%B2%E6%9D%8E%E8%B6%85%EF%BC%9A%E6%8F%9B%E4%B8%80%E5%80%8B%E8%A6%96%E8%A7%92%E7%9C%8Bjiuyi%E4%BF%B1%E6%84%8F%E7%A9%BA%E9%96%93%E8%A8%AD%E8%A8%88%E6%B8%B8/20260328/331789.jpg HTTP/1.1" 404 11311 "-" "ImageBot/1.0 (compatible; research crawler; +https://github.com/rom1504/img2dataset; opt-out: abuse.notification.dcomp12b@gmail.com;"
52.1.250.135 - - [11/Sep/2026:10:15:08 -0400] "GET /%E8%A6%96%E9%A0%BB%E4%B8%A8%E4%B8%80%E9%82%8A%E6%8B%9C%E9%AC%BC-%E4%B8%80%E9%82%8A%E6%93%B4%E6%AD%A6-%E9%AB%98%E5%B8%82%E6%AD%A3%E5%B8%B6%E9%A0%98japan%E6%97%A5%E6%9C%AC%E8%B5%B0/20260427/547302.jpg HTTP/1.1" 404 11311 "-" "ImageBot/1.0 (compatible; research crawler; +https://github.com/rom1504/img2dataset; opt-out: abuse.notification.dcomp12b@gmail.com;"
52.23.26.158 - - [11/Sep/2026:10:15:09 -0400] "GET /2023/09/13/%E9%AC%A7%E7%86%B1%E7%86%B1%E7%83%88%E7%B9%81%E8%8F%AF%E5%A4%9C%E5%B8%82%E4%B9%9D%E5%AE%AE%E6%A0%BC%E7%A7%81%E5%AF%86%E7%A9%BA%E9%96%93%E9%87%8C%E9%82%A3%E4%B8%80%E6%8A%B9%E5%AF%A7%E9%9D%9C%E7%9A%84/161017ehciqxchaydvxiiq.jpg HTTP/1.1" 404 11311 "-" "ImageBot/1.0 (compatible; research crawler; +https://github.com/rom1504/img2dataset; opt-out: abuse.notification.dcomp12b@gmail.com;"
112.90.2.175 - - [11/Sep/2026:10:15:09 -0400] "GET /%e5%b0%88%e5%8c%85%e9%a4%8a%e7%b6%b2%e5%bf%83%e5%be%97%e8%ae%93%e5%90%b3%e7%9f%b3%e7%be%a9%e5%a3%ab%e7%9a%84%e5%85%89%e6%a6%ae%e6%b0%b8%e9%81%a0%e5%82%b3%e6%92%ad HTTP/1.1" 301 0 "-" "Mozilla/5.0 (Windows NT 10.0; Win64; x64) AppleWebKit/537.36 (KHTML, like Gecko) Chrome/133.0.0.0 Safari/537.36"
52.23.26.158 - - [11/Sep/2026:10:15:11 -0400] "GET /2023/12/07/%E7%99%BD%E7%99%BE%E4%BD%95%E5%8F%88%E9%9B%A2%E5%A9%9A%E7%9E%AD%EF%BC%9F%E5%B8%B6%E4%BA%8C%E5%8C%85%E9%A4%8A%E8%83%8E%E5%85%92%E5%AD%90%E9%81%8A%E7%8E%A9%EF%BC%8C%E5%9B%A0%E4%B8%80%E6%8C%87/f01befd9e13944b294dc4bf52886198f.jpeg HTTP/1.1" 404 11311 "-" "ImageBot/1.0 (compatible; research crawler; +https://github.com/rom1504/img2dataset; opt-out: abuse.notification.dcomp12b@gmail.com;"
52.23.26.158 - - [11/Sep/2026:10:15:13 -0400] "GET /%E9%8A%80%E5%9F%8E-%E8%BF%BD%E5%A4%A2%E4%B9%8B%E6%97%85%EF%BC%88%E4%BA%94%EF%BC%89/080223m74ah7aghys4gzgd.jpg HTTP/1.1" 404 11311 "-" "ImageBot/1.0 (compatible; research crawler; +https://github.com/rom1504/img2dataset; opt-out: abuse.notification.dcomp12b@gmail.com;"
169.1.145.186 - - [11/Sep/2026:10:15:13 -0400] "POST /xmlrpc.php HTTP/1.1" 403 1242 "-" "Jetpack/12.0; WordPress/6.3; http://site27855226.com"
52.1.250.135 - - [11/Sep/2026:10:15:15 -0400] "GET /upload/resources/image/2025/09/30/2590129.jpg?r=1759212245997 HTTP/1.1" 404 11311 "-" "ImageBot/1.0 (compatible; research crawler; +https://github.com/rom1504/img2dataset; opt-out: abuse.notification.dcomp12b@gmail.com;"
120.241.208.63 - - [11/Sep/2026:10:15:20 -0400] "GET /%e5%b0%88%e5%8c%85%e9%a4%8a%e7%b6%b2%e5%bf%83%e5%be%97%e8%ae%93%e5%90%b3%e7%9f%b3%e7%be%a9%e5%a3%ab%e7%9a%84%e5%85%89%e6%a6%ae%e6%b0%b8%e9%81%a0%e5%82%b3%e6%92%ad HTTP/1.1" 301 0 "-" "Mozilla/5.0 (Windows NT 10.0; Win64; x64) AppleWebKit/537.36 (KHTML, like Gecko) Chrome/105.0.0.0 Safari/537.3"
52.1.250.135 - - [11/Sep/2026:10:15:20 -0400] "GET /%E6%9C%AC%E6%97%A5osder%E5%A5%A7%E6%96%AF%E5%BE%B7%E5%8F%B0%E5%8C%97%E6%B1%BD%E8%BB%8A%E8%BE%9F%E8%AC%A0%E4%B8%A8%E9%80%A0%E8%AC%A0%E9%95%B7%E6%99%89%E9%AB%98%E9%80%9F%E5%81%B4%E7%BF%BB/20260130/76861.jpg HTTP/1.1" 404 11311 "-" "ImageBot/1.0 (compatible; research crawler; +https://github.com/rom1504/img2dataset; opt-out: abuse.notification.dcomp12b@gmail.com;"
120.241.208.63 - - [11/Sep/2026:10:15:21 -0400] "GET /%e5%b0%88%e5%8c%85%e9%a4%8a%e7%b6%b2%e5%bf%83%e5%be%97%e8%ae%93%e5%90%b3%e7%9f%b3%e7%be%a9%e5%a3%ab%e7%9a%84%e5%85%89%e6%a6%ae%e6%b0%b8%e9%81%a0%e5%82%b3%e6%92%ad/ HTTP/1.1" 200 19580 "https://big-wife.com.tw/%e5%b0%88%e5%8c%85%e9%a4%8a%e7%b6%b2%e5%bf%83%e5%be%97%e8%ae%93%e5%90%b3%e7%9f%b3%e7%be%a9%e5%a3%ab%e7%9a%84%e5%85%89%e6%a6%ae%e6%b0%b8%e9%81%a0%e5%82%b3%e6%92%ad" "Mozilla/5.0 (Windows NT 10.0; Win64; x64) AppleWebKit/537.36 (KHTML, like Gecko) Chrome/105.0.0.0 Safari/537.3"
50.19.85.253 - - [11/Sep/2026:10:15:22 -0400] "GET /2024/03/12/%E7%94%9F%E6%B6%AF%E9%9B%9C%E8%AD%B0%EF%BC%88%E6%8F%9B%E5%B1%8B%E4%B8%89%EF%BC%89/160754dkes36km6gmsz4zk.jpg HTTP/1.1" 404 11311 "-" "ImageBot/1.0 (compatible; research crawler; +https://github.com/rom1504/img2dataset; opt-out: abuse.notification.dcomp12b@gmail.com;"
50.19.85.253 - - [11/Sep/2026:10:15:23 -0400] "GET /2024/03/13/%E3%80%90%E5%9B%9E%E7%9C%B820%E6%89%BE%E6%88%BF%E5%B1%8B23%E3%80%91%E6%B9%98%E6%B0%B4%E6%94%BE%E6%AD%8C%EF%BC%8C%E7%99%BE%E6%AD%B2%E5%8F%88%E6%96%B0%E7%A8%8B/194531sz00lgxxhqnqw3gy.jpg HTTP/1.1" 404 11311 "-" "ImageBot/1.0 (compatible; research crawler; +https://github.com/rom1504/img2dataset; opt-out: abuse.notification.dcomp12b@gmail.com;"
52.1.250.135 - - [11/Sep/2026:10:15:27 -0400] "GET /upload/resources/image/2024/01/29/1751215_4096x10000.jpeg HTTP/1.1" 404 11311 "-" "ImageBot/1.0 (compatible; research crawler; +https://github.com/rom1504/img2dataset; opt-out: abuse.notification.dcomp12b@gmail.com;"
50.19.85.253 - - [11/Sep/2026:10:15:28 -0400] "GET /2023/11/07/%E7%8E%8B%E6%80%9D%E9%9B%A8%E7%9B%A1%E6%AE%BA%EF%BC%81%E4%B8%AD%E5%9C%8B%E5%A5%B3%E7%B1%832%E5%88%86%E5%85%8B%E6%9C%8Djapan%E6%97%A5%E6%9C%AC%EF%BC%8C%E8%A1%9B%E5%86%95%E4%BA%9E%E5%8C%85%E9%A4%8A/5cb26566579c4c098167a615d0bd256b.jpg HTTP/1.1" 404 11311 "-" "ImageBot/1.0 (compatible; research crawler; +https://github.com/rom1504/img2dataset; opt-out: abuse.notification.dcomp12b@gmail.com;"
52.1.250.135 - - [11/Sep/2026:10:15:28 -0400] "GET /%E5%9C%8B%E7%94%A2%E6%91%A9%E6%89%98%E5%85%A9%E5%A4%A9%E9%80%A3%E5%A5%AA%E5%85%A9%E5%86%A0%EF%BC%8120%E5%B9%B4%E5%89%8D%E7%B4%80%E9%8C%84%E7%89%87%E5%88%B7%E5%B1%8F%EF%BC%9Aosder%E5%A5%A7%E6%96%AF/20260330/342802.jpg HTTP/1.1" 404 11311 "-" "ImageBot/1.0 (compatible; research crawler; +https://github.com/rom1504/img2dataset; opt-out: abuse.notification.dcomp12b@gmail.com;"
3.234.103.5 - - [11/Sep/2026:10:15:28 -0400] "GET /%E4%B8%80%E5%90%8D%E9%AB%98%E5%8C%85%E9%A4%8A%E7%B6%B2%E5%96%AE%E6%AC%A1%E6%A0%A1%E6%95%99%E5%93%A1%E7%B4%9B%E6%AD%A7%E6%A8%A3%E7%9A%84%E5%AF%92%E5%81%87%E7%94%9F%E6%B6%AF/221532pweqw8xt60a00qnv.jpg HTTP/1.1" 404 11311 "-" "ImageBot/1.0 (compatible; research crawler; +https://github.com/rom1504/img2dataset; opt-out: abuse.notification.dcomp12b@gmail.com;"
39.52.236.62 - - [11/Sep/2026:10:15:28 -0400] "POST /xmlrpc.php HTTP/1.1" 403 1242 "-" "Jetpack/13.0; WordPress/6.3; http://site16352352.com"
114.119.158.58 - - [11/Sep/2026:10:15:30 -0400] "GET /%e5%a4%a9%e6%b4%a5%ef%bc%9a%e7%99%be%e6%a3%ae%e5%92%8c%e8%a8%ba%e6%89%80%e5%ae%b6%e9%86%ab%e7%a7%91%e5%b9%b4%e5%af%a7%e5%9c%92%e7%85%a5%e6%96%b0%e9%80%b2%e7%b4%9a%e8%a6%aa%e5%ad%90%e6%a8%82/ HTTP/1.1" 200 17435 "https://big-wife.com.tw/%e4%ba%91%e5%8d%97%e6%99%ae%e8%80%85%e9%bb%91%ef%bc%9a%e7%95%99%e9%b3%a5%e7%bf%a9%e8%ba%9a%e8%88%9e%e5%8b%95osder%e5%a5%a7%e6%96%af%e5%be%b7%e9%9b%b6%e4%bb%b6%e5%95%86%e7%94%9f%e6%85%8b%e7%95%ab/" "Mozilla/5.0 (Linux; Android 7.0;) AppleWebKit/537.36 (HTML, like Gecko) Mobile Safari/537.36 (compatible; PetalBot;+https://webmaster.petalsearch.com/site/petalbot)"
54.166.204.138 - - [11/Sep/2026:10:15:35 -0400] "GET /2024/03/29/%E8%B5%B4%E6%96%B0%E5%8C%97-%E7%A4%BE%E5%8D%80%E5%A4%A7%E5%BB%88%E5%A9%81%E5%BA%95%E9%87%87%E9%A2%A8%E8%A8%98%E9%80%90%E4%B8%80%E8%A7%80%E8%B3%9E%E5%A9%81%E5%BA%95%E5%B8%82%E5%A9%81%E6%98%9F%E5%8D%80/142757f4e694efo4nmp4zd.jpg HTTP/1.1" 404 11311 "-" "ImageBot/1.0 (compatible; research crawler; +https://github.com/rom1504/img2dataset; opt-out: abuse.notification.dcomp12b@gmail.com;"
169.1.145.186 - - [11/Sep/2026:10:15:36 -0400] "POST /xmlrpc.php HTTP/1.1" 403 1242 "-" "Jetpack/12.1; WordPress/6.3; http://site57128588.com"
50.19.85.253 - - [11/Sep/2026:10:15:39 -0400] "GET /%E7%94%B7%E4%BA%BA%E9%A7%95%E8%BB%8A%E8%BF%94%E9%84%89%E9%80%94%E4%B8%AD%E8%87%A8%E6%99%82%E4%B8%8B%E8%BB%8A%EF%BC%8C%E7%AB%9F%E8%A2%AB%E8%BB%8A%E5%85%A7%E5%B0%8F%E8%B2%93%E8%AA%A4%E8%A7%B8%E9%8E%96ji/20260217/65944.png HTTP/1.1" 404 11311 "-" "ImageBot/1.0 (compatible; research crawler; +https://github.com/rom1504/img2dataset; opt-out: abuse.notification.dcomp12b@gmail.com;"
54.166.204.138 - - [11/Sep/2026:10:15:40 -0400] "GET /2024/01/03/%E4%B8%AD%E5%8F%B0%E7%81%A3%E6%9D%B1%E9%82%8A%E6%B0%A3%E6%BA%AB%E7%94%9C%E5%BF%83%E6%89%BE%E5%8C%85%E9%A4%8A%E7%B6%B2%E6%AD%A5%E9%80%B2%E5%8D%87%E6%BA%AB%E9%80%9A%E9%81%93-%E5%8D%97%E9%82%8A%E9%99%8D/cd81a7d5fb8b49e38810d8adbb7f95a9/images/a109faaadcc042729a4ea70f33dd8dd4.jpg HTTP/1.1" 404 11311 "-" "ImageBot/1.0 (compatible; research crawler; +https://github.com/rom1504/img2dataset; opt-out: abuse.notification.dcomp12b@gmail.com;"
3.234.103.5 - - [11/Sep/2026:10:15:41 -0400] "GET /2024/03/23/%E4%BA%BA%E4%B8%96%E6%8F%9B%E5%B1%8B%E9%A9%9A%E9%B4%BB%EF%BC%8C%E5%AE%A2%E5%98%86%E6%AD%B2%E6%9C%88%EF%BC%88%E4%B8%80%EF%BC%89/105422ztkpcys4dyytkaai.jpg HTTP/1.1" 404 11311 "-" "ImageBot/1.0 (compatible; research crawler; +https://github.com/rom1504/img2dataset; opt-out: abuse.notification.dcomp12b@gmail.com;"
54.166.204.138 - - [11/Sep/2026:10:15:46 -0400] "GET /2023/11/11/%E5%8E%9F%E5%89%B5-%E8%A2%AB%E4%BB%A5%E8%89%B2%E5%88%97%E5%B0%81%E9%96%89%E7%9A%84%E5%8A%A0%E6%B2%99%E5%9C%B0%E5%B8%B6%EF%BC%9A%E7%94%A8%E6%B0%B4%E7%94%A8%E9%9B%BB%E9%9D%A0%E6%96%BD/39d73428549f4d8eaff8efe1d6900ff0.jpeg HTTP/1.1" 404 11311 "-" "ImageBot/1.0 (compatible; research crawler; +https://github.com/rom1504/img2dataset; opt-out: abuse.notification.dcomp12b@gmail.com;"
52.1.250.135 - - [11/Sep/2026:10:15:51 -0400] "GET /%E5%BB%A3%E5%B7%9E%E6%96%B0%E6%A9%9F%E5%A0%B4%E8%90%BD%E5%AD%90%E7%8F%A0%E6%B1%9F%E8%A5%BF%E5%B2%B8%EF%BC%8C%E4%B8%96%E7%95%8C%E7%B4%9A%E6%A9%9F%E5%A0%B4%E7%BE%A4%E5%9C%96%E6%99%AF/20260325/306066.jpg HTTP/1.1" 404 11311 "-" "ImageBot/1.0 (compatible; research crawler; +https://github.com/rom1504/img2dataset; opt-out: abuse.notification.dcomp12b@gmail.com;"
52.23.26.158 - - [11/Sep/2026:10:15:51 -0400] "GET /upload/resources/image/2026/04/17/2775719_4096x10000.png HTTP/1.1" 404 11311 "-" "ImageBot/1.0 (compatible; research crawler; +https://github.com/rom1504/img2dataset; opt-out: abuse.notification.dcomp12b@gmail.com;"
101.33.200.240 - - [11/Sep/2026:10:15:51 -0400] "GET /upload/resources/image/2023/12/29/1694685_4096x10000.jpeg HTTP/1.1" 404 11311 "https://big-wife.com.tw/" "Mozilla/5.0 (Windows NT 10.0; Win64; x64) AppleWebKit/537.36 (KHTML, like Gecko) Chrome/111.0.0.0 Safari/537.36"
52.1.250.135 - - [11/Sep/2026:10:15:52 -0400] "GET /upload/resources/image/2026/02/09/2715077_4096x10000.png?r=1770605684320 HTTP/1.1" 404 11311 "-" "ImageBot/1.0 (compatible; research crawler; +https://github.com/rom1504/img2dataset; opt-out: abuse.notification.dcomp12b@gmail.com;"
139.199.155.99 - - [11/Sep/2026:10:15:54 -0400] "GET /upload/resources/image/2023/12/29/1694685_4096x10000.jpeg HTTP/1.1" 404 11311 "https://big-wife.com.tw/" "Mozilla/5.0 (Windows NT 10.0; Win64; x64) AppleWebKit/537.36 (KHTML, like Gecko) Chrome/111.0.0.0 Safari/537.36"
52.1.250.135 - - [11/Sep/2026:10:15:56 -0400] "GET /2024/03/22/%E8%90%AC%E5%85%AC%E9%87%8C%E8%B7%91%E8%80%85%E9%84%A7%E5%8F%B0%E5%8C%97-%E7%A4%BE%E5%8D%80%E8%89%AF%E8%8F%AF%E8%B7%91%E5%87%BA%E5%9C%8B%E9%96%80%E5%8D%81%E5%A4%A9%E8%A8%98/212555w6gdh6vrlczdwlvi.jpg HTTP/1.1" 404 11311 "-" "ImageBot/1.0 (compatible; research crawler; +https://github.com/rom1504/img2dataset; opt-out: abuse.notification.dcomp12b@gmail.com;"
50.19.85.253 - - [11/Sep/2026:10:16:01 -0400] "GET /upload/resources/image/2024/04/20/1896378_4096x10000.jpeg HTTP/1.1" 404 11311 "-" "ImageBot/1.0 (compatible; research crawler; +https://github.com/rom1504/img2dataset; opt-out: abuse.notification.dcomp12b@gmail.com;"
39.52.236.62 - - [11/Sep/2026:10:16:01 -0400] "POST /xmlrpc.php HTTP/1.1" 403 1242 "-" "Jetpack by WordPress.com"
52.1.250.135 - - [11/Sep/2026:10:16:01 -0400] "GET /upload/resources/image/2025/02/16/2300057_4096x10000.jpeg HTTP/1.1" 404 11311 "-" "ImageBot/1.0 (compatible; research crawler; +https://github.com/rom1504/img2dataset; opt-out: abuse.notification.dcomp12b@gmail.com;"
