176.224.203.219 - - [11/Sep/2026:09:37:45 -0400] "POST /xmlrpc.php HTTP/1.1" 403 1242 "-" "Jetpack by WordPress.com (Jetpack 12.1; WordPress 6.3)"
52.23.26.158 - - [11/Sep/2026:09:37:46 -0400] "GET /2024/03/27/%E5%AF%A6%E8%A1%8C%E6%9D%91%E8%90%BD%E5%BE%A9%E8%88%88-%E6%89%B6%E6%A4%8D%E5%B9%B8%E7%A6%8F%E9%BC%8E%E5%9F%8E%EF%BC%88%E4%B8%89%EF%BC%89-2/201400vo0zfu8f0j8k9kna.png HTTP/1.1" 404 11311 "-" "ImageBot/1.0 (compatible; research crawler; +https://github.com/rom1504/img2dataset; opt-out: abuse.notification.dcomp12b@gmail.com;"
185.191.171.13 - - [11/Sep/2026:09:37:46 -0400] "GET /%E7%BF%92%E8%BF%91%E5%B9%B3%E7%B8%BD%E6%9B%B8%E8%A8%98%E9%97%9C%E5%BF%83%E4%BA%8B%E5%B0%88%E5%8C%85%E9%A4%8A%E7%B6%B2%EF%BD%9C%E4%B8%AD%E5%9C%8B%E9%AB%94%E8%82%B2%E9%80%90%E5%A4%A2%E5%90%88%E6%B3%95/ HTTP/1.1" 403 1242 "-" "Mozilla/5.0 (compatible; SemrushBot/7~bl; +http://www.semrush.com/bot.html)"
52.23.26.158 - - [11/Sep/2026:09:37:48 -0400] "GET /upload/resources/image/2025/11/11/2629845_4096x10000.jpeg HTTP/1.1" 404 11311 "-" "ImageBot/1.0 (compatible; research crawler; +https://github.com/rom1504/img2dataset; opt-out: abuse.notification.dcomp12b@gmail.com;"
52.23.26.158 - - [11/Sep/2026:09:37:49 -0400] "GET /2023/12/23/%E3%80%90%E5%BE%AE%E9%97%9C%E8%A8%BB%E3%80%91%E9%BB%83%E5%A5%95%E5%A4%AB%E5%A6%BB%E7%8E%89%E7%9F%B3%E5%8C%85%E9%A4%8A%E8%A1%8C%E6%83%85%E4%BF%B1%E7%84%9A%EF%BC%9F%E5%B0%8F%E5%9B%9B%E8%BA%AB%E9%AB%98/0950452j2j2uk252266avu.jpg HTTP/1.1" 404 11311 "-" "ImageBot/1.0 (compatible; research crawler; +https://github.com/rom1504/img2dataset; opt-out: abuse.notification.dcomp12b@gmail.com;"
3.234.103.5 - - [11/Sep/2026:09:37:50 -0400] "GET /%E9%82%B5%E6%9D%B1%E8%97%8D%E5%A4%A9%E6%95%91%E6%BF%9F%E9%9A%8A%E5%85%A9%E5%90%8D%E9%9A%8A%E5%93%A1%E6%A6%AE%E7%8D%B2%E6%96%B0%E6%99%82%E6%9C%9F%E6%96%87%E6%98%8E%E5%AF%A6%E8%A1%8C%E6%A8%99/155811qxen29oixn2hchag.jpg HTTP/1.1" 404 11311 "-" "ImageBot/1.0 (compatible; research crawler; +https://github.com/rom1504/img2dataset; opt-out: abuse.notification.dcomp12b@gmail.com;"
52.23.26.158 - - [11/Sep/2026:09:37:51 -0400] "GET /upload/resources/image/2026/02/13/2720640_4096x10000.jpeg HTTP/1.1" 404 11311 "-" "ImageBot/1.0 (compatible; research crawler; +https://github.com/rom1504/img2dataset; opt-out: abuse.notification.dcomp12b@gmail.com;"
54.166.204.138 - - [11/Sep/2026:09:37:51 -0400] "GET /35%E6%AD%B2%E7%94%B7%E4%BA%BA%E4%B8%8D%E5%B9%B8%E5%96%AA%E5%91%BD%EF%BC%81%E8%B7%9F%E9%A2%A8%E8%87%AA%E5%88%B6%E7%86%B1%E6%BD%AE%EF%BC%8C%E8%AD%A6%E6%88%92%E8%89%AFjiuyi%E4%BF%B1/20260201/94977.jpg HTTP/1.1" 404 11311 "-" "ImageBot/1.0 (compatible; research crawler; +https://github.com/rom1504/img2dataset; opt-out: abuse.notification.dcomp12b@gmail.com;"
52.23.26.158 - - [11/Sep/2026:09:37:51 -0400] "GET /%E7%82%BA%E5%85%A9%E5%B2%B8%E8%AC%80%E6%88%B0%E7%88%AD%E3%80%81%E7%82%BA%E5%90%8C%E8%83%9E%E8%AC%80%E7%A6%8F%E7%A5%89%E3%80%81%E7%82%BA%E5%B9%B3%E6%98%93%E8%BF%91%E6%97%8F%E8%AC%80%E5%BE%A9%E8%88%88/20260412/435452.png HTTP/1.1" 404 11311 "-" "ImageBot/1.0 (compatible; research crawler; +https://github.com/rom1504/img2dataset; opt-out: abuse.notification.dcomp12b@gmail.com;"
52.23.26.158 - - [11/Sep/2026:09:37:52 -0400] "GET /%E6%B9%9B%E6%B1%9F%EF%BC%8C%E4%B8%80%E5%80%8B%E4%B8%96%E7%95%8C%E7%B4%9A%E9%A0%85%E7%9B%AEjiuyi%E4%BF%B1%E6%84%8F%E5%AE%A4%E5%85%A7%E8%A8%AD%E8%A8%88%E6%A8%99%E4%B8%AD%E5%9C%8B%E8%AC%8E/20260326/315716.png HTTP/1.1" 404 11311 "-" "ImageBot/1.0 (compatible; research crawler; +https://github.com/rom1504/img2dataset; opt-out: abuse.notification.dcomp12b@gmail.com;"
54.166.204.138 - - [11/Sep/2026:09:37:53 -0400] "GET /upload/resources/image/2026/03/23/2753485_4096x10000.jpeg HTTP/1.1" 404 11311 "-" "ImageBot/1.0 (compatible; research crawler; +https://github.com/rom1504/img2dataset; opt-out: abuse.notification.dcomp12b@gmail.com;"
52.23.26.158 - - [11/Sep/2026:09:37:55 -0400] "GET /2023/11/23/%E9%98%BF%E8%AA%B0%E6%98%A5%E5%A4%A9%EF%BC%8C%E6%88%91%E7%9F%AD%E6%9C%9F%E5%8C%85%E9%A4%8A%E5%9C%A8%E6%AD%A6%E6%BC%A2%EF%BC%88%E7%B4%80%E5%AF%A6%E9%80%A3%E8%BC%89%E6%95%A3%E6%96%87%EF%BC%89%E4%B9%8B/064045wb7763ws33osas4o.jpg HTTP/1.1" 404 11311 "-" "ImageBot/1.0 (compatible; research crawler; +https://github.com/rom1504/img2dataset; opt-out: abuse.notification.dcomp12b@gmail.com;"
50.19.85.253 - - [11/Sep/2026:09:37:55 -0400] "GET /upload/resources/image/2026/01/20/2695748_4096x10000.jpeg HTTP/1.1" 404 11311 "-" "ImageBot/1.0 (compatible; research crawler; +https://github.com/rom1504/img2dataset; opt-out: abuse.notification.dcomp12b@gmail.com;"
176.224.203.219 - - [11/Sep/2026:09:37:56 -0400] "POST /xmlrpc.php HTTP/1.1" 403 1242 "-" "Jetpack by WordPress.com (Jetpack 12.1; WordPress 6.4)"
81.68.170.93 - - [11/Sep/2026:09:37:58 -0400] "GET /upload/resources/image/2025/11/09/2627289_4096x10000.png HTTP/1.1" 404 11311 "https://big-wife.com.tw/" "Mozilla/5.0 (Windows NT 10.0; Win64; x64) AppleWebKit/537.36 (KHTML, like Gecko) Chrome/131.0.0.0 Safari/537.36"
54.166.204.138 - - [11/Sep/2026:09:38:01 -0400] "GET /2024/03/14/%E4%B8%80%E4%BD%8D%E5%9D%90%E6%9D%9F%E7%B8%9B%E7%89%8C%E8%B2%A8%E8%BB%8A%E6%96%B0%E5%A8%98%E7%9A%84%E5%AF%86%E6%84%8F%E5%9B%9E%E7%9C%B8%EF%BC%88%E6%95%A3%E6%96%87%EF%BC%89/095315fkqjkkirigcp8sfi.jpg HTTP/1.1" 404 11311 "-" "ImageBot/1.0 (compatible; research crawler; +https://github.com/rom1504/img2dataset; opt-out: abuse.notification.dcomp12b@gmail.com;"
54.166.204.138 - - [11/Sep/2026:09:38:03 -0400] "GET /2023/10/11/%E6%9D%AD%E5%B7%9E%E4%BA%9E%E9%81%8B%E6%9C%83-%E6%B6%88%E6%81%AF%E5%89%96%E6%9E%90%EF%BC%9A%E7%82%BA%E5%AE%89%E5%9C%A8%E4%BA%9E%E9%81%8B%E6%9C%83%E4%B8%8A%E9%A0%92%E5%B8%83%E5%8C%85%E9%A4%8A/8cf6820045144ef482ad146cdc6856ef.jpg HTTP/1.1" 404 11311 "-" "ImageBot/1.0 (compatible; research crawler; +https://github.com/rom1504/img2dataset; opt-out: abuse.notification.dcomp12b@gmail.com;"
50.19.85.253 - - [11/Sep/2026:09:38:03 -0400] "GET /2024/03/09/%E5%AE%B6%E5%9C%92%E7%BE%8E%E4%B8%8D%E5%8B%95%E7%94%A2%E5%A6%82%E7%95%AB/113001c11y89wttv0vyql0.jpg HTTP/1.1" 404 11311 "-" "ImageBot/1.0 (compatible; research crawler; +https://github.com/rom1504/img2dataset; opt-out: abuse.notification.dcomp12b@gmail.com;"
176.224.203.219 - - [11/Sep/2026:09:38:07 -0400] "POST /xmlrpc.php HTTP/1.1" 403 1242 "-" "Jetpack by WordPress.com"
3.234.103.5 - - [11/Sep/2026:09:38:09 -0400] "GET /%E8%B6%85%E7%B4%9Aip%E7%A1%AC%E6%8E%A7osder%E5%A5%A7%E6%96%AF%E5%BE%B7%E6%9D%90%E6%96%99%E5%A0%B1%E5%83%B9%E5%85%A8%E7%90%8340%E5%B9%B4%EF%BC%81%E7%B2%B5%E5%AE%B6%E9%9B%BB/20260115/533211.png HTTP/1.1" 404 11311 "-" "ImageBot/1.0 (compatible; research crawler; +https://github.com/rom1504/img2dataset; opt-out: abuse.notification.dcomp12b@gmail.com;"
52.1.250.135 - - [11/Sep/2026:09:38:10 -0400] "GET /%E3%80%90%E5%86%B0%E9%9B%AA%E6%98%A5%E5%A4%A9%E3%80%91%E7%BF%92%E8%A8%80%E9%81%93%EF%BD%9C%E6%8E%A8jiuyi%E4%BF%B1%E6%84%8F%E8%A8%BA%E6%89%80%E8%A8%AD%E8%A8%88%E5%8B%95%E5%86%B0%E9%9B%AA%E9%81%8B/20260121/36620.jpg HTTP/1.1" 404 11311 "-" "ImageBot/1.0 (compatible; research crawler; +https://github.com/rom1504/img2dataset; opt-out: abuse.notification.dcomp12b@gmail.com;"
3.234.103.5 - - [11/Sep/2026:09:38:13 -0400] "GET /upload/resources/image/2026/02/08/2714604_4096x10000.jpeg HTTP/1.1" 404 11311 "-" "ImageBot/1.0 (compatible; research crawler; +https://github.com/rom1504/img2dataset; opt-out: abuse.notification.dcomp12b@gmail.com;"
52.1.250.135 - - [11/Sep/2026:09:38:14 -0400] "GET /2024/04/01/%E3%80%90%E5%9B%9E%E7%9C%B82023%E3%80%91%E6%B9%96%E5%8D%97%E4%B9%9D%E6%BE%A7%E5%90%8D%E6%A8%93-%E7%99%BE%E5%A4%A7%E5%93%A5%E5%BA%97%E6%B4%A5%E5%B8%82%E7%9C%8B%E6%B1%9F%E6%A8%93%E6%96%B0%E5%BA%97/211814e35996duo9dlp6ma.jpg HTTP/1.1" 404 11311 "-" "ImageBot/1.0 (compatible; research crawler; +https://github.com/rom1504/img2dataset; opt-out: abuse.notification.dcomp12b@gmail.com;"
52.1.250.135 - - [11/Sep/2026:09:38:15 -0400] "GET /upload/resources/image/2025/01/26/2268109_4096x10000.jpeg HTTP/1.1" 404 11311 "-" "ImageBot/1.0 (compatible; research crawler; +https://github.com/rom1504/img2dataset; opt-out: abuse.notification.dcomp12b@gmail.com;"
52.1.250.135 - - [11/Sep/2026:09:38:16 -0400] "GET /upload/resources/image/2024/09/30/2112679_4096x10000.jpeg HTTP/1.1" 404 11311 "-" "ImageBot/1.0 (compatible; research crawler; +https://github.com/rom1504/img2dataset; opt-out: abuse.notification.dcomp12b@gmail.com;"
176.224.203.219 - - [11/Sep/2026:09:38:18 -0400] "POST /xmlrpc.php HTTP/1.1" 403 1242 "-" "WordPress.com; https://wordpress.com"
54.166.204.138 - - [11/Sep/2026:09:38:21 -0400] "GET /%E7%9B%A1%E6%83%85%E6%88%BF%E7%94%A2%E8%B3%87%E8%A8%8A%E4%BA%94%E6%BA%AA%E8%B0%B7-%E6%B2%89%E9%86%89%E5%B1%B1%E5%B7%9D%E9%96%93/224856rvtw7bfm1m62vfmt.png HTTP/1.1" 404 11311 "-" "ImageBot/1.0 (compatible; research crawler; +https://github.com/rom1504/img2dataset; opt-out: abuse.notification.dcomp12b@gmail.com;"
52.1.250.135 - - [11/Sep/2026:09:38:23 -0400] "GET /2024/03/26/%E6%B5%B8%E5%B3%AA-%E5%8F%B0%E5%8D%97-%E6%88%BF%E7%94%A2-%E6%A1%91%E6%A4%8D%E5%B9%B4%E5%A4%9C%E5%B1%B1%E4%B8%AD%E7%9A%84%E6%98%8E%E7%8F%A0/151029caneff5e5dio8iea.jpg HTTP/1.1" 404 11311 "-" "ImageBot/1.0 (compatible; research crawler; +https://github.com/rom1504/img2dataset; opt-out: abuse.notification.dcomp12b@gmail.com;"
3.234.103.5 - - [11/Sep/2026:09:38:24 -0400] "GET /upload/resources/image/2026/01/25/2701165_4096x10000.jpeg HTTP/1.1" 404 11311 "-" "ImageBot/1.0 (compatible; research crawler; +https://github.com/rom1504/img2dataset; opt-out: abuse.notification.dcomp12b@gmail.com;"
176.224.203.219 - - [11/Sep/2026:09:38:28 -0400] "POST /xmlrpc.php HTTP/1.1" 403 1242 "-" "Jetpack by WordPress.com"
52.1.250.135 - - [11/Sep/2026:09:38:28 -0400] "GET /upload/resources/image/2024/01/01/1699108_4096x10000.jpeg HTTP/1.1" 404 11311 "-" "ImageBot/1.0 (compatible; research crawler; +https://github.com/rom1504/img2dataset; opt-out: abuse.notification.dcomp12b@gmail.com;"
50.19.85.253 - - [11/Sep/2026:09:38:33 -0400] "GET /2024/03/15/%E8%90%AC%E5%85%AC%E9%87%8C%E8%B7%91%E8%80%85%E9%84%A7%E8%89%AF%E8%8F%AF%E6%88%BF%E5%9C%B0%E7%94%A2%E8%B7%91%E5%87%BA%E5%9C%8B%E9%96%80%E5%8D%81%E5%A4%A9%E8%A8%98/212555qtw82qwny89k29ue.jpg HTTP/1.1" 404 11311 "-" "ImageBot/1.0 (compatible; research crawler; +https://github.com/rom1504/img2dataset; opt-out: abuse.notification.dcomp12b@gmail.com;"
3.234.103.5 - - [11/Sep/2026:09:38:33 -0400] "GET /2024/03/08/%E9%80%99%E7%AF%87%E5%BE%88%E5%8F%B0%E5%8D%97-%E6%88%BF%E5%9C%B0%E7%94%A2%E9%95%B7%E6%B2%99%E7%9A%84%E9%AB%98%E8%80%83%E4%BD%9C%E6%96%87%E5%81%9A%E5%BE%97%E5%A5%BD%EF%BC%81/171136n7scoros7ccck5qs.jpg HTTP/1.1" 404 11311 "-" "ImageBot/1.0 (compatible; research crawler; +https://github.com/rom1504/img2dataset; opt-out: abuse.notification.dcomp12b@gmail.com;"
52.1.250.135 - - [11/Sep/2026:09:38:35 -0400] "GET /upload/resources/image/2024/06/02/1963592_4096x10000.jpeg HTTP/1.1" 404 11311 "-" "ImageBot/1.0 (compatible; research crawler; +https://github.com/rom1504/img2dataset; opt-out: abuse.notification.dcomp12b@gmail.com;"
14.116.238.108 - - [11/Sep/2026:09:38:37 -0400] "GET /%e5%8f%b0%e5%8c%85%e9%a4%8a%e5%bf%83%e5%be%97%e3%80%8a%e6%bc%a2%e6%b2%bd%e9%a3%9b%e9%95%b2%e3%80%8b%e8%a1%a8%e6%85%8b%e6%b2%b3%e5%8c%97%e6%ad%a3%e5%ae%9a HTTP/1.1" 301 0 "-" "Mozilla/5.0 (Windows NT 10.0; Win64; x64) AppleWebKit/537.36 (KHTML, like Gecko) Chrome/131.0.0.0 Safari/537.36"
120.233.109.103 - - [11/Sep/2026:09:38:38 -0400] "GET /%e7%85%a7%e8%ad%b7%e6%9b%b4%e5%b0%88%e9%96%80%e7%a0%94%e7%a9%b6%e4%bf%9d%e8%ad%89%e6%9b%b4%e7%a7%80%e5%82%b3%e9%86%ab%e9%99%a2%e5%81%a5%e6%aa%a2%e9%a0%85%e7%9b%ae%e6%89%8e%e5%af%a6 HTTP/1.1" 301 0 "-" "Mozilla/5.0 (Windows NT 10.0; Win64; x64) AppleWebKit/537.36 (KHTML, like Gecko) Chrome/131.0.0.0 Safari/537.36"
58.254.165.191 - - [11/Sep/2026:09:38:38 -0400] "GET /%e5%8f%b0%e5%8c%85%e9%a4%8a%e5%bf%83%e5%be%97%e3%80%8a%e6%bc%a2%e6%b2%bd%e9%a3%9b%e9%95%b2%e3%80%8b%e8%a1%a8%e6%85%8b%e6%b2%b3%e5%8c%97%e6%ad%a3%e5%ae%9a/ HTTP/1.1" 200 28995 "-" "Mozilla/5.0 (Windows NT 10.0; Win64; x64) AppleWebKit/537.36 (KHTML, like Gecko) Chrome/131.0.0.0 Safari/537.36"
176.224.203.219 - - [11/Sep/2026:09:38:39 -0400] "POST /xmlrpc.php HTTP/1.1" 403 1242 "-" "Jetpack by WordPress.com"
14.29.103.143 - - [11/Sep/2026:09:38:39 -0400] "GET /%e7%85%a7%e8%ad%b7%e6%9b%b4%e5%b0%88%e9%96%80%e7%a0%94%e7%a9%b6%e4%bf%9d%e8%ad%89%e6%9b%b4%e7%a7%80%e5%82%b3%e9%86%ab%e9%99%a2%e5%81%a5%e6%aa%a2%e9%a0%85%e7%9b%ae%e6%89%8e%e5%af%a6/ HTTP/1.1" 200 18215 "-" "Mozilla/5.0 (Windows NT 10.0; Win64; x64) AppleWebKit/537.36 (KHTML, like Gecko) Chrome/131.0.0.0 Safari/537.36"
54.166.204.138 - - [11/Sep/2026:09:38:41 -0400] "GET /2024/03/17/%E8%B5%B0%E5%85%A8%E5%9C%8B%EF%BC%9A%E5%9C%A8%E9%82%A3%E7%B6%A0%E6%A6%95%E6%88%90%E8%94%AD%E9%AE%AE%E8%8A%B1%E6%80%92%E6%94%BE%E7%9A%84%E6%9D%91%E8%90%BD/115328nof189r99w98roo2.jpg HTTP/1.1" 404 11311 "-" "ImageBot/1.0 (compatible; research crawler; +https://github.com/rom1504/img2dataset; opt-out: abuse.notification.dcomp12b@gmail.com;"
3.234.103.5 - - [11/Sep/2026:09:38:41 -0400] "GET /2023/10/30/%E8%91%9B%E6%9B%BC%E6%A3%8B%E5%8C%85%E9%A4%8A%E8%A1%8C%E6%83%85%E3%80%81%E8%AC%9D%E9%9C%87%E6%A5%AD%EF%BC%8C%E9%87%91%E7%89%8C%EF%BC%81/d9faa9bb4cec4fe697346d873f608b85.jpg HTTP/1.1" 404 11311 "-" "ImageBot/1.0 (compatible; research crawler; +https://github.com/rom1504/img2dataset; opt-out: abuse.notification.dcomp12b@gmail.com;"
54.166.204.138 - - [11/Sep/2026:09:38:42 -0400] "GET /2024/03/29/%E5%8F%B0%E4%B8%AD-%E7%A4%BE%E5%8D%80%E6%99%82%E9%9A%94%E5%A4%9A%E5%B9%B4%E6%B8%B8%E5%8D%97%E5%B2%B3%E8%A1%A1%E5%B1%B1/171015uelc5lfma2cv5ojz.jpg HTTP/1.1" 404 11311 "-" "ImageBot/1.0 (compatible; research crawler; +https://github.com/rom1504/img2dataset; opt-out: abuse.notification.dcomp12b@gmail.com;"
3.234.103.5 - - [11/Sep/2026:09:38:42 -0400] "GET /%E5%A5%AE%E6%A5%AB%E5%95%8F%E5%A4%A9osder%E5%A5%A7%E6%96%AF%E5%BE%B7%E9%9B%B6%E4%BB%B6%E5%95%86%E8%B7%AF%EF%BC%8C%E9%80%90%E5%A4%A2%E6%8E%A2%E8%92%BC%E7%A9%B9/20260424/525768.jpg HTTP/1.1" 404 11311 "-" "ImageBot/1.0 (compatible; research crawler; +https://github.com/rom1504/img2dataset; opt-out: abuse.notification.dcomp12b@gmail.com;"
54.166.204.138 - - [11/Sep/2026:09:38:42 -0400] "GET /2024/03/22/%E6%B9%98%E8%A1%8C%E5%8F%B0%E5%8D%97-%E7%A4%BE%E5%8D%80%E6%95%A3%E8%A8%98%E9%80%99%E7%AF%87%E5%BE%88%E9%95%B7%E6%B2%99%E7%9A%84%E9%AB%98%E8%80%83%E4%BD%9C%E6%96%87%E5%81%9A/172323o33t3cb3hnlnidcl.jpg HTTP/1.1" 404 11311 "-" "ImageBot/1.0 (compatible; research crawler; +https://github.com/rom1504/img2dataset; opt-out: abuse.notification.dcomp12b@gmail.com;"
54.166.204.138 - - [11/Sep/2026:09:38:44 -0400] "GET /2024/03/04/%E8%90%AC%E5%85%AC%E9%87%8C%E8%B7%91%E8%80%85%E9%84%A7%E8%89%AF%E8%8F%AF%E8%B7%91%E5%87%BA%E5%9C%8B%E9%96%80%E6%96%B0%E5%8C%97%E6%88%BF%E7%94%A2%E5%8D%81%E5%A4%A9%E8%A8%98/212540k54os5tr53w0x1ts.jpg HTTP/1.1" 404 11311 "-" "ImageBot/1.0 (compatible; research crawler; +https://github.com/rom1504/img2dataset; opt-out: abuse.notification.dcomp12b@gmail.com;"
3.234.103.5 - - [11/Sep/2026:09:38:44 -0400] "GET /%E6%96%B0osder%E5%A5%A7%E6%96%AF%E5%BE%B7%E9%9B%B6%E4%BB%B6%E5%95%86%E6%98%A5%E8%B5%B0%E5%9F%BA%E5%B1%A4%E4%B8%A8%E5%81%87%E5%A6%82%E9%BB%9E%E4%BA%86%E7%BE%8E%E5%BC%8F%E5%8D%BB%E4%BE%86/20260303/166390.jpg HTTP/1.1" 404 11311 "-" "ImageBot/1.0 (compatible; research crawler; +https://github.com/rom1504/img2dataset; opt-out: abuse.notification.dcomp12b@gmail.com;"
54.166.204.138 - - [11/Sep/2026:09:38:45 -0400] "GET /%E8%90%AC%E5%85%AC%E9%87%8C%E8%B7%91%E8%80%85%E9%84%A7%E8%89%AF%E8%8F%AF%E8%B7%91%E5%87%BA%E5%9C%8B%E9%96%80%E5%8D%81%E5%A4%A9%E8%A8%98-2/212052msiwlfhalmpdad3b.jpg HTTP/1.1" 404 11311 "-" "ImageBot/1.0 (compatible; research crawler; +https://github.com/rom1504/img2dataset; opt-out: abuse.notification.dcomp12b@gmail.com;"
52.23.26.158 - - [11/Sep/2026:09:38:47 -0400] "GET /%E5%AD%B8%E7%BF%92%E7%AD%86%E8%A8%98%E4%B8%A8%E7%B8%BD%E6%9B%B8jiuyi%E4%BF%B1%E6%84%8F%E8%A8%BA%E6%89%80%E8%A8%AD%E8%A8%88%E8%A8%98%E8%88%87%E4%BB%A3%E8%A1%A8%E5%A7%94%E5%93%A1%E7%9A%84%E5%B0%8D/20260311/216578.png HTTP/1.1" 404 11311 "-" "ImageBot/1.0 (compatible; research crawler; +https://github.com/rom1504/img2dataset; opt-out: abuse.notification.dcomp12b@gmail.com;"
216.73.216.141 - - [11/Sep/2026:09:38:47 -0400] "GET /?p=8200 HTTP/2" 301 0 "-" "Mozilla/5.0 AppleWebKit/537.36 (KHTML, like Gecko; compatible; ClaudeBot/1.0; +claudebot@anthropic.com)"
52.1.250.135 - - [11/Sep/2026:09:38:47 -0400] "GET /%E5%BB%A3%E5%B7%9E%E5%8D%97%E6%B2%99%E5%9C%8B%E9%9A%9B%E5%AF%B5%E7%89%A9%E7%A4%BE%E5%8D%80%E6%8F%AD%E7%89%8C%EF%BC%8C%E6%89%93%E9%80%A0%E5%B9%B4%E5%A4%9C%E7%81%A3%E5%8D%80%E5%AF%B5osder%E5%A5%A7/20260201/92719.jpg HTTP/1.1" 404 11311 "-" "ImageBot/1.0 (compatible; research crawler; +https://github.com/rom1504/img2dataset; opt-out: abuse.notification.dcomp12b@gmail.com;"
3.234.103.5 - - [11/Sep/2026:09:38:47 -0400] "GET /upload/resources/image/2025/01/26/2268109_4096x10000.jpeg HTTP/1.1" 404 11311 "-" "ImageBot/1.0 (compatible; research crawler; +https://github.com/rom1504/img2dataset; opt-out: abuse.notification.dcomp12b@gmail.com;"
54.166.204.138 - - [11/Sep/2026:09:38:48 -0400] "GET /%E6%88%BF%E7%94%A2%E7%B6%B2%E6%B9%98%E8%A1%8C%E6%95%A3%E8%A8%98%E9%80%99%E7%AF%87%E5%BE%88%E9%95%B7%E6%B2%99%E7%9A%84%E9%AB%98%E8%80%83%E4%BD%9C%E6%96%87%E5%81%9A%E5%BE%97%E5%A5%BD/172038v3zy3egd39q66msf.jpg HTTP/1.1" 404 11311 "-" "ImageBot/1.0 (compatible; research crawler; +https://github.com/rom1504/img2dataset; opt-out: abuse.notification.dcomp12b@gmail.com;"
216.73.216.141 - - [11/Sep/2026:09:38:48 -0400] "GET /%e9%ac%bc%e7%89%87%e3%80%81%e5%8f%af%e6%80%95%e7%89%87%e9%ac%bc%e6%9c%88%e6%a3%ae%e5%92%8c%e8%a8%ba%e6%89%80%e5%81%a5%e6%aa%a2%e9%80%b2%e5%a0%b4-%e3%80%8a%e9%9d%88%e5%aa%92%e6%83%a1%e5%92%92%e3%80%8b/ HTTP/2" 200 14864 "https://big-wife.com.tw/?p=8200" "Mozilla/5.0 AppleWebKit/537.36 (KHTML, like Gecko; compatible; ClaudeBot/1.0; +claudebot@anthropic.com)"
43.134.68.29 - - [11/Sep/2026:09:38:49 -0400] "GET /%e8%aa%b0%e8%a6%81%e9%ab%98%e8%80%83%ef%bc%9f%e9%ab%98%e4%b8%89%e7%94%b7%e7%94%9f%e4%b8%8a%e5%bd%80%e8%aa%b2%e7%88%ba%e7%88%ba%e8%81%bd%e5%be%97%e6%9b%b4%e7%95%b6%e7%9c%9f/ HTTP/1.1" 200 16892 "-" "Mozilla/5.0 (iPhone; CPU iPhone OS 13_2_3 like Mac OS X) AppleWebKit/605.1.15 (KHTML, like Gecko) Version/13.0.3 Mobile/15E148 Safari/604.1"
176.224.203.219 - - [11/Sep/2026:09:38:50 -0400] "POST /xmlrpc.php HTTP/1.1" 403 1242 "-" "Jetpack by WordPress.com"
50.19.85.253 - - [11/Sep/2026:09:38:51 -0400] "GET /%E5%BE%9E%E9%BB%A8%E7%9A%84%E4%BA%8C%E5%8D%81jiuyi%E4%BF%B1%E6%84%8F%E8%B1%AA%E5%AE%85%E8%A8%AD%E8%A8%88%E5%B1%86%E5%9B%9B%E4%B8%AD%E5%85%A8%E6%9C%83%E5%88%B02026%E5%B9%B4%E5%85%A8%E5%9C%8B%E5%85%A9/20260320/272166.jpg HTTP/1.1" 404 11311 "-" "ImageBot/1.0 (compatible; research crawler; +https://github.com/rom1504/img2dataset; opt-out: abuse.notification.dcomp12b@gmail.com;"
50.19.85.253 - - [11/Sep/2026:09:38:58 -0400] "GET /2024/03/22/%E5%85%AC%E4%BA%A4%E6%9D%91%E8%90%BD%E6%B8%B8%E5%8F%B0%E5%8D%97-%E7%A4%BE%E5%8D%80%E5%AE%8B%E5%AE%B6%E6%B4%9E/220444e3dcfc0c0p3ipk1f.jpg HTTP/1.1" 404 11311 "-" "ImageBot/1.0 (compatible; research crawler; +https://github.com/rom1504/img2dataset; opt-out: abuse.notification.dcomp12b@gmail.com;"
3.234.103.5 - - [11/Sep/2026:09:39:00 -0400] "GET /2023/11/09/%E5%8A%89%E5%BE%B7%E8%8F%AF%E4%BB%A3%E8%A8%80%E5%A4%96%E8%B2%A8%E5%8C%85%E9%A4%8A%E9%81%AD%E6%9D%B1%E6%96%B9%E6%8A%B5%E6%8A%973%E5%A4%A9%E6%90%8D6%E5%84%84%E7%9B%B4%E6%92%AD%E9%97%9C%E6%89%93/4ae68524d71f4b9b95a57f70553479c7.jpeg HTTP/1.1" 404 11311 "-" "ImageBot/1.0 (compatible; research crawler; +https://github.com/rom1504/img2dataset; opt-out: abuse.notification.dcomp12b@gmail.com;"
3.234.103.5 - - [11/Sep/2026:09:39:00 -0400] "GET /2023/10/21/%E5%8E%9F%E5%89%B5-%E5%8C%85%E9%A4%8A%E5%BF%83%E5%BE%97-%E5%85%A8%E7%B4%85%E5%AC%8B%E5%9D%90%E5%B9%B3%E5%83%B9%E9%A3%9B%E6%A9%9F%E5%9B%9E%E5%8C%97%E4%BA%AC%EF%BC%81%E5%A5%AA%E5%86%A0/0b8998bbbd4948a5bc0f399c2288e9e5.jpeg HTTP/1.1" 404 11311 "-" "ImageBot/1.0 (compatible; research crawler; +https://github.com/rom1504/img2dataset; opt-out: abuse.notification.dcomp12b@gmail.com;"
176.224.203.219 - - [11/Sep/2026:09:39:00 -0400] "POST /xmlrpc.php HTTP/1.1" 403 1242 "-" "Jetpack by WordPress.com"
50.19.85.253 - - [11/Sep/2026:09:39:00 -0400] "GET /upload/resources/image/2026/01/06/2682181_4096x10000.jpeg HTTP/1.1" 404 11311 "-" "ImageBot/1.0 (compatible; research crawler; +https://github.com/rom1504/img2dataset; opt-out: abuse.notification.dcomp12b@gmail.com;"
114.119.134.216 - - [11/Sep/2026:09:39:06 -0400] "GET /%e5%af%a7%e5%a4%8f%e5%9b%9e%e6%97%8f%e8%87%aa%e6%b2%bb%e5%8d%802026%e5%b9%b4%e8%81%b7%e5%b0%88%e5%8c%85%e9%a4%8a%e5%83%b9%e6%a0%bc%e5%b7%a5%e5%8d%80%e5%85%a7%e7%99%82%e7%99%82%e9%a4%8a%e9%81%8b/ HTTP/1.1" 200 27129 "https://big-wife.com.tw/category/uncategorized/page/114/" "Mozilla/5.0 (Linux; Android 7.0;) AppleWebKit/537.36 (HTML, like Gecko) Mobile Safari/537.36 (compatible; PetalBot;+https://webmaster.petalsearch.com/site/petalbot)"
50.19.85.253 - - [11/Sep/2026:09:39:11 -0400] "GET /%E4%B8%80%E5%B9%B3%E6%98%93%E8%BF%91%E5%AE%BF%E8%A2%AB%E6%9B%9D%EF%BC%81%E5%A4%9A%E5%80%8B%E6%94%9D%E5%83%8F%E9%A0%AD%E7%9B%B4%E6%92%AD%E5%B9%B4%E5%A4%9C%E5%AD%B8%E7%94%9Fosder%E5%A5%A7%E6%96%AF/20260421/504204.jpg HTTP/1.1" 404 11311 "-" "ImageBot/1.0 (compatible; research crawler; +https://github.com/rom1504/img2dataset; opt-out: abuse.notification.dcomp12b@gmail.com;"
176.224.203.219 - - [11/Sep/2026:09:39:11 -0400] "POST /xmlrpc.php HTTP/1.1" 403 1242 "-" "Jetpack by WordPress.com (Jetpack 12.0; WordPress 6.4)"
216.73.216.141 - - [11/Sep/2026:09:39:14 -0400] "GET /?p=855 HTTP/2" 301 0 "-" "Mozilla/5.0 AppleWebKit/537.36 (KHTML, like Gecko; compatible; ClaudeBot/1.0; +claudebot@anthropic.com)"
216.73.216.141 - - [11/Sep/2026:09:39:14 -0400] "GET /%e6%9d%8e%e7%a8%bb%e8%91%b5%ef%bc%9a%e4%b8%ad%e5%9c%8b%e7%b6%93%e6%bf%9f%e4%bb%8a%e6%9c%9d%e5%9c%a8%e6%a3%ae%e5%92%8c%e8%a8%ba%e6%89%80%e6%b8%9b%e9%87%8d%e6%81%a2%e5%be%a9%e9%a4%8a%e5%82%b7-%e5%85%ac/ HTTP/2" 200 15238 "https://big-wife.com.tw/?p=855" "Mozilla/5.0 AppleWebKit/537.36 (KHTML, like Gecko; compatible; ClaudeBot/1.0; +claudebot@anthropic.com)"
3.234.103.5 - - [11/Sep/2026:09:39:17 -0400] "GET /%E4%B8%80%E4%BD%8D%E5%9D%90%E6%9D%9F%E7%B8%9B%E7%89%8C%E4%B8%8D%E5%8B%95%E7%94%A2%E8%B2%A8%E8%BB%8A%E6%96%B0%E5%A8%98%E7%9A%84%E5%AF%86%E6%84%8F%E5%9B%9E%E7%9C%B8%EF%BC%88%E6%95%A3%E6%96%87%EF%BC%89/100020k31x9l9cp8c1i22z.jpg HTTP/1.1" 404 11311 "-" "ImageBot/1.0 (compatible; research crawler; +https://github.com/rom1504/img2dataset; opt-out: abuse.notification.dcomp12b@gmail.com;"
157.55.39.205 - - [11/Sep/2026:09:39:18 -0400] "GET /%E9%97%96%E9%80%B2%E6%B8%B8%E5%96%9C%E5%8C%85%E9%A4%8A%E5%BF%83%E5%BE%97%E6%88%B2%E8%A1%8C%E6%A5%AD%E8%A6%96%E9%87%8E%EF%BC%8C%E8%B7%A8%E7%95%8C%E7%87%9F%E9%8A%B7%E7%86%B1%E6%90%9C%E9%9C%B8/ HTTP/2" 404 10066 "-" "Mozilla/5.0 AppleWebKit/537.36 (KHTML, like Gecko; compatible; bingbot/2.0; +http://www.bing.com/bingbot.htm) Chrome/116.0.1938.76 Safari/537.36"
54.166.204.138 - - [11/Sep/2026:09:39:20 -0400] "GET /upload/resources/image/2025/12/26/2673509_4096x10000.jpeg HTTP/1.1" 404 11311 "-" "ImageBot/1.0 (compatible; research crawler; +https://github.com/rom1504/img2dataset; opt-out: abuse.notification.dcomp12b@gmail.com;"
176.224.203.219 - - [11/Sep/2026:09:39:22 -0400] "POST /xmlrpc.php HTTP/1.1" 403 1242 "-" "Jetpack by WordPress.com (Jetpack 13.0; WordPress 6.1)"
54.166.204.138 - - [11/Sep/2026:09:39:23 -0400] "GET /2023/11/26/%E4%B8%80%E5%90%8D%E9%AB%98%E5%8C%85%E9%A4%8A%E7%B6%B2%E5%96%AE%E6%AC%A1%E6%A0%A1%E6%95%99%E5%93%A1%E7%B4%9B%E6%AD%A7%E6%A8%A3%E7%9A%84%E5%AF%92%E5%81%87%E7%94%9F%E6%B6%AF/221533i7mppdm8mwclz87j.jpg HTTP/1.1" 404 11311 "-" "ImageBot/1.0 (compatible; research crawler; +https://github.com/rom1504/img2dataset; opt-out: abuse.notification.dcomp12b@gmail.com;"
52.1.250.135 - - [11/Sep/2026:09:39:24 -0400] "GET /%E6%88%BF%E7%94%A2%E6%8A%95%E8%B3%87%E9%83%AD%E5%B9%B2%E8%BC%9D%EF%BD%9C%E6%88%91%E5%AF%AB%E5%BE%AE%E4%BF%A1%E6%95%99%E5%AD%A9%E5%AD%90%EF%BC%88110%EF%BC%89/095710sv06799vp4fbfbfp.png HTTP/1.1" 404 11311 "-" "ImageBot/1.0 (compatible; research crawler; +https://github.com/rom1504/img2dataset; opt-out: abuse.notification.dcomp12b@gmail.com;"
50.19.85.253 - - [11/Sep/2026:09:39:26 -0400] "GET /2024/03/15/%E8%90%AC%E5%85%AC%E9%87%8C%E8%B7%91%E8%80%85%E9%84%A7%E8%89%AF%E8%8F%AF%E6%88%BF%E5%9C%B0%E7%94%A2%E8%B7%91%E5%87%BA%E5%9C%8B%E9%96%80%E5%8D%81%E5%A4%A9%E8%A8%98/212540eshzppjqebhxxeoq.png HTTP/1.1" 404 11311 "-" "ImageBot/1.0 (compatible; research crawler; +https://github.com/rom1504/img2dataset; opt-out: abuse.notification.dcomp12b@gmail.com;"
3.234.103.5 - - [11/Sep/2026:09:39:26 -0400] "GET /%E8%B3%AD%E7%8E%8B%E5%A5%B3%E5%85%92%E4%BD%95%E8%B6%85jiuyi%E4%BF%B1%E6%84%8F%E7%BF%BB%E4%BF%AE%E8%A8%AD%E8%A8%88%E6%AC%A3%E7%A8%B1%E6%B8%85%E8%8F%AF%E7%95%A2%E6%A5%AD%E5%90%8E/20260429/568281.jpg HTTP/1.1" 404 11311 "-" "ImageBot/1.0 (compatible; research crawler; +https://github.com/rom1504/img2dataset; opt-out: abuse.notification.dcomp12b@gmail.com;"
54.166.204.138 - - [11/Sep/2026:09:39:28 -0400] "GET /2023/11/27/2023%E6%89%BE%E5%8C%85%E9%A4%8A%E7%B6%B2%E7%AB%99%E6%B9%96%E5%8C%97%E6%A5%9A%E5%A4%A9%E8%8B%B1%E6%89%8D%E6%89%93%E7%AE%97%E7%A7%91%E5%89%B5%E5%9C%98%E9%9A%8A%E9%9B%99%E5%89%B5/e2e02bc07ab545cea4807244561cab5c/images/40f76dfff9b64230893c93c90748b0be.jpg HTTP/1.1" 404 11311 "-" "ImageBot/1.0 (compatible; research crawler; +https://github.com/rom1504/img2dataset; opt-out: abuse.notification.dcomp12b@gmail.com;"
50.19.85.253 - - [11/Sep/2026:09:39:29 -0400] "GET /2024/01/30/%E5%BC%B5%E4%B8%80%E5%B1%B1%E6%84%9B%E6%83%85%E5%86%8D%E6%9B%9D%E5%85%89%EF%BC%8C%E5%AD%9F%E7%BE%8E%E5%B2%90%E8%A6%93%E5%8C%85%E9%A4%8A%E7%B6%B2%E5%BF%83%E5%BE%97%E5%B9%AB%E9%96%A8%E8%9C%9C%E4%B8%8A/1601394f02fde2098f76af.jpg HTTP/1.1" 404 11311 "-" "ImageBot/1.0 (compatible; research crawler; +https://github.com/rom1504/img2dataset; opt-out: abuse.notification.dcomp12b@gmail.com;"
52.23.26.158 - - [11/Sep/2026:09:39:29 -0400] "GET /2024/03/19/%E5%91%A8%E9%81%AD%E7%9A%84%E7%8B%80%E6%B3%81%E9%80%99%E4%B9%88%E5%A5%BD-%E6%88%91%E8%A6%81%E5%9B%9E%E9%84%89%E6%9D%91-%E6%A7%90%E6%A8%B9%E7%81%A3%E5%92%8C%E7%BE%8E%E5%B1%8B%E5%A0%B4-%E9%9B%99/005559nnwpz1tfsf9s7y5n.jpg HTTP/1.1" 404 11311 "-" "ImageBot/1.0 (compatible; research crawler; +https://github.com/rom1504/img2dataset; opt-out: abuse.notification.dcomp12b@gmail.com;"
3.234.103.5 - - [11/Sep/2026:09:39:30 -0400] "GET /upload/resources/image/2024/02/18/1787875.jpg?r=1708220145584 HTTP/1.1" 404 11311 "-" "ImageBot/1.0 (compatible; research crawler; +https://github.com/rom1504/img2dataset; opt-out: abuse.notification.dcomp12b@gmail.com;"
176.224.203.219 - - [11/Sep/2026:09:39:33 -0400] "POST /xmlrpc.php HTTP/1.1" 403 1242 "-" "Jetpack/12.1; WordPress/6.4; http://site50987377.com"
52.23.26.158 - - [11/Sep/2026:09:39:36 -0400] "GET /%E8%82%87%E6%85%B6%E9%AB%98%E8%A6%81%E5%8D%80%E9%90%B5%E5%B4%97%E7%A4%BE%E5%8D%80%EF%BC%9A%E5%92%96%E5%95%A1%E5%99%B4%E9%BC%BB%E9%87%8C-%E5%8F%A4%E6%9D%91%E7%94%9F%E9%87%91-%E5%B9%B4%E5%A4%9C/20260124/49427.jpg HTTP/1.1" 404 11311 "-" "ImageBot/1.0 (compatible; research crawler; +https://github.com/rom1504/img2dataset; opt-out: abuse.notification.dcomp12b@gmail.com;"
50.19.85.253 - - [11/Sep/2026:09:39:39 -0400] "GET /2024/01/17/%E6%97%85%E7%BE%8E%E9%9D%88%E5%9F%9F5500s%E5%9B%9B%E9%A9%85%E8%B6%8A%E9%87%8E%E6%88%BF%E8%BB%8A%EF%BC%8C%E5%8F%88%E9%87%8E%E5%8F%88%E5%BC%B7%E4%B8%80%E5%8C%85%E9%A4%8A%E5%83%B9%E6%A0%BC%E7%9A%84/105442pa1s1b6994b7cc8a.jpg HTTP/1.1" 404 11311 "-" "ImageBot/1.0 (compatible; research crawler; +https://github.com/rom1504/img2dataset; opt-out: abuse.notification.dcomp12b@gmail.com;"
54.166.204.138 - - [11/Sep/2026:09:39:41 -0400] "GET /2023/09/05/%E5%99%B4%E5%8C%85%E9%A4%8A%E7%B6%B2%E9%BC%BB%E7%AB%BD/083428tf8tblgl2eqbe8bb.jpg HTTP/1.1" 404 11311 "-" "ImageBot/1.0 (compatible; research crawler; +https://github.com/rom1504/img2dataset; opt-out: abuse.notification.dcomp12b@gmail.com;"
54.166.204.138 - - [11/Sep/2026:09:39:42 -0400] "GET /upload/resources/image/2026/04/23/2781691.jpg HTTP/1.1" 404 11311 "-" "ImageBot/1.0 (compatible; research crawler; +https://github.com/rom1504/img2dataset; opt-out: abuse.notification.dcomp12b@gmail.com;"
52.23.26.158 - - [11/Sep/2026:09:39:43 -0400] "GET /upload/resources/image/2025/02/23/2310636_4096x10000.jpeg HTTP/1.1" 404 11311 "-" "ImageBot/1.0 (compatible; research crawler; +https://github.com/rom1504/img2dataset; opt-out: abuse.notification.dcomp12b@gmail.com;"
176.224.203.219 - - [11/Sep/2026:09:39:44 -0400] "POST /xmlrpc.php HTTP/1.1" 403 1242 "-" "Jetpack/12.0; WordPress/6.4; http://site42342935.com"
52.23.26.158 - - [11/Sep/2026:09:39:46 -0400] "GET /html/files/2022-03/17/20220317153607607489465.jpg HTTP/1.1" 404 11311 "-" "ImageBot/1.0 (compatible; research crawler; +https://github.com/rom1504/img2dataset; opt-out: abuse.notification.dcomp12b@gmail.com;"
3.234.103.5 - - [11/Sep/2026:09:39:47 -0400] "GET /2024/03/15/%E8%90%AC%E5%85%AC%E9%87%8C%E8%B7%91%E8%80%85%E9%84%A7%E8%89%AF%E8%8F%AF%E6%88%BF%E5%9C%B0%E7%94%A2%E8%B7%91%E5%87%BA%E5%9C%8B%E9%96%80%E5%8D%81%E5%A4%A9%E8%A8%98/212548mnrfepozweixocow.jpg HTTP/1.1" 404 11311 "-" "ImageBot/1.0 (compatible; research crawler; +https://github.com/rom1504/img2dataset; opt-out: abuse.notification.dcomp12b@gmail.com;"
52.23.26.158 - - [11/Sep/2026:09:39:47 -0400] "GET /upload/resources/image/2024/02/12/1779768_4096x10000.jpeg HTTP/1.1" 404 11311 "-" "ImageBot/1.0 (compatible; research crawler; +https://github.com/rom1504/img2dataset; opt-out: abuse.notification.dcomp12b@gmail.com;"
3.234.103.5 - - [11/Sep/2026:09:39:47 -0400] "GET /upload/resources/image/2025/12/28/2674529_4096x10000.jpeg HTTP/1.1" 404 11311 "-" "ImageBot/1.0 (compatible; research crawler; +https://github.com/rom1504/img2dataset; opt-out: abuse.notification.dcomp12b@gmail.com;"
52.1.250.135 - - [11/Sep/2026:09:39:48 -0400] "GET /upload/resources/image/2026/03/11/2742511_4096x10000.jpeg HTTP/1.1" 404 11311 "-" "ImageBot/1.0 (compatible; research crawler; +https://github.com/rom1504/img2dataset; opt-out: abuse.notification.dcomp12b@gmail.com;"
176.224.203.219 - - [11/Sep/2026:09:39:55 -0400] "POST /xmlrpc.php HTTP/1.1" 403 1242 "-" "WordPress.com; https://wordpress.com"
50.19.85.253 - - [11/Sep/2026:09:39:56 -0400] "GET /upload/resources/image/2026/02/11/2717614_4096x10000.jpeg HTTP/1.1" 404 11311 "-" "ImageBot/1.0 (compatible; research crawler; +https://github.com/rom1504/img2dataset; opt-out: abuse.notification.dcomp12b@gmail.com;"
3.234.103.5 - - [11/Sep/2026:09:39:57 -0400] "GET /upload/resources/image/2024/01/26/1748294_4096x10000.jpeg HTTP/1.1" 404 11311 "-" "ImageBot/1.0 (compatible; research crawler; +https://github.com/rom1504/img2dataset; opt-out: abuse.notification.dcomp12b@gmail.com;"
54.166.204.138 - - [11/Sep/2026:09:39:59 -0400] "GET /2025/02/04/%E5%8E%9F%E5%89%B5-%E5%8C%85%E9%A4%8Aapp-%E7%BE%8E%E6%9C%80%E9%AB%98%E5%B0%87%E9%A0%98%E7%A8%B1%EF%BC%9A%E8%83%BD%E6%89%93%E6%95%97%E4%B8%AD%E5%9C%8B%EF%BC%8C%E4%BD%86%E6%88%91%E5%80%91/274f9208ae684839974f51f736d1cb6b.jpeg HTTP/1.1" 404 11311 "-" "ImageBot/1.0 (compatible; research crawler; +https://github.com/rom1504/img2dataset; opt-out: abuse.notification.dcomp12b@gmail.com;"
50.19.85.253 - - [11/Sep/2026:09:40:00 -0400] "GET /upload/resources/image/2026/02/02/2707106.jpg HTTP/1.1" 404 11311 "-" "ImageBot/1.0 (compatible; research crawler; +https://github.com/rom1504/img2dataset; opt-out: abuse.notification.dcomp12b@gmail.com;"
54.166.204.138 - - [11/Sep/2026:09:40:00 -0400] "GET /%E7%B8%A3%E5%9C%A8%E5%87%BA%E7%99%BC%EF%BC%9A%E6%AF%8D%E8%A6%AA%E6%B2%B3%E7%95%94osder%E5%A5%A7%E6%96%AF%E5%BE%B7%E5%8F%B0%E5%8C%97%E6%B1%BD%E8%BB%8A%E6%98%A5%E6%84%8F%E6%BF%83/20260304/171774.jpg HTTP/1.1" 404 11311 "-" "ImageBot/1.0 (compatible; research crawler; +https://github.com/rom1504/img2dataset; opt-out: abuse.notification.dcomp12b@gmail.com;"
52.23.26.158 - - [11/Sep/2026:09:40:01 -0400] "GET /2024/03/05/%E3%80%90%E5%B0%8B%E6%99%AF%E6%B9%96%E5%8D%97%E3%80%91%E5%8F%B0%E4%B8%AD-%E6%88%BF%E5%9C%B0%E7%94%A2%E5%A5%A7%E7%A7%98%E7%9A%84%E6%83%B9%E5%B7%B4%E6%8B%89%E5%9C%9F%E5%AE%B6%E5%8F%A4%E6%9D%91%E5%AF%A8/171109r1css7fc7vzc7m5c.jpg HTTP/1.1" 404 11311 "-" "ImageBot/1.0 (compatible; research crawler; +https://github.com/rom1504/img2dataset; opt-out: abuse.notification.dcomp12b@gmail.com;"
3.234.103.5 - - [11/Sep/2026:09:40:02 -0400] "GET /2023/08/26/city-walk%E4%B8%A8%E5%8C%85%E9%A4%8A%E5%92%B8%E9%99%BD%E8%80%81%E8%A1%97%E5%85%A9%E6%97%A5%E6%B8%B8%E4%BF%9D%E5%A7%86%E7%B4%9A%E6%B8%B8%E7%8E%A9%E6%94%BB%E7%95%A5%E4%BE%86%E4%BA%86/095537sf8jvm7hhxxt64zf.png HTTP/1.1" 404 11311 "-" "ImageBot/1.0 (compatible; research crawler; +https://github.com/rom1504/img2dataset; opt-out: abuse.notification.dcomp12b@gmail.com;"
52.1.250.135 - - [11/Sep/2026:09:40:04 -0400] "GET /upload/resources/image/2026/03/05/2736994_4096x10000.png HTTP/1.1" 404 11311 "-" "ImageBot/1.0 (compatible; research crawler; +https://github.com/rom1504/img2dataset; opt-out: abuse.notification.dcomp12b@gmail.com;"
52.23.26.158 - - [11/Sep/2026:09:40:05 -0400] "GET /upload/resources/image/2023/06/25/1364544_4096x10000.jpeg HTTP/1.1" 404 11311 "-" "ImageBot/1.0 (compatible; research crawler; +https://github.com/rom1504/img2dataset; opt-out: abuse.notification.dcomp12b@gmail.com;"
54.166.204.138 - - [11/Sep/2026:09:40:05 -0400] "GET /%E5%BE%9E%E6%96%B0%E8%97%8Djiuyi%E4%BF%B1%E6%84%8F%E7%BF%BB%E4%BF%AE%E8%A8%AD%E8%A8%88%E5%9C%96%E5%88%B0%E5%AF%A6%E6%99%AF%E7%95%AB%EF%BD%9C%E8%81%9A%E7%84%A6/20260123/44324.png HTTP/1.1" 404 11311 "-" "ImageBot/1.0 (compatible; research crawler; +https://github.com/rom1504/img2dataset; opt-out: abuse.notification.dcomp12b@gmail.com;"
176.224.203.219 - - [11/Sep/2026:09:40:06 -0400] "POST /xmlrpc.php HTTP/1.1" 403 1242 "-" "Jetpack by WordPress.com"
50.19.85.253 - - [11/Sep/2026:09:40:06 -0400] "GET /upload/resources/image/2026/02/28/2731540_4096x50000.png HTTP/1.1" 404 11311 "-" "ImageBot/1.0 (compatible; research crawler; +https://github.com/rom1504/img2dataset; opt-out: abuse.notification.dcomp12b@gmail.com;"
3.234.103.5 - - [11/Sep/2026:09:40:14 -0400] "GET /%E7%81%AB%E8%BB%8A%E5%9D%90%E9%81%8E%E7%AB%99jiuyi%E4%BF%B1%E6%84%8F%E7%A9%BA%E9%96%93%E8%A8%AD%E8%A8%88%E4%BA%86%E5%8F%AF%E4%BB%A5%E5%85%8D%E8%B2%BB%E5%9D%90%E6%AD%B8%E5%8E%BB%EF%BC%81%E6%90%AD/20260430/571050.jpg HTTP/1.1" 404 11311 "-" "ImageBot/1.0 (compatible; research crawler; +https://github.com/rom1504/img2dataset; opt-out: abuse.notification.dcomp12b@gmail.com;"
176.224.203.219 - - [11/Sep/2026:09:40:16 -0400] "POST /xmlrpc.php HTTP/1.1" 403 1242 "-" "WordPress.com; https://wordpress.com"
52.1.250.135 - - [11/Sep/2026:09:40:22 -0400] "GET /html/files/2022-03/17/20220317153526338217115.jpg HTTP/1.1" 404 11311 "-" "ImageBot/1.0 (compatible; research crawler; +https://github.com/rom1504/img2dataset; opt-out: abuse.notification.dcomp12b@gmail.com;"
54.166.204.138 - - [11/Sep/2026:09:40:23 -0400] "GET /%E6%A0%A1%E5%9C%92%E5%B9%B3%E5%AE%89jiuyi%E4%BF%B1%E6%84%8F%E7%BF%BB%E4%BF%AE%E8%A8%AD%E8%A8%88%E7%84%A1%E5%A4%A7%E4%BA%8B%EF%BC%81%E9%80%995%E5%80%8B%E5%B9%B3%E5%AE%89%E8%A6%81%E9%BB%9E%EF%BC%8C/20260330/341336.png HTTP/1.1" 404 11311 "-" "ImageBot/1.0 (compatible; research crawler; +https://github.com/rom1504/img2dataset; opt-out: abuse.notification.dcomp12b@gmail.com;"
50.19.85.253 - - [11/Sep/2026:09:40:24 -0400] "GET /2023/11/24/%E7%BE%8E%E4%B8%8D%E5%A0%AA%E6%94%B6%E7%9A%84%E5%8C%85%E9%A4%8A%E5%8D%97%E6%B2%99%E8%8A%B1%E5%9C%83%E9%A3%AF%E5%BA%97%E2%91%A1/070742u1zxt3jgwuqhhutx.jpg HTTP/1.1" 404 11311 "-" "ImageBot/1.0 (compatible; research crawler; +https://github.com/rom1504/img2dataset; opt-out: abuse.notification.dcomp12b@gmail.com;"
3.234.103.5 - - [11/Sep/2026:09:40:25 -0400] "GET /2024/03/07/%E5%B9%B3%E8%A1%8C%E4%B8%96%E7%95%8C%E4%B9%8B%E5%B0%91%E5%B9%B4%E9%97%96%E5%BB%A3%E6%9D%B1%EF%BC%88%E9%80%A3%E8%BC%8932%EF%BC%89%E6%88%BF-%E7%94%A2%E9%A6%B4%E6%9C%8D/061240nvya5azcyow8o283.jpg HTTP/1.1" 404 11311 "-" "ImageBot/1.0 (compatible; research crawler; +https://github.com/rom1504/img2dataset; opt-out: abuse.notification.dcomp12b@gmail.com;"
176.224.203.219 - - [11/Sep/2026:09:40:27 -0400] "POST /xmlrpc.php HTTP/1.1" 403 1242 "-" "WordPress.com; https://wordpress.com"
50.19.85.253 - - [11/Sep/2026:09:40:29 -0400] "GET /2024/03/11/%E6%93%8D%E5%A0%B4%E7%89%A9%E5%93%81%E6%93%BA%E6%94%BE%E5%83%8F%E6%88%BF%E7%94%A2%E7%B6%B2%E5%87%BA%E6%93%8D%E5%88%97%E5%85%B5%EF%BC%8C%E6%A1%91%E6%A4%8D%E8%90%83%E8%8B%B1%E9%BB%8C%E8%88%8D%E4%B9%9D/161615ahbbiuoyiieh2h9p.jpg HTTP/1.1" 404 11311 "-" "ImageBot/1.0 (compatible; research crawler; +https://github.com/rom1504/img2dataset; opt-out: abuse.notification.dcomp12b@gmail.com;"
54.166.204.138 - - [11/Sep/2026:09:40:31 -0400] "GET /2024/03/11/%E9%87%87%E9%A2%A8%E5%BE%80%E5%93%AA%E9%87%8C%EF%BC%9F%E5%BE%80%E7%9B%8A%E9%99%BD%EF%BC%8C%E4%B8%80%E8%B7%AF%E5%BE%80%E5%87%9D%E8%81%BD%E6%84%9B%E5%B1%8B%E7%81%A3%E5%AD%B8%E9%9C%B8%E6%9D%91-2/135649dnp1xxdnn1axed3c.jpg HTTP/1.1" 404 11311 "-" "ImageBot/1.0 (compatible; research crawler; +https://github.com/rom1504/img2dataset; opt-out: abuse.notification.dcomp12b@gmail.com;"
50.19.85.253 - - [11/Sep/2026:09:40:32 -0400] "GET /upload/resources/image/2024/01/20/1733905_4096x10000.png HTTP/1.1" 404 11311 "-" "ImageBot/1.0 (compatible; research crawler; +https://github.com/rom1504/img2dataset; opt-out: abuse.notification.dcomp12b@gmail.com;"
52.1.250.135 - - [11/Sep/2026:09:40:34 -0400] "GET /2024/03/07/%E3%80%90%E5%BE%A9%E8%88%88%E6%9D%AF%E3%80%91%E8%82%96%E4%BB%99%E7%BE%9A%E7%A4%BE%E5%8D%80%EF%BD%9C%E6%98%A5%E7%A7%80/174020amnxzksxawez3sim.jpg HTTP/1.1" 404 11311 "-" "ImageBot/1.0 (compatible; research crawler; +https://github.com/rom1504/img2dataset; opt-out: abuse.notification.dcomp12b@gmail.com;"
3.234.103.5 - - [11/Sep/2026:09:40:36 -0400] "GET /upload/resources/image/2026/04/19/2777309.jpg HTTP/1.1" 404 11311 "-" "ImageBot/1.0 (compatible; research crawler; +https://github.com/rom1504/img2dataset; opt-out: abuse.notification.dcomp12b@gmail.com;"
176.224.203.219 - - [11/Sep/2026:09:40:38 -0400] "POST /xmlrpc.php HTTP/1.1" 403 1242 "-" "Jetpack/13.0; WordPress/6.1; http://site36081253.com"
3.234.103.5 - - [11/Sep/2026:09:40:43 -0400] "GET /upload/resources/image/2023/11/30/1642351_4096x10000.jpeg HTTP/1.1" 404 11311 "-" "ImageBot/1.0 (compatible; research crawler; +https://github.com/rom1504/img2dataset; opt-out: abuse.notification.dcomp12b@gmail.com;"
54.166.204.138 - - [11/Sep/2026:09:40:48 -0400] "GET /2024/03/28/%E6%8F%9B%E5%B1%8B%E3%80%90%E6%94%9D%E5%BD%B1%E4%BA%AE%E9%BB%9E%E3%80%91%E8%B5%B0%E9%80%B2%E7%9A%96%E5%8D%97%E7%9F%B3%E8%87%BA%EF%BC%9A%E6%AD%A1%E4%BA%AB%E5%AF%8C%E7%A1%92%E8%B2%A0%E6%B0%A7%E7%9A%84/212153vgjgkil56d8ddd4j.jpg HTTP/1.1" 404 11311 "-" "ImageBot/1.0 (compatible; research crawler; +https://github.com/rom1504/img2dataset; opt-out: abuse.notification.dcomp12b@gmail.com;"
176.224.203.219 - - [11/Sep/2026:09:40:49 -0400] "POST /xmlrpc.php HTTP/1.1" 403 1242 "-" "Jetpack by WordPress.com"
3.234.103.5 - - [11/Sep/2026:09:40:50 -0400] "GET /upload/resources/image/2026/04/17/2775722_4096x10000.png HTTP/1.1" 404 11311 "-" "ImageBot/1.0 (compatible; research crawler; +https://github.com/rom1504/img2dataset; opt-out: abuse.notification.dcomp12b@gmail.com;"
3.234.103.5 - - [11/Sep/2026:09:40:52 -0400] "GET /upload/resources/image/2025/06/28/2483394_4096x10000.jpeg HTTP/1.1" 404 11311 "-" "ImageBot/1.0 (compatible; research crawler; +https://github.com/rom1504/img2dataset; opt-out: abuse.notification.dcomp12b@gmail.com;"
54.166.204.138 - - [11/Sep/2026:09:40:53 -0400] "GET /upload/resources/image/2024/08/12/2052562_4096x10000.jpeg HTTP/1.1" 404 11311 "-" "ImageBot/1.0 (compatible; research crawler; +https://github.com/rom1504/img2dataset; opt-out: abuse.notification.dcomp12b@gmail.com;"
3.234.103.5 - - [11/Sep/2026:09:40:54 -0400] "GET /upload/resources/image/2024/02/04/1765640_4096x10000.jpeg HTTP/1.1" 404 11311 "-" "ImageBot/1.0 (compatible; research crawler; +https://github.com/rom1504/img2dataset; opt-out: abuse.notification.dcomp12b@gmail.com;"
115.49.132.176 - - [11/Sep/2026:09:40:56 -0400] "GET /%E4%B8%96%E7%95%8C%E5%9C%B0%E7%90%83%E6%97%A5%EF%BD%9C%E7%94%A8%E6%88%91jiuyi%E4%BF%B1%E6%84%8F%E8%A8%BA%E6%89%80%E8%A8%AD%E8%A8%88%E5%80%91%E7%9A%84%E6%B0%A3%E5%8A%9B%E5%AE%88%E8%AD%B7%E9%AB%98/20260423/516781.png HTTP/1.1" 404 11311 "https://big-wife.com.tw/" "Mozilla/5.0 (Windows NT 10.0; Win64; x64) AppleWebKit/537.36 (KHTML, like Gecko) Chrome/117.0.0.0 Safari/537.36"
52.23.26.158 - - [11/Sep/2026:09:40:58 -0400] "GET /%E5%85%A8%E7%90%83%E5%AA%92%E9%AB%94%E8%81%9A%E7%84%A6%EF%BD%9C%E8%8B%B1%E5%AA%92%EF%BC%9Aamerican%E6%94%BF%E6%B2%BB%E6%9A%B4%E5%8A%9Bjiuyi%E4%BF%B1%E6%84%8F%E5%AE%A4%E5%85%A7%E8%A8%AD%E8%A8%88/20260428/554101.png HTTP/1.1" 404 11311 "-" "ImageBot/1.0 (compatible; research crawler; +https://github.com/rom1504/img2dataset; opt-out: abuse.notification.dcomp12b@gmail.com;"
82.156.87.47 - - [11/Sep/2026:09:40:58 -0400] "GET /%E4%B8%96%E7%95%8C%E5%9C%B0%E7%90%83%E6%97%A5%EF%BD%9C%E7%94%A8%E6%88%91jiuyi%E4%BF%B1%E6%84%8F%E8%A8%BA%E6%89%80%E8%A8%AD%E8%A8%88%E5%80%91%E7%9A%84%E6%B0%A3%E5%8A%9B%E5%AE%88%E8%AD%B7%E9%AB%98/20260423/516781.png HTTP/1.1" 404 11311 "https://big-wife.com.tw/" "Mozilla/5.0 (Windows NT 10.0; Win64; x64) AppleWebKit/537.36 (KHTML, like Gecko) Chrome/117.0.0.0 Safari/537.36"
50.19.85.253 - - [11/Sep/2026:09:40:59 -0400] "GET /upload/resources/image/2023/03/16/1213580_4096x10000.jpeg HTTP/1.1" 404 11311 "-" "ImageBot/1.0 (compatible; research crawler; +https://github.com/rom1504/img2dataset; opt-out: abuse.notification.dcomp12b@gmail.com;"
176.224.203.219 - - [11/Sep/2026:09:40:59 -0400] "POST /xmlrpc.php HTTP/1.1" 403 1242 "-" "Jetpack by WordPress.com (Jetpack 12.0; WordPress 6.2)"
120.207.118.93 - - [11/Sep/2026:09:41:01 -0400] "GET /%E5%88%9D%E4%B8%AD%E8%80%81%E5%B8%AB%E6%89%8B%E5%AF%AB%E7%99%BD%E8%A9%B1%E6%96%87%E7%8D%8E%E7%8B%80%EF%BC%8C%E6%9C%89osder%E5%A5%A7%E6%96%AF%E5%BE%B7%E9%9B%B6%E4%BB%B6%E5%95%86/20260216/59683.jpg HTTP/1.1" 404 11311 "https://big-wife.com.tw/" "Mozilla/5.0 (Windows NT 10.0; Win64; x64) AppleWebKit/537.36 (KHTML, like Gecko) Chrome/133.0.0.0 Safari/537.36"
3.234.103.5 - - [11/Sep/2026:09:41:02 -0400] "GET /2024/03/29/%E5%8F%B0%E4%B8%AD-%E7%A4%BE%E5%8D%80%E6%B4%AA%E6%B1%9F%E4%B8%80%E5%B8%82%E4%BA%8C%E5%9F%8E2023%E5%B9%B4%E5%B7%AE%E5%88%A5%E5%8C%96%E6%88%B0%E5%8B%9D%E8%89%B1%E8%8B%A6/224849dq3vd2ss6zxgm32s.jpg HTTP/1.1" 404 11311 "-" "ImageBot/1.0 (compatible; research crawler; +https://github.com/rom1504/img2dataset; opt-out: abuse.notification.dcomp12b@gmail.com;"
3.234.103.5 - - [11/Sep/2026:09:41:03 -0400] "GET /%E5%AD%B8%E7%BF%92jiuyi%E4%BF%B1%E6%84%8F%E8%A8%BA%E6%89%80%E8%A8%AD%E8%A8%88%E7%AD%86%E8%A8%98-%E9%80%99%E4%BA%9B%E6%94%BF%E7%B8%BE%E8%A7%80%E9%8C%AF%E4%BD%8D%E7%9A%84%E8%A1%A8%E7%8F%BE%EF%BC%8C/20260318/260998.png HTTP/1.1" 404 11311 "-" "ImageBot/1.0 (compatible; research crawler; +https://github.com/rom1504/img2dataset; opt-out: abuse.notification.dcomp12b@gmail.com;"
3.234.103.5 - - [11/Sep/2026:09:41:05 -0400] "GET /html/files/2022-07/14/20220714164844029615156.jpg HTTP/1.1" 404 11311 "-" "ImageBot/1.0 (compatible; research crawler; +https://github.com/rom1504/img2dataset; opt-out: abuse.notification.dcomp12b@gmail.com;"
118.195.214.24 - - [11/Sep/2026:09:41:05 -0400] "GET /%E5%88%9D%E4%B8%AD%E8%80%81%E5%B8%AB%E6%89%8B%E5%AF%AB%E7%99%BD%E8%A9%B1%E6%96%87%E7%8D%8E%E7%8B%80%EF%BC%8C%E6%9C%89osder%E5%A5%A7%E6%96%AF%E5%BE%B7%E9%9B%B6%E4%BB%B6%E5%95%86/20260216/59683.jpg HTTP/1.1" 404 11311 "https://big-wife.com.tw/" "Mozilla/5.0 (Windows NT 10.0; Win64; x64) AppleWebKit/537.36 (KHTML, like Gecko) Chrome/133.0.0.0 Safari/537.36"
50.19.85.253 - - [11/Sep/2026:09:41:09 -0400] "GET /%E8%94%A3%E5%A5%87%E6%98%8E%E6%9D%8E%E9%9B%AA%E7%90%B4%E4%B8%BB%E6%BC%94%E3%80%8A%E9%A3%9B%E5%85%A7%E8%A1%8C%E3%80%8B%E5%BB%A3%E5%B7%9E%E8%B7%AFjiuyi%E4%BF%B1%E6%84%8F%E7%BF%BB%E4%BF%AE%E8%A8%AD/20260120/24811.png HTTP/1.1" 404 11311 "-" "ImageBot/1.0 (compatible; research crawler; +https://github.com/rom1504/img2dataset; opt-out: abuse.notification.dcomp12b@gmail.com;"
176.224.203.219 - - [11/Sep/2026:09:41:11 -0400] "POST /xmlrpc.php HTTP/1.1" 403 1242 "-" "Jetpack/13.0; WordPress/6.1; http://site60034348.com"
52.23.26.158 - - [11/Sep/2026:09:41:13 -0400] "GET /%E6%97%A9%E8%AE%80-%E5%BB%A3%E6%9D%B1%E7%9C%81%E4%B8%AD%E5%B0%8F%E5%AD%B8%E7%94%9F%E7%AB%B6%E8%B3%BD%E7%99%BD%E5%90%8D%E5%96%AE%E5%85%AC%E5%B8%83%EF%BC%9B%E8%8F%AF%E5%BC%B7%E5%8C%97%E7%99%BCjiuyi/20260213/36238.jpg HTTP/1.1" 404 11311 "-" "ImageBot/1.0 (compatible; research crawler; +https://github.com/rom1504/img2dataset; opt-out: abuse.notification.dcomp12b@gmail.com;"
54.166.204.138 - - [11/Sep/2026:09:41:15 -0400] "GET /%E6%88%91%E5%9C%A8%E7%99%BC%E7%B5%90%E4%BA%A4%E8%B2%BC%E4%B9%8B%E5%BE%8C%E7%9A%84%E4%B8%80%E4%BA%9B%E7%B6%93%E6%AD%B7%E7%B8%BD%E7%B5%90%EF%BC%8C%E5%B0%8D%E6%96%B9%E8%83%BD%E5%90%A6%E7%9C%9F%E5%8C%85/device-Android.jpg HTTP/1.1" 404 11311 "-" "ImageBot/1.0 (compatible; research crawler; +https://github.com/rom1504/img2dataset; opt-out: abuse.notification.dcomp12b@gmail.com;"
114.119.134.216 - - [11/Sep/2026:09:41:15 -0400] "GET /%e5%af%a7%e5%a4%8f%e5%90%b3%e5%bf%a0%e5%88%a9%e9%80%9a%e5%8d%80%ef%bc%9a%e7%86%b1%e6%96%b0%e8%be%a6%e4%ba%8b%e5%90%b8%e5%bc%95%e4%bc%91%e6%81%af%e8%80%85%e9%80%b2%e6%9c%83%e9%80%b2/ HTTP/1.1" 200 16111 "https://big-wife.com.tw/%e4%b8%8a%e9%96%80%e5%89%83%e9%a0%ad%e5%84%84%e5%b5%90%e8%be%a6%e5%85%ac%e5%ae%b6%e5%85%b7%e7%86%b1%e4%ba%86%e8%81%b7%e5%b7%a5%e5%bf%83%e5%9d%8e-5/" "Mozilla/5.0 (Linux; Android 7.0;) AppleWebKit/537.36 (HTML, like Gecko) Mobile Safari/537.36 (compatible; PetalBot;+https://webmaster.petalsearch.com/site/petalbot)"
52.23.26.158 - - [11/Sep/2026:09:41:16 -0400] "GET /html/files/2021-11/30/20211130074217603706042.jpg HTTP/1.1" 404 11311 "-" "ImageBot/1.0 (compatible; research crawler; +https://github.com/rom1504/img2dataset; opt-out: abuse.notification.dcomp12b@gmail.com;"
52.1.250.135 - - [11/Sep/2026:09:41:19 -0400] "GET /upload/resources/image/2026/02/17/2723383_4096x10000.jpeg HTTP/1.1" 404 11311 "-" "ImageBot/1.0 (compatible; research crawler; +https://github.com/rom1504/img2dataset; opt-out: abuse.notification.dcomp12b@gmail.com;"
50.19.85.253 - - [11/Sep/2026:09:41:19 -0400] "GET /upload/resources/image/2024/03/04/1815551_4096x10000.jpeg HTTP/1.1" 404 11311 "-" "ImageBot/1.0 (compatible; research crawler; +https://github.com/rom1504/img2dataset; opt-out: abuse.notification.dcomp12b@gmail.com;"
54.166.204.138 - - [11/Sep/2026:09:41:19 -0400] "GET /2024/03/04/%E8%90%AC%E5%85%AC%E9%87%8C%E8%B7%91%E8%80%85%E9%84%A7%E8%89%AF%E8%8F%AF%E8%B7%91%E5%87%BA%E5%9C%8B%E9%96%80%E6%96%B0%E5%8C%97%E6%88%BF%E7%94%A2%E5%8D%81%E5%A4%A9%E8%A8%98/212550y0mb2hlbcbmz00l1.jpg HTTP/1.1" 404 11311 "-" "ImageBot/1.0 (compatible; research crawler; +https://github.com/rom1504/img2dataset; opt-out: abuse.notification.dcomp12b@gmail.com;"
176.224.203.219 - - [11/Sep/2026:09:41:21 -0400] "POST /xmlrpc.php HTTP/1.1" 403 1242 "-" "Jetpack/12.0; WordPress/6.1; http://site64797563.com"
185.191.171.3 - - [11/Sep/2026:09:41:22 -0400] "GET /2026/04/page/58/ HTTP/1.1" 403 1242 "-" "Mozilla/5.0 (compatible; SemrushBot/7~bl; +http://www.semrush.com/bot.html)"
54.166.204.138 - - [11/Sep/2026:09:41:23 -0400] "GET /upload/resources/image/2026/01/29/2704826_4096x10000.jpeg HTTP/1.1" 404 11311 "-" "ImageBot/1.0 (compatible; research crawler; +https://github.com/rom1504/img2dataset; opt-out: abuse.notification.dcomp12b@gmail.com;"
54.166.204.138 - - [11/Sep/2026:09:41:23 -0400] "GET /upload/resources/image/2023/12/12/1662658_4096x10000.jpeg HTTP/1.1" 404 11311 "-" "ImageBot/1.0 (compatible; research crawler; +https://github.com/rom1504/img2dataset; opt-out: abuse.notification.dcomp12b@gmail.com;"
50.19.85.253 - - [11/Sep/2026:09:41:23 -0400] "GET /upload/resources/image/2023/11/28/1639472_4096x10000.gif HTTP/1.1" 404 11305 "-" "ImageBot/1.0 (compatible; research crawler; +https://github.com/rom1504/img2dataset; opt-out: abuse.notification.dcomp12b@gmail.com;"
52.1.250.135 - - [11/Sep/2026:09:41:25 -0400] "GET /upload/resources/image/2026/04/14/2772402_4096x50000.jpeg HTTP/1.1" 404 11311 "-" "ImageBot/1.0 (compatible; research crawler; +https://github.com/rom1504/img2dataset; opt-out: abuse.notification.dcomp12b@gmail.com;"
3.234.103.5 - - [11/Sep/2026:09:41:25 -0400] "GET /2024/01/29/%E5%B0%8F%E7%B7%A8%E8%A6%AA%E6%B8%AC%EF%BC%81%E7%9C%9F%E4%BA%BA%E5%87%BA%E9%8F%A1%EF%BC%81%E5%A4%9A%E5%9C%96%E9%A0%90%E8%AD%A6%EF%BC%81%EF%BC%81%E8%A6%93%E5%8C%85%E9%A4%8Aapp%E7%B5%A6%E4%BD%A0/181856qryffeh3yy6be61e.jpg HTTP/1.1" 404 11311 "-" "ImageBot/1.0 (compatible; research crawler; +https://github.com/rom1504/img2dataset; opt-out: abuse.notification.dcomp12b@gmail.com;"
3.234.103.5 - - [11/Sep/2026:09:41:26 -0400] "GET /upload/resources/image/2026/02/02/2707342_4096x10000.jpeg HTTP/1.1" 404 11311 "-" "ImageBot/1.0 (compatible; research crawler; +https://github.com/rom1504/img2dataset; opt-out: abuse.notification.dcomp12b@gmail.com;"
3.234.103.5 - - [11/Sep/2026:09:41:28 -0400] "GET /%E8%97%9D%E9%A6%AC%E7%95%B6%E5%85%88%EF%BC%8C%E5%94%AF%E6%9C%89%E6%94%B9%E9%80%A0%EF%BC%81%E5%BB%A3%E6%9D%B1%E9%A6%96%E5%BA%A6%E5%B0%8Dosder%E5%A5%A7%E6%96%AF%E5%BE%B7%E6%9D%90/20260131/84370.png HTTP/1.1" 404 11311 "-" "ImageBot/1.0 (compatible; research crawler; +https://github.com/rom1504/img2dataset; opt-out: abuse.notification.dcomp12b@gmail.com;"
54.166.204.138 - - [11/Sep/2026:09:41:31 -0400] "GET /2024/03/04/%E8%90%AC%E5%85%AC%E9%87%8C%E8%B7%91%E8%80%85%E9%84%A7%E8%89%AF%E8%8F%AF%E8%B7%91%E5%87%BA%E5%9C%8B%E9%96%80%E6%96%B0%E5%8C%97%E6%88%BF%E7%94%A2%E5%8D%81%E5%A4%A9%E8%A8%98/212604ir1j2g2aa9jb2l25.jpg HTTP/1.1" 404 11311 "-" "ImageBot/1.0 (compatible; research crawler; +https://github.com/rom1504/img2dataset; opt-out: abuse.notification.dcomp12b@gmail.com;"
