50.19.85.253 - - [11/Sep/2026:09:25:31 -0400] "GET /upload/resources/image/2025/01/26/2268093_4096x10000.jpeg HTTP/1.1" 404 11311 "-" "ImageBot/1.0 (compatible; research crawler; +https://github.com/rom1504/img2dataset; opt-out: abuse.notification.dcomp12b@gmail.com;"
52.1.250.135 - - [11/Sep/2026:09:25:31 -0400] "GET /%E5%8D%81%E4%BA%94%E4%BA%94%E8%97%8D%E5%9C%96jiuyi%E4%BF%B1%E6%84%8F%E8%A8%BA%E6%89%80%E8%A8%AD%E8%A8%88%EF%BC%8C%E7%95%AB%E4%BA%86%E9%80%99%E4%BA%9B%E8%B7%AF/20260310/210624.png HTTP/1.1" 404 11311 "-" "ImageBot/1.0 (compatible; research crawler; +https://github.com/rom1504/img2dataset; opt-out: abuse.notification.dcomp12b@gmail.com;"
50.19.85.253 - - [11/Sep/2026:09:25:34 -0400] "GET /%E7%A4%BE%E5%8D%80%E9%83%AD%E5%B9%B2%E8%BC%9D%EF%BD%9C%E5%AE%B6%E6%95%99%E6%97%A5%E8%AA%8C%EF%BC%88%E4%B8%89%E5%8D%81%E4%B9%9D%EF%BC%89/074831lahjbjh406jvwwk2.jpg HTTP/1.1" 404 11311 "-" "ImageBot/1.0 (compatible; research crawler; +https://github.com/rom1504/img2dataset; opt-out: abuse.notification.dcomp12b@gmail.com;"
50.19.85.253 - - [11/Sep/2026:09:25:37 -0400] "GET /%E8%BE%A6%E5%AF%A6%E4%BA%8B%E3%80%81%E7%86%B1%E4%BA%BA%E5%BF%83%EF%BC%81%E5%BB%A3%E5%B7%9E%E5%B8%82%E5%8D%81%E5%85%AD%E5%B1%86%E4%BA%BA%E5%B9%B4%E5%A4%9C%E5%85%AD%E6%AC%A1%E6%9C%83%E8%AD%B0%E9%A6%96/20260119/1148.png HTTP/1.1" 404 11311 "-" "ImageBot/1.0 (compatible; research crawler; +https://github.com/rom1504/img2dataset; opt-out: abuse.notification.dcomp12b@gmail.com;"
3.234.103.5 - - [11/Sep/2026:09:25:37 -0400] "GET /2024/03/23/%E3%80%90%E6%95%A3%E6%96%87%E8%8B%91%E3%80%91%E7%88%B6%E8%A6%AA%E7%A4%BE%E5%8D%80%E7%9A%84%E6%89%81%E6%93%94%EF%BC%88%E4%BD%9C%E8%80%85%EF%BC%9A%E9%99%B3%E5%A8%9F%EF%BC%89/084503hlbcxlbb6oq6jwd5.jpg HTTP/1.1" 404 11311 "-" "ImageBot/1.0 (compatible; research crawler; +https://github.com/rom1504/img2dataset; opt-out: abuse.notification.dcomp12b@gmail.com;"
54.166.204.138 - - [11/Sep/2026:09:25:39 -0400] "GET /html/files/2021-02/01/20210201135719271815998.png HTTP/1.1" 404 11311 "-" "ImageBot/1.0 (compatible; research crawler; +https://github.com/rom1504/img2dataset; opt-out: abuse.notification.dcomp12b@gmail.com;"
162.243.116.72 - - [11/Sep/2026:09:25:40 -0400] "POST /wp-json/batch/v1 HTTP/1.1" 207 16 "-" "Mozilla/5.0 (Windows NT 10.0; Win64; x64) AppleWebKit/537.36 (KHTML, like Gecko) Chrome/131.0.0.0 Safari/537.36"
52.23.26.158 - - [11/Sep/2026:09:25:46 -0400] "GET /upload/resources/image/2024/02/03/1762862_4096x10000.jpeg HTTP/1.1" 404 11311 "-" "ImageBot/1.0 (compatible; research crawler; +https://github.com/rom1504/img2dataset; opt-out: abuse.notification.dcomp12b@gmail.com;"
50.19.85.253 - - [11/Sep/2026:09:25:46 -0400] "GET /upload/resources/image/2022/12/26/1090408_4096x10000.jpeg HTTP/1.1" 404 11311 "-" "ImageBot/1.0 (compatible; research crawler; +https://github.com/rom1504/img2dataset; opt-out: abuse.notification.dcomp12b@gmail.com;"
50.19.85.253 - - [11/Sep/2026:09:25:51 -0400] "GET /upload/resources/image/2026/02/17/2723395_4096x10000.jpeg HTTP/1.1" 404 11311 "-" "ImageBot/1.0 (compatible; research crawler; +https://github.com/rom1504/img2dataset; opt-out: abuse.notification.dcomp12b@gmail.com;"
52.23.26.158 - - [11/Sep/2026:09:25:51 -0400] "GET /upload/resources/image/2026/04/18/2777096_4096x10000.jpeg HTTP/1.1" 404 11311 "-" "ImageBot/1.0 (compatible; research crawler; +https://github.com/rom1504/img2dataset; opt-out: abuse.notification.dcomp12b@gmail.com;"
50.19.85.253 - - [11/Sep/2026:09:25:51 -0400] "GET /2024/03/10/%E6%BC%AB%E6%AD%A5%E8%B5%B0%E5%88%B0%E9%A6%AC%E6%AC%84%E5%8F%B0%E5%8C%97-%E7%A4%BE%E5%8D%80%E5%B1%B1/113211a3cbc1hv3bjq3v2q.jpg HTTP/1.1" 404 11311 "-" "ImageBot/1.0 (compatible; research crawler; +https://github.com/rom1504/img2dataset; opt-out: abuse.notification.dcomp12b@gmail.com;"
85.208.96.198 - - [11/Sep/2026:09:25:54 -0400] "GET /category/uncategorized/page/20/ HTTP/1.1" 403 1242 "-" "Mozilla/5.0 (compatible; SemrushBot/7~bl; +http://www.semrush.com/bot.html)"
50.19.85.253 - - [11/Sep/2026:09:25:56 -0400] "GET /2023/08/02/%E6%8F%AE%E5%88%A5%E6%AF%8D%E6%A0%A1%EF%BC%8C%E8%B3%A1%E7%BA%8C%E5%8C%85%E9%A4%8A%E7%B6%93%E9%A9%97%E9%81%A0%E8%A1%8C%EF%BC%81/082417f775jsdsjug5uku5.jpg HTTP/1.1" 404 11311 "-" "ImageBot/1.0 (compatible; research crawler; +https://github.com/rom1504/img2dataset; opt-out: abuse.notification.dcomp12b@gmail.com;"
52.23.26.158 - - [11/Sep/2026:09:25:57 -0400] "GET /%E5%B9%B4%E5%A4%9C%E7%88%BA%E8%BA%BA%E9%A6%AC%E8%B7%AF%E4%B8%AD%E9%96%93%E6%9B%AC%E5%A4%AA%E9%99%BD-%E8%BB%8Ajiuyi%E4%BF%B1%E6%84%8F%E7%BF%BB%E4%BF%AE%E8%A8%AD%E8%A8%88%E8%BC%9B%E7%B4%9B%E7%B4%9B/20260428/555665.png HTTP/1.1" 404 11311 "-" "ImageBot/1.0 (compatible; research crawler; +https://github.com/rom1504/img2dataset; opt-out: abuse.notification.dcomp12b@gmail.com;"
52.1.250.135 - - [11/Sep/2026:09:25:59 -0400] "GET /2024/03/27/%E5%A5%BD%E5%A5%BD%E5%90%83%E9%A3%AF%EF%BC%8C%E7%B1%B3%E5%A4%AB%E9%82%80%E6%88%BF%E7%94%A2%E8%B3%87%E8%A8%8A%E6%82%A8%E5%85%B1%E4%BA%AB%E7%BE%8E%E5%A6%99%E9%A3%9F%E5%85%89/004720nx42c4luxouuxxl8.jpg HTTP/1.1" 404 11311 "-" "ImageBot/1.0 (compatible; research crawler; +https://github.com/rom1504/img2dataset; opt-out: abuse.notification.dcomp12b@gmail.com;"
52.23.26.158 - - [11/Sep/2026:09:26:01 -0400] "GET /upload/resources/image/2023/11/25/1635396_4096x10000.jpeg HTTP/1.1" 404 11311 "-" "ImageBot/1.0 (compatible; research crawler; +https://github.com/rom1504/img2dataset; opt-out: abuse.notification.dcomp12b@gmail.com;"
52.23.26.158 - - [11/Sep/2026:09:26:01 -0400] "GET /2024/07/25/%E5%B1%95%E7%A4%BA%E6%96%B0%E6%99%AF%E8%B1%A1-%E9%A6%96%E5%89%B5%E6%96%B0%E5%B1%80%E5%8B%A2-%E5%AF%AB%E5%9C%A8%E6%96%87%E6%98%8E%E5%82%B3%E6%89%BF%E6%88%90%E9%95%B7%E5%BA%A7%E8%AB%87/20240725/16313156_b3bc42085126b5dd1d1fd06ade44d2de.jpg HTTP/1.1" 404 11311 "-" "ImageBot/1.0 (compatible; research crawler; +https://github.com/rom1504/img2dataset; opt-out: abuse.notification.dcomp12b@gmail.com;"
54.166.204.138 - - [11/Sep/2026:09:26:06 -0400] "GET /%E3%80%90%E8%A6%96%E9%A0%BB%E3%80%91%E5%9F%B7%E4%BF%A1%E6%B2%B3%E6%BC%A2%E6%A0%A1%E5%8D%80%EF%BC%9A%E7%82%BA%E6%AF%8F%E5%80%8B%E5%AD%A9%E5%AD%90%E6%A8%B9%E7%AB%8B%E5%80%8B%E4%BA%BA%E5%BF%83jiuyi/20260329/339520.jpg HTTP/1.1" 404 11311 "-" "ImageBot/1.0 (compatible; research crawler; +https://github.com/rom1504/img2dataset; opt-out: abuse.notification.dcomp12b@gmail.com;"
54.166.204.138 - - [11/Sep/2026:09:26:13 -0400] "GET /upload/resources/image/2024/02/08/1774213_4096x50000.png HTTP/1.1" 404 11311 "-" "ImageBot/1.0 (compatible; research crawler; +https://github.com/rom1504/img2dataset; opt-out: abuse.notification.dcomp12b@gmail.com;"
52.1.250.135 - - [11/Sep/2026:09:26:14 -0400] "GET /upload/resources/image/2026/01/08/2684665.jpg?r=1767841039635 HTTP/1.1" 404 11311 "-" "ImageBot/1.0 (compatible; research crawler; +https://github.com/rom1504/img2dataset; opt-out: abuse.notification.dcomp12b@gmail.com;"
52.23.26.158 - - [11/Sep/2026:09:26:16 -0400] "GET /2023/12/16/%E5%8C%85%E9%A4%8A%E7%B6%B2%E5%B0%B1%E5%A6%82%E8%A8%B1%E7%9D%A1%E8%91%97%E5%90%A7%EF%BC%8C%E6%99%9A%E5%AE%89/233318e507e5277729dd08.jpg HTTP/1.1" 404 11311 "-" "ImageBot/1.0 (compatible; research crawler; +https://github.com/rom1504/img2dataset; opt-out: abuse.notification.dcomp12b@gmail.com;"
3.234.103.5 - - [11/Sep/2026:09:26:18 -0400] "GET /upload/resources/image/2024/07/23/2024145_4096x10000.jpeg HTTP/1.1" 404 11311 "-" "ImageBot/1.0 (compatible; research crawler; +https://github.com/rom1504/img2dataset; opt-out: abuse.notification.dcomp12b@gmail.com;"
52.23.26.158 - - [11/Sep/2026:09:26:20 -0400] "GET /upload/resources/image/2026/01/31/2705703.jpg?r=1769799460207 HTTP/1.1" 404 11311 "-" "ImageBot/1.0 (compatible; research crawler; +https://github.com/rom1504/img2dataset; opt-out: abuse.notification.dcomp12b@gmail.com;"
3.234.103.5 - - [11/Sep/2026:09:26:23 -0400] "GET /upload/resources/image/2026/01/15/2692178_4096x10000.jpeg HTTP/1.1" 404 11311 "-" "ImageBot/1.0 (compatible; research crawler; +https://github.com/rom1504/img2dataset; opt-out: abuse.notification.dcomp12b@gmail.com;"
52.1.250.135 - - [11/Sep/2026:09:26:23 -0400] "GET /%E9%A6%AC%E4%B8%8A%E8%BF%8E%E6%96%B0%E5%89%B5%E6%84%8F%E4%B8%8D%E6%96%B7-%E9%A6%AC%E8%B8%8F%E7%A6%8F%E4%BE%86%E7%AB%8B%E5%88%BB%E9%83%BD%E4%BE%86/20260119/8603.png HTTP/1.1" 404 11311 "-" "ImageBot/1.0 (compatible; research crawler; +https://github.com/rom1504/img2dataset; opt-out: abuse.notification.dcomp12b@gmail.com;"
3.234.103.5 - - [11/Sep/2026:09:26:26 -0400] "GET /%E7%9B%A1%E6%83%85%E6%88%BF%E7%94%A2%E8%B3%87%E8%A8%8A%E4%BA%94%E6%BA%AA%E8%B0%B7-%E6%B2%89%E9%86%89%E5%B1%B1%E5%B7%9D%E9%96%93/225124qyjojh9fi9jyda7o.png HTTP/1.1" 404 11311 "-" "ImageBot/1.0 (compatible; research crawler; +https://github.com/rom1504/img2dataset; opt-out: abuse.notification.dcomp12b@gmail.com;"
54.166.204.138 - - [11/Sep/2026:09:26:27 -0400] "GET /2023/12/27/%E3%80%90%E9%81%8A%E6%88%B2%E3%80%91%E6%88%91%E5%80%91%E6%88%90%E5%A9%9A%E5%90%A7%EF%BC%81%E5%BF%AB%E5%8C%85%E9%A4%8Aapp%E4%BE%86%E7%A7%80%E7%A7%80%E4%BD%A0%E5%92%8C%E7%94%B7%E7%A5%9E%E5%A5%B3/105558mnxzx558db2ydqn0.jpg HTTP/1.1" 404 11311 "-" "ImageBot/1.0 (compatible; research crawler; +https://github.com/rom1504/img2dataset; opt-out: abuse.notification.dcomp12b@gmail.com;"
50.19.85.253 - - [11/Sep/2026:09:26:28 -0400] "GET /%E6%A2%85%E7%B4%85%E6%9F%B3%E7%B6%A0%E6%8A%B1%E6%88%BF%E7%94%A2-%E7%B6%B2%E6%97%A9%E6%98%A5/124059p363bzkeuvjd55vd.jpg HTTP/1.1" 404 11311 "-" "ImageBot/1.0 (compatible; research crawler; +https://github.com/rom1504/img2dataset; opt-out: abuse.notification.dcomp12b@gmail.com;"
3.234.103.5 - - [11/Sep/2026:09:26:29 -0400] "GET /upload/resources/image/2024/02/13/1781427_4096x10000.jpeg HTTP/1.1" 404 11311 "-" "ImageBot/1.0 (compatible; research crawler; +https://github.com/rom1504/img2dataset; opt-out: abuse.notification.dcomp12b@gmail.com;"
52.1.250.135 - - [11/Sep/2026:09:26:29 -0400] "GET /2024/03/09/%E5%AE%B6%E5%9C%92%E7%BE%8E%E4%B8%8D%E5%8B%95%E7%94%A2%E5%A6%82%E7%95%AB/111448rvolg1g71r0u1wfv.jpg HTTP/1.1" 404 11311 "-" "ImageBot/1.0 (compatible; research crawler; +https://github.com/rom1504/img2dataset; opt-out: abuse.notification.dcomp12b@gmail.com;"
54.166.204.138 - - [11/Sep/2026:09:26:30 -0400] "GET /%E7%B6%93%E9%81%8E%E7%9A%84%E4%BA%8B%E6%B3%81%E6%9A%B4%E9%9B%A8%E5%BE%8C%EF%BC%8C%E4%BA%94%E5%B8%B8%E5%8F%88%E5%88%B0%E7%A7%8B%E6%94%B6%E5%8C%85%E9%A4%8A%E5%BF%83%E5%BE%97%E6%99%82/4c132c6457b84f05aa67d42bd045d4cd.jpeg HTTP/1.1" 404 11311 "-" "ImageBot/1.0 (compatible; research crawler; +https://github.com/rom1504/img2dataset; opt-out: abuse.notification.dcomp12b@gmail.com;"
54.166.204.138 - - [11/Sep/2026:09:26:32 -0400] "GET /2023/10/04/%E4%B8%AD%E7%A7%8B%E3%80%81%E5%9C%8B%E6%85%B6%E5%81%87%E6%9C%9F%E9%81%A0%E7%A8%8B%E8%BB%8A%E7%A5%A8%E9%96%8B%E7%AB%AF%E9%A0%90%E5%94%AE%EF%BC%8C%E5%8A%A0%E5%8C%85%E9%A4%8A%E7%B6%B2%E7%AB%99%E5%A4%A7/406bd108d3a6440496627c294cc0db6a.jpeg HTTP/1.1" 404 11311 "-" "ImageBot/1.0 (compatible; research crawler; +https://github.com/rom1504/img2dataset; opt-out: abuse.notification.dcomp12b@gmail.com;"
114.119.134.67 - - [11/Sep/2026:09:26:33 -0400] "GET /%e5%b0%8f%e5%8d%80%e8%a2%ab%e5%a4%96%e8%b3%a3%e9%a8%8e%e6%89%8b%e5%ad%a4%e7%ab%8b%ef%bc%8c%e4%b8%80%e5%a0%82%e5%b8%82%e5%a0%b4%e7%b6%93%e5%8e%bb%e7%a7%80%e5%82%b3%e9%86%ab%e9%99%a2%e5%81%a5%e6%aa%a2/ HTTP/1.1" 200 17510 "https://big-wife.com.tw/%e8%ad%a6%e6%88%92%ef%bc%81%e5%83%b9%e9%8c%a2%e6%a3%ae%e5%92%8c%e8%a8%ba%e6%89%80%e5%ae%b6%e9%86%ab%e7%a7%91%e8%99%9b%e9%ab%98%e7%9a%84%e7%a5%9e%e8%97%a5%e7%a5%9e%e5%93%81/" "Mozilla/5.0 (Linux; Android 7.0;) AppleWebKit/537.36 (HTML, like Gecko) Mobile Safari/537.36 (compatible; PetalBot;+https://webmaster.petalsearch.com/site/petalbot)"
54.166.204.138 - - [11/Sep/2026:09:26:34 -0400] "GET /%E5%B0%8F%E7%B7%A8%E8%A6%AA%E6%B8%AC%EF%BC%81%E7%9C%9F%E4%BA%BA%E5%87%BA%E9%8F%A1%EF%BC%81%E5%A4%9A%E5%9C%96%E9%A0%90%E8%AD%A6%EF%BC%81%EF%BC%81%E8%A6%93%E5%8C%85%E9%A4%8Aapp%E7%B5%A6%E4%BD%A0/182012aizx4bdled6qo7wa.jpg HTTP/1.1" 404 11311 "-" "ImageBot/1.0 (compatible; research crawler; +https://github.com/rom1504/img2dataset; opt-out: abuse.notification.dcomp12b@gmail.com;"
52.23.26.158 - - [11/Sep/2026:09:26:34 -0400] "GET /upload/resources/image/2025/05/23/2435813_4096x10000.jpeg HTTP/1.1" 404 11311 "-" "ImageBot/1.0 (compatible; research crawler; +https://github.com/rom1504/img2dataset; opt-out: abuse.notification.dcomp12b@gmail.com;"
50.19.85.253 - - [11/Sep/2026:09:26:36 -0400] "GET /upload/resources/image/2026/01/18/2694039_4096x10000.png HTTP/1.1" 404 11311 "-" "ImageBot/1.0 (compatible; research crawler; +https://github.com/rom1504/img2dataset; opt-out: abuse.notification.dcomp12b@gmail.com;"
154.17.139.65 - - [11/Sep/2026:09:26:39 -0400] "GET /%E5%A3%B9%E8%A6%96%E7%95%8Cjiuyi%E4%BF%B1%E6%84%8F%E5%AE%A4%E5%85%A7%E8%A8%AD%E8%A8%88%C2%B7%E7%86%B1%E6%B0%A3%E9%A8%B0%E9%A8%B0%E7%9A%84%E4%B8%AD%E5%9C%8B%E5%B9%B4%EF%BD%9C%E8%8F%9C%E7%B1%83/ HTTP/2" 200 26062 "-" "Mozilla/5.0 (Macintosh; Intel Mac OS X 10_15_7) AppleWebKit/537.36 (KHTML, like Gecko) Chrome/150.0.0.0 Safari/537.36"
54.166.204.138 - - [11/Sep/2026:09:26:40 -0400] "GET /upload/resources/image/2025/08/15/2537527_4096x10000.jpeg HTTP/1.1" 404 11311 "-" "ImageBot/1.0 (compatible; research crawler; +https://github.com/rom1504/img2dataset; opt-out: abuse.notification.dcomp12b@gmail.com;"
3.234.103.5 - - [11/Sep/2026:09:26:41 -0400] "GET /upload/resources/image/2024/01/29/1751211_4096x10000.jpeg HTTP/1.1" 404 11311 "-" "ImageBot/1.0 (compatible; research crawler; +https://github.com/rom1504/img2dataset; opt-out: abuse.notification.dcomp12b@gmail.com;"
50.19.85.253 - - [11/Sep/2026:09:26:46 -0400] "GET /2023/08/02/86%E6%AD%B2%E9%AB%98%E9%BD%A1%EF%BC%8C%E7%82%BA%E4%BB%80%E4%B9%88%E8%A2%AB%E5%8C%85%E9%A4%8A%E7%B6%93%E9%A9%97%E9%81%B8%E9%BB%A8%E6%94%AF%E9%83%A8%E6%9B%B8%E8%A8%98/100507igphuxw7p7vtggvh.jpg HTTP/1.1" 404 11311 "-" "ImageBot/1.0 (compatible; research crawler; +https://github.com/rom1504/img2dataset; opt-out: abuse.notification.dcomp12b@gmail.com;"
3.234.103.5 - - [11/Sep/2026:09:26:51 -0400] "GET /%E6%B9%98%E6%B0%B4%E6%94%BE%E6%AD%8C%EF%BC%8C%E7%99%BE%E6%AD%B2%E5%8F%88%E6%96%B0%E7%A8%8B/185030ols3xsns9g2cfgal.jpg HTTP/1.1" 404 11311 "-" "ImageBot/1.0 (compatible; research crawler; +https://github.com/rom1504/img2dataset; opt-out: abuse.notification.dcomp12b@gmail.com;"
54.166.204.138 - - [11/Sep/2026:09:26:55 -0400] "GET /2024/03/22/%E8%90%AC%E5%85%AC%E9%87%8C%E8%B7%91%E8%80%85%E9%84%A7%E5%8F%B0%E5%8C%97-%E7%A4%BE%E5%8D%80%E8%89%AF%E8%8F%AF%E8%B7%91%E5%87%BA%E5%9C%8B%E9%96%80%E5%8D%81%E5%A4%A9%E8%A8%98/212559kvtt8s6zsygbzbvn.jpg HTTP/1.1" 404 11311 "-" "ImageBot/1.0 (compatible; research crawler; +https://github.com/rom1504/img2dataset; opt-out: abuse.notification.dcomp12b@gmail.com;"
52.23.26.158 - - [11/Sep/2026:09:26:56 -0400] "GET /%E4%B8%80%E4%BD%8D%E5%9D%90%E6%9D%9F%E7%B8%9B%E7%89%8C%E4%B8%8D%E5%8B%95%E7%94%A2%E8%B2%A8%E8%BB%8A%E6%96%B0%E5%A8%98%E7%9A%84%E5%AF%86%E6%84%8F%E5%9B%9E%E7%9C%B8%EF%BC%88%E6%95%A3%E6%96%87%EF%BC%89/095315fkqjkkirigcp8sfi.jpg HTTP/1.1" 404 11311 "-" "ImageBot/1.0 (compatible; research crawler; +https://github.com/rom1504/img2dataset; opt-out: abuse.notification.dcomp12b@gmail.com;"
223.78.252.92 - - [11/Sep/2026:09:27:00 -0400] "GET /upload/resources/image/2026/02/08/2714592_4096x10000.jpeg HTTP/1.1" 404 11311 "https://big-wife.com.tw/" "Mozilla/5.0 (Windows NT 10.0; Win64; x64) AppleWebKit/537.36 (KHTML, like Gecko) Chrome/116.0.0.0 Safari/537.36"
50.19.85.253 - - [11/Sep/2026:09:27:00 -0400] "GET /2024/03/30/%E4%B8%83%E8%A8%80%E7%9B%A1%E5%8F%A5-%E6%98%A5%E6%AC%B2%E6%B1%82/064331prj1z9m2i73yz29m.jpg HTTP/1.1" 404 11311 "-" "ImageBot/1.0 (compatible; research crawler; +https://github.com/rom1504/img2dataset; opt-out: abuse.notification.dcomp12b@gmail.com;"
193.112.152.62 - - [11/Sep/2026:09:27:01 -0400] "GET /upload/resources/image/2026/02/08/2714592_4096x10000.jpeg HTTP/1.1" 404 11311 "https://big-wife.com.tw/" "Mozilla/5.0 (Windows NT 10.0; Win64; x64) AppleWebKit/537.36 (KHTML, like Gecko) Chrome/116.0.0.0 Safari/537.36"
54.166.204.138 - - [11/Sep/2026:09:27:01 -0400] "GET /2024/03/14/%E4%B8%80%E4%BD%8D%E5%9D%90%E6%9D%9F%E7%B8%9B%E7%89%8C%E8%B2%A8%E8%BB%8A%E6%96%B0%E5%A8%98%E7%9A%84%E5%AF%86%E6%84%8F%E5%9B%9E%E7%9C%B8%EF%BC%88%E6%95%A3%E6%96%87%EF%BC%89/100020k31x9l9cp8c1i22z.jpg HTTP/1.1" 404 11311 "-" "ImageBot/1.0 (compatible; research crawler; +https://github.com/rom1504/img2dataset; opt-out: abuse.notification.dcomp12b@gmail.com;"
54.166.204.138 - - [11/Sep/2026:09:27:03 -0400] "GET /upload/resources/image/2026/02/05/2711701_4096x50000.jpeg HTTP/1.1" 404 11311 "-" "ImageBot/1.0 (compatible; research crawler; +https://github.com/rom1504/img2dataset; opt-out: abuse.notification.dcomp12b@gmail.com;"
3.234.103.5 - - [11/Sep/2026:09:27:03 -0400] "GET /upload/resources/image/2026/04/25/2783491_4096x50000.png HTTP/1.1" 404 11311 "-" "ImageBot/1.0 (compatible; research crawler; +https://github.com/rom1504/img2dataset; opt-out: abuse.notification.dcomp12b@gmail.com;"
50.19.85.253 - - [11/Sep/2026:09:27:03 -0400] "GET /2024/01/29/%E5%B0%8F%E7%B7%A8%E8%A6%AA%E6%B8%AC%EF%BC%81%E7%9C%9F%E4%BA%BA%E5%87%BA%E9%8F%A1%EF%BC%81%E5%A4%9A%E5%9C%96%E9%A0%90%E8%AD%A6%EF%BC%81%EF%BC%81%E8%A6%93%E5%8C%85%E9%A4%8Aapp%E7%B5%A6%E4%BD%A0/1625391vvc4a4rr7nvv7cz.jpg HTTP/1.1" 404 11311 "-" "ImageBot/1.0 (compatible; research crawler; +https://github.com/rom1504/img2dataset; opt-out: abuse.notification.dcomp12b@gmail.com;"
50.19.85.253 - - [11/Sep/2026:09:27:04 -0400] "GET /2024/03/20/%E7%B4%85%E7%B6%B2%E6%84%9B%E5%BF%83%E5%AE%B6%E5%9C%92%E7%9B%8A%E9%99%BD%E7%AB%99-%E5%8D%81%E6%88%BF%E7%94%A2%E6%8A%95%E8%B3%87%E5%B9%B4%E9%87%8C%E7%9A%84%E7%89%B9%E5%88%A5%E5%B9%AB%E6%89%B6/113741mrxbm20rm05m5pbb.jpg HTTP/1.1" 404 11311 "-" "ImageBot/1.0 (compatible; research crawler; +https://github.com/rom1504/img2dataset; opt-out: abuse.notification.dcomp12b@gmail.com;"
52.1.250.135 - - [11/Sep/2026:09:27:08 -0400] "GET /2024/03/11/%E9%87%87%E9%A2%A8%E5%BE%80%E5%93%AA%E9%87%8C%EF%BC%9F%E5%BE%80%E7%9B%8A%E9%99%BD%EF%BC%8C%E4%B8%80%E8%B7%AF%E5%BE%80%E5%87%9D%E8%81%BD%E6%84%9B%E5%B1%8B%E7%81%A3%E5%AD%B8%E9%9C%B8%E6%9D%91-2/142645ggc5xg55ss76utsx.jpg HTTP/1.1" 404 11311 "-" "ImageBot/1.0 (compatible; research crawler; +https://github.com/rom1504/img2dataset; opt-out: abuse.notification.dcomp12b@gmail.com;"
3.234.103.5 - - [11/Sep/2026:09:27:11 -0400] "GET /%E4%BA%94%E4%B8%80%E5%81%87%E6%9C%9F%E8%B7%A8%E5%9F%8E%E8%BF%BD%E5%B9%B4%E5%A4%9C%E7%81%A3%E9%9B%9Eosder%E5%A5%A7%E6%96%AF%E5%BE%B7%E6%B1%BD%E8%BB%8A%E9%9B%B6/20260501/580715.jpg HTTP/1.1" 404 11311 "-" "ImageBot/1.0 (compatible; research crawler; +https://github.com/rom1504/img2dataset; opt-out: abuse.notification.dcomp12b@gmail.com;"
52.1.250.135 - - [11/Sep/2026:09:27:13 -0400] "GET /upload/resources/image/2025/02/03/2277213.jpg HTTP/1.1" 404 11311 "-" "ImageBot/1.0 (compatible; research crawler; +https://github.com/rom1504/img2dataset; opt-out: abuse.notification.dcomp12b@gmail.com;"
1.14.71.44 - - [11/Sep/2026:09:27:15 -0400] "GET /%E4%BA%92%E5%88%A9%E5%85%A8%E5%9C%8B%EF%BC%9A%E5%BB%A3%E6%9D%B1%E5%A4%96%E8%B2%BF%E4%B8%80%E5%8D%83%E5%B9%B4%E5%B9%B4%E5%A4%9C%E5%B1%95%E9%81%8E%E5%BE%80%E5%8D%8A%E5%B9%B4%E6%9C%89/20260419/488590.jpg HTTP/1.1" 404 11311 "https://big-wife.com.tw/" "Mozilla/5.0 (Windows NT 10.0; Win64; x64) AppleWebKit/537.36 (KHTML, like Gecko) Chrome/107.0.0.0 Safari/537.36"
52.23.26.158 - - [11/Sep/2026:09:27:16 -0400] "GET /%E7%9B%B8%E9%80%A2%E6%9B%B8%E5%99%B4%E9%BC%BB-%E9%96%B1%E8%AE%80-%E9%BB%9E%E4%BA%AE%E5%90%84%E5%9C%B0%E6%96%87%E6%97%85%E6%96%B0jiuyi%E4%BF%B1%E6%84%8F%E8%A8%BA%E6%89%80%E8%A8%AD/20260427/546769.jpg HTTP/1.1" 404 11311 "-" "ImageBot/1.0 (compatible; research crawler; +https://github.com/rom1504/img2dataset; opt-out: abuse.notification.dcomp12b@gmail.com;"
3.234.103.5 - - [11/Sep/2026:09:27:17 -0400] "GET /html/files/2022-02/25/20220225085054871929226.jpg HTTP/1.1" 404 11311 "-" "ImageBot/1.0 (compatible; research crawler; +https://github.com/rom1504/img2dataset; opt-out: abuse.notification.dcomp12b@gmail.com;"
50.19.85.253 - - [11/Sep/2026:09:27:29 -0400] "GET /upload/resources/image/2026/01/08/2684484_4096x10000.jpeg HTTP/1.1" 404 11311 "-" "ImageBot/1.0 (compatible; research crawler; +https://github.com/rom1504/img2dataset; opt-out: abuse.notification.dcomp12b@gmail.com;"
54.166.204.138 - - [11/Sep/2026:09:27:32 -0400] "GET /%E7%89%B9%E5%AF%AB%EF%BD%9C21%E5%9F%8E%E5%A4%A2%E5%B9%BB%E8%81%AF%E5%8B%95%EF%BC%8C%E9%80%99osder%E5%A5%A7%E6%96%AF%E5%BE%B7%E5%8F%B0%E5%8C%97%E6%B1%BD%E8%BB%8A%E4%B8%80%E5%A4%9C%E7%B2%B5%E8%B6%85/20260425/532457.jpg HTTP/1.1" 404 11311 "-" "ImageBot/1.0 (compatible; research crawler; +https://github.com/rom1504/img2dataset; opt-out: abuse.notification.dcomp12b@gmail.com;"
3.234.103.5 - - [11/Sep/2026:09:27:32 -0400] "GET /2024/01/17/%E4%B8%80%E5%8C%85%E9%A4%8A%E7%B6%B2%E7%AB%99%E5%B8%B8%E5%BE%B7%E6%80%A7%E5%90%9F%E4%B9%8B%E4%B8%80/160355whjxmtuzuf88viui.jpg HTTP/1.1" 404 11311 "-" "ImageBot/1.0 (compatible; research crawler; +https://github.com/rom1504/img2dataset; opt-out: abuse.notification.dcomp12b@gmail.com;"
52.23.26.158 - - [11/Sep/2026:09:27:33 -0400] "GET /2023/10/30/%E5%8E%9F%E5%89%B5-%E6%9B%9D%E7%94%9C%E5%BF%83%E5%AF%B6%E8%B2%9D%E5%8C%85%E9%A4%8A%E7%B6%B2%E7%94%B7%E7%B1%83%E6%96%B7%E5%AE%9A%E8%AA%BF%E6%8F%9B%E4%B8%BB%E9%8D%9B%E7%B7%B4%EF%BC%81/39a3e318cfb14b5abf70e5032565c917.jpeg HTTP/1.1" 404 11311 "-" "ImageBot/1.0 (compatible; research crawler; +https://github.com/rom1504/img2dataset; opt-out: abuse.notification.dcomp12b@gmail.com;"
54.166.204.138 - - [11/Sep/2026:09:27:37 -0400] "GET /2024/03/04/%E8%90%AC%E5%85%AC%E9%87%8C%E8%B7%91%E8%80%85%E9%84%A7%E8%89%AF%E8%8F%AF%E8%B7%91%E5%87%BA%E5%9C%8B%E9%96%80%E6%96%B0%E5%8C%97%E6%88%BF%E7%94%A2%E5%8D%81%E5%A4%A9%E8%A8%98/212555w6gdh6vrlczdwlvi.jpg HTTP/1.1" 404 11311 "-" "ImageBot/1.0 (compatible; research crawler; +https://github.com/rom1504/img2dataset; opt-out: abuse.notification.dcomp12b@gmail.com;"
54.166.204.138 - - [11/Sep/2026:09:27:39 -0400] "GET /upload/resources/image/2026/04/09/2768009_4096x10000.jpeg HTTP/1.1" 404 11311 "-" "ImageBot/1.0 (compatible; research crawler; +https://github.com/rom1504/img2dataset; opt-out: abuse.notification.dcomp12b@gmail.com;"
50.19.85.253 - - [11/Sep/2026:09:27:39 -0400] "GET /%E7%99%BEjiuyi%E4%BF%B1%E6%84%8F%E8%A8%BA%E6%89%80%E8%A8%AD%E8%A8%88%E7%B1%B3%E5%9C%B0%E9%9D%A2%E7%9A%84%E5%AE%88%E6%AD%B2%E4%BA%BA%E4%B8%A8%E6%96%B0%E6%98%A5%E8%B5%B0%E5%9F%BA%E5%B1%A4/20260222/101015.jpg HTTP/1.1" 404 11311 "-" "ImageBot/1.0 (compatible; research crawler; +https://github.com/rom1504/img2dataset; opt-out: abuse.notification.dcomp12b@gmail.com;"
50.19.85.253 - - [11/Sep/2026:09:27:40 -0400] "GET /upload/resources/image/2023/07/22/1412635_4096x10000.jpeg HTTP/1.1" 404 11311 "-" "ImageBot/1.0 (compatible; research crawler; +https://github.com/rom1504/img2dataset; opt-out: abuse.notification.dcomp12b@gmail.com;"
52.1.250.135 - - [11/Sep/2026:09:27:42 -0400] "GET /%E6%88%BF%E7%94%A2%E8%AA%B0%E9%82%84%E8%A8%98%E5%BE%97%E7%9B%A7%E5%AD%9D%E6%9E%97%E4%B9%8B%E9%80%9D%E4%B8%96%E5%97%8E%EF%BC%9F%E7%94%B1%E6%96%BC%E4%B8%80%E5%8F%AA%E6%B2%92%E6%A0%93%E7%B9%A9%E7%9A%84/231307vq8rtk3tmb88nkrd.png HTTP/1.1" 404 11311 "-" "ImageBot/1.0 (compatible; research crawler; +https://github.com/rom1504/img2dataset; opt-out: abuse.notification.dcomp12b@gmail.com;"
3.234.103.5 - - [11/Sep/2026:09:27:43 -0400] "GET /%E5%90%84%E5%9C%B0%E5%A4%9A%E6%8E%AA%E5%B9%B6%E8%88%89%E5%AE%88%E8%AD%B7%E5%B8%82%E5%B9%B3%E6%98%93osder%E5%A5%A7%E6%96%AF%E5%BE%B7%E6%9D%90%E6%96%99%E5%A0%B1%E5%83%B9%E8%BF%91%E8%8F%9C/20260206/131157.png HTTP/1.1" 404 11311 "-" "ImageBot/1.0 (compatible; research crawler; +https://github.com/rom1504/img2dataset; opt-out: abuse.notification.dcomp12b@gmail.com;"
52.1.250.135 - - [11/Sep/2026:09:27:45 -0400] "GET /2023/12/13/%E5%B9%B4%E5%A4%9Cs%E8%A2%AB%E6%B1%AA%E5%B0%8F%E8%8F%B2%E6%89%87%E8%80%B3%E5%85%89%EF%BC%9F%E5%B0%8Fs%E9%82%A3%E8%8B%B1%E4%BA%92%E5%97%86%EF%BC%9F%E7%8E%8B%E6%80%9D%E8%81%B0%E9%9A%94%E7%A9%BA%E9%96%8B/142730f1ebd33d76f925c1.gif HTTP/1.1" 404 11311 "-" "ImageBot/1.0 (compatible; research crawler; +https://github.com/rom1504/img2dataset; opt-out: abuse.notification.dcomp12b@gmail.com;"
52.23.26.158 - - [11/Sep/2026:09:27:45 -0400] "GET /%E5%B0%8F%E7%B7%A8%E8%A6%AA%E6%B8%AC%EF%BC%81%E7%9C%9F%E4%BA%BA%E5%87%BA%E9%8F%A1%EF%BC%81%E5%A4%9A%E5%9C%96%E9%A0%90%E8%AD%A6%EF%BC%81%EF%BC%81%E8%A6%93%E5%8C%85%E9%A4%8Aapp%E7%B5%A6%E4%BD%A0/162637wrbsgmsn1nysxgb9.jpg HTTP/1.1" 404 11311 "-" "ImageBot/1.0 (compatible; research crawler; +https://github.com/rom1504/img2dataset; opt-out: abuse.notification.dcomp12b@gmail.com;"
50.19.85.253 - - [11/Sep/2026:09:27:45 -0400] "GET /2023/08/02/uskid%E4%B8%AD%E7%BE%8E%E9%9B%99%E5%B8%AB%E6%9B%B8%E5%8C%85%E9%A4%8A%E5%83%B9%E6%A0%BC%E9%99%A2%E8%90%8C%E5%A8%83%E9%AB%94%E9%A9%97%E5%B0%8F%E5%B0%8F%E7%9C%BC%E7%A7%91%E5%A4%A7%E5%A4%AB/171008tcbjntcej1b7ggh6.png HTTP/1.1" 404 11311 "-" "ImageBot/1.0 (compatible; research crawler; +https://github.com/rom1504/img2dataset; opt-out: abuse.notification.dcomp12b@gmail.com;"
52.23.26.158 - - [11/Sep/2026:09:27:46 -0400] "GET /%E5%86%B6%E9%87%91%EF%BC%8C%E6%88%91%E4%B8%80%E5%8C%85%E9%A4%8A%E5%8F%88%E9%9D%9C%E9%9D%9C%E5%9C%B0%E4%BE%86%E4%BA%86/232152cvu8z9nz5gohg059.jpg HTTP/1.1" 404 11311 "-" "ImageBot/1.0 (compatible; research crawler; +https://github.com/rom1504/img2dataset; opt-out: abuse.notification.dcomp12b@gmail.com;"
54.166.204.138 - - [11/Sep/2026:09:27:46 -0400] "GET /upload/resources/image/2026/03/15/2746115_4096x50000.jpeg HTTP/1.1" 404 11311 "-" "ImageBot/1.0 (compatible; research crawler; +https://github.com/rom1504/img2dataset; opt-out: abuse.notification.dcomp12b@gmail.com;"
54.166.204.138 - - [11/Sep/2026:09:27:48 -0400] "GET /%E8%B3%88%E6%B7%BA%E6%B7%BA%E8%AB%96%E6%96%87%E8%A2%AB%E6%8C%87%E6%B6%89%E5%AB%8C%E6%8A%84%E8%A5%B2%E5%85%B6%E7%88%B6%E8%B3%88%E5%B9%B3%E5%87%B9%EF%BC%8C%E5%80%8B%E5%88%A5%E6%AE%B5jiuyi%E4%BF%B1/20260401/356990.png HTTP/1.1" 404 11311 "-" "ImageBot/1.0 (compatible; research crawler; +https://github.com/rom1504/img2dataset; opt-out: abuse.notification.dcomp12b@gmail.com;"
54.166.204.138 - - [11/Sep/2026:09:27:48 -0400] "GET /2023/10/30/%E5%8E%9F%E5%89%B5-%E6%9B%9D%E7%94%9C%E5%BF%83%E5%AF%B6%E8%B2%9D%E5%8C%85%E9%A4%8A%E7%B6%B2%E7%94%B7%E7%B1%83%E6%96%B7%E5%AE%9A%E8%AA%BF%E6%8F%9B%E4%B8%BB%E9%8D%9B%E7%B7%B4%EF%BC%81/915f848ce8824c60bf203a8562251ea5.jpeg HTTP/1.1" 404 11311 "-" "ImageBot/1.0 (compatible; research crawler; +https://github.com/rom1504/img2dataset; opt-out: abuse.notification.dcomp12b@gmail.com;"
3.234.103.5 - - [11/Sep/2026:09:27:49 -0400] "GET /%E8%A6%96%E9%A0%BB%E4%B8%A8%E4%B8%80%E9%82%8A%E6%8B%9C%E9%AC%BC-%E4%B8%80%E9%82%8A%E6%93%B4%E6%AD%A6-%E9%AB%98%E5%B8%82%E6%AD%A3%E5%B8%B6%E9%A0%98japan%E6%97%A5%E6%9C%AC%E8%B5%B0/20260427/547293.jpg HTTP/1.1" 404 11311 "-" "ImageBot/1.0 (compatible; research crawler; +https://github.com/rom1504/img2dataset; opt-out: abuse.notification.dcomp12b@gmail.com;"
114.119.150.110 - - [11/Sep/2026:09:27:57 -0400] "GET /%e5%b0%8d%e9%9b%84%e5%ae%89%e7%9a%84%e6%88%90%e9%95%b7%e9%81%a0%e6%99%af%ef%bc%8c%e6%88%91%e5%80%91%e4%bd%88%e6%bb%bf%e4%bf%a1%e5%bf%b5-%e7%bf%92%e8%bf%91%e5%b9%b3/ HTTP/1.1" 200 24118 "https://big-wife.com.tw/%e5%8a%89%e6%96%87%e6%bd%94%ef%bc%9a%e7%95%b6%e8%b6%85%e8%80%81%e9%bd%a1%e7%a4%be%e6%9c%83%e8%b6%95%e4%b8%8aai%e5%b9%b4%e7%a7%80%e5%82%b3%e9%86%ab%e9%99%a2%e5%81%a5%e6%aa%a2%e9%a0%85%e7%9b%ae%e5%a4%9c/" "Mozilla/5.0 (Linux; Android 7.0;) AppleWebKit/537.36 (HTML, like Gecko) Mobile Safari/537.36 (compatible; PetalBot;+https://webmaster.petalsearch.com/site/petalbot)"
52.23.26.158 - - [11/Sep/2026:09:27:58 -0400] "GET /upload/resources/image/2025/07/29/2519152_4096x10000.jpeg HTTP/1.1" 404 11311 "-" "ImageBot/1.0 (compatible; research crawler; +https://github.com/rom1504/img2dataset; opt-out: abuse.notification.dcomp12b@gmail.com;"
52.1.250.135 - - [11/Sep/2026:09:28:04 -0400] "GET /2024/03/04/%E3%80%90%E5%B0%8B%E6%99%AF%E6%B9%96%E5%8D%97%E3%80%91%E5%A5%A7%E7%A7%98%E7%9A%84%E6%83%B9%E5%B7%B4%E6%8B%89%E5%9C%9F%E5%AE%B6%E6%88%BF%E7%94%A2-%E7%B6%B2%E5%8F%A4%E6%9D%91%E5%AF%A8/171106mrigit7g778l0xeu.jpg HTTP/1.1" 404 11311 "-" "ImageBot/1.0 (compatible; research crawler; +https://github.com/rom1504/img2dataset; opt-out: abuse.notification.dcomp12b@gmail.com;"
146.56.222.205 - - [11/Sep/2026:09:28:07 -0400] "GET /upload/resources/image/2025/06/28/2483407.jpeg HTTP/1.1" 404 11311 "https://big-wife.com.tw/" "Mozilla/5.0 (Windows NT 10.0; Win64; x64) AppleWebKit/537.36 (KHTML, like Gecko) Chrome/103.0.0.0 Safari/537.36"
54.166.204.138 - - [11/Sep/2026:09:28:09 -0400] "GET /upload/resources/image/2026/04/23/2781551_4096x10000.jpeg HTTP/1.1" 404 11311 "-" "ImageBot/1.0 (compatible; research crawler; +https://github.com/rom1504/img2dataset; opt-out: abuse.notification.dcomp12b@gmail.com;"
52.1.250.135 - - [11/Sep/2026:09:28:11 -0400] "GET /%E8%80%81%E5%BB%A3%E5%9F%B7%E8%91%97%E7%9A%84jiuyi%E4%BF%B1%E6%84%8F%E7%A9%BA%E9%96%93%E8%A8%AD%E8%A8%88%E7%A5%9B%E6%BF%95%EF%BC%8C%E4%B8%AD%E9%86%AB%E6%9C%89%E9%96%80%E9%81%93/20260327/326043.jpg HTTP/1.1" 404 11311 "-" "ImageBot/1.0 (compatible; research crawler; +https://github.com/rom1504/img2dataset; opt-out: abuse.notification.dcomp12b@gmail.com;"
52.23.26.158 - - [11/Sep/2026:09:28:15 -0400] "GET /upload/resources/image/2024/01/20/1733899_4096x10000.png HTTP/1.1" 404 11311 "-" "ImageBot/1.0 (compatible; research crawler; +https://github.com/rom1504/img2dataset; opt-out: abuse.notification.dcomp12b@gmail.com;"
52.23.26.158 - - [11/Sep/2026:09:28:15 -0400] "GET /upload/resources/image/2024/01/25/1745143_4096x10000.jpeg HTTP/1.1" 404 11311 "-" "ImageBot/1.0 (compatible; research crawler; +https://github.com/rom1504/img2dataset; opt-out: abuse.notification.dcomp12b@gmail.com;"
50.19.85.253 - - [11/Sep/2026:09:28:15 -0400] "GET /upload/resources/image/2024/04/25/1904395_4096x10000.jpeg HTTP/1.1" 404 11311 "-" "ImageBot/1.0 (compatible; research crawler; +https://github.com/rom1504/img2dataset; opt-out: abuse.notification.dcomp12b@gmail.com;"
52.1.250.135 - - [11/Sep/2026:09:28:15 -0400] "GET /2024/03/04/%E3%80%90%E5%B0%8B%E6%99%AF%E6%B9%96%E5%8D%97%E3%80%91%E5%A5%A7%E7%A7%98%E7%9A%84%E6%83%B9%E5%B7%B4%E6%8B%89%E5%9C%9F%E5%AE%B6%E6%88%BF%E7%94%A2-%E7%B6%B2%E5%8F%A4%E6%9D%91%E5%AF%A8/171107qyec1yqj9bw4atwc.jpg HTTP/1.1" 404 11311 "-" "ImageBot/1.0 (compatible; research crawler; +https://github.com/rom1504/img2dataset; opt-out: abuse.notification.dcomp12b@gmail.com;"
3.234.103.5 - - [11/Sep/2026:09:28:15 -0400] "GET /2023/12/08/%E6%B9%96%E5%8C%97%E6%97%A5%E5%A0%B1%E5%82%B3%E5%AA%92%E5%9C%98%E9%AB%94%E5%B9%B4%E5%A4%9C%E6%A8%93%EF%BC%8C8%E8%99%9F%E7%B7%9A%E7%9C%81%E5%8D%9A%E5%9C%B0%E9%90%B5%E5%8F%A350%E7%B1%B3%E5%85%B1/17171333164df6ca56ac47.jpg HTTP/1.1" 404 11311 "-" "ImageBot/1.0 (compatible; research crawler; +https://github.com/rom1504/img2dataset; opt-out: abuse.notification.dcomp12b@gmail.com;"
50.19.85.253 - - [11/Sep/2026:09:28:18 -0400] "GET /2023/10/21/%E5%8E%9F%E5%89%B5-%E5%8C%85%E9%A4%8A%E5%BF%83%E5%BE%97-%E5%85%A8%E7%B4%85%E5%AC%8B%E5%9D%90%E5%B9%B3%E5%83%B9%E9%A3%9B%E6%A9%9F%E5%9B%9E%E5%8C%97%E4%BA%AC%EF%BC%81%E5%A5%AA%E5%86%A0/552f0d4217b34ec38c51f5ef31b3a9ec.jpeg HTTP/1.1" 404 11311 "-" "ImageBot/1.0 (compatible; research crawler; +https://github.com/rom1504/img2dataset; opt-out: abuse.notification.dcomp12b@gmail.com;"
54.166.204.138 - - [11/Sep/2026:09:28:19 -0400] "GET /html/files/2021-08/09/20210809052232232577421.jpg HTTP/1.1" 404 11311 "-" "ImageBot/1.0 (compatible; research crawler; +https://github.com/rom1504/img2dataset; opt-out: abuse.notification.dcomp12b@gmail.com;"
54.166.204.138 - - [11/Sep/2026:09:28:21 -0400] "GET /upload/resources/image/2026/04/23/2780876_4096x10000.png HTTP/1.1" 404 11311 "-" "ImageBot/1.0 (compatible; research crawler; +https://github.com/rom1504/img2dataset; opt-out: abuse.notification.dcomp12b@gmail.com;"
50.19.85.253 - - [11/Sep/2026:09:28:21 -0400] "GET /upload/resources/image/2026/03/30/2759445_4096x10000.jpeg HTTP/1.1" 404 11311 "-" "ImageBot/1.0 (compatible; research crawler; +https://github.com/rom1504/img2dataset; opt-out: abuse.notification.dcomp12b@gmail.com;"
50.19.85.253 - - [11/Sep/2026:09:28:22 -0400] "GET /upload/resources/image/2024/02/18/1789159_4096x10000.jpeg HTTP/1.1" 404 11311 "-" "ImageBot/1.0 (compatible; research crawler; +https://github.com/rom1504/img2dataset; opt-out: abuse.notification.dcomp12b@gmail.com;"
3.234.103.5 - - [11/Sep/2026:09:28:22 -0400] "GET /%E5%B0%8F%E5%81%B7%E7%9A%84%E6%89%8B%E9%82%84%E6%98%AF%E4%BC%B8%E5%90%91%E4%BA%86%E7%BE%BD%E6%AF%9B%E7%90%83%EF%BC%8C%E5%85%A9%E4%BA%BA%E7%B4%AF%E8%A8%88%E4%B8%8D%E7%AC%A6%E5%90%88%E6%B3%95jiuyi/20260120/24972.jpg HTTP/1.1" 404 11311 "-" "ImageBot/1.0 (compatible; research crawler; +https://github.com/rom1504/img2dataset; opt-out: abuse.notification.dcomp12b@gmail.com;"
54.166.204.138 - - [11/Sep/2026:09:28:25 -0400] "GET /upload/resources/image/2024/05/19/1941376_4096x10000.jpeg HTTP/1.1" 404 11311 "-" "ImageBot/1.0 (compatible; research crawler; +https://github.com/rom1504/img2dataset; opt-out: abuse.notification.dcomp12b@gmail.com;"
50.19.85.253 - - [11/Sep/2026:09:28:26 -0400] "GET /upload/resources/image/2026/01/13/2689225_4096x10000.jpeg HTTP/1.1" 404 11311 "-" "ImageBot/1.0 (compatible; research crawler; +https://github.com/rom1504/img2dataset; opt-out: abuse.notification.dcomp12b@gmail.com;"
50.19.85.253 - - [11/Sep/2026:09:28:27 -0400] "GET /2023/11/22/%E4%B9%9D%E5%AE%AE%E6%A0%BC%E6%9C%83%E8%AD%B0%E5%AE%A4%E3%80%90%E5%8E%9F%E5%89%B5%E3%80%91%E5%85%A8%E5%B9%B3%E6%98%93%E8%BF%91%E5%85%AC%E7%9B%8A%E6%9C%88%E6%8D%90%E2%97%8F%E5%B2%B3%E9%99%BD%E6%A8%93/171150qylldwadya9y1le9.jpg HTTP/1.1" 404 11311 "-" "ImageBot/1.0 (compatible; research crawler; +https://github.com/rom1504/img2dataset; opt-out: abuse.notification.dcomp12b@gmail.com;"
52.23.26.158 - - [11/Sep/2026:09:28:28 -0400] "GET /upload/resources/image/2026/01/15/2692196_4096x10000.jpeg HTTP/1.1" 404 11311 "-" "ImageBot/1.0 (compatible; research crawler; +https://github.com/rom1504/img2dataset; opt-out: abuse.notification.dcomp12b@gmail.com;"
52.1.250.135 - - [11/Sep/2026:09:28:28 -0400] "GET /2024/03/29/%EF%BC%882021-2035%E5%B9%B4%EF%BC%89%E9%80%99%E5%BC%B5%E9%95%B7%E6%B2%99%E5%9C%B0%E9%90%B5%E6%96%B0%E8%A8%88%E5%8A%83%E5%9C%96%E5%B0%B1%E6%98%AF%E5%B0%87%E4%BE%86%E7%9A%84%E6%98%9F%E5%9F%8E%E5%8F%B0/093452k984t9arr3ii3839.jpg HTTP/1.1" 404 11311 "-" "ImageBot/1.0 (compatible; research crawler; +https://github.com/rom1504/img2dataset; opt-out: abuse.notification.dcomp12b@gmail.com;"
52.1.250.135 - - [11/Sep/2026:09:28:31 -0400] "GET /%E5%BB%A3%E5%B7%9E%E8%B6%8A%E7%A7%80%E5%8F%88%E6%B7%BB%E5%AF%B6%E8%BA%B2%E9%A3%9F%E5%A0%82%EF%BC%81104%E5%80%8B%E9%A4%90%E4%BD%8D%EF%BC%8C%E5%90%83%E9%A3%AFjiuyi%E4%BF%B1%E6%84%8F%E8%B1%AA%E5%AE%85/20260331/348809.jpg HTTP/1.1" 404 11311 "-" "ImageBot/1.0 (compatible; research crawler; +https://github.com/rom1504/img2dataset; opt-out: abuse.notification.dcomp12b@gmail.com;"
52.1.250.135 - - [11/Sep/2026:09:28:40 -0400] "GET /2023/11/09/%E5%8A%89%E5%BE%B7%E8%8F%AF%E4%BB%A3%E8%A8%80%E5%A4%96%E8%B2%A8%E5%8C%85%E9%A4%8A%E9%81%AD%E6%9D%B1%E6%96%B9%E6%8A%B5%E6%8A%973%E5%A4%A9%E6%90%8D6%E5%84%84%E7%9B%B4%E6%92%AD%E9%97%9C%E6%89%93/639b34c6ebe642e4a7b8f1a1fc8c7331.jpeg HTTP/1.1" 404 11311 "-" "ImageBot/1.0 (compatible; research crawler; +https://github.com/rom1504/img2dataset; opt-out: abuse.notification.dcomp12b@gmail.com;"
52.23.26.158 - - [11/Sep/2026:09:28:40 -0400] "GET /%EF%BC%88%E6%96%B0%E6%98%A5%E8%B5%B0%E5%9F%BA%E5%B1%A4%EF%BC%89%E6%96%B0%E7%96%86osder%E5%A5%A7%E6%96%AF%E5%BE%B7%E9%9B%B6%E4%BB%B6%E5%95%86%E9%98%BF%E6%8B%89%E5%B1%B1%E5%8F%A3%E6%9C%89%E5%80%8B/20260203/108007.jpg HTTP/1.1" 404 11311 "-" "ImageBot/1.0 (compatible; research crawler; +https://github.com/rom1504/img2dataset; opt-out: abuse.notification.dcomp12b@gmail.com;"
3.234.103.5 - - [11/Sep/2026:09:28:41 -0400] "GET /2024/03/18/%E6%B9%98%E8%A1%8C%E6%95%A3%E8%A8%98%E9%80%99%E7%AF%87%E5%BE%88%E9%95%B7%E6%B2%99%E7%9A%84%E9%AB%98%E8%80%83%E4%BD%9C%E6%96%87%E5%81%9A%E5%BE%97%E5%A5%BD%E5%8F%B0%E5%8D%97/172234zgeb3o4eohwh34wz.jpg HTTP/1.1" 404 11311 "-" "ImageBot/1.0 (compatible; research crawler; +https://github.com/rom1504/img2dataset; opt-out: abuse.notification.dcomp12b@gmail.com;"
52.23.26.158 - - [11/Sep/2026:09:28:46 -0400] "GET /%E6%99%82%E6%94%BFosder%E5%A5%A7%E6%96%AF%E5%BE%B7%E5%8F%B0%E5%8C%97%E6%B1%BD%E8%BB%8A%E6%96%B0%E8%81%9E%E7%9C%BC%E4%B8%A8%E7%B6%93%E6%BF%9F%E5%B9%B4%E5%A4%9C%E7%9C%81%E8%8B%A5%E4%BD%95%E6%8A%93/20260306/184713.jpg HTTP/1.1" 404 11311 "-" "ImageBot/1.0 (compatible; research crawler; +https://github.com/rom1504/img2dataset; opt-out: abuse.notification.dcomp12b@gmail.com;"
52.1.250.135 - - [11/Sep/2026:09:28:49 -0400] "GET /upload/resources/image/2026/04/13/2771004_4096x10000.jpeg HTTP/1.1" 404 11311 "-" "ImageBot/1.0 (compatible; research crawler; +https://github.com/rom1504/img2dataset; opt-out: abuse.notification.dcomp12b@gmail.com;"
50.19.85.253 - - [11/Sep/2026:09:28:53 -0400] "GET /upload/resources/image/2023/06/12/1345815_4096x10000.jpeg HTTP/1.1" 404 11311 "-" "ImageBot/1.0 (compatible; research crawler; +https://github.com/rom1504/img2dataset; opt-out: abuse.notification.dcomp12b@gmail.com;"
52.23.26.158 - - [11/Sep/2026:09:28:53 -0400] "GET /2023/08/12/%E7%A8%BB%E5%99%B4%E9%BC%BB%E4%B8%96%E7%95%8C%C2%B7%E8%A9%A9%E7%95%AB%E6%B4%AA%E6%B1%9F%EF%BC%8C%E4%B9%8B%E9%BB%94%E9%99%BD%E5%8C%85%E9%A4%8A%E8%A1%8C%E6%83%85%E5%8F%A4%E5%9F%8E/094630a19n6zc67trq9rc9.jpg HTTP/1.1" 404 11311 "-" "ImageBot/1.0 (compatible; research crawler; +https://github.com/rom1504/img2dataset; opt-out: abuse.notification.dcomp12b@gmail.com;"
52.1.250.135 - - [11/Sep/2026:09:28:55 -0400] "GET /2024/03/17/%E4%B8%80%E4%BD%8D%E5%9D%90%E6%9D%9F%E7%B8%9B%E7%89%8C%E4%B8%8D%E5%8B%95%E7%94%A2%E8%B2%A8%E8%BB%8A%E6%96%B0%E5%A8%98%E7%9A%84%E5%AF%86%E6%84%8F%E5%9B%9E%E7%9C%B8%EF%BC%88%E6%95%A3%E6%96%87%EF%BC%89/100020k31x9l9cp8c1i22z.jpg HTTP/1.1" 404 11311 "-" "ImageBot/1.0 (compatible; research crawler; +https://github.com/rom1504/img2dataset; opt-out: abuse.notification.dcomp12b@gmail.com;"
3.234.103.5 - - [11/Sep/2026:09:28:56 -0400] "GET /%E9%87%8D%E6%85%B6%EF%BC%9A%E5%B9%B4%E5%A4%9C%E7%86%8A%E8%B2%93jiuyi%E4%BF%B1%E6%84%8F%E7%A9%BA%E9%96%93%E8%A8%AD%E8%A8%88%E5%A5%87%E4%B8%89%E5%A6%B9%E6%AF%8D%E5%A5%B3%E6%AD%A1/20260119/6906.jpg HTTP/1.1" 404 11311 "-" "ImageBot/1.0 (compatible; research crawler; +https://github.com/rom1504/img2dataset; opt-out: abuse.notification.dcomp12b@gmail.com;"
52.23.26.158 - - [11/Sep/2026:09:28:57 -0400] "GET /%E6%9F%A5%E8%A9%A2%E6%8B%9C%E8%A8%AA%E9%A1%AF%E7%A4%BA%EF%BC%9A%E6%88%91%E5%9C%8B95-2%E7%9A%84%E4%B8%BB%E6%92%AD%E6%9C%88%E6%94%AF%E5%87%BA5000%E5%85%83%E4%BB%A5%E4%B8%8B%EF%BC%8C%E5%8C%85%E9%A4%8A/46f153a9f2cd43ca97b089e7f7d7705e.jpeg HTTP/1.1" 404 11311 "-" "ImageBot/1.0 (compatible; research crawler; +https://github.com/rom1504/img2dataset; opt-out: abuse.notification.dcomp12b@gmail.com;"
50.19.85.253 - - [11/Sep/2026:09:29:01 -0400] "GET /2024/03/30/%E4%B8%83%E8%A8%80%E7%9B%A1%E5%8F%A5-%E6%98%A5%E6%AC%B2%E6%B1%82/064352tsk4x00v4o4nvjjc.jpg HTTP/1.1" 404 11311 "-" "ImageBot/1.0 (compatible; research crawler; +https://github.com/rom1504/img2dataset; opt-out: abuse.notification.dcomp12b@gmail.com;"
43.165.127.225 - - [11/Sep/2026:09:29:03 -0400] "GET /?p=2577 HTTP/1.1" 301 0 "-" "Mozilla/5.0 (iPhone; CPU iPhone OS 13_2_3 like Mac OS X) AppleWebKit/605.1.15 (KHTML, like Gecko) Version/13.0.3 Mobile/15E148 Safari/604.1"
3.234.103.5 - - [11/Sep/2026:09:29:06 -0400] "GET /2024/01/30/%E5%BC%B5%E4%B8%80%E5%B1%B1%E6%84%9B%E6%83%85%E5%86%8D%E6%9B%9D%E5%85%89%EF%BC%8C%E5%AD%9F%E7%BE%8E%E5%B2%90%E8%A6%93%E5%8C%85%E9%A4%8A%E7%B6%B2%E5%BF%83%E5%BE%97%E5%B9%AB%E9%96%A8%E8%9C%9C%E4%B8%8A/160049433ff94aad55b723.jpg HTTP/1.1" 404 11311 "-" "ImageBot/1.0 (compatible; research crawler; +https://github.com/rom1504/img2dataset; opt-out: abuse.notification.dcomp12b@gmail.com;"
43.165.127.225 - - [11/Sep/2026:09:29:06 -0400] "GET /%e5%b0%88%e5%8c%85%e9%a4%8aapp%e6%8a%8a%e8%aa%b2%e9%96%93%e9%82%84%e7%b5%a6%e5%ad%a9%e5%ad%90%e6%8a%8a%e6%93%8d%e5%a0%b4%e9%82%84%e7%b5%a6%e7%ab%a5%e5%b9%b4/ HTTP/1.1" 200 20019 "https://big-wife.com.tw/?p=2577" "Mozilla/5.0 (iPhone; CPU iPhone OS 13_2_3 like Mac OS X) AppleWebKit/605.1.15 (KHTML, like Gecko) Version/13.0.3 Mobile/15E148 Safari/604.1"
3.234.103.5 - - [11/Sep/2026:09:29:06 -0400] "GET /%E5%BE%9E%E7%A8%AE%E8%8C%B6%E5%B0%8F%E7%99%BD%E5%88%B0%E9%84%89%E6%9D%91osder%E5%A5%A7%E6%96%AF%E5%BE%B7%E9%9B%B6%E4%BB%B6%E5%95%86%E5%B7%A5%E5%8C%A0%EF%BC%81%E6%BD%AE%E5%B7%9E/20260222/99570.png HTTP/1.1" 404 11311 "-" "ImageBot/1.0 (compatible; research crawler; +https://github.com/rom1504/img2dataset; opt-out: abuse.notification.dcomp12b@gmail.com;"
52.1.250.135 - - [11/Sep/2026:09:29:08 -0400] "GET /html/files/2021-12/09/20211209113605613147521.jpg HTTP/1.1" 404 11311 "-" "ImageBot/1.0 (compatible; research crawler; +https://github.com/rom1504/img2dataset; opt-out: abuse.notification.dcomp12b@gmail.com;"
52.1.250.135 - - [11/Sep/2026:09:29:08 -0400] "GET /2023/11/26/%E7%95%B6%E7%9B%A1%E7%BE%8E%E7%A7%98%E5%A2%83%E4%B8%8D%E6%89%BE%E5%8C%85%E9%A4%8A%E5%BF%83%E5%BE%97%E5%86%8D%E4%BA%BA%E8%B7%A1%E7%BD%95%E8%87%B3/60af23ef12e94178959139cf1495e741/images/a2e6ffff0fd545708652c772bbc0b385.jpg HTTP/1.1" 404 11311 "-" "ImageBot/1.0 (compatible; research crawler; +https://github.com/rom1504/img2dataset; opt-out: abuse.notification.dcomp12b@gmail.com;"
3.234.103.5 - - [11/Sep/2026:09:29:08 -0400] "GET /%E6%B1%9F%E5%8D%97%E8%A5%BF%E8%BF%B7%E4%BD%A0%E5%BB%A3%E5%B7%9E%E5%A1%94osder%E5%A5%A7%E6%96%AF%E5%BE%B7%E9%9B%B6%E4%BB%B6%E5%95%86%E8%A2%AB%E6%92%A4%E9%99%A4%EF%BC%8C%E7%95%B6/20260128/63148.jpg HTTP/1.1" 404 11311 "-" "ImageBot/1.0 (compatible; research crawler; +https://github.com/rom1504/img2dataset; opt-out: abuse.notification.dcomp12b@gmail.com;"
52.1.250.135 - - [11/Sep/2026:09:29:14 -0400] "GET /ai%E6%A9%9F%E5%99%A8%E4%BA%BA%E5%9C%A8%E5%BB%A3%E6%9D%B1%E5%B7%A5%E5%BB%A0%E7%B5%84%E9%9A%8A%E6%89%93%E5%B7%A5-%E5%A4%9A%E5%AE%B6%E4%BC%81jiuyi%E4%BF%B1%E6%84%8F%E7%A9%BA/20260228/146582.jpg HTTP/1.1" 404 11311 "-" "ImageBot/1.0 (compatible; research crawler; +https://github.com/rom1504/img2dataset; opt-out: abuse.notification.dcomp12b@gmail.com;"
54.166.204.138 - - [11/Sep/2026:09:29:14 -0400] "GET /2024/03/17/%E8%B5%B0%E9%80%B2%E8%A9%A9%E8%A9%9E%E4%B9%8B%E9%84%89%E6%BC%A3%E6%88%BF%E7%94%A2%E7%B6%B2%E6%BA%90/221113fj0ad2thum9mfpim.jpg HTTP/1.1" 404 11311 "-" "ImageBot/1.0 (compatible; research crawler; +https://github.com/rom1504/img2dataset; opt-out: abuse.notification.dcomp12b@gmail.com;"
52.23.26.158 - - [11/Sep/2026:09:29:15 -0400] "GET /upload/resources/image/2024/02/12/1779756_4096x10000.jpeg HTTP/1.1" 404 11311 "-" "ImageBot/1.0 (compatible; research crawler; +https://github.com/rom1504/img2dataset; opt-out: abuse.notification.dcomp12b@gmail.com;"
52.1.250.135 - - [11/Sep/2026:09:29:19 -0400] "GET /%E8%AD%9A%E6%9D%BE%E9%9F%BB%E9%A0%98%E9%8A%9C%E5%89%B5%E6%A5%AD%E4%B8%89%E5%A7%90%E5%A6%B9%E9%97%96%E6%B7%B1osder%E5%A5%A7%E6%96%AF%E5%BE%B7%E5%BE%B7%E7%B3%BB%E8%BB%8A%E5%9C%B3/20260308/197547.jpg HTTP/1.1" 404 11311 "-" "ImageBot/1.0 (compatible; research crawler; +https://github.com/rom1504/img2dataset; opt-out: abuse.notification.dcomp12b@gmail.com;"
52.23.26.158 - - [11/Sep/2026:09:29:20 -0400] "GET /upload/resources/image/2024/02/09/1775388_4096x10000.jpeg HTTP/1.1" 404 11311 "-" "ImageBot/1.0 (compatible; research crawler; +https://github.com/rom1504/img2dataset; opt-out: abuse.notification.dcomp12b@gmail.com;"
3.234.103.5 - - [11/Sep/2026:09:29:21 -0400] "GET /2024/03/11/%E6%88%BF%E7%94%A2%E8%B3%87%E8%A8%8A%E7%94%9F%E6%B6%AF%E9%9B%9C%E8%AD%B0%EF%BC%88%E4%B8%89%EF%BC%89/063018ksu2kgsh0uz9ahna.jpg HTTP/1.1" 404 11311 "-" "ImageBot/1.0 (compatible; research crawler; +https://github.com/rom1504/img2dataset; opt-out: abuse.notification.dcomp12b@gmail.com;"
3.234.103.5 - - [11/Sep/2026:09:29:21 -0400] "GET /%E7%94%9F%E7%8C%9B%E9%AE%AE%E6%B4%BB%E5%B0%91%E5%B9%B4%E6%B0%A3osder%E5%A5%A7%E6%96%AF%E5%BE%B7%E5%BE%B7%E7%B3%BB%E8%BB%8A%EF%BC%81%E9%80%99%E5%A0%B4%E6%96%B0%E6%98%A5%E6%B2%99%E9%BE%8D%EF%BC%8C/20260130/77728.jpg HTTP/1.1" 404 11311 "-" "ImageBot/1.0 (compatible; research crawler; +https://github.com/rom1504/img2dataset; opt-out: abuse.notification.dcomp12b@gmail.com;"
114.119.134.67 - - [11/Sep/2026:09:29:21 -0400] "GET /%e5%b0%8d%e8%80%81%e5%b9%b4%e6%82%a3%e8%80%85%e8%8b%a5%e4%bd%95%e6%b7%b1%e5%8c%96%e4%ba%ba%e6%96%87%e8%be%a6%e4%ba%8b/ HTTP/1.1" 200 17735 "https://big-wife.com.tw/category/uncategorized/page/5/" "Mozilla/5.0 (Linux; Android 7.0;) AppleWebKit/537.36 (HTML, like Gecko) Mobile Safari/537.36 (compatible; PetalBot;+https://webmaster.petalsearch.com/site/petalbot)"
52.23.26.158 - - [11/Sep/2026:09:29:24 -0400] "GET /upload/resources/image/2024/01/01/1699099_4096x10000.jpeg HTTP/1.1" 404 11311 "-" "ImageBot/1.0 (compatible; research crawler; +https://github.com/rom1504/img2dataset; opt-out: abuse.notification.dcomp12b@gmail.com;"
3.234.103.5 - - [11/Sep/2026:09:29:24 -0400] "GET /%E3%80%90%E6%9D%AD%E5%B7%9E%E4%BA%9E%E9%81%8B%E6%9C%83%E3%80%91%E4%B8%AD%E5%9C%8B%E5%A5%B3%E7%B1%83%E6%8C%81%E7%BA%8C%E5%85%A9%E6%AC%A1%E5%9C%A8%E5%B9%B4%E5%8C%85%E9%A4%8A%E7%B6%93%E9%A9%97%E5%A4%9C/8405744c2ede43a4b0fc49173b0401f1.jpg HTTP/1.1" 404 11311 "-" "ImageBot/1.0 (compatible; research crawler; +https://github.com/rom1504/img2dataset; opt-out: abuse.notification.dcomp12b@gmail.com;"
50.19.85.253 - - [11/Sep/2026:09:29:28 -0400] "GET /2024/03/30/%E6%9C%80%E5%90%8E%E7%9A%84%E6%A3%92%E6%A3%92%EF%BC%9A%E6%93%85%E8%87%AA%E6%86%90%E5%85%AE%E4%BD%95%E6%A5%B5%E6%96%B0%E5%8C%97-%E7%A4%BE%E5%8D%80%E5%A4%A7%E6%A8%93%EF%BC%8C%E5%BF%83%E6%80%A6%E6%80%A6/175711i93qqo2v1oq5onaz.png HTTP/1.1" 404 11311 "-" "ImageBot/1.0 (compatible; research crawler; +https://github.com/rom1504/img2dataset; opt-out: abuse.notification.dcomp12b@gmail.com;"
3.234.103.5 - - [11/Sep/2026:09:29:29 -0400] "GET /html/files/2022-03/31/20220331115030448353749.jpg HTTP/1.1" 404 11311 "-" "ImageBot/1.0 (compatible; research crawler; +https://github.com/rom1504/img2dataset; opt-out: abuse.notification.dcomp12b@gmail.com;"
3.234.103.5 - - [11/Sep/2026:09:29:31 -0400] "GET /2024/03/31/%E5%84%8B%E5%8F%B0%E5%8C%97%E6%88%BF%E7%94%A2%E5%B7%9E%E6%95%A3%E8%A8%98/215551fs5by4ggq92vttvq.jpg HTTP/1.1" 404 11311 "-" "ImageBot/1.0 (compatible; research crawler; +https://github.com/rom1504/img2dataset; opt-out: abuse.notification.dcomp12b@gmail.com;"
52.23.26.158 - - [11/Sep/2026:09:29:34 -0400] "GET /%E8%94%A1%E4%BE%9D%E6%9E%97%E6%BC%94%E5%94%B1%E6%9C%83%E8%A2%AB%E8%88%89%E5%A0%B1%E6%B2%96%E4%B8%8A%E7%86%B1%E6%90%9C%EF%BC%8130%E7%B1%B3%E6%A9%9F%E6%A2%B0%E8%9B%87%E3%80%81%E9%87%91/20260113/518524.png HTTP/1.1" 404 11311 "-" "ImageBot/1.0 (compatible; research crawler; +https://github.com/rom1504/img2dataset; opt-out: abuse.notification.dcomp12b@gmail.com;"
50.19.85.253 - - [11/Sep/2026:09:29:34 -0400] "GET /upload/resources/image/2025/04/22/2394938.png HTTP/1.1" 404 11311 "-" "ImageBot/1.0 (compatible; research crawler; +https://github.com/rom1504/img2dataset; opt-out: abuse.notification.dcomp12b@gmail.com;"
3.234.103.5 - - [11/Sep/2026:09:29:36 -0400] "GET /2024/03/13/%E4%B8%80%E4%BD%8D%E5%9D%90%E5%8F%B0%E4%B8%AD-%E7%A4%BE%E5%8D%80%E5%A4%A7%E5%BB%88%E6%9D%9F%E7%B8%9B%E7%89%8C%E8%B2%A8%E8%BB%8A%E6%96%B0%E5%A8%98%E7%9A%84%E5%AF%86%E6%84%8F%E5%9B%9E%E7%9C%B8%EF%BC%88/104059u6fr6io6unglgowi.jpg HTTP/1.1" 404 11311 "-" "ImageBot/1.0 (compatible; research crawler; +https://github.com/rom1504/img2dataset; opt-out: abuse.notification.dcomp12b@gmail.com;"
54.166.204.138 - - [11/Sep/2026:09:29:36 -0400] "GET /%E6%99%82%E6%94%BFosder%E5%A5%A7%E6%96%AF%E5%BE%B7%E5%8F%B0%E5%8C%97%E6%B1%BD%E8%BB%8A%E6%96%B0%E8%81%9E%E7%9C%BC%E4%B8%A8%E7%B6%93%E6%BF%9F%E5%B9%B4%E5%A4%9C%E7%9C%81%E8%8B%A5%E4%BD%95%E6%8A%93/20260306/184705.jpg HTTP/1.1" 404 11311 "-" "ImageBot/1.0 (compatible; research crawler; +https://github.com/rom1504/img2dataset; opt-out: abuse.notification.dcomp12b@gmail.com;"
50.19.85.253 - - [11/Sep/2026:09:29:38 -0400] "GET /2024/03/31/%E6%B4%AA%E6%B1%9F%E7%B8%A3%E5%9F%9F%E7%B6%93%E6%BF%9F%E6%88%90%E9%95%B7%E6%A1%83%E5%9C%92-%E6%88%BF%E5%9C%B0%E7%94%A2%E8%99%95%E7%90%86%E9%A1%8C%E7%9B%AE%E9%BB%9E/191705xuca5qa0511m0qha.jpg HTTP/1.1" 404 11311 "-" "ImageBot/1.0 (compatible; research crawler; +https://github.com/rom1504/img2dataset; opt-out: abuse.notification.dcomp12b@gmail.com;"
52.23.26.158 - - [11/Sep/2026:09:29:40 -0400] "GET /2024/03/14/%E6%B9%98%E6%B0%B4%E6%94%BE%E6%AD%8C%EF%BC%8C%E7%99%BE%E6%AD%B2%E5%8F%88%E6%96%B0%E7%A8%8B/185453vkkro8ruhrkrhoz3.jpg HTTP/1.1" 404 11311 "-" "ImageBot/1.0 (compatible; research crawler; +https://github.com/rom1504/img2dataset; opt-out: abuse.notification.dcomp12b@gmail.com;"
52.23.26.158 - - [11/Sep/2026:09:29:40 -0400] "GET /2024/03/20/%E3%80%90%E6%88%91%E5%80%91%E7%9A%84%E8%85%B3%E6%AD%A5%E3%80%91%E5%BC%B5%E6%9C%88%E5%AC%8B%E4%B8%A8%E8%B5%B0%EF%BC%8C%E5%BE%80%E5%B9%B4%E5%A4%9C%E4%BA%AC%EF%BC%88%E6%95%A3%E6%96%87%E5%8F%B0%E5%8D%97/114128x67thy9nt5at5wf3.jpg HTTP/1.1" 404 11311 "-" "ImageBot/1.0 (compatible; research crawler; +https://github.com/rom1504/img2dataset; opt-out: abuse.notification.dcomp12b@gmail.com;"
52.23.26.158 - - [11/Sep/2026:09:29:44 -0400] "GET /upload/resources/image/2026/01/19/2694699_4096x10000.jpeg HTTP/1.1" 404 11311 "-" "ImageBot/1.0 (compatible; research crawler; +https://github.com/rom1504/img2dataset; opt-out: abuse.notification.dcomp12b@gmail.com;"
