52.1.250.135 - - [11/Sep/2026:09:46:07 -0400] "GET /2024/03/08/%E3%80%90%E5%BE%A9%E8%88%88%E6%9D%AF%E3%80%91%E5%8A%89%E6%9C%89%E8%89%AF%E6%88%BF-%E7%94%A2%E4%B8%A8%E5%BC%9F%E5%BC%9F%E7%9A%84%E6%96%B0%E5%88%A5%E5%A2%85/230655wq29ralqz6qw44u7.jpg HTTP/1.1" 404 11311 "-" "ImageBot/1.0 (compatible; research crawler; +https://github.com/rom1504/img2dataset; opt-out: abuse.notification.dcomp12b@gmail.com;"
50.19.85.253 - - [11/Sep/2026:09:46:08 -0400] "GET /%E8%90%AC%E5%85%AC%E9%87%8C%E8%B7%91%E8%80%85%E9%84%A7%E8%89%AF%E8%8F%AF%E8%B7%91%E5%87%BA%E5%9C%8B%E9%96%80%E5%8D%81%E5%A4%A9%E8%A8%98-2/212026ptwr1c8o8t11rbq7.jpg HTTP/1.1" 404 11311 "-" "ImageBot/1.0 (compatible; research crawler; +https://github.com/rom1504/img2dataset; opt-out: abuse.notification.dcomp12b@gmail.com;"
3.234.103.5 - - [11/Sep/2026:09:46:09 -0400] "GET /2024/03/15/%E7%8F%BE%E5%A0%B4%E6%9F%A5%E6%96%B0%E5%8C%97-%E6%88%BF%E7%94%A2%E8%A9%A2%E6%8B%9C%E8%A8%AA%E9%87%87%E8%A8%AA%EF%BC%9A%E8%A1%80%E8%88%87%E7%81%AB%E7%9A%84%E7%AD%86%E6%9E%B6%E5%B1%B1%E6%8A%97%E6%97%A5/082258tsleggy8lzyxgtne.jpg HTTP/1.1" 404 11311 "-" "ImageBot/1.0 (compatible; research crawler; +https://github.com/rom1504/img2dataset; opt-out: abuse.notification.dcomp12b@gmail.com;"
52.1.250.135 - - [11/Sep/2026:09:46:11 -0400] "GET /%E7%8E%8B%E6%80%9D%E9%9B%A8%E7%9B%A1%E6%AE%BA%EF%BC%81%E4%B8%AD%E5%9C%8B%E5%A5%B3%E7%B1%832%E5%88%86%E5%85%8B%E6%9C%8Djapan%E6%97%A5%E6%9C%AC%EF%BC%8C%E8%A1%9B%E5%86%95%E4%BA%9E%E5%8C%85%E9%A4%8A/9477c79c304549f4b96dd10979db9cf8.jpg HTTP/1.1" 404 11311 "-" "ImageBot/1.0 (compatible; research crawler; +https://github.com/rom1504/img2dataset; opt-out: abuse.notification.dcomp12b@gmail.com;"
176.224.203.219 - - [11/Sep/2026:09:46:14 -0400] "POST /xmlrpc.php HTTP/1.1" 403 1242 "-" "Jetpack/12.1; WordPress/6.4; http://site36663712.com"
54.166.204.138 - - [11/Sep/2026:09:46:15 -0400] "GET /upload/resources/image/2025/12/31/2676844_4096x10000.jpeg HTTP/1.1" 404 11311 "-" "ImageBot/1.0 (compatible; research crawler; +https://github.com/rom1504/img2dataset; opt-out: abuse.notification.dcomp12b@gmail.com;"
52.1.250.135 - - [11/Sep/2026:09:46:16 -0400] "GET /upload/resources/image/2025/12/28/2674531_4096x10000.gif HTTP/1.1" 404 11311 "-" "ImageBot/1.0 (compatible; research crawler; +https://github.com/rom1504/img2dataset; opt-out: abuse.notification.dcomp12b@gmail.com;"
52.23.26.158 - - [11/Sep/2026:09:46:17 -0400] "GET /%E6%98%A5%E6%92%AD%E6%98%A5%E7%AE%A1%E9%80%B2%E8%A1%8C%E6%99%82-%E5%90%84%E5%9C%B0%E8%BE%B2%E6%A5%AD%E9%AB%98%E8%B3%AA%E9%87%8F%E7%99%BC%E5%B1%95%E4%B8%80%E7%B7%9A%E8%A7%80osder/20260421/502702.jpg HTTP/1.1" 404 11311 "-" "ImageBot/1.0 (compatible; research crawler; +https://github.com/rom1504/img2dataset; opt-out: abuse.notification.dcomp12b@gmail.com;"
52.1.250.135 - - [11/Sep/2026:09:46:17 -0400] "GET /upload/resources/image/2026/02/16/2722549_4096x10000.jpeg HTTP/1.1" 404 11311 "-" "ImageBot/1.0 (compatible; research crawler; +https://github.com/rom1504/img2dataset; opt-out: abuse.notification.dcomp12b@gmail.com;"
50.19.85.253 - - [11/Sep/2026:09:46:18 -0400] "GET /2023/08/26/city-walk%E4%B8%A8%E5%8C%85%E9%A4%8A%E5%92%B8%E9%99%BD%E8%80%81%E8%A1%97%E5%85%A9%E6%97%A5%E6%B8%B8%E4%BF%9D%E5%A7%86%E7%B4%9A%E6%B8%B8%E7%8E%A9%E6%94%BB%E7%95%A5%E4%BE%86%E4%BA%86/095559nqpz2apfq9q29dna.jpg HTTP/1.1" 404 11311 "-" "ImageBot/1.0 (compatible; research crawler; +https://github.com/rom1504/img2dataset; opt-out: abuse.notification.dcomp12b@gmail.com;"
52.23.26.158 - - [11/Sep/2026:09:46:19 -0400] "GET /%E5%BC%B5%E9%9B%AA%E6%A9%9F%E8%BB%8A%EF%BC%8C%E4%B8%80%E6%88%B0%E5%B0%81%E7%A5%9E%EF%BC%81%E8%BA%AB%E8%83%8Cosder%E5%A5%A7%E6%96%AF%E5%BE%B7%E6%9D%90%E6%96%99%E5%A0%B1%E5%83%B9%E7%A0%B4%E5%8C%85/20260331/350316.jpg HTTP/1.1" 404 11311 "-" "ImageBot/1.0 (compatible; research crawler; +https://github.com/rom1504/img2dataset; opt-out: abuse.notification.dcomp12b@gmail.com;"
52.1.250.135 - - [11/Sep/2026:09:46:19 -0400] "GET /2024/03/17/%E8%B5%B0%E5%85%A8%E5%9C%8B%EF%BC%9A%E5%9C%A8%E9%82%A3%E7%B6%A0%E6%A6%95%E6%88%90%E8%94%AD%E9%AE%AE%E8%8A%B1%E6%80%92%E6%94%BE%E7%9A%84%E6%9D%91%E8%90%BD/115327puzojejokooou8ok.jpg HTTP/1.1" 404 11311 "-" "ImageBot/1.0 (compatible; research crawler; +https://github.com/rom1504/img2dataset; opt-out: abuse.notification.dcomp12b@gmail.com;"
139.186.109.69 - - [11/Sep/2026:09:46:21 -0400] "GET /upload/resources/image/2026/03/27/2757023_4096x10000.jpeg HTTP/1.1" 404 11311 "https://big-wife.com.tw/" "Mozilla/5.0 (Windows NT 10.0; Win64; x64) AppleWebKit/537.36 (KHTML, like Gecko) Chrome/107.0.0.0 Safari/537.36"
176.224.203.219 - - [11/Sep/2026:09:46:24 -0400] "POST /xmlrpc.php HTTP/1.1" 403 1242 "-" "Jetpack/12.5; WordPress/6.1; http://site43561550.com"
54.166.204.138 - - [11/Sep/2026:09:46:24 -0400] "GET /2024/03/28/%E8%90%AC%E5%85%AC%E9%87%8C%E8%B7%91%E8%80%85%E9%84%A7%E8%89%AF%E8%8F%AF%E8%B7%91%E7%A4%BE%E5%8D%80%E5%A4%A7%E6%A8%93%E5%87%BA%E5%9C%8B%E9%96%80%E5%8D%81%E5%A4%A9%E8%A8%98/212546jxmmtopl7fcb95ym.jpg HTTP/1.1" 404 11311 "-" "ImageBot/1.0 (compatible; research crawler; +https://github.com/rom1504/img2dataset; opt-out: abuse.notification.dcomp12b@gmail.com;"
3.234.103.5 - - [11/Sep/2026:09:46:28 -0400] "GET /2023/11/17/%E6%A0%AA%E6%B4%B2-%E8%98%86%E6%B7%9E-%E8%B3%80%E5%AE%B6%E5%9C%9F%E8%A1%97%E9%81%93-%E9%95%B7%E5%A1%98%E7%81%A3%E7%A4%BE%E5%8D%80%E6%96%B0%E6%99%82%E6%9C%9F%E4%B9%9D%E5%AE%AE%E6%A0%BC%E8%81%9A/190706jei8quxsenuuveee.jpg HTTP/1.1" 404 11311 "-" "ImageBot/1.0 (compatible; research crawler; +https://github.com/rom1504/img2dataset; opt-out: abuse.notification.dcomp12b@gmail.com;"
52.1.250.135 - - [11/Sep/2026:09:46:32 -0400] "GET /2023/08/12/%E7%A8%BB%E5%99%B4%E9%BC%BB%E4%B8%96%E7%95%8C%C2%B7%E8%A9%A9%E7%95%AB%E6%B4%AA%E6%B1%9F%EF%BC%8C%E4%B9%8B%E9%BB%94%E9%99%BD%E5%8C%85%E9%A4%8A%E8%A1%8C%E6%83%85%E5%8F%A4%E5%9F%8E/094702rtwxtucllwxfxvnc.jpg HTTP/1.1" 404 11311 "-" "ImageBot/1.0 (compatible; research crawler; +https://github.com/rom1504/img2dataset; opt-out: abuse.notification.dcomp12b@gmail.com;"
52.23.26.158 - - [11/Sep/2026:09:46:33 -0400] "GET /%E7%BE%8A%E6%99%9A%E9%82%80%E8%AB%8B%E9%A0%86%E5%BE%B7%E8%8E%AB%E6%B0%8F%E9%9B%9E%E7%85%B2%E5%89%B5%E5%A7%8B%E4%BA%BA%E5%92%8C%E5%90%8D%E4%B8%ADosder%E5%A5%A7%E6%96%AF%E5%BE%B7%E9%9B%B6%E4%BB%B6/20260425/533119.jpg HTTP/1.1" 404 11311 "-" "ImageBot/1.0 (compatible; research crawler; +https://github.com/rom1504/img2dataset; opt-out: abuse.notification.dcomp12b@gmail.com;"
52.23.26.158 - - [11/Sep/2026:09:46:34 -0400] "GET /2024/03/31/%E7%9B%A1%E6%83%85%E6%88%BF%E7%94%A2%E8%B3%87%E8%A8%8A%E4%BA%94%E6%BA%AA%E8%B0%B7-%E6%B2%89%E9%86%89%E5%B1%B1%E5%B7%9D%E9%96%93/225423psxu8v923ux82pnv.png HTTP/1.1" 404 11311 "-" "ImageBot/1.0 (compatible; research crawler; +https://github.com/rom1504/img2dataset; opt-out: abuse.notification.dcomp12b@gmail.com;"
176.224.203.219 - - [11/Sep/2026:09:46:35 -0400] "POST /xmlrpc.php HTTP/1.1" 403 1242 "-" "Jetpack by WordPress.com"
3.234.103.5 - - [11/Sep/2026:09:46:37 -0400] "GET /upload/resources/image/2026/02/12/2719579_4096x10000.jpeg HTTP/1.1" 404 11311 "-" "ImageBot/1.0 (compatible; research crawler; +https://github.com/rom1504/img2dataset; opt-out: abuse.notification.dcomp12b@gmail.com;"
52.23.26.158 - - [11/Sep/2026:09:46:39 -0400] "GET /%E7%9B%A1%E6%83%85%E6%88%BF%E7%94%A2%E8%B3%87%E8%A8%8A%E4%BA%94%E6%BA%AA%E8%B0%B7-%E6%B2%89%E9%86%89%E5%B1%B1%E5%B7%9D%E9%96%93/225553ug2wwgccteteosjy.png HTTP/1.1" 404 11311 "-" "ImageBot/1.0 (compatible; research crawler; +https://github.com/rom1504/img2dataset; opt-out: abuse.notification.dcomp12b@gmail.com;"
3.234.103.5 - - [11/Sep/2026:09:46:40 -0400] "GET /%E8%B3%88%E6%B7%BA%E6%B7%BA%E8%AB%96%E6%96%87%E8%A2%AB%E6%8C%87%E6%B6%89%E5%AB%8C%E6%8A%84%E8%A5%B2%E5%85%B6%E7%88%B6%E8%B3%88%E5%B9%B3%E5%87%B9%EF%BC%8C%E5%80%8B%E5%88%A5%E6%AE%B5jiuyi%E4%BF%B1/20260401/357000.jpg HTTP/1.1" 404 11311 "-" "ImageBot/1.0 (compatible; research crawler; +https://github.com/rom1504/img2dataset; opt-out: abuse.notification.dcomp12b@gmail.com;"
54.166.204.138 - - [11/Sep/2026:09:46:44 -0400] "GET /%E5%9B%9B%E5%B7%9D%E7%9C%89%E5%B1%B1%E4%B8%89%E8%98%87%E7%A5%A0%E9%87%8Cosder%E5%A5%A7%E6%96%AF%E5%BE%B7%E5%8F%B0%E5%8C%97%E6%B1%BD%E8%BB%8A%E5%B9%B4%E5%91%B3%E4%BC%B4%E8%A9%A9%E5%99%B4%E9%BC%BB_/20260216/58637.jpg HTTP/1.1" 404 11311 "-" "ImageBot/1.0 (compatible; research crawler; +https://github.com/rom1504/img2dataset; opt-out: abuse.notification.dcomp12b@gmail.com;"
50.19.85.253 - - [11/Sep/2026:09:46:45 -0400] "GET /2024/03/27/%E8%8F%AF%E8%A3%94%E5%9F%8E%E9%8C%AF%E6%8E%89%E6%95%91%E5%91%BD%E7%A8%BB%E5%8F%B0%E5%8D%97-%E6%88%BF%E5%9C%B0%E7%94%A2%E8%8D%89%EF%BC%8C%E9%82%84%E8%83%BD%E7%BF%BB%E8%BA%AB%E5%90%A6/185634vunlsklltyuet0je.jpg HTTP/1.1" 404 11311 "-" "ImageBot/1.0 (compatible; research crawler; +https://github.com/rom1504/img2dataset; opt-out: abuse.notification.dcomp12b@gmail.com;"
176.224.203.219 - - [11/Sep/2026:09:46:46 -0400] "POST /xmlrpc.php HTTP/1.1" 403 1242 "-" "Jetpack by WordPress.com"
3.234.103.5 - - [11/Sep/2026:09:46:48 -0400] "GET /%E5%B1%B1%E8%A5%BF%E4%BA%94osder%E5%A5%A7%E6%96%AF%E5%BE%B7%E9%9B%B6%E4%BB%B6%E5%A0%B1%E5%83%B9%E8%87%BA%E6%BB%B4%E6%B0%B4%E5%B4%96%E5%86%B0%E7%80%91%E5%B8%83%E5%A4%AA%E5%A3%AF%E8%A7%80%E4%BA%86/20260206/132216.jpg HTTP/1.1" 404 11311 "-" "ImageBot/1.0 (compatible; research crawler; +https://github.com/rom1504/img2dataset; opt-out: abuse.notification.dcomp12b@gmail.com;"
3.234.103.5 - - [11/Sep/2026:09:46:50 -0400] "GET /%E3%80%90%E5%9B%9E%E7%9C%B82023%E3%80%91%E6%B9%96%E5%8D%97%E4%B9%9D%E6%BE%A7%E5%90%8D%E6%A8%93-%E7%99%BE%E5%A4%A7%E5%93%A5%E5%BA%97%E6%B4%A5%E5%B8%82%E7%9C%8B%E6%B1%9F%E6%A8%93%E6%96%B0%E5%BA%97/133124igkgo3bubob6rau4.gif HTTP/1.1" 404 11311 "-" "ImageBot/1.0 (compatible; research crawler; +https://github.com/rom1504/img2dataset; opt-out: abuse.notification.dcomp12b@gmail.com;"
52.1.250.135 - - [11/Sep/2026:09:46:50 -0400] "GET /2024/03/11/%E9%87%87%E9%A2%A8%E5%BE%80%E5%93%AA%E9%87%8C%EF%BC%9F%E5%BE%80%E7%9B%8A%E9%99%BD%EF%BC%8C%E4%B8%80%E8%B7%AF%E5%BE%80%E5%87%9D%E8%81%BD%E6%84%9B%E5%B1%8B%E7%81%A3%E5%AD%B8%E9%9C%B8%E6%9D%91-2/143539ddvmmz0epp5278b8.jpg HTTP/1.1" 404 11311 "-" "ImageBot/1.0 (compatible; research crawler; +https://github.com/rom1504/img2dataset; opt-out: abuse.notification.dcomp12b@gmail.com;"
175.178.2.254 - - [11/Sep/2026:09:46:53 -0400] "GET /%E7%99%BD%E8%89%B2%E9%9B%BB%E6%B3%A2%E6%B2%96%E7%A0%B4%E6%8B%82%E6%9B%89%E5%89%8D%E7%9A%84%E6%9A%97%E4%B8%AD%EF%BC%8C%E4%BF%83%E9%80%B2%E6%B9%96%E5%8D%97%E6%B0%B4%E9%9B%BB%E5%B8%AB%E5%82%85%E6%88%B0/114031mhgk3gv3u3jhkjjn.jpg HTTP/1.1" 404 11311 "https://big-wife.com.tw/" "Mozilla/5.0 (Windows NT 10.0; Win64; x64) AppleWebKit/537.36 (KHTML, like Gecko) Chrome/107.0.0.0 Safari/537.36"
50.19.85.253 - - [11/Sep/2026:09:46:54 -0400] "GET /2023/12/13/%E5%B9%B4%E5%A4%9Cs%E8%A2%AB%E6%B1%AA%E5%B0%8F%E8%8F%B2%E6%89%87%E8%80%B3%E5%85%89%EF%BC%9F%E5%B0%8Fs%E9%82%A3%E8%8B%B1%E4%BA%92%E5%97%86%EF%BC%9F%E7%8E%8B%E6%80%9D%E8%81%B0%E9%9A%94%E7%A9%BA%E9%96%8B/14280202626b2c5e49f557.jpg HTTP/1.1" 404 11311 "-" "ImageBot/1.0 (compatible; research crawler; +https://github.com/rom1504/img2dataset; opt-out: abuse.notification.dcomp12b@gmail.com;"
176.224.203.219 - - [11/Sep/2026:09:46:57 -0400] "POST /xmlrpc.php HTTP/1.1" 403 1242 "-" "Jetpack/12.5; WordPress/6.3; http://site52306607.com"
52.23.26.158 - - [11/Sep/2026:09:46:57 -0400] "GET /upload/resources/image/2025/01/09/2242958_4096x10000.jpeg HTTP/1.1" 404 11311 "-" "ImageBot/1.0 (compatible; research crawler; +https://github.com/rom1504/img2dataset; opt-out: abuse.notification.dcomp12b@gmail.com;"
52.23.26.158 - - [11/Sep/2026:09:46:58 -0400] "GET /2024/03/22/%E8%90%AC%E5%85%AC%E9%87%8C%E8%B7%91%E8%80%85%E9%84%A7%E5%8F%B0%E5%8C%97-%E7%A4%BE%E5%8D%80%E8%89%AF%E8%8F%AF%E8%B7%91%E5%87%BA%E5%9C%8B%E9%96%80%E5%8D%81%E5%A4%A9%E8%A8%98/212539vxvvjs9jl8jxewgx.jpg HTTP/1.1" 404 11311 "-" "ImageBot/1.0 (compatible; research crawler; +https://github.com/rom1504/img2dataset; opt-out: abuse.notification.dcomp12b@gmail.com;"
52.23.26.158 - - [11/Sep/2026:09:47:02 -0400] "GET /upload/resources/image/2026/04/07/2765868_4096x10000.jpeg HTTP/1.1" 404 11311 "-" "ImageBot/1.0 (compatible; research crawler; +https://github.com/rom1504/img2dataset; opt-out: abuse.notification.dcomp12b@gmail.com;"
50.19.85.253 - - [11/Sep/2026:09:47:04 -0400] "GET /upload/resources/image/2024/09/04/2082005_4096x10000.jpeg HTTP/1.1" 404 11311 "-" "ImageBot/1.0 (compatible; research crawler; +https://github.com/rom1504/img2dataset; opt-out: abuse.notification.dcomp12b@gmail.com;"
52.1.250.135 - - [11/Sep/2026:09:47:04 -0400] "GET /%E5%BB%A3%E5%B7%9E%E9%8A%80%E9%BD%A1%E5%BF%97jiuyi%E4%BF%B1%E6%84%8F%E5%AE%A4%E5%85%A7%E8%A8%AD%E8%A8%88%E6%84%BF%E8%80%85%E6%B4%BB%E8%BA%8D%EF%BC%8C%E5%85%A8%E5%B8%8260%E6%AD%B2%E4%BB%A5%E4%B8%8A/20260123/43050.jpg HTTP/1.1" 404 11311 "-" "ImageBot/1.0 (compatible; research crawler; +https://github.com/rom1504/img2dataset; opt-out: abuse.notification.dcomp12b@gmail.com;"
52.23.26.158 - - [11/Sep/2026:09:47:04 -0400] "GET /2023/12/13/%E5%B9%B4%E5%A4%9Cs%E8%A2%AB%E6%B1%AA%E5%B0%8F%E8%8F%B2%E6%89%87%E8%80%B3%E5%85%89%EF%BC%9F%E5%B0%8Fs%E9%82%A3%E8%8B%B1%E4%BA%92%E5%97%86%EF%BC%9F%E7%8E%8B%E6%80%9D%E8%81%B0%E9%9A%94%E7%A9%BA%E9%96%8B/142611d047218053050f64.jpg HTTP/1.1" 404 11311 "-" "ImageBot/1.0 (compatible; research crawler; +https://github.com/rom1504/img2dataset; opt-out: abuse.notification.dcomp12b@gmail.com;"
3.234.103.5 - - [11/Sep/2026:09:47:05 -0400] "GET /2023/12/12/%E4%BA%9E%E9%81%8B%E6%9C%83%E7%B5%82%E7%B5%90%E5%BC%8F%E5%8F%88%E8%A6%8B%E4%B8%AD%E5%9C%8B%E5%BC%8F%E6%B5%AA%E6%BC%AB-%E4%BB%A5%E5%8C%85%E9%A4%8Aapp%E8%8D%B7%E6%A1%82%E5%85%B1%E7%94%9F/14609219eabd4717b17b4bce61aa4ccd.jpeg HTTP/1.1" 404 11311 "-" "ImageBot/1.0 (compatible; research crawler; +https://github.com/rom1504/img2dataset; opt-out: abuse.notification.dcomp12b@gmail.com;"
54.166.204.138 - - [11/Sep/2026:09:47:06 -0400] "GET /upload/resources/image/2026/04/19/2777374.jpg HTTP/1.1" 404 11311 "-" "ImageBot/1.0 (compatible; research crawler; +https://github.com/rom1504/img2dataset; opt-out: abuse.notification.dcomp12b@gmail.com;"
176.224.203.219 - - [11/Sep/2026:09:47:07 -0400] "POST /xmlrpc.php HTTP/1.1" 403 1242 "-" "Jetpack/12.1; WordPress/6.3; http://site48713486.com"
50.19.85.253 - - [11/Sep/2026:09:47:14 -0400] "GET /2023/12/28/%E5%B9%B3%E8%A3%9D%E6%94%B6%E6%88%BF%E4%B8%80%E8%87%89%E6%87%B5%EF%BC%81%E8%A6%81%E4%B8%8D%E8%A6%81%E6%89%BE%E7%9B%A3%E7%90%86%EF%BC%9F%E8%AB%8B%E4%B8%8D%E8%AB%8Bdesign%E5%B8%AB%EF%BC%9F%E5%B0%8F/0915432g2qiw8i523f27fg.gif HTTP/1.1" 404 11305 "-" "ImageBot/1.0 (compatible; research crawler; +https://github.com/rom1504/img2dataset; opt-out: abuse.notification.dcomp12b@gmail.com;"
52.23.26.158 - - [11/Sep/2026:09:47:14 -0400] "GET /%E6%88%BF%E7%94%A2%E7%B6%B2%E6%B9%98%E8%A1%8C%E6%95%A3%E8%A8%98%E9%80%99%E7%AF%87%E5%BE%88%E9%95%B7%E6%B2%99%E7%9A%84%E9%AB%98%E8%80%83%E4%BD%9C%E6%96%87%E5%81%9A%E5%BE%97%E5%A5%BD/172402iooobbk00rbohkwh.jpg HTTP/1.1" 404 11311 "-" "ImageBot/1.0 (compatible; research crawler; +https://github.com/rom1504/img2dataset; opt-out: abuse.notification.dcomp12b@gmail.com;"
52.23.26.158 - - [11/Sep/2026:09:47:15 -0400] "GET /upload/resources/image/2026/03/20/2751116_4096x10000.jpeg HTTP/1.1" 404 11311 "-" "ImageBot/1.0 (compatible; research crawler; +https://github.com/rom1504/img2dataset; opt-out: abuse.notification.dcomp12b@gmail.com;"
52.23.26.158 - - [11/Sep/2026:09:47:16 -0400] "GET /upload/resources/image/2025/01/10/2244605.jpg?r=1736477015586 HTTP/1.1" 404 11311 "-" "ImageBot/1.0 (compatible; research crawler; +https://github.com/rom1504/img2dataset; opt-out: abuse.notification.dcomp12b@gmail.com;"
176.224.203.219 - - [11/Sep/2026:09:47:19 -0400] "POST /xmlrpc.php HTTP/1.1" 403 1242 "-" "Jetpack/12.5; WordPress/6.4; http://site46293369.com"
54.166.204.138 - - [11/Sep/2026:09:47:20 -0400] "GET /2024/01/29/%E5%B0%8F%E7%B7%A8%E8%A6%AA%E6%B8%AC%EF%BC%81%E7%9C%9F%E4%BA%BA%E5%87%BA%E9%8F%A1%EF%BC%81%E5%A4%9A%E5%9C%96%E9%A0%90%E8%AD%A6%EF%BC%81%EF%BC%81%E8%A6%93%E5%8C%85%E9%A4%8Aapp%E7%B5%A6%E4%BD%A0/162028p3dn69ng46ropigi.jpg HTTP/1.1" 404 11311 "-" "ImageBot/1.0 (compatible; research crawler; +https://github.com/rom1504/img2dataset; opt-out: abuse.notification.dcomp12b@gmail.com;"
54.166.204.138 - - [11/Sep/2026:09:47:20 -0400] "GET /upload/resources/image/2024/01/29/1752152_4096x10000.jpeg HTTP/1.1" 404 11311 "-" "ImageBot/1.0 (compatible; research crawler; +https://github.com/rom1504/img2dataset; opt-out: abuse.notification.dcomp12b@gmail.com;"
52.1.250.135 - - [11/Sep/2026:09:47:22 -0400] "GET /2024/03/08/%E6%93%8D%E5%A0%B4%E7%89%A9%E5%93%81%E6%93%BA%E6%94%BE%E5%83%8F%E5%87%BA%E6%93%8D%E5%88%97%E5%85%B5%EF%BC%8C%E6%A1%91%E6%A4%8D%E8%90%83%E8%8B%B1%E9%BB%8C%E4%B8%8D%E5%8B%95%E7%94%A2%E8%88%8D%E4%B9%9D/161640o5z0q5vsxzpvz1fz.jpg HTTP/1.1" 404 11311 "-" "ImageBot/1.0 (compatible; research crawler; +https://github.com/rom1504/img2dataset; opt-out: abuse.notification.dcomp12b@gmail.com;"
52.23.26.158 - - [11/Sep/2026:09:47:23 -0400] "GET /2023/10/27/%E5%A4%9A%E9%83%A8%E4%BD%B3%E4%BD%9C%E5%9C%8B%E6%85%B6%E5%8C%85%E9%A4%8A%E7%B6%B2%E6%AA%94%E9%9B%86%E4%B8%AD%E7%8D%BB%E6%98%A0%EF%BC%8C%E6%88%91%E7%9C%81%E7%89%87%E5%AD%90%E5%B8%82%E5%A0%B4%E7%85%A7/a73c7c284e5747e3a9d1c023e0cf8ddd.jpeg HTTP/1.1" 404 11311 "-" "ImageBot/1.0 (compatible; research crawler; +https://github.com/rom1504/img2dataset; opt-out: abuse.notification.dcomp12b@gmail.com;"
3.234.103.5 - - [11/Sep/2026:09:47:26 -0400] "GET /2024/04/01/%E6%8F%9B%E5%B1%8B%E5%A9%9A%E6%AA%A2%E2%89%A0%E5%82%99%E5%AD%95%E6%AA%A2%E8%A8%8E%EF%BC%81%E5%82%99%E5%AD%95%E6%9C%9F%E6%87%89%E7%95%B6%E6%80%8E%E4%B9%88%E5%81%9A%EF%BC%9F%E9%80%99%E4%BB%BD%E5%82%99/153455puk7boz191souwlv.jpg HTTP/1.1" 404 11311 "-" "ImageBot/1.0 (compatible; research crawler; +https://github.com/rom1504/img2dataset; opt-out: abuse.notification.dcomp12b@gmail.com;"
3.234.103.5 - - [11/Sep/2026:09:47:26 -0400] "GET /%E6%96%B0%E7%96%86%EF%BC%9A%E5%96%AC%E3%80%81%E7%81%8C%E3%80%81%E8%97%A5%E7%AB%8B%E9%AB%94%E7%B9%94%E5%AF%86%E7%B6%A0osder%E5%A5%A7%E6%96%AF%E5%BE%B7%E5%8F%B0%E5%8C%97%E6%B1%BD/20260418/481750.jpg HTTP/1.1" 404 11311 "-" "ImageBot/1.0 (compatible; research crawler; +https://github.com/rom1504/img2dataset; opt-out: abuse.notification.dcomp12b@gmail.com;"
54.166.204.138 - - [11/Sep/2026:09:47:26 -0400] "GET /2024/03/28/%E8%90%AC%E5%85%AC%E9%87%8C%E8%B7%91%E8%80%85%E9%84%A7%E8%89%AF%E8%8F%AF%E8%B7%91%E7%A4%BE%E5%8D%80%E5%A4%A7%E6%A8%93%E5%87%BA%E5%9C%8B%E9%96%80%E5%8D%81%E5%A4%A9%E8%A8%98/212601dsx1ps555n8sx1jw.jpg HTTP/1.1" 404 11311 "-" "ImageBot/1.0 (compatible; research crawler; +https://github.com/rom1504/img2dataset; opt-out: abuse.notification.dcomp12b@gmail.com;"
3.234.103.5 - - [11/Sep/2026:09:47:27 -0400] "GET /2023/09/05/%E9%B3%B3%E5%87%B0%E5%8F%A4%E5%9F%8E%E5%93%AA%E9%87%8C%E6%9C%89%E7%8F%BE%E6%88%90%E7%9A%84%E4%B8%83%E5%A4%95%E5%BB%A3%E5%91%8A%E5%8C%85%E9%A4%8A%E5%A0%B4%E6%99%AF%EF%BC%9F/170923ud4al6aggo644t4a.jpg HTTP/1.1" 404 11311 "-" "ImageBot/1.0 (compatible; research crawler; +https://github.com/rom1504/img2dataset; opt-out: abuse.notification.dcomp12b@gmail.com;"
185.191.171.2 - - [11/Sep/2026:09:47:29 -0400] "GET /%E5%B9%B3%E6%98%93%E7%A7%80%E5%82%B3%E9%86%AB%E9%99%A2%E5%81%A5%E5%BA%B7%E6%AA%A2%E6%9F%A5%E8%BF%91%E5%9C%8B%E9%85%92%E4%BA%8B/ HTTP/1.1" 403 1242 "-" "Mozilla/5.0 (compatible; SemrushBot/7~bl; +http://www.semrush.com/bot.html)"
176.224.203.219 - - [11/Sep/2026:09:47:30 -0400] "POST /xmlrpc.php HTTP/1.1" 403 1242 "-" "Jetpack by WordPress.com"
114.119.158.58 - - [11/Sep/2026:09:47:30 -0400] "GET /%e5%ae%8c%e7%be%8e%e8%bb%8c%e5%88%b6%e6%a9%9f%e5%88%b6-%e6%9b%b4%e5%a5%bd%e9%80%a0%e7%a6%8f%e4%ba%8e%e5%b9%b3%e6%98%93osder%e5%a5%a7%e6%96%af%e5%be%b7%e9%9b%b6%e4%bb%b6%e5%a0%b1%e5%83%b9%e8%bf%91/ HTTP/1.1" 200 18700 "https://big-wife.com.tw/%e5%bb%a3%e5%b7%9e%e6%9a%b4%e9%9b%a8%e4%b8%ad%e8%a2%ab%e6%95%91%e7%94%b7%e5%ad%a9%e6%8b%bf%e5%a3%93%e6%ad%b2%e9%8c%a2%e7%b5%a6%e5%a4%96%e8%b3%a3jiuyi%e4%bf%b1%e6%84%8f%e4%bd%8f%e5%ae%85%e8%a8%ad/" "Mozilla/5.0 (Linux; Android 7.0;) AppleWebKit/537.36 (HTML, like Gecko) Mobile Safari/537.36 (compatible; PetalBot;+https://webmaster.petalsearch.com/site/petalbot)"
52.23.26.158 - - [11/Sep/2026:09:47:33 -0400] "GET /2023/11/24/%E7%BE%8E%E4%B8%8D%E5%A0%AA%E6%94%B6%E7%9A%84%E5%8C%85%E9%A4%8A%E5%8D%97%E6%B2%99%E8%8A%B1%E5%9C%83%E9%A3%AF%E5%BA%97%E2%91%A1/070542zvtzwvqcdv8qevep.jpg HTTP/1.1" 404 11311 "-" "ImageBot/1.0 (compatible; research crawler; +https://github.com/rom1504/img2dataset; opt-out: abuse.notification.dcomp12b@gmail.com;"
50.19.85.253 - - [11/Sep/2026:09:47:34 -0400] "GET /2024/03/28/%E6%8F%9B%E5%B1%8B%E3%80%90%E6%94%9D%E5%BD%B1%E4%BA%AE%E9%BB%9E%E3%80%91%E8%B5%B0%E9%80%B2%E7%9A%96%E5%8D%97%E7%9F%B3%E8%87%BA%EF%BC%9A%E6%AD%A1%E4%BA%AB%E5%AF%8C%E7%A1%92%E8%B2%A0%E6%B0%A7%E7%9A%84/212202ebqpusbc55uhsjmc.jpg HTTP/1.1" 404 11311 "-" "ImageBot/1.0 (compatible; research crawler; +https://github.com/rom1504/img2dataset; opt-out: abuse.notification.dcomp12b@gmail.com;"
176.224.203.219 - - [11/Sep/2026:09:47:40 -0400] "POST /xmlrpc.php HTTP/1.1" 403 1242 "-" "Jetpack by WordPress.com"
52.23.26.158 - - [11/Sep/2026:09:47:41 -0400] "GET /%E6%99%AE%E5%AF%A7%E8%8B%B1%E6%AD%8C%E9%9A%8A%E6%96%B0%E6%98%A5%E6%94%9C%E5%BB%A3%E8%B2%A8%E9%80%B2%E8%BB%8D%E6%AD%90%E6%B4%B2%EF%BC%81%E9%A6%96%E6%94%AF%E5%BF%AB%E6%9D%BF%E7%94%B7/20260215/49299.jpg HTTP/1.1" 404 11311 "-" "ImageBot/1.0 (compatible; research crawler; +https://github.com/rom1504/img2dataset; opt-out: abuse.notification.dcomp12b@gmail.com;"
3.234.103.5 - - [11/Sep/2026:09:47:41 -0400] "GET /%E6%97%A9%E8%AE%80-%E5%BB%A3%E6%9D%B1%E7%9C%81%E4%B8%AD%E5%B0%8F%E5%AD%B8%E7%94%9F%E7%AB%B6%E8%B3%BD%E7%99%BD%E5%90%8D%E5%96%AE%E5%85%AC%E5%B8%83%EF%BC%9B%E8%8F%AF%E5%BC%B7%E5%8C%97%E7%99%BCjiuyi/20260213/36245.jpg HTTP/1.1" 404 11311 "-" "ImageBot/1.0 (compatible; research crawler; +https://github.com/rom1504/img2dataset; opt-out: abuse.notification.dcomp12b@gmail.com;"
54.166.204.138 - - [11/Sep/2026:09:47:46 -0400] "GET /2023/12/16/%E5%8C%85%E9%A4%8A%E7%B6%B2%E5%B0%B1%E5%A6%82%E8%A8%B1%E7%9D%A1%E8%91%97%E5%90%A7%EF%BC%8C%E6%99%9A%E5%AE%89/device-iPhone.jpg HTTP/1.1" 404 11311 "-" "ImageBot/1.0 (compatible; research crawler; +https://github.com/rom1504/img2dataset; opt-out: abuse.notification.dcomp12b@gmail.com;"
176.224.203.219 - - [11/Sep/2026:09:47:51 -0400] "POST /xmlrpc.php HTTP/1.1" 403 1242 "-" "Jetpack by WordPress.com (Jetpack 12.5; WordPress 6.4)"
52.23.26.158 - - [11/Sep/2026:09:47:53 -0400] "GET /upload/resources/image/2026/02/11/2717134.jpg?r=1770757890321 HTTP/1.1" 404 11311 "-" "ImageBot/1.0 (compatible; research crawler; +https://github.com/rom1504/img2dataset; opt-out: abuse.notification.dcomp12b@gmail.com;"
54.166.204.138 - - [11/Sep/2026:09:47:56 -0400] "GET /%E5%9C%A8%E6%98%A5%E6%99%9A%E5%BD%A9%E6%8E%92%E6%9C%9F%E9%96%93%E5%90%91%E7%B2%89%E7%B5%B2%E4%B8%89%E9%9E%A0%E8%BA%AC%E5%BC%95%E7%86%B1%E8%AD%B0%EF%BC%8C%E6%A2%81%E5%AE%B6%E8%BC%9D%E5%9B%9E%E6%87%89/20260224/115701.jpg HTTP/1.1" 404 11311 "-" "ImageBot/1.0 (compatible; research crawler; +https://github.com/rom1504/img2dataset; opt-out: abuse.notification.dcomp12b@gmail.com;"
176.224.203.219 - - [11/Sep/2026:09:48:02 -0400] "POST /xmlrpc.php HTTP/1.1" 403 1242 "-" "Jetpack/12.1; WordPress/6.1; http://site30115806.com"
52.1.250.135 - - [11/Sep/2026:09:48:02 -0400] "GET /2024/03/17/%E4%B8%80%E4%BD%8D%E5%9D%90%E6%9D%9F%E7%B8%9B%E7%89%8C%E4%B8%8D%E5%8B%95%E7%94%A2%E8%B2%A8%E8%BB%8A%E6%96%B0%E5%A8%98%E7%9A%84%E5%AF%86%E6%84%8F%E5%9B%9E%E7%9C%B8%EF%BC%88%E6%95%A3%E6%96%87%EF%BC%89/101551yb56nn612vbfwnm1.jpg HTTP/1.1" 404 11311 "-" "ImageBot/1.0 (compatible; research crawler; +https://github.com/rom1504/img2dataset; opt-out: abuse.notification.dcomp12b@gmail.com;"
54.166.204.138 - - [11/Sep/2026:09:48:09 -0400] "GET /2023/11/23/%E6%8C%81%E4%BB%81%E8%80%85%E5%BF%83%EF%BC%8C%E8%A1%8C%E5%85%89%E4%BA%AE%E8%B7%AF%E4%B8%A8%E6%98%8E%E5%A4%A9%EF%BC%81%E4%BB%A5%E5%85%89%E4%BA%AE%E7%9A%84%E5%90%8D%E7%BE%A9%EF%BC%8C%E8%87%B4%E6%95%AC/173446jmhsmqmhe9smmsxs.png HTTP/1.1" 404 11311 "-" "ImageBot/1.0 (compatible; research crawler; +https://github.com/rom1504/img2dataset; opt-out: abuse.notification.dcomp12b@gmail.com;"
3.234.103.5 - - [11/Sep/2026:09:48:11 -0400] "GET /2024/03/20/%E6%88%BF%E7%94%A2-%E7%B6%B2%E9%80%9B%E9%82%A3%E6%A2%9D%E8%80%81%E8%A1%97/082024o0munj1dm6zmmmd4.jpg HTTP/1.1" 404 11311 "-" "ImageBot/1.0 (compatible; research crawler; +https://github.com/rom1504/img2dataset; opt-out: abuse.notification.dcomp12b@gmail.com;"
42.101.64.29 - - [11/Sep/2026:09:48:11 -0400] "GET /%e6%96%b0%e7%96%86%e5%b7%b4%e6%a5%9a%e6%96%87%e6%97%85%e6%8e%a8%e4%bb%8b%e6%9c%83%e5%9c%a8%e5%b0%88%e5%8c%85%e9%a4%8a%e7%b6%b2%e6%bb%ac%e8%88%89%e8%a1%8c/ HTTP/1.1" 200 18065 "-" "Mozilla/5.0 (Macintosh; Intel Mac OS X 14_2_0) AppleWebKit/537.36 (KHTML, like Gecko) Chrome/126.0.6478.182 Safari/537.36"
54.166.204.138 - - [11/Sep/2026:09:48:12 -0400] "GET /upload/resources/image/2024/05/01/1914637_4096x10000.jpeg HTTP/1.1" 404 11311 "-" "ImageBot/1.0 (compatible; research crawler; +https://github.com/rom1504/img2dataset; opt-out: abuse.notification.dcomp12b@gmail.com;"
176.224.203.219 - - [11/Sep/2026:09:48:12 -0400] "POST /xmlrpc.php HTTP/1.1" 403 1242 "-" "Jetpack by WordPress.com"
54.166.204.138 - - [11/Sep/2026:09:48:15 -0400] "GET /2023/09/28/%E5%8E%9F%E5%89%B5-%E6%9D%AD%E5%B7%9E%E4%BA%9E%E9%81%8B%E6%9C%83%E6%8F%AD%E5%B9%95%E5%BC%8F%E5%87%BA%E8%89%B2%E7%9B%A1%E5%80%AB%EF%BC%8C%E4%B8%89%E5%B9%B4%E5%A4%9C%E9%BB%91/a180d42d38534cea933016ae1e5b048c.jpeg HTTP/1.1" 404 11311 "-" "ImageBot/1.0 (compatible; research crawler; +https://github.com/rom1504/img2dataset; opt-out: abuse.notification.dcomp12b@gmail.com;"
52.23.26.158 - - [11/Sep/2026:09:48:16 -0400] "GET /upload/resources/image/2026/01/29/2704762_4096x10000.jpeg HTTP/1.1" 404 11311 "-" "ImageBot/1.0 (compatible; research crawler; +https://github.com/rom1504/img2dataset; opt-out: abuse.notification.dcomp12b@gmail.com;"
50.19.85.253 - - [11/Sep/2026:09:48:16 -0400] "GET /2024/03/08/%E3%80%90%E5%BE%A9%E8%88%88%E6%9D%AF%E3%80%91%E5%8A%89%E6%9C%89%E8%89%AF%E6%88%BF-%E7%94%A2%E4%B8%A8%E5%BC%9F%E5%BC%9F%E7%9A%84%E6%96%B0%E5%88%A5%E5%A2%85/230506fss4tzvssuadlgg7.jpg HTTP/1.1" 404 11311 "-" "ImageBot/1.0 (compatible; research crawler; +https://github.com/rom1504/img2dataset; opt-out: abuse.notification.dcomp12b@gmail.com;"
50.19.85.253 - - [11/Sep/2026:09:48:17 -0400] "GET /%E9%A6%AC%E4%B8%8A%E8%BF%8E%E6%96%B0%E5%89%B5%E6%84%8F%E4%B8%8D%E6%96%B7-%E9%A6%AC%E8%B8%8F%E7%A6%8F%E4%BE%86%E7%AB%8B%E5%88%BB%E9%83%BD%E4%BE%86/20260119/8588.png HTTP/1.1" 404 11311 "-" "ImageBot/1.0 (compatible; research crawler; +https://github.com/rom1504/img2dataset; opt-out: abuse.notification.dcomp12b@gmail.com;"
50.19.85.253 - - [11/Sep/2026:09:48:17 -0400] "GET /2023/10/04/%E4%B8%AD%E7%A7%8B%E3%80%81%E5%9C%8B%E6%85%B6%E5%81%87%E6%9C%9F%E9%81%A0%E7%A8%8B%E8%BB%8A%E7%A5%A8%E9%96%8B%E7%AB%AF%E9%A0%90%E5%94%AE%EF%BC%8C%E5%8A%A0%E5%8C%85%E9%A4%8A%E7%B6%B2%E7%AB%99%E5%A4%A7/caa1632c59c445c9a3e782c477d21073.jpeg HTTP/1.1" 404 11311 "-" "ImageBot/1.0 (compatible; research crawler; +https://github.com/rom1504/img2dataset; opt-out: abuse.notification.dcomp12b@gmail.com;"
50.19.85.253 - - [11/Sep/2026:09:48:18 -0400] "GET /upload/resources/image/2024/07/30/2033694.jpg HTTP/1.1" 404 11311 "-" "ImageBot/1.0 (compatible; research crawler; +https://github.com/rom1504/img2dataset; opt-out: abuse.notification.dcomp12b@gmail.com;"
3.234.103.5 - - [11/Sep/2026:09:48:19 -0400] "GET /upload/resources/image/2026/01/25/2701087_4096x10000.jpeg HTTP/1.1" 404 11311 "-" "ImageBot/1.0 (compatible; research crawler; +https://github.com/rom1504/img2dataset; opt-out: abuse.notification.dcomp12b@gmail.com;"
3.234.103.5 - - [11/Sep/2026:09:48:21 -0400] "GET /%E6%9E%97%E9%96%93%E9%96%8B%E5%87%BA%E4%BB%BB%E5%BB%A3%E6%9D%B1%E5%BB%A3%E9%9B%85%E4%B8%AD%E5%AD%B8osder%E5%A5%A7%E6%96%AF%E5%BE%B7%E6%B1%BD%E8%BB%8A%E6%9D%90%E6%96%99%E6%A0%A1%E9%95%B7/20260422/512220.png HTTP/1.1" 404 11311 "-" "ImageBot/1.0 (compatible; research crawler; +https://github.com/rom1504/img2dataset; opt-out: abuse.notification.dcomp12b@gmail.com;"
54.166.204.138 - - [11/Sep/2026:09:48:21 -0400] "GET /upload/resources/image/2026/03/06/2738755.jpeg HTTP/1.1" 404 11311 "-" "ImageBot/1.0 (compatible; research crawler; +https://github.com/rom1504/img2dataset; opt-out: abuse.notification.dcomp12b@gmail.com;"
54.166.204.138 - - [11/Sep/2026:09:48:21 -0400] "GET /%E6%96%B0%E5%93%81%E7%A8%AE%E6%9C%88%E5%AD%A3%EF%BC%8C%E8%A2%AB%E6%AD%A3%E5%BC%8F%E5%AE%9A%E5%90%8D%E7%82%BA%E5%AC%8C%E9%BE%8Dosder%E5%A5%A7%E6%96%AF%E5%BE%B7%E9%9B%B6%E4%BB%B6%E5%A0%B1/20260123/41544.jpg HTTP/1.1" 404 11311 "-" "ImageBot/1.0 (compatible; research crawler; +https://github.com/rom1504/img2dataset; opt-out: abuse.notification.dcomp12b@gmail.com;"
54.166.204.138 - - [11/Sep/2026:09:48:22 -0400] "GET /upload/resources/image/2024/09/03/2080201.jpeg HTTP/1.1" 404 11311 "-" "ImageBot/1.0 (compatible; research crawler; +https://github.com/rom1504/img2dataset; opt-out: abuse.notification.dcomp12b@gmail.com;"
52.23.26.158 - - [11/Sep/2026:09:48:23 -0400] "GET /%E5%BB%A3%E8%B2%A8%E8%A1%8C%E5%85%A8%E5%9C%8B%EF%BC%8C%E7%BE%8E%E9%A3%9F%E5%9C%A8%E5%BB%A3%E6%9D%B1%EF%BD%9C2026%E5%B9%B4%E9%9D%9E%E9%81%BA%E8%B3%80%E6%96%B0%E6%98%A5%C2%B7%E5%B0%8B%E5%91%B3/20260123/46171.jpg HTTP/1.1" 404 11311 "-" "ImageBot/1.0 (compatible; research crawler; +https://github.com/rom1504/img2dataset; opt-out: abuse.notification.dcomp12b@gmail.com;"
176.224.203.219 - - [11/Sep/2026:09:48:23 -0400] "POST /xmlrpc.php HTTP/1.1" 403 1242 "-" "WordPress.com; https://wordpress.com"
52.23.26.158 - - [11/Sep/2026:09:48:25 -0400] "GET /2024/03/15/%E7%94%9F%E6%B6%AF%E9%9B%9C%E8%AD%B0%EF%BC%88%E6%96%B0%E5%8C%97-%E7%A4%BE%E5%8D%80%E5%A4%A7%E6%A8%93%E4%B8%89%EF%BC%89/063059s4pz2auem61u4s1m.jpg HTTP/1.1" 404 11311 "-" "ImageBot/1.0 (compatible; research crawler; +https://github.com/rom1504/img2dataset; opt-out: abuse.notification.dcomp12b@gmail.com;"
54.166.204.138 - - [11/Sep/2026:09:48:25 -0400] "GET /2023/12/13/%E5%B9%B4%E5%A4%9Cs%E8%A2%AB%E6%B1%AA%E5%B0%8F%E8%8F%B2%E6%89%87%E8%80%B3%E5%85%89%EF%BC%9F%E5%B0%8Fs%E9%82%A3%E8%8B%B1%E4%BA%92%E5%97%86%EF%BC%9F%E7%8E%8B%E6%80%9D%E8%81%B0%E9%9A%94%E7%A9%BA%E9%96%8B/1426312f9bb942be587604.png HTTP/1.1" 404 11311 "-" "ImageBot/1.0 (compatible; research crawler; +https://github.com/rom1504/img2dataset; opt-out: abuse.notification.dcomp12b@gmail.com;"
52.23.26.158 - - [11/Sep/2026:09:48:26 -0400] "GET /2023/12/02/%E4%BF%9D%E6%BD%94%E9%98%BF%E5%A7%A8%E7%82%BA2%E6%AD%B2%E5%A5%B3%E7%AB%A5%E6%93%8B%E7%8B%97%E7%8D%B2%E7%B6%B2%E5%8F%8B%E9%BB%9E%E8%B4%8A%EF%BC%8C%E7%89%A9%E6%A5%AD%E5%9B%9E%E6%87%89%EF%BC%9A%E9%A0%90/c3e1fcc1cd5e4c22994113c559b7f302.jpg HTTP/1.1" 404 11311 "-" "ImageBot/1.0 (compatible; research crawler; +https://github.com/rom1504/img2dataset; opt-out: abuse.notification.dcomp12b@gmail.com;"
50.19.85.253 - - [11/Sep/2026:09:48:30 -0400] "GET /2024/03/19/%E5%91%A8%E9%81%AD%E7%9A%84%E7%8B%80%E6%B3%81%E9%80%99%E4%B9%88%E5%A5%BD-%E6%88%91%E8%A6%81%E5%9B%9E%E9%84%89%E6%9D%91-%E6%A7%90%E6%A8%B9%E7%81%A3%E5%92%8C%E7%BE%8E%E5%B1%8B%E5%A0%B4-%E9%9B%99/005809ctztlzbllbuebqjb.png HTTP/1.1" 404 11311 "-" "ImageBot/1.0 (compatible; research crawler; +https://github.com/rom1504/img2dataset; opt-out: abuse.notification.dcomp12b@gmail.com;"
54.166.204.138 - - [11/Sep/2026:09:48:31 -0400] "GET /%E7%B8%BD%E6%8A%95%E8%B3%871%E5%84%84%E5%85%83%EF%BC%81osder%E5%A5%A7%E6%96%AF%E5%BE%B7%E9%9B%B6%E4%BB%B6%E5%95%86%E5%85%A8%E7%9C%81%E9%A6%96%E5%80%8B%E9%96%8B%E6%BA%90%E9%B4%BB%E8%92%99%E9%81%A9/20260322/282836.jpg HTTP/1.1" 404 11311 "-" "ImageBot/1.0 (compatible; research crawler; +https://github.com/rom1504/img2dataset; opt-out: abuse.notification.dcomp12b@gmail.com;"
40.77.167.9 - - [11/Sep/2026:09:48:31 -0400] "GET /%E9%A6%AC%E4%BE%86%E8%A5%BF%E4%BA%9E%E5%90%89%E6%89%93%E5%B7%9E%E4%BB%A3%E8%A1%A8%E5%9C%98%E8%88%87%E5%87%BA%E6%B5%B7%E5%9F%BA%E5%9C%B0%E4%BA%A4%E9%80%9A%E9%81%8B%E5%8B%95%E5%9C%A8%E6%9F%A5%E5%8C%85/ HTTP/2" 200 16556 "-" "Mozilla/5.0 AppleWebKit/537.36 (KHTML, like Gecko; compatible; bingbot/2.0; +http://www.bing.com/bingbot.htm) Chrome/116.0.1938.76 Safari/537.36"
3.234.103.5 - - [11/Sep/2026:09:48:33 -0400] "GET /%E7%81%AB%E8%BB%8A%E5%9D%90%E9%81%8E%E7%AB%99jiuyi%E4%BF%B1%E6%84%8F%E7%A9%BA%E9%96%93%E8%A8%AD%E8%A8%88%E4%BA%86%E5%8F%AF%E4%BB%A5%E5%85%8D%E8%B2%BB%E5%9D%90%E6%AD%B8%E5%8E%BB%EF%BC%81%E6%90%AD/20260430/571039.png HTTP/1.1" 404 11311 "-" "ImageBot/1.0 (compatible; research crawler; +https://github.com/rom1504/img2dataset; opt-out: abuse.notification.dcomp12b@gmail.com;"
50.19.85.253 - - [11/Sep/2026:09:48:34 -0400] "GET /%E7%B5%84%E7%B9%94%E5%A4%96%E9%83%A8%E5%93%A1%E5%B7%A5%E5%88%B7%E5%A5%BD%E8%A9%95%EF%BC%8C%E5%BC%B5%E5%B0%8F%E6%B3%89%E5%9C%A8%E9%81%8E%E9%8C%AF%E7%9A%84%E9%80%94%E5%BE%91%E4%B8%8A%E4%B8%8D%E9%A1%98/104421o63nnnxxyyo6xi6e.jpg HTTP/1.1" 404 11311 "-" "ImageBot/1.0 (compatible; research crawler; +https://github.com/rom1504/img2dataset; opt-out: abuse.notification.dcomp12b@gmail.com;"
176.224.203.219 - - [11/Sep/2026:09:48:34 -0400] "POST /xmlrpc.php HTTP/1.1" 403 1242 "-" "Jetpack by WordPress.com"
52.23.26.158 - - [11/Sep/2026:09:48:36 -0400] "GET /%E6%87%89%E7%94%A8%E6%8F%92%E7%B7%9A%E6%9D%BF%E5%8D%83%E8%90%AC%E5%88%A5%E6%8D%86%E8%B5%B7%E4%BE%86%EF%BC%81%E4%BB%A5%E7%82%BA%E6%98%AF%E6%94%B6%E7%B4%8Dosder%E5%A5%A7%E6%96%AF%E5%BE%B7%E6%B1%BD/20260318/259703.png HTTP/1.1" 404 11311 "-" "ImageBot/1.0 (compatible; research crawler; +https://github.com/rom1504/img2dataset; opt-out: abuse.notification.dcomp12b@gmail.com;"
54.166.204.138 - - [11/Sep/2026:09:48:37 -0400] "GET /%E8%B3%AD%E7%8E%8B%E5%A5%B3%E5%85%92%E4%BD%95%E8%B6%85jiuyi%E4%BF%B1%E6%84%8F%E7%BF%BB%E4%BF%AE%E8%A8%AD%E8%A8%88%E6%AC%A3%E7%A8%B1%E6%B8%85%E8%8F%AF%E7%95%A2%E6%A5%AD%E5%90%8E/20260429/568275.jpg HTTP/1.1" 404 11311 "-" "ImageBot/1.0 (compatible; research crawler; +https://github.com/rom1504/img2dataset; opt-out: abuse.notification.dcomp12b@gmail.com;"
52.23.26.158 - - [11/Sep/2026:09:48:38 -0400] "GET /upload/resources/image/2023/12/23/1680674_4096x10000.jpeg HTTP/1.1" 404 11305 "-" "ImageBot/1.0 (compatible; research crawler; +https://github.com/rom1504/img2dataset; opt-out: abuse.notification.dcomp12b@gmail.com;"
43.161.217.205 - - [11/Sep/2026:09:48:39 -0400] "GET /?p=7063 HTTP/1.1" 301 0 "-" "Mozilla/5.0 (iPhone; CPU iPhone OS 13_2_3 like Mac OS X) AppleWebKit/605.1.15 (KHTML, like Gecko) Version/13.0.3 Mobile/15E148 Safari/604.1"
50.19.85.253 - - [11/Sep/2026:09:48:40 -0400] "GET /2024/03/16/%E4%B8%80%E4%BD%8D%E5%9D%90%E6%9D%9F%E5%8F%B0%E4%B8%AD%E6%88%BF%E7%94%A2%E7%B8%9B%E7%89%8C%E8%B2%A8%E8%BB%8A%E6%96%B0%E5%A8%98%E7%9A%84%E5%AF%86%E6%84%8F%E5%9B%9E%E7%9C%B8%EF%BC%88%E6%95%A3%E6%96%87/104222py3tvymvh33o583n.jpg HTTP/1.1" 404 11311 "-" "ImageBot/1.0 (compatible; research crawler; +https://github.com/rom1504/img2dataset; opt-out: abuse.notification.dcomp12b@gmail.com;"
54.166.204.138 - - [11/Sep/2026:09:48:40 -0400] "GET /2023/11/29/%E5%A4%AE%E8%A6%96%E5%8C%85%E9%A4%8A%E5%83%B9%E6%A0%BC%E6%9B%9D%E5%85%89%EF%BC%8C%E5%A5%A7%E7%A7%98%E9%A3%9B%E7%BF%94%E5%99%A8%E6%8C%91%E9%87%8130%E9%A6%AC%E8%B5%AB%EF%BC%8C%E8%B6%85%E9%AB%98%E9%80%9F/ec7ad35cec304d29af64c51d8d5776d6.png HTTP/1.1" 404 11311 "-" "ImageBot/1.0 (compatible; research crawler; +https://github.com/rom1504/img2dataset; opt-out: abuse.notification.dcomp12b@gmail.com;"
50.19.85.253 - - [11/Sep/2026:09:48:41 -0400] "GET /2024/03/25/%E4%BA%86%E8%A7%A3%E4%B8%80%E4%B8%8B%E7%8B%80%E6%B3%81%E6%AF%94%E6%AF%94%E5%8F%B0%E4%B8%AD-%E6%88%BF%E7%94%A2%E7%BE%8E%E5%9C%8B%E6%B3%8A%E8%BB%8A%E8%B2%BB/161233yp73sbb2dp83yy32.jpg HTTP/1.1" 404 11311 "-" "ImageBot/1.0 (compatible; research crawler; +https://github.com/rom1504/img2dataset; opt-out: abuse.notification.dcomp12b@gmail.com;"
50.19.85.253 - - [11/Sep/2026:09:48:42 -0400] "GET /%E8%A8%98%E8%80%85vlog%EF%BD%9C%E4%B8%80%E6%97%A5%E7%B0%AA%E8%8A%B1%E9%83%8Enpc%E8%A6%AA%E8%BA%AB%E7%B6%93%E6%AD%B7%EF%BC%8C%E8%A7%A3%E9%8E%96%E6%B5%AA%E6%BC%AB%E8%B6%8Aosder/20260422/510936.jpg HTTP/1.1" 404 11311 "-" "ImageBot/1.0 (compatible; research crawler; +https://github.com/rom1504/img2dataset; opt-out: abuse.notification.dcomp12b@gmail.com;"
176.224.203.219 - - [11/Sep/2026:09:48:44 -0400] "POST /xmlrpc.php HTTP/1.1" 403 1242 "-" "Jetpack by WordPress.com"
43.161.217.205 - - [11/Sep/2026:09:48:44 -0400] "GET /%e5%8b%95%e7%95%ab%e7%9f%ad%e6%96%b0%e7%ab%b9%e6%a3%ae%e5%92%8c%e8%a8%ba%e6%89%80%e9%8c%84%e5%83%8f%e6%88%90%e4%ba%ba%e5%8c%96%e4%bd%8e%e4%bf%97%e5%8c%96%e4%bd%95%e8%a7%a3-19/ HTTP/1.1" 200 30642 "https://big-wife.com.tw/?p=7063" "Mozilla/5.0 (iPhone; CPU iPhone OS 13_2_3 like Mac OS X) AppleWebKit/605.1.15 (KHTML, like Gecko) Version/13.0.3 Mobile/15E148 Safari/604.1"
50.19.85.253 - - [11/Sep/2026:09:48:45 -0400] "GET /2024/03/14/%E6%B9%98%E6%B0%B4%E6%94%BE%E6%AD%8C%EF%BC%8C%E7%99%BE%E6%AD%B2%E5%8F%88%E6%96%B0%E7%A8%8B/185326qfm6vbzjxaujmut4.jpg HTTP/1.1" 404 11311 "-" "ImageBot/1.0 (compatible; research crawler; +https://github.com/rom1504/img2dataset; opt-out: abuse.notification.dcomp12b@gmail.com;"
3.234.103.5 - - [11/Sep/2026:09:48:48 -0400] "GET /2024/03/10/%E6%BC%AB%E6%AD%A5%E8%B5%B0%E5%88%B0%E9%A6%AC%E6%AC%84%E5%8F%B0%E5%8C%97-%E7%A4%BE%E5%8D%80%E5%B1%B1/113014rlb5bqb68flzjjwb.jpg HTTP/1.1" 404 11311 "-" "ImageBot/1.0 (compatible; research crawler; +https://github.com/rom1504/img2dataset; opt-out: abuse.notification.dcomp12b@gmail.com;"
3.234.103.5 - - [11/Sep/2026:09:48:49 -0400] "GET /2023/12/03/%E7%8F%A0%E5%B3%B0%E9%9B%AA%E8%B1%B9%E7%B6%AD%E8%AD%B7%E3%80%81%E6%95%85%E5%AE%AE%E9%9B%B6%E6%94%BE%E6%A3%84%E3%80%81%E5%85%89%E4%BC%8F%E8%A7%92%E7%94%9C%E5%BF%83%E6%89%BE%E5%8C%85%E9%A4%8A/81670079670b42ab95748816a0df056a/images/9595598bb29a4c60a5b68c1ac39fb4ce.jpg HTTP/1.1" 404 11311 "-" "ImageBot/1.0 (compatible; research crawler; +https://github.com/rom1504/img2dataset; opt-out: abuse.notification.dcomp12b@gmail.com;"
114.119.141.24 - - [11/Sep/2026:09:48:53 -0400] "GET /%e5%ae%8c%e7%be%8e%e8%b7%af%e7%b6%b2%e6%a7%8b%e9%80%a0osder%e5%a5%a7%e6%96%af%e5%be%b7%e5%be%b7%e7%b3%bb%e8%bb%8a%e6%89%93%e9%80%a0%e9%80%9a%e9%a0%86%e8%8d%8a%e9%96%80/ HTTP/1.1" 200 16682 "https://big-wife.com.tw/%e9%80%9f%e5%8e%bb%e7%a7%80%e5%82%b3%e9%86%ab%e9%99%a2%e5%8b%9e%e6%aa%a2%e8%ae%80%e5%85%a8%e5%9c%8b/" "Mozilla/5.0 (Linux; Android 7.0;) AppleWebKit/537.36 (HTML, like Gecko) Mobile Safari/537.36 (compatible; PetalBot;+https://webmaster.petalsearch.com/site/petalbot)"
176.224.203.219 - - [11/Sep/2026:09:48:55 -0400] "POST /xmlrpc.php HTTP/1.1" 403 1242 "-" "Jetpack/13.0; WordPress/6.2; http://site63922210.com"
3.234.103.5 - - [11/Sep/2026:09:49:01 -0400] "GET /upload/resources/image/2026/02/13/2720160_4096x10000.png HTTP/1.1" 404 11311 "-" "ImageBot/1.0 (compatible; research crawler; +https://github.com/rom1504/img2dataset; opt-out: abuse.notification.dcomp12b@gmail.com;"
111.25.185.197 - - [11/Sep/2026:09:49:01 -0400] "GET /upload/resources/image/2024/01/24/1742853_4096x10000.jpeg HTTP/1.1" 404 11311 "https://big-wife.com.tw/" "Mozilla/5.0 (Windows NT 10.0; Win64; x64) AppleWebKit/537.36 (KHTML, like Gecko) Chrome/105.0.0.0 Safari/537.3"
54.166.204.138 - - [11/Sep/2026:09:49:03 -0400] "GET /%E5%BB%A3%E5%B7%9E%E4%B8%80%E5%B0%8F%E5%AD%B8%E7%94%9F%E9%99%B8%E7%BA%8C%E6%8B%BE%E5%88%B023%E6%A2%9D%E9%81%BA%E6%8E%89%E7%B4%85%E9%A0%98%E5%B7%BE%EF%BC%8C%E5%B0%87%E5%85%B6%E6%B4%97%E5%87%88%E7%86%A8/20260120/16859.jpg HTTP/1.1" 404 11311 "-" "ImageBot/1.0 (compatible; research crawler; +https://github.com/rom1504/img2dataset; opt-out: abuse.notification.dcomp12b@gmail.com;"
129.211.168.62 - - [11/Sep/2026:09:49:05 -0400] "GET /upload/resources/image/2024/01/24/1742853_4096x10000.jpeg HTTP/1.1" 404 11311 "https://big-wife.com.tw/" "Mozilla/5.0 (Windows NT 10.0; Win64; x64) AppleWebKit/537.36 (KHTML, like Gecko) Chrome/105.0.0.0 Safari/537.3"
176.224.203.219 - - [11/Sep/2026:09:49:06 -0400] "POST /xmlrpc.php HTTP/1.1" 403 1242 "-" "Jetpack by WordPress.com"
117.182.54.248 - - [11/Sep/2026:09:49:07 -0400] "GET /upload/resources/image/2024/02/02/1762344_4096x10000.jpeg HTTP/1.1" 404 11311 "https://big-wife.com.tw/" "Mozilla/5.0 (Windows NT 10.0; Win64; x64) AppleWebKit/537.36 (KHTML, like Gecko) Chrome/109.0.0.0 Safari/537.36"
175.178.88.113 - - [11/Sep/2026:09:49:11 -0400] "GET /upload/resources/image/2024/02/02/1762344_4096x10000.jpeg HTTP/1.1" 404 11311 "https://big-wife.com.tw/" "Mozilla/5.0 (Windows NT 10.0; Win64; x64) AppleWebKit/537.36 (KHTML, like Gecko) Chrome/109.0.0.0 Safari/537.36"
52.23.26.158 - - [11/Sep/2026:09:49:12 -0400] "GET /upload/resources/image/2024/07/26/2027517_4096x10000.jpeg HTTP/1.1" 404 11311 "-" "ImageBot/1.0 (compatible; research crawler; +https://github.com/rom1504/img2dataset; opt-out: abuse.notification.dcomp12b@gmail.com;"
52.1.250.135 - - [11/Sep/2026:09:49:13 -0400] "GET /2024/03/31/%E7%9B%A1%E6%83%85%E6%88%BF%E7%94%A2%E8%B3%87%E8%A8%8A%E4%BA%94%E6%BA%AA%E8%B0%B7-%E6%B2%89%E9%86%89%E5%B1%B1%E5%B7%9D%E9%96%93/225806nnhs6sizx5bbxsns.png HTTP/1.1" 404 11311 "-" "ImageBot/1.0 (compatible; research crawler; +https://github.com/rom1504/img2dataset; opt-out: abuse.notification.dcomp12b@gmail.com;"
3.234.103.5 - - [11/Sep/2026:09:49:15 -0400] "GET /upload/resources/image/2025/09/11/2567723_4096x10000.jpeg HTTP/1.1" 404 11311 "-" "ImageBot/1.0 (compatible; research crawler; +https://github.com/rom1504/img2dataset; opt-out: abuse.notification.dcomp12b@gmail.com;"
54.166.204.138 - - [11/Sep/2026:09:49:15 -0400] "GET /upload/resources/image/2023/09/20/1526215_4096x10000.jpeg HTTP/1.1" 404 11311 "-" "ImageBot/1.0 (compatible; research crawler; +https://github.com/rom1504/img2dataset; opt-out: abuse.notification.dcomp12b@gmail.com;"
176.224.203.219 - - [11/Sep/2026:09:49:16 -0400] "POST /xmlrpc.php HTTP/1.1" 403 1242 "-" "Jetpack by WordPress.com"
3.234.103.5 - - [11/Sep/2026:09:49:16 -0400] "GET /upload/resources/image/2026/03/04/2735852_4096x10000.jpeg HTTP/1.1" 404 11311 "-" "ImageBot/1.0 (compatible; research crawler; +https://github.com/rom1504/img2dataset; opt-out: abuse.notification.dcomp12b@gmail.com;"
50.19.85.253 - - [11/Sep/2026:09:49:18 -0400] "GET /upload/resources/image/2026/01/23/2699655_4096x10000.jpeg HTTP/1.1" 404 11311 "-" "ImageBot/1.0 (compatible; research crawler; +https://github.com/rom1504/img2dataset; opt-out: abuse.notification.dcomp12b@gmail.com;"
3.234.103.5 - - [11/Sep/2026:09:49:19 -0400] "GET /%E8%A9%A9%E6%9C%83jiuyi%E4%BF%B1%E6%84%8F%E7%A9%BA%E9%96%93%E8%A8%AD%E8%A8%88%E9%82%84%E8%83%BD%E9%80%99%E4%B9%88%E7%8E%A9%EF%BC%9F2026%E5%BB%A3%E5%B7%9E%E6%96%B0%E5%B9%B4%E8%A9%A9%E6%9C%83/20260119/8946.jpg HTTP/1.1" 404 11311 "-" "ImageBot/1.0 (compatible; research crawler; +https://github.com/rom1504/img2dataset; opt-out: abuse.notification.dcomp12b@gmail.com;"
54.166.204.138 - - [11/Sep/2026:09:49:23 -0400] "GET /%E4%B8%80%E4%BD%8D%E5%9D%90%E6%9D%9F%E7%B8%9B%E7%89%8C%E8%B2%A8%E8%BB%8A%E6%96%B0%E5%A8%98%E7%9A%84%E5%AF%86%E6%84%8F%E5%9B%9E%E7%9C%B8%EF%BC%88%E6%95%A3%E6%96%87%EF%BC%89-2/100209s53nnkn1kndf5fzf.jpg HTTP/1.1" 404 11311 "-" "ImageBot/1.0 (compatible; research crawler; +https://github.com/rom1504/img2dataset; opt-out: abuse.notification.dcomp12b@gmail.com;"
54.166.204.138 - - [11/Sep/2026:09:49:28 -0400] "GET /%E4%B8%96%E7%95%8C%E8%AE%80%E6%9B%B8%E6%97%A5%EF%BD%9C%E6%B0%B4%E6%9B%B8%E6%B4%BB%E4%BA%86%EF%BC%9A%E5%8D%83%E5%B9%B4%E6%96%87%E5%AD%97%E9%87%8C%E8%BA%B2%E8%91%97%E6%80%8E%E6%A8%A3/20260424/526343.jpg HTTP/1.1" 404 11311 "-" "ImageBot/1.0 (compatible; research crawler; +https://github.com/rom1504/img2dataset; opt-out: abuse.notification.dcomp12b@gmail.com;"
176.224.203.219 - - [11/Sep/2026:09:49:28 -0400] "POST /xmlrpc.php HTTP/1.1" 403 1242 "-" "Jetpack/13.0; WordPress/6.3; http://site42848428.com"
54.166.204.138 - - [11/Sep/2026:09:49:29 -0400] "GET /%E9%99%8D%E8%84%82%E9%87%9D%E7%B4%8Djiuyi%E4%BF%B1%E6%84%8F%E8%A8%BA%E6%89%80%E8%A8%AD%E8%A8%88%E9%80%B2%E9%86%AB%E4%BF%9D%E5%90%8E%E9%99%8D%E8%87%B3300%E5%85%83-%E4%BD%86%E9%9D%9E/20260418/484268.jpg HTTP/1.1" 404 11311 "-" "ImageBot/1.0 (compatible; research crawler; +https://github.com/rom1504/img2dataset; opt-out: abuse.notification.dcomp12b@gmail.com;"
50.19.85.253 - - [11/Sep/2026:09:49:32 -0400] "GET /2024/03/07/%E6%84%9B%E6%BB%BF%E5%85%83%E5%AE%B5%EF%BC%81%E5%AE%89%E9%84%89%E8%AA%A0%E4%BF%A1%E5%95%86%E5%AE%B6%E7%82%BA%E7%AA%98%E5%A2%83%E5%85%92%E7%AB%A5%E9%80%81%E4%BE%86%E5%85%83%E5%AE%B5%E5%B9%B4/170321r7482z8m5mg2z6g7.jpg HTTP/1.1" 404 11311 "-" "ImageBot/1.0 (compatible; research crawler; +https://github.com/rom1504/img2dataset; opt-out: abuse.notification.dcomp12b@gmail.com;"
52.23.26.158 - - [11/Sep/2026:09:49:36 -0400] "GET /2024/03/26/%E6%B5%B8%E5%B3%AA-%E5%8F%B0%E5%8D%97-%E6%88%BF%E7%94%A2-%E6%A1%91%E6%A4%8D%E5%B9%B4%E5%A4%9C%E5%B1%B1%E4%B8%AD%E7%9A%84%E6%98%8E%E7%8F%A0/151553qnns0efafv4vahft.jpg HTTP/1.1" 404 11311 "-" "ImageBot/1.0 (compatible; research crawler; +https://github.com/rom1504/img2dataset; opt-out: abuse.notification.dcomp12b@gmail.com;"
54.166.204.138 - - [11/Sep/2026:09:49:36 -0400] "GET /%E5%BE%9E%E9%BB%A8%E7%9A%84%E4%BA%8C%E5%8D%81jiuyi%E4%BF%B1%E6%84%8F%E8%B1%AA%E5%AE%85%E8%A8%AD%E8%A8%88%E5%B1%86%E5%9B%9B%E4%B8%AD%E5%85%A8%E6%9C%83%E5%88%B02026%E5%B9%B4%E5%85%A8%E5%9C%8B%E5%85%A9/20260320/272161.jpg HTTP/1.1" 404 11311 "-" "ImageBot/1.0 (compatible; research crawler; +https://github.com/rom1504/img2dataset; opt-out: abuse.notification.dcomp12b@gmail.com;"
176.224.203.219 - - [11/Sep/2026:09:49:39 -0400] "POST /xmlrpc.php HTTP/1.1" 403 1242 "-" "Jetpack by WordPress.com (Jetpack 12.1; WordPress 6.1)"
54.166.204.138 - - [11/Sep/2026:09:49:39 -0400] "GET /%E7%82%BA%E5%85%A9%E5%B2%B8%E8%AC%80%E6%88%B0%E7%88%AD%E3%80%81%E7%82%BA%E5%90%8C%E8%83%9E%E8%AC%80%E7%A6%8F%E7%A5%89%E3%80%81%E7%82%BA%E5%B9%B3%E6%98%93%E8%BF%91%E6%97%8F%E8%AC%80%E5%BE%A9%E8%88%88/20260412/435455.png HTTP/1.1" 404 11311 "-" "ImageBot/1.0 (compatible; research crawler; +https://github.com/rom1504/img2dataset; opt-out: abuse.notification.dcomp12b@gmail.com;"
52.23.26.158 - - [11/Sep/2026:09:49:39 -0400] "GET /upload/resources/image/2026/02/05/2711107.jpeg?r=1770254426130 HTTP/1.1" 404 11311 "-" "ImageBot/1.0 (compatible; research crawler; +https://github.com/rom1504/img2dataset; opt-out: abuse.notification.dcomp12b@gmail.com;"
185.191.171.11 - - [11/Sep/2026:09:49:42 -0400] "GET /84%E6%B6%88%E6%AF%92%E6%B6%B2%E7%AB%9F%E8%87%B4%E7%BD%95%E8%A6%8B%E8%82%BA%E7%82%8E%EF%BC%8C%E4%BD%A0%E9%82%84%E9%80%99%E6%A8%A3%E7%94%A8%E5%97%8E%EF%BC%9F%E9%80%99%E4%BA%9B%E6%B6%88%E6%AF%92%E8%AA%A4/ HTTP/1.1" 403 1242 "-" "Mozilla/5.0 (compatible; SemrushBot/7~bl; +http://www.semrush.com/bot.html)"
52.23.26.158 - - [11/Sep/2026:09:49:45 -0400] "GET /2024/07/25/%E5%B1%95%E7%A4%BA%E6%96%B0%E6%99%AF%E8%B1%A1-%E9%A6%96%E5%89%B5%E6%96%B0%E5%B1%80%E5%8B%A2-%E5%AF%AB%E5%9C%A8%E6%96%87%E6%98%8E%E5%82%B3%E6%89%BF%E6%88%90%E9%95%B7%E5%BA%A7%E8%AB%87/20240725/16313156_b82766775d1c78739080c19936162a91.jpg HTTP/1.1" 404 11311 "-" "ImageBot/1.0 (compatible; research crawler; +https://github.com/rom1504/img2dataset; opt-out: abuse.notification.dcomp12b@gmail.com;"
52.1.250.135 - - [11/Sep/2026:09:49:45 -0400] "GET /upload/resources/image/2025/11/30/2648675_4096x10000.jpeg HTTP/1.1" 404 11311 "-" "ImageBot/1.0 (compatible; research crawler; +https://github.com/rom1504/img2dataset; opt-out: abuse.notification.dcomp12b@gmail.com;"
176.224.203.219 - - [11/Sep/2026:09:49:50 -0400] "POST /xmlrpc.php HTTP/1.1" 403 1242 "-" "Jetpack/12.5; WordPress/6.2; http://site34880658.com"
3.234.103.5 - - [11/Sep/2026:09:49:53 -0400] "GET /upload/resources/image/2024/01/28/1749685_4096x10000.jpeg HTTP/1.1" 404 11311 "-" "ImageBot/1.0 (compatible; research crawler; +https://github.com/rom1504/img2dataset; opt-out: abuse.notification.dcomp12b@gmail.com;"
50.19.85.253 - - [11/Sep/2026:09:49:53 -0400] "GET /%E4%B8%80%E5%B9%B3%E6%98%93%E8%BF%91%E5%AE%BF%E8%A2%AB%E6%9B%9D%EF%BC%81%E5%A4%9A%E5%80%8B%E6%94%9D%E5%83%8F%E9%A0%AD%E7%9B%B4%E6%92%AD%E5%B9%B4%E5%A4%9C%E5%AD%B8%E7%94%9Fosder%E5%A5%A7%E6%96%AF/20260421/504203.jpg HTTP/1.1" 404 11311 "-" "ImageBot/1.0 (compatible; research crawler; +https://github.com/rom1504/img2dataset; opt-out: abuse.notification.dcomp12b@gmail.com;"
50.19.85.253 - - [11/Sep/2026:09:49:57 -0400] "GET /2023/09/28/%E6%95%98%E5%88%A9%E4%BA%9E%E7%AC%AC%E4%B8%80%E5%A4%AB%E4%BA%BA%EF%BC%9A48%E6%AD%B2%E5%84%AA%E9%9B%85%E8%AA%98%E4%BA%BA%EF%BC%8C%E8%BA%AB%E6%82%A3%E9%87%8D%E7%96%BE%E7%94%9C%E5%BF%83%E5%AF%B6%E8%B2%9D/3d20a2ebfdea4d51a17f1c42743b68bf.jpeg HTTP/1.1" 404 11311 "-" "ImageBot/1.0 (compatible; research crawler; +https://github.com/rom1504/img2dataset; opt-out: abuse.notification.dcomp12b@gmail.com;"
52.23.26.158 - - [11/Sep/2026:09:49:58 -0400] "GET /2023/08/02/%E6%B9%98%E8%A1%8C%E6%95%A3%E8%A8%98%E9%80%99%E7%AF%87%E5%BE%88%E9%95%B7%E6%B2%99%E7%9A%84%E7%94%9C%E5%BF%83%E5%AF%B6%E8%B2%9D%E5%8C%85%E9%A4%8A%E7%B6%B2%E9%AB%98%E8%80%83%E4%BD%9C%E6%96%87/172120vqffcjvjvqkdvdvc.jpg HTTP/1.1" 404 11311 "-" "ImageBot/1.0 (compatible; research crawler; +https://github.com/rom1504/img2dataset; opt-out: abuse.notification.dcomp12b@gmail.com;"
52.23.26.158 - - [11/Sep/2026:09:49:58 -0400] "GET /2024/03/05/%E8%BE%9B%E4%B8%91%E5%8F%B0%E4%B8%AD-%E7%A4%BE%E5%8D%80%E6%98%A5%E9%9F%BB/142800cqp1r887yf88qe8f.jpg HTTP/1.1" 404 11311 "-" "ImageBot/1.0 (compatible; research crawler; +https://github.com/rom1504/img2dataset; opt-out: abuse.notification.dcomp12b@gmail.com;"
50.19.85.253 - - [11/Sep/2026:09:49:58 -0400] "GET /2024/03/06/%E5%92%8C%E6%B3%B0%E5%92%8C%E5%BA%9C%E6%88%BF%E5%9C%B0%E7%94%A2-%E9%87%8D%E6%85%B6%E9%87%8D%E9%99%BD/093953hfycp4jfyyp838zc.jpg HTTP/1.1" 404 11311 "-" "ImageBot/1.0 (compatible; research crawler; +https://github.com/rom1504/img2dataset; opt-out: abuse.notification.dcomp12b@gmail.com;"
176.224.203.219 - - [11/Sep/2026:09:50:00 -0400] "POST /xmlrpc.php HTTP/1.1" 403 1242 "-" "Jetpack by WordPress.com"
