50.19.85.253 - - [11/Sep/2026:11:45:47 -0400] "GET /%E7%99%BD%E7%99%BE%E4%BD%95%E5%8F%88%E9%9B%A2%E5%A9%9A%E7%9E%AD%EF%BC%9F%E5%B8%B6%E4%BA%8C%E5%8C%85%E9%A4%8A%E8%83%8E%E5%85%92%E5%AD%90%E9%81%8A%E7%8E%A9%EF%BC%8C%E5%9B%A0%E4%B8%80%E6%8C%87/f89e91f1f95144c6b353be4783e850d9.png HTTP/1.1" 404 11319 "-" "ImageBot/1.0 (compatible; research crawler; +https://github.com/rom1504/img2dataset; opt-out: abuse.notification.dcomp12b@gmail.com;"
50.19.85.253 - - [11/Sep/2026:11:46:06 -0400] "GET /%E6%BC%AB%E6%AD%A5%E8%B5%B0%E5%88%B0%E9%A6%AC%E6%AC%84%E5%8F%B0%E5%8C%97-%E7%A4%BE%E5%8D%80%E5%B1%B1/113010bzwducaffxhddxyo.jpg HTTP/1.1" 404 11319 "-" "ImageBot/1.0 (compatible; research crawler; +https://github.com/rom1504/img2dataset; opt-out: abuse.notification.dcomp12b@gmail.com;"
223.97.159.200 - - [11/Sep/2026:11:47:28 -0400] "GET http://big-wife.com.tw/%E8%B4%88%E5%8C%85%E9%A4%8A%E5%BF%83%E5%BE%97%E6%9B%B8%E8%BB%BC%E4%BA%8B/170546peoq2r7545f9wjcw.jpg HTTP/1.1" 404 11319 "http://big-wife.com.tw/" "Mozilla/5.0 (Windows NT 10.0; Win64; x64) AppleWebKit/537.36 (KHTML, like Gecko) Chrome/111.0.0.0 Safari/537.36"
139.155.21.109 - - [11/Sep/2026:11:47:29 -0400] "GET /%E8%B4%88%E5%8C%85%E9%A4%8A%E5%BF%83%E5%BE%97%E6%9B%B8%E8%BB%BC%E4%BA%8B/170546peoq2r7545f9wjcw.jpg HTTP/1.1" 404 11319 "http://big-wife.com.tw/" "Mozilla/5.0 (Windows NT 10.0; Win64; x64) AppleWebKit/537.36 (KHTML, like Gecko) Chrome/111.0.0.0 Safari/537.36"
3.234.103.5 - - [11/Sep/2026:11:47:49 -0400] "GET /%E8%90%AC%E5%85%AC%E9%87%8C%E8%B7%91%E8%80%85%E9%84%A7%E8%89%AF%E8%8F%AF%E8%B7%91%E5%87%BA%E5%9C%8B%E9%96%80%E5%8D%81%E5%A4%A9%E8%A8%98-4/212052oexzq5he66o7o6qx.jpg HTTP/1.1" 404 11319 "-" "ImageBot/1.0 (compatible; research crawler; +https://github.com/rom1504/img2dataset; opt-out: abuse.notification.dcomp12b@gmail.com;"
3.234.103.5 - - [11/Sep/2026:11:47:52 -0400] "GET /%E5%90%88%E9%81%A9%E6%83%85%E4%BE%B6%E7%B4%84%E6%9C%83%E5%8C%85%E9%A4%8A%E7%9A%84%E9%AB%98%E7%B4%9A%E9%A4%90%E5%BB%B3/142428l6ezpze2nttyoee6.jpg HTTP/1.1" 404 11319 "-" "ImageBot/1.0 (compatible; research crawler; +https://github.com/rom1504/img2dataset; opt-out: abuse.notification.dcomp12b@gmail.com;"
3.234.103.5 - - [11/Sep/2026:11:47:54 -0400] "GET /%E6%95%B8%E6%89%BE%E5%8C%85%E9%A4%8A%E5%BF%83%E5%BE%97%E8%AE%80%E4%B8%AD%E5%9C%8B%E9%80%99%E5%8D%81%E5%B9%B4%EF%BD%9C%E5%8D%81%E7%B5%84%E6%95%B8%E6%93%9A%E8%A6%8B%E8%AD%89%E6%96%B0%E6%99%82%E6%9C%9F/b74a237015bd4415987dc762335a5d3b/images/17e3dacfde7c4de480d6bfc5868a0c1d.jpg HTTP/1.1" 404 11319 "-" "ImageBot/1.0 (compatible; research crawler; +https://github.com/rom1504/img2dataset; opt-out: abuse.notification.dcomp12b@gmail.com;"
39.172.184.103 - - [11/Sep/2026:11:47:59 -0400] "GET http://big-wife.com.tw/%E3%80%90%E5%8E%9F%E5%89%B5%E5%9C%96%E7%A7%80%E3%80%91%E9%87%91%E9%9B%9E%E5%B1%B1%E5%AF%A6%E5%8F%B0%E4%B8%AD-%E6%88%BF%E5%9C%B0%E7%94%A2%E6%8B%8D%E7%A6%8F%E5%B7%9E%E5%B8%82%E7%B4%9A%E6%96%87%E7%89%A9/101500hkkna36unvvzaa66.jpg HTTP/1.1" 404 11319 "http://big-wife.com.tw/" "Mozilla/5.0 (Windows NT 10.0; Win64; x64) AppleWebKit/537.36 (KHTML, like Gecko) Chrome/116.0.0.0 Safari/537.36"
49.234.60.150 - - [11/Sep/2026:11:48:01 -0400] "GET /%E3%80%90%E5%8E%9F%E5%89%B5%E5%9C%96%E7%A7%80%E3%80%91%E9%87%91%E9%9B%9E%E5%B1%B1%E5%AF%A6%E5%8F%B0%E4%B8%AD-%E6%88%BF%E5%9C%B0%E7%94%A2%E6%8B%8D%E7%A6%8F%E5%B7%9E%E5%B8%82%E7%B4%9A%E6%96%87%E7%89%A9/101500hkkna36unvvzaa66.jpg HTTP/1.1" 404 11319 "http://big-wife.com.tw/" "Mozilla/5.0 (Windows NT 10.0; Win64; x64) AppleWebKit/537.36 (KHTML, like Gecko) Chrome/116.0.0.0 Safari/537.36"
50.19.85.253 - - [11/Sep/2026:11:48:05 -0400] "GET /%E8%90%AC%E5%85%AC%E9%87%8C%E8%B7%91%E8%80%85%E9%84%A7%E8%89%AF%E8%8F%AF%E6%88%BF%E5%9C%B0%E7%94%A2%E8%B7%91%E5%87%BA%E5%9C%8B%E9%96%80%E5%8D%81%E5%A4%A9%E8%A8%98/212607rdszwyr9o8zd0cnw.jpg HTTP/1.1" 404 11319 "-" "ImageBot/1.0 (compatible; research crawler; +https://github.com/rom1504/img2dataset; opt-out: abuse.notification.dcomp12b@gmail.com;"
50.19.85.253 - - [11/Sep/2026:11:48:10 -0400] "GET /%E3%80%90%E5%9B%9E%E7%9C%B820%E6%89%BE%E6%88%BF%E5%B1%8B23%E3%80%91%E6%B9%98%E6%B0%B4%E6%94%BE%E6%AD%8C%EF%BC%8C%E7%99%BE%E6%AD%B2%E5%8F%88%E6%96%B0%E7%A8%8B/184146ein4ql9d4jono9ni.jpg HTTP/1.1" 404 11319 "-" "ImageBot/1.0 (compatible; research crawler; +https://github.com/rom1504/img2dataset; opt-out: abuse.notification.dcomp12b@gmail.com;"
3.234.103.5 - - [11/Sep/2026:11:48:18 -0400] "GET /upload/resources/image/2024/09/07/2084984_4096x10000.jpeg HTTP/1.1" 404 11319 "-" "ImageBot/1.0 (compatible; research crawler; +https://github.com/rom1504/img2dataset; opt-out: abuse.notification.dcomp12b@gmail.com;"
54.166.204.138 - - [11/Sep/2026:11:48:43 -0400] "GET /%E8%90%AC%E5%85%AC%E9%87%8C%E8%B7%91%E8%80%85%E9%84%A7%E8%89%AF%E8%8F%AF%E6%88%BF%E5%9C%B0%E7%94%A2%E8%B7%91%E5%87%BA%E5%9C%8B%E9%96%80%E5%8D%81%E5%A4%A9%E8%A8%98/212553qjvsbzpuojk3yuac.jpg HTTP/1.1" 404 11319 "-" "ImageBot/1.0 (compatible; research crawler; +https://github.com/rom1504/img2dataset; opt-out: abuse.notification.dcomp12b@gmail.com;"
3.234.103.5 - - [11/Sep/2026:11:48:58 -0400] "GET /%E7%B4%85%E7%B6%B2%E6%84%9B%E5%BF%83%E5%AE%B6%E5%9C%92%E7%9B%8A%E9%99%BD%E7%AB%99-%E5%8D%81%E5%B9%B4%E6%88%BF-%E7%94%A2%E9%87%8C%E7%9A%84%E7%89%B9%E5%88%A5%E5%B9%AB%E6%89%B6%E6%83%85%E7%B7%A3/111442di7j65n7z5ypyb7n.jpg HTTP/1.1" 404 11319 "-" "ImageBot/1.0 (compatible; research crawler; +https://github.com/rom1504/img2dataset; opt-out: abuse.notification.dcomp12b@gmail.com;"
52.1.250.135 - - [11/Sep/2026:11:49:29 -0400] "GET /wp-content/themes/twentytwentyfour/assets/images/windows.webp HTTP/1.1" 200 126244 "-" "ImageBot/1.0 (compatible; research crawler; +https://github.com/rom1504/img2dataset; opt-out: abuse.notification.dcomp12b@gmail.com;"
3.234.103.5 - - [11/Sep/2026:11:49:29 -0400] "GET /%E8%90%AC%E5%85%AC%E9%87%8C%E8%B7%91%E8%80%85%E9%84%A7%E8%89%AF%E8%8F%AF%E6%88%BF%E5%9C%B0%E7%94%A2%E8%B7%91%E5%87%BA%E5%9C%8B%E9%96%80%E5%8D%81%E5%A4%A9%E8%A8%98/212556orgag7zm5x5xgx0u.jpg HTTP/1.1" 404 11319 "-" "ImageBot/1.0 (compatible; research crawler; +https://github.com/rom1504/img2dataset; opt-out: abuse.notification.dcomp12b@gmail.com;"
50.19.85.253 - - [11/Sep/2026:11:49:34 -0400] "GET /%E9%98%BF%E6%A3%AE%E5%8C%85%E9%A4%8A%E7%B6%B2%E7%B4%8D%E6%8A%8A%E5%BC%B7%E5%BC%B7%E5%B0%8D%E8%A9%B1%E8%B8%A2%E6%B8%85%E6%A5%9A%E7%9E%AD%EF%BC%81%E5%85%88%E6%89%8B%E6%90%8D%E5%A3%9E%E6%9B%BC%E5%9F%8E/ac0939829d14458b8b83c6061e621726.jpg HTTP/1.1" 404 11319 "-" "ImageBot/1.0 (compatible; research crawler; +https://github.com/rom1504/img2dataset; opt-out: abuse.notification.dcomp12b@gmail.com;"
50.19.85.253 - - [11/Sep/2026:11:49:34 -0400] "GET /%E2%96%BD-%E9%99%8E%E8%B2%8A%E8%AC%90%EF%9E%96%E8%A6%9C-%EF%B9%9E-%E8%8F%B450%EF%9B%AA-%E2%96%BC-%E7%BF%91-%EF%B9%9E-%E8%BC%89%E9%9B%85%E4%B9%9D%E5%AE%AE%E6%A0%BC%E6%9C%83%E8%AD%B0%E5%AE%A4-%EF%B9%9E/105958812db084d1dfd7fe.gif HTTP/1.1" 404 11319 "-" "ImageBot/1.0 (compatible; research crawler; +https://github.com/rom1504/img2dataset; opt-out: abuse.notification.dcomp12b@gmail.com;"
52.23.26.158 - - [11/Sep/2026:11:49:37 -0400] "GET /upload/resources/image/2024/02/12/1779765_4096x10000.jpeg HTTP/1.1" 404 11319 "-" "ImageBot/1.0 (compatible; research crawler; +https://github.com/rom1504/img2dataset; opt-out: abuse.notification.dcomp12b@gmail.com;"
40.77.167.136 - - [11/Sep/2026:11:49:39 -0400] "GET /%E5%85%A8%E5%9C%8B%E8%88%AA%E7%A9%BA%E6%A8%A1%E5%AD%90%E7%B4%84%E8%AB%8B%E8%B3%BD%E5%9C%A8%E5%90%89%E6%9F%A5%E5%8C%85%E9%A4%8A%E8%A1%8C%E6%83%85%E6%9E%97%E8%88%89%E8%BE%A6_%E4%B8%AD%E5%9C%8B%E7%B6%B2/ HTTP/1.1" 404 10083 "-" "Mozilla/5.0 AppleWebKit/537.36 (KHTML, like Gecko; compatible; bingbot/2.0; +http://www.bing.com/bingbot.htm) Chrome/116.0.1938.76 Safari/537.36"
52.1.250.135 - - [11/Sep/2026:11:49:43 -0400] "GET /%E8%90%AC%E5%85%AC%E9%87%8C%E8%B7%91%E8%80%85%E9%84%A7%E8%89%AF%E8%8F%AF%E6%88%BF%E5%9C%B0%E7%94%A2%E8%B7%91%E5%87%BA%E5%9C%8B%E9%96%80%E5%8D%81%E5%A4%A9%E8%A8%98/212543n0tbt0t9lhwwzad1.jpg HTTP/1.1" 404 11319 "-" "ImageBot/1.0 (compatible; research crawler; +https://github.com/rom1504/img2dataset; opt-out: abuse.notification.dcomp12b@gmail.com;"
52.23.26.158 - - [11/Sep/2026:11:49:47 -0400] "GET /%E3%80%90%E5%AF%B6%E4%B8%8D%E5%8B%95%E7%94%A2%E6%85%B6%E5%9C%B0%E5%90%8D29%E3%80%91%E5%AF%B6%E6%85%B6car-%E7%AB%99-%E7%BE%85%E5%A3%BD%E5%BA%AD/163004yzd4dx4ttdi77tib.jpg HTTP/1.1" 404 11319 "-" "ImageBot/1.0 (compatible; research crawler; +https://github.com/rom1504/img2dataset; opt-out: abuse.notification.dcomp12b@gmail.com;"
169.58.177.117 - - [11/Sep/2026:11:49:57 -0400] "GET /wp-admin/css/ HTTP/1.1" 200 3616 "-" "Mozilla/5.0 (Windows NT 10.0; Win64; x64) AppleWebKit/537.36 (KHTML, like Gecko) Chrome/120.0.0.0 Safari/537.36"
169.58.177.117 - - [11/Sep/2026:11:49:59 -0400] "GET /wp-admin/css/colors/ HTTP/1.1" 200 1354 "-" "Mozilla/5.0 (Windows NT 10.0; Win64; x64) AppleWebKit/537.36 (KHTML, like Gecko) Chrome/120.0.0.0 Safari/537.36"
50.19.85.253 - - [11/Sep/2026:11:50:01 -0400] "GET /upload/resources/image/2024/01/28/1749514_4096x10000.jpeg HTTP/1.1" 404 11319 "-" "ImageBot/1.0 (compatible; research crawler; +https://github.com/rom1504/img2dataset; opt-out: abuse.notification.dcomp12b@gmail.com;"
169.58.177.117 - - [11/Sep/2026:11:50:01 -0400] "GET /wp-admin/css/colors/blue/ HTTP/1.1" 200 883 "-" "Mozilla/5.0 (Windows NT 10.0; Win64; x64) AppleWebKit/537.36 (KHTML, like Gecko) Chrome/120.0.0.0 Safari/537.36"
169.58.177.117 - - [11/Sep/2026:11:50:04 -0400] "GET /wp-admin/includes/ HTTP/1.1" 200 4181 "-" "Mozilla/5.0 (Windows NT 10.0; Win64; x64) AppleWebKit/537.36 (KHTML, like Gecko) Chrome/120.0.0.0 Safari/537.36"
169.58.177.117 - - [11/Sep/2026:11:50:06 -0400] "GET /wp-admin/includes/admin-filters.php HTTP/1.1" 403 1242 "-" "Mozilla/5.0 (Windows NT 10.0; Win64; x64) AppleWebKit/537.36 (KHTML, like Gecko) Chrome/120.0.0.0 Safari/537.36"
169.58.177.117 - - [11/Sep/2026:11:50:08 -0400] "GET /wp-admin/includes/admin.php HTTP/1.1" 403 1242 "-" "Mozilla/5.0 (Windows NT 10.0; Win64; x64) AppleWebKit/537.36 (KHTML, like Gecko) Chrome/120.0.0.0 Safari/537.36"
169.58.177.117 - - [11/Sep/2026:11:50:12 -0400] "GET /wp-admin/includes/ajax-actions.php HTTP/1.1" 403 1242 "-" "Mozilla/5.0 (Windows NT 10.0; Win64; x64) AppleWebKit/537.36 (KHTML, like Gecko) Chrome/120.0.0.0 Safari/537.36"
3.234.103.5 - - [11/Sep/2026:11:50:15 -0400] "GET /1%E6%9C%886%E6%97%A5%E5%B0%8F%E5%86%B7%EF%BC%9A%E6%89%BE%E5%8C%85%E9%A4%8A%E7%B6%B2%E5%AF%82%E5%AF%82%E8%BC%95%E5%86%B7%E6%97%A9/c33f55cc33d74756addd50ec9d665a13/images/759cd8beab5e4a83818c4674513773b3.jpg HTTP/1.1" 404 11319 "-" "ImageBot/1.0 (compatible; research crawler; +https://github.com/rom1504/img2dataset; opt-out: abuse.notification.dcomp12b@gmail.com;"
169.58.177.117 - - [11/Sep/2026:11:50:16 -0400] "GET /wp-admin/includes/bookmark.php HTTP/1.1" 403 1242 "-" "Mozilla/5.0 (Windows NT 10.0; Win64; x64) AppleWebKit/537.36 (KHTML, like Gecko) Chrome/120.0.0.0 Safari/537.36"
169.58.177.117 - - [11/Sep/2026:11:50:17 -0400] "GET /wp-admin/includes/class-automatic-upgrader-skin.php HTTP/1.1" 403 1242 "-" "Mozilla/5.0 (Windows NT 10.0; Win64; x64) AppleWebKit/537.36 (KHTML, like Gecko) Chrome/120.0.0.0 Safari/537.36"
169.58.177.117 - - [11/Sep/2026:11:50:18 -0400] "GET /wp-admin/includes/class-bulk-plugin-upgrader-skin.php HTTP/1.1" 403 1242 "-" "Mozilla/5.0 (Windows NT 10.0; Win64; x64) AppleWebKit/537.36 (KHTML, like Gecko) Chrome/120.0.0.0 Safari/537.36"
169.58.177.117 - - [11/Sep/2026:11:50:22 -0400] "GET /wp-admin/includes/class-bulk-theme-upgrader-skin.php HTTP/1.1" 403 1242 "-" "Mozilla/5.0 (Windows NT 10.0; Win64; x64) AppleWebKit/537.36 (KHTML, like Gecko) Chrome/120.0.0.0 Safari/537.36"
169.58.177.117 - - [11/Sep/2026:11:50:24 -0400] "GET /wp-admin/includes/class-bulk-upgrader-skin.php HTTP/1.1" 403 1242 "-" "Mozilla/5.0 (Windows NT 10.0; Win64; x64) AppleWebKit/537.36 (KHTML, like Gecko) Chrome/120.0.0.0 Safari/537.36"
169.58.177.117 - - [11/Sep/2026:11:50:26 -0400] "GET /wp-admin/includes/class-core-upgrader.php HTTP/1.1" 403 1242 "-" "Mozilla/5.0 (Windows NT 10.0; Win64; x64) AppleWebKit/537.36 (KHTML, like Gecko) Chrome/120.0.0.0 Safari/537.36"
169.58.177.117 - - [11/Sep/2026:11:50:27 -0400] "GET /wp-admin/includes/class-custom-background.php HTTP/1.1" 403 1242 "-" "Mozilla/5.0 (Windows NT 10.0; Win64; x64) AppleWebKit/537.36 (KHTML, like Gecko) Chrome/120.0.0.0 Safari/537.36"
169.58.177.117 - - [11/Sep/2026:11:50:29 -0400] "GET /wp-admin/includes/class-custom-image-header.php HTTP/1.1" 403 1242 "-" "Mozilla/5.0 (Windows NT 10.0; Win64; x64) AppleWebKit/537.36 (KHTML, like Gecko) Chrome/120.0.0.0 Safari/537.36"
169.58.177.117 - - [11/Sep/2026:11:50:30 -0400] "GET /wp-admin/includes/class-file-upload-upgrader.php HTTP/1.1" 403 1242 "-" "Mozilla/5.0 (Windows NT 10.0; Win64; x64) AppleWebKit/537.36 (KHTML, like Gecko) Chrome/120.0.0.0 Safari/537.36"
169.58.177.117 - - [11/Sep/2026:11:50:32 -0400] "GET /wp-admin/includes/class-ftp-pure.php HTTP/1.1" 403 1242 "-" "Mozilla/5.0 (Windows NT 10.0; Win64; x64) AppleWebKit/537.36 (KHTML, like Gecko) Chrome/120.0.0.0 Safari/537.36"
169.58.177.117 - - [11/Sep/2026:11:50:33 -0400] "GET /wp-admin/includes/class-ftp-sockets.php HTTP/1.1" 403 1242 "-" "Mozilla/5.0 (Windows NT 10.0; Win64; x64) AppleWebKit/537.36 (KHTML, like Gecko) Chrome/120.0.0.0 Safari/537.36"
169.58.177.117 - - [11/Sep/2026:11:50:34 -0400] "GET /wp-admin/includes/class-ftp.php HTTP/1.1" 403 1242 "-" "Mozilla/5.0 (Windows NT 10.0; Win64; x64) AppleWebKit/537.36 (KHTML, like Gecko) Chrome/120.0.0.0 Safari/537.36"
207.46.13.127 - - [11/Sep/2026:11:50:35 -0400] "GET /%E6%AF%8D%E8%A6%AA%E5%9C%88%E8%A9%95%E6%B8%AC-%E5%A5%B3%E6%80%A7%E7%A4%BE%E5%8D%80%E5%A4%A7%E5%BB%88%E5%BF%85%E9%A0%88%E5%85%B7%E5%82%99%E7%9A%84%E6%8E%8C%E4%B8%8A%E7%94%9F%E6%B6%AF%E7%A4%BE%E5%8D%80/ HTTP/1.1" 404 10083 "-" "Mozilla/5.0 AppleWebKit/537.36 (KHTML, like Gecko; compatible; bingbot/2.0; +http://www.bing.com/bingbot.htm) Chrome/116.0.1938.76 Safari/537.36"
169.58.177.117 - - [11/Sep/2026:11:50:36 -0400] "GET /wp-admin/includes/class-language-pack-upgrader-skin.php HTTP/1.1" 403 1242 "-" "Mozilla/5.0 (Windows NT 10.0; Win64; x64) AppleWebKit/537.36 (KHTML, like Gecko) Chrome/120.0.0.0 Safari/537.36"
207.46.13.127 - - [11/Sep/2026:11:50:37 -0400] "GET /%E5%8C%AF%E9%A0%82%E6%B5%81%E5%BC%B7%E8%B2%B7%E8%B3%A3%E9%87%8D%E7%A7%91%E6%8A%80%E7%AC%AC%E4%BA%8C%E5%8D%81%E4%B8%80%E5%B1%86%E6%96%87/ HTTP/1.1" 404 10083 "-" "Mozilla/5.0 AppleWebKit/537.36 (KHTML, like Gecko; compatible; bingbot/2.0; +http://www.bing.com/bingbot.htm) Chrome/116.0.1938.76 Safari/537.36"
207.46.13.127 - - [11/Sep/2026:11:50:37 -0400] "GET /%E4%BA%A4%E8%AD%A6%E8%83%8C%E7%94%B7%E5%AD%90%E9%81%8E%E7%A9%8D%E6%97%B1%E8%B7%AF%E9%9D%A2%E8%A2%AB%E8%B4%8A-%E7%AC%91%E7%A8%B1%E5%9B%9E%E5%AE%B6%E8%B7%AA%E6%90%93%E8%A1%A3%E6%9D%BF/ HTTP/1.1" 404 10083 "-" "Mozilla/5.0 AppleWebKit/537.36 (KHTML, like Gecko; compatible; bingbot/2.0; +http://www.bing.com/bingbot.htm) Chrome/116.0.1938.76 Safari/537.36"
169.58.177.117 - - [11/Sep/2026:11:50:39 -0400] "GET /wp-admin/includes/class-language-pack-upgrader.php HTTP/1.1" 403 1242 "-" "Mozilla/5.0 (Windows NT 10.0; Win64; x64) AppleWebKit/537.36 (KHTML, like Gecko) Chrome/120.0.0.0 Safari/537.36"
52.1.250.135 - - [11/Sep/2026:11:50:39 -0400] "GET /%E9%80%99%E7%AF%87%E5%BE%88%E5%8F%B0%E5%8D%97-%E6%88%BF%E5%9C%B0%E7%94%A2%E9%95%B7%E6%B2%99%E7%9A%84%E9%AB%98%E8%80%83%E4%BD%9C%E6%96%87%E5%81%9A%E5%BE%97%E5%A5%BD%EF%BC%81/171343bxlrhpolpola3tzp.jpg HTTP/1.1" 404 11319 "-" "ImageBot/1.0 (compatible; research crawler; +https://github.com/rom1504/img2dataset; opt-out: abuse.notification.dcomp12b@gmail.com;"
169.58.177.117 - - [11/Sep/2026:11:50:41 -0400] "GET /wp-admin/includes/class-pclzip.php HTTP/1.1" 403 1242 "-" "Mozilla/5.0 (Windows NT 10.0; Win64; x64) AppleWebKit/537.36 (KHTML, like Gecko) Chrome/120.0.0.0 Safari/537.36"
3.234.103.5 - - [11/Sep/2026:11:50:41 -0400] "GET /%E9%87%87%E9%A2%A8%E5%BE%80%E5%93%AA%E9%87%8C%EF%BC%9F%E5%BE%80%E7%9B%8A%E9%99%BD%EF%BC%8C%E4%B8%80%E8%B7%AF%E5%BE%80%E5%87%9D%E8%81%BD%E6%84%9B%E5%B1%8B%E7%81%A3%E5%AD%B8%E9%9C%B8%E6%9D%91-2/134635pi05gbug84ubhtuq.jpg HTTP/1.1" 404 11319 "-" "ImageBot/1.0 (compatible; research crawler; +https://github.com/rom1504/img2dataset; opt-out: abuse.notification.dcomp12b@gmail.com;"
169.58.177.117 - - [11/Sep/2026:11:50:43 -0400] "GET /wp-admin/includes/class-plugin-installer-skin.php HTTP/1.1" 403 1242 "-" "Mozilla/5.0 (Windows NT 10.0; Win64; x64) AppleWebKit/537.36 (KHTML, like Gecko) Chrome/120.0.0.0 Safari/537.36"
169.58.177.117 - - [11/Sep/2026:11:50:44 -0400] "GET /wp-admin/includes/class-plugin-upgrader-skin.php HTTP/1.1" 403 1242 "-" "Mozilla/5.0 (Windows NT 10.0; Win64; x64) AppleWebKit/537.36 (KHTML, like Gecko) Chrome/120.0.0.0 Safari/537.36"
169.58.177.117 - - [11/Sep/2026:11:50:46 -0400] "GET /wp-admin/includes/class-plugin-upgrader.php HTTP/1.1" 403 1242 "-" "Mozilla/5.0 (Windows NT 10.0; Win64; x64) AppleWebKit/537.36 (KHTML, like Gecko) Chrome/120.0.0.0 Safari/537.36"
169.58.177.117 - - [11/Sep/2026:11:50:48 -0400] "GET /wp-admin/includes/class-theme-installer-skin.php HTTP/1.1" 403 1242 "-" "Mozilla/5.0 (Windows NT 10.0; Win64; x64) AppleWebKit/537.36 (KHTML, like Gecko) Chrome/120.0.0.0 Safari/537.36"
169.58.177.117 - - [11/Sep/2026:11:50:50 -0400] "GET /wp-admin/includes/class-theme-upgrader-skin.php HTTP/1.1" 403 1242 "-" "Mozilla/5.0 (Windows NT 10.0; Win64; x64) AppleWebKit/537.36 (KHTML, like Gecko) Chrome/120.0.0.0 Safari/537.36"
52.23.26.158 - - [11/Sep/2026:11:50:50 -0400] "GET /upload/resources/image/2024/03/14/1835772_4096x10000.jpeg HTTP/1.1" 404 11319 "-" "ImageBot/1.0 (compatible; research crawler; +https://github.com/rom1504/img2dataset; opt-out: abuse.notification.dcomp12b@gmail.com;"
169.58.177.117 - - [11/Sep/2026:11:50:52 -0400] "GET /wp-admin/includes/class-theme-upgrader.php HTTP/1.1" 403 1242 "-" "Mozilla/5.0 (Windows NT 10.0; Win64; x64) AppleWebKit/537.36 (KHTML, like Gecko) Chrome/120.0.0.0 Safari/537.36"
169.58.177.117 - - [11/Sep/2026:11:50:54 -0400] "GET /wp-admin/includes/class-walker-category-checklist.php HTTP/1.1" 403 1242 "-" "Mozilla/5.0 (Windows NT 10.0; Win64; x64) AppleWebKit/537.36 (KHTML, like Gecko) Chrome/120.0.0.0 Safari/537.36"
169.58.177.117 - - [11/Sep/2026:11:50:56 -0400] "GET /wp-admin/includes/class-walker-nav-menu-checklist.php HTTP/1.1" 403 1242 "-" "Mozilla/5.0 (Windows NT 10.0; Win64; x64) AppleWebKit/537.36 (KHTML, like Gecko) Chrome/120.0.0.0 Safari/537.36"
169.58.177.117 - - [11/Sep/2026:11:50:58 -0400] "GET /wp-admin/includes/class-walker-nav-menu-edit.php HTTP/1.1" 403 1242 "-" "Mozilla/5.0 (Windows NT 10.0; Win64; x64) AppleWebKit/537.36 (KHTML, like Gecko) Chrome/120.0.0.0 Safari/537.36"
54.166.204.138 - - [11/Sep/2026:11:50:59 -0400] "GET /upload/resources/image/2024/08/31/2076524_4096x10000.jpeg HTTP/1.1" 404 11319 "-" "ImageBot/1.0 (compatible; research crawler; +https://github.com/rom1504/img2dataset; opt-out: abuse.notification.dcomp12b@gmail.com;"
169.58.177.117 - - [11/Sep/2026:11:51:00 -0400] "GET /wp-admin/includes/class-wp-ajax-upgrader-skin.php HTTP/1.1" 403 1242 "-" "Mozilla/5.0 (Windows NT 10.0; Win64; x64) AppleWebKit/537.36 (KHTML, like Gecko) Chrome/120.0.0.0 Safari/537.36"
169.58.177.117 - - [11/Sep/2026:11:51:03 -0400] "GET /wp-admin/includes/class-wp-application-passwords-list-table.php HTTP/1.1" 403 1242 "-" "Mozilla/5.0 (Windows NT 10.0; Win64; x64) AppleWebKit/537.36 (KHTML, like Gecko) Chrome/120.0.0.0 Safari/537.36"
169.58.177.117 - - [11/Sep/2026:11:51:05 -0400] "GET /wp-admin/includes/class-wp-automatic-updater.php HTTP/1.1" 403 1242 "-" "Mozilla/5.0 (Windows NT 10.0; Win64; x64) AppleWebKit/537.36 (KHTML, like Gecko) Chrome/120.0.0.0 Safari/537.36"
169.58.177.117 - - [11/Sep/2026:11:51:07 -0400] "GET /wp-admin/includes/class-wp-comments-list-table.php HTTP/1.1" 403 1242 "-" "Mozilla/5.0 (Windows NT 10.0; Win64; x64) AppleWebKit/537.36 (KHTML, like Gecko) Chrome/120.0.0.0 Safari/537.36"
52.1.250.135 - - [11/Sep/2026:11:51:08 -0400] "GET /%E9%87%87%E9%A2%A8%E5%BE%80%E5%93%AA%E9%87%8C%EF%BC%9F%E5%BE%80%E7%9B%8A%E9%99%BD%EF%BC%8C%E4%B8%80%E8%B7%AF%E5%BE%80%E5%87%9D%E8%81%BD%E6%84%9B%E5%B1%8B%E7%81%A3%E5%AD%B8%E9%9C%B8%E6%9D%91-2/140504ax457gj8z8xfbgt4.jpg HTTP/1.1" 404 11319 "-" "ImageBot/1.0 (compatible; research crawler; +https://github.com/rom1504/img2dataset; opt-out: abuse.notification.dcomp12b@gmail.com;"
169.58.177.117 - - [11/Sep/2026:11:51:08 -0400] "GET /wp-admin/includes/class-wp-community-events.php HTTP/1.1" 403 1242 "-" "Mozilla/5.0 (Windows NT 10.0; Win64; x64) AppleWebKit/537.36 (KHTML, like Gecko) Chrome/120.0.0.0 Safari/537.36"
169.58.177.117 - - [11/Sep/2026:11:51:10 -0400] "GET /wp-admin/includes/class-wp-debug-data.php HTTP/1.1" 403 1242 "-" "Mozilla/5.0 (Windows NT 10.0; Win64; x64) AppleWebKit/537.36 (KHTML, like Gecko) Chrome/120.0.0.0 Safari/537.36"
169.58.177.117 - - [11/Sep/2026:11:51:12 -0400] "GET /wp-admin/includes/class-wp-filesystem-base.php HTTP/1.1" 403 1242 "-" "Mozilla/5.0 (Windows NT 10.0; Win64; x64) AppleWebKit/537.36 (KHTML, like Gecko) Chrome/120.0.0.0 Safari/537.36"
169.58.177.117 - - [11/Sep/2026:11:51:14 -0400] "GET /wp-admin/includes/class-wp-filesystem-direct.php HTTP/1.1" 403 1242 "-" "Mozilla/5.0 (Windows NT 10.0; Win64; x64) AppleWebKit/537.36 (KHTML, like Gecko) Chrome/120.0.0.0 Safari/537.36"
169.58.177.117 - - [11/Sep/2026:11:51:16 -0400] "GET /wp-admin/includes/class-wp-filesystem-ftpext.php HTTP/1.1" 403 1242 "-" "Mozilla/5.0 (Windows NT 10.0; Win64; x64) AppleWebKit/537.36 (KHTML, like Gecko) Chrome/120.0.0.0 Safari/537.36"
169.58.177.117 - - [11/Sep/2026:11:51:19 -0400] "GET /wp-admin/includes/class-wp-filesystem-ftpsockets.php HTTP/1.1" 403 1242 "-" "Mozilla/5.0 (Windows NT 10.0; Win64; x64) AppleWebKit/537.36 (KHTML, like Gecko) Chrome/120.0.0.0 Safari/537.36"
52.23.26.158 - - [11/Sep/2026:11:51:20 -0400] "GET /%E8%8D%89%E6%A0%B9%E6%96%87%E6%98%8E-%E6%A1%83%E6%B1%9F%E7%B2%9F%E5%AE%B6%E6%8F%9B%E5%B1%8B%E6%9D%91%E5%A4%A7%E5%B9%B4%E7%AF%80%E8%BF%8E%E6%98%A5%E6%99%9A%E6%9C%83%E7%B4%9B%E6%AD%A7/024324cgzw04n6sjn2j8vw.jpg HTTP/1.1" 404 11319 "-" "ImageBot/1.0 (compatible; research crawler; +https://github.com/rom1504/img2dataset; opt-out: abuse.notification.dcomp12b@gmail.com;"
169.58.177.117 - - [11/Sep/2026:11:51:23 -0400] "GET /wp-admin/includes/class-wp-filesystem-ssh2.php HTTP/1.1" 403 1242 "-" "Mozilla/5.0 (Windows NT 10.0; Win64; x64) AppleWebKit/537.36 (KHTML, like Gecko) Chrome/120.0.0.0 Safari/537.36"
169.58.177.117 - - [11/Sep/2026:11:51:26 -0400] "GET /wp-admin/includes/class-wp-importer.php HTTP/1.1" 403 1242 "-" "Mozilla/5.0 (Windows NT 10.0; Win64; x64) AppleWebKit/537.36 (KHTML, like Gecko) Chrome/120.0.0.0 Safari/537.36"
169.58.177.117 - - [11/Sep/2026:11:51:28 -0400] "GET /wp-admin/includes/class-wp-internal-pointers.php HTTP/1.1" 403 1242 "-" "Mozilla/5.0 (Windows NT 10.0; Win64; x64) AppleWebKit/537.36 (KHTML, like Gecko) Chrome/120.0.0.0 Safari/537.36"
169.58.177.117 - - [11/Sep/2026:11:51:29 -0400] "GET /wp-admin/includes/class-wp-links-list-table.php HTTP/1.1" 403 1242 "-" "Mozilla/5.0 (Windows NT 10.0; Win64; x64) AppleWebKit/537.36 (KHTML, like Gecko) Chrome/120.0.0.0 Safari/537.36"
169.58.177.117 - - [11/Sep/2026:11:51:31 -0400] "GET /wp-admin/includes/class-wp-list-table-compat.php HTTP/1.1" 403 1242 "-" "Mozilla/5.0 (Windows NT 10.0; Win64; x64) AppleWebKit/537.36 (KHTML, like Gecko) Chrome/120.0.0.0 Safari/537.36"
169.58.177.117 - - [11/Sep/2026:11:51:32 -0400] "GET /wp-admin/includes/class-wp-list-table.php HTTP/1.1" 403 1242 "-" "Mozilla/5.0 (Windows NT 10.0; Win64; x64) AppleWebKit/537.36 (KHTML, like Gecko) Chrome/120.0.0.0 Safari/537.36"
169.58.177.117 - - [11/Sep/2026:11:51:33 -0400] "GET /wp-admin/includes/class-wp-media-list-table.php HTTP/1.1" 403 1242 "-" "Mozilla/5.0 (Windows NT 10.0; Win64; x64) AppleWebKit/537.36 (KHTML, like Gecko) Chrome/120.0.0.0 Safari/537.36"
52.23.26.158 - - [11/Sep/2026:11:51:34 -0400] "GET /upload/resources/image/2023/12/23/1680617_4096x10000.jpeg HTTP/1.1" 404 11319 "-" "ImageBot/1.0 (compatible; research crawler; +https://github.com/rom1504/img2dataset; opt-out: abuse.notification.dcomp12b@gmail.com;"
169.58.177.117 - - [11/Sep/2026:11:51:38 -0400] "GET /wp-admin/includes/class-wp-ms-sites-list-table.php HTTP/1.1" 403 1242 "-" "Mozilla/5.0 (Windows NT 10.0; Win64; x64) AppleWebKit/537.36 (KHTML, like Gecko) Chrome/120.0.0.0 Safari/537.36"
169.58.177.117 - - [11/Sep/2026:11:51:40 -0400] "GET /wp-admin/includes/class-wp-ms-themes-list-table.php HTTP/1.1" 403 1242 "-" "Mozilla/5.0 (Windows NT 10.0; Win64; x64) AppleWebKit/537.36 (KHTML, like Gecko) Chrome/120.0.0.0 Safari/537.36"
169.58.177.117 - - [11/Sep/2026:11:51:42 -0400] "GET /wp-admin/includes/class-wp-ms-users-list-table.php HTTP/1.1" 403 1242 "-" "Mozilla/5.0 (Windows NT 10.0; Win64; x64) AppleWebKit/537.36 (KHTML, like Gecko) Chrome/120.0.0.0 Safari/537.36"
169.58.177.117 - - [11/Sep/2026:11:51:44 -0400] "GET /wp-admin/includes/class-wp-plugin-install-list-table.php HTTP/1.1" 403 1242 "-" "Mozilla/5.0 (Windows NT 10.0; Win64; x64) AppleWebKit/537.36 (KHTML, like Gecko) Chrome/120.0.0.0 Safari/537.36"
169.58.177.117 - - [11/Sep/2026:11:51:45 -0400] "GET /wp-admin/includes/class-wp-plugins-list-table.php HTTP/1.1" 403 1242 "-" "Mozilla/5.0 (Windows NT 10.0; Win64; x64) AppleWebKit/537.36 (KHTML, like Gecko) Chrome/120.0.0.0 Safari/537.36"
169.58.177.117 - - [11/Sep/2026:11:51:46 -0400] "GET /wp-admin/includes/class-wp-post-comments-list-table.php HTTP/1.1" 403 1242 "-" "Mozilla/5.0 (Windows NT 10.0; Win64; x64) AppleWebKit/537.36 (KHTML, like Gecko) Chrome/120.0.0.0 Safari/537.36"
169.58.177.117 - - [11/Sep/2026:11:51:49 -0400] "GET /wp-admin/includes/class-wp-posts-list-table.php HTTP/1.1" 403 1242 "-" "Mozilla/5.0 (Windows NT 10.0; Win64; x64) AppleWebKit/537.36 (KHTML, like Gecko) Chrome/120.0.0.0 Safari/537.36"
169.58.177.117 - - [11/Sep/2026:11:51:52 -0400] "GET /wp-admin/includes/class-wp-privacy-data-export-requests-list-table.php HTTP/1.1" 403 1242 "-" "Mozilla/5.0 (Windows NT 10.0; Win64; x64) AppleWebKit/537.36 (KHTML, like Gecko) Chrome/120.0.0.0 Safari/537.36"
169.58.177.117 - - [11/Sep/2026:11:51:54 -0400] "GET /wp-admin/includes/class-wp-privacy-data-removal-requests-list-table.php HTTP/1.1" 403 1242 "-" "Mozilla/5.0 (Windows NT 10.0; Win64; x64) AppleWebKit/537.36 (KHTML, like Gecko) Chrome/120.0.0.0 Safari/537.36"
169.58.177.117 - - [11/Sep/2026:11:51:55 -0400] "GET /wp-admin/includes/class-wp-privacy-policy-content.php HTTP/1.1" 403 1242 "-" "Mozilla/5.0 (Windows NT 10.0; Win64; x64) AppleWebKit/537.36 (KHTML, like Gecko) Chrome/120.0.0.0 Safari/537.36"
3.234.103.5 - - [11/Sep/2026:11:51:56 -0400] "GET /upload/resources/image/2024/02/17/1786133_4096x10000.jpeg HTTP/1.1" 404 11319 "-" "ImageBot/1.0 (compatible; research crawler; +https://github.com/rom1504/img2dataset; opt-out: abuse.notification.dcomp12b@gmail.com;"
169.58.177.117 - - [11/Sep/2026:11:51:57 -0400] "GET /wp-admin/includes/class-wp-privacy-requests-table.php HTTP/1.1" 403 1242 "-" "Mozilla/5.0 (Windows NT 10.0; Win64; x64) AppleWebKit/537.36 (KHTML, like Gecko) Chrome/120.0.0.0 Safari/537.36"
169.58.177.117 - - [11/Sep/2026:11:52:00 -0400] "GET /wp-admin/includes/class-wp-screen.php HTTP/1.1" 403 1242 "-" "Mozilla/5.0 (Windows NT 10.0; Win64; x64) AppleWebKit/537.36 (KHTML, like Gecko) Chrome/120.0.0.0 Safari/537.36"
169.58.177.117 - - [11/Sep/2026:11:52:01 -0400] "GET /wp-admin/includes/class-wp-site-health-auto-updates.php HTTP/1.1" 403 1242 "-" "Mozilla/5.0 (Windows NT 10.0; Win64; x64) AppleWebKit/537.36 (KHTML, like Gecko) Chrome/120.0.0.0 Safari/537.36"
169.58.177.117 - - [11/Sep/2026:11:52:04 -0400] "GET /wp-admin/includes/class-wp-site-health.php HTTP/1.1" 403 1242 "-" "Mozilla/5.0 (Windows NT 10.0; Win64; x64) AppleWebKit/537.36 (KHTML, like Gecko) Chrome/120.0.0.0 Safari/537.36"
169.58.177.117 - - [11/Sep/2026:11:52:06 -0400] "GET /wp-admin/includes/class-wp-site-icon.php HTTP/1.1" 403 1242 "-" "Mozilla/5.0 (Windows NT 10.0; Win64; x64) AppleWebKit/537.36 (KHTML, like Gecko) Chrome/120.0.0.0 Safari/537.36"
169.58.177.117 - - [11/Sep/2026:11:52:08 -0400] "GET /wp-admin/includes/class-wp-terms-list-table.php HTTP/1.1" 403 1242 "-" "Mozilla/5.0 (Windows NT 10.0; Win64; x64) AppleWebKit/537.36 (KHTML, like Gecko) Chrome/120.0.0.0 Safari/537.36"
169.58.177.117 - - [11/Sep/2026:11:52:11 -0400] "GET /wp-admin/includes/class-wp-theme-install-list-table.php HTTP/1.1" 403 1242 "-" "Mozilla/5.0 (Windows NT 10.0; Win64; x64) AppleWebKit/537.36 (KHTML, like Gecko) Chrome/120.0.0.0 Safari/537.36"
169.58.177.117 - - [11/Sep/2026:11:52:13 -0400] "GET /wp-admin/includes/class-wp-themes-list-table.php HTTP/1.1" 403 1242 "-" "Mozilla/5.0 (Windows NT 10.0; Win64; x64) AppleWebKit/537.36 (KHTML, like Gecko) Chrome/120.0.0.0 Safari/537.36"
169.58.177.117 - - [11/Sep/2026:11:52:15 -0400] "GET /wp-admin/includes/class-wp-upgrader-skin.php HTTP/1.1" 403 1242 "-" "Mozilla/5.0 (Windows NT 10.0; Win64; x64) AppleWebKit/537.36 (KHTML, like Gecko) Chrome/120.0.0.0 Safari/537.36"
169.58.177.117 - - [11/Sep/2026:11:52:16 -0400] "GET /wp-admin/includes/class-wp-upgrader-skins.php HTTP/1.1" 403 1242 "-" "Mozilla/5.0 (Windows NT 10.0; Win64; x64) AppleWebKit/537.36 (KHTML, like Gecko) Chrome/120.0.0.0 Safari/537.36"
169.58.177.117 - - [11/Sep/2026:11:52:19 -0400] "GET /wp-admin/includes/class-wp-upgrader.php HTTP/1.1" 403 1242 "-" "Mozilla/5.0 (Windows NT 10.0; Win64; x64) AppleWebKit/537.36 (KHTML, like Gecko) Chrome/120.0.0.0 Safari/537.36"
169.58.177.117 - - [11/Sep/2026:11:52:20 -0400] "GET /wp-admin/includes/class-wp-users-list-table.php HTTP/1.1" 403 1242 "-" "Mozilla/5.0 (Windows NT 10.0; Win64; x64) AppleWebKit/537.36 (KHTML, like Gecko) Chrome/120.0.0.0 Safari/537.36"
169.58.177.117 - - [11/Sep/2026:11:52:22 -0400] "GET /wp-admin/includes/comment.php HTTP/1.1" 403 1242 "-" "Mozilla/5.0 (Windows NT 10.0; Win64; x64) AppleWebKit/537.36 (KHTML, like Gecko) Chrome/120.0.0.0 Safari/537.36"
169.58.177.117 - - [11/Sep/2026:11:52:24 -0400] "GET /wp-admin/includes/continents-cities.php HTTP/1.1" 403 1242 "-" "Mozilla/5.0 (Windows NT 10.0; Win64; x64) AppleWebKit/537.36 (KHTML, like Gecko) Chrome/120.0.0.0 Safari/537.36"
169.58.177.117 - - [11/Sep/2026:11:52:26 -0400] "GET /wp-admin/includes/credits.php HTTP/1.1" 403 1242 "-" "Mozilla/5.0 (Windows NT 10.0; Win64; x64) AppleWebKit/537.36 (KHTML, like Gecko) Chrome/120.0.0.0 Safari/537.36"
54.166.204.138 - - [11/Sep/2026:11:52:27 -0400] "GET /%E3%80%90%E5%9B%9E%E7%9C%B820%E6%89%BE%E6%88%BF%E5%B1%8B23%E3%80%91%E6%B9%98%E6%B0%B4%E6%94%BE%E6%AD%8C%EF%BC%8C%E7%99%BE%E6%AD%B2%E5%8F%88%E6%96%B0%E7%A8%8B/183849fhuegeeb0fb0s9fb.jpg HTTP/1.1" 404 11319 "-" "ImageBot/1.0 (compatible; research crawler; +https://github.com/rom1504/img2dataset; opt-out: abuse.notification.dcomp12b@gmail.com;"
169.58.177.117 - - [11/Sep/2026:11:52:28 -0400] "GET /wp-admin/includes/dashboard.php HTTP/1.1" 403 1242 "-" "Mozilla/5.0 (Windows NT 10.0; Win64; x64) AppleWebKit/537.36 (KHTML, like Gecko) Chrome/120.0.0.0 Safari/537.36"
169.58.177.117 - - [11/Sep/2026:11:52:31 -0400] "GET /wp-admin/includes/deprecated.php HTTP/1.1" 403 1242 "-" "Mozilla/5.0 (Windows NT 10.0; Win64; x64) AppleWebKit/537.36 (KHTML, like Gecko) Chrome/120.0.0.0 Safari/537.36"
169.58.177.117 - - [11/Sep/2026:11:52:34 -0400] "GET /wp-admin/includes/edit-tag-messages.php HTTP/1.1" 403 1242 "-" "Mozilla/5.0 (Windows NT 10.0; Win64; x64) AppleWebKit/537.36 (KHTML, like Gecko) Chrome/120.0.0.0 Safari/537.36"
223.102.87.195 - - [11/Sep/2026:11:52:34 -0400] "GET http://big-wife.com.tw/%E6%A0%AA%E6%B4%B2-%E8%98%86%E6%B7%9E-%E8%B3%80%E5%AE%B6%E5%9C%9F%E8%A1%97%E9%81%93-%E9%95%B7%E5%A1%98%E7%81%A3%E7%A4%BE%E5%8D%80%E6%96%B0%E6%99%82%E6%9C%9F%E4%B9%9D%E5%AE%AE%E6%A0%BC%E8%81%9A/190656cz1yu5tqqz28v5vv.jpg HTTP/1.1" 404 11319 "http://big-wife.com.tw/" "Mozilla/5.0 (Windows NT 10.0; Win64; x64) AppleWebKit/537.36 (KHTML, like Gecko) Chrome/133.0.0.0 Safari/537.36"
175.27.224.69 - - [11/Sep/2026:11:52:34 -0400] "GET /upload/resources/image/2023/11/23/1632431.jpg?r=1700719053674 HTTP/1.1" 404 11319 "http://big-wife.com.tw/" "Mozilla/5.0 (Windows NT 10.0; Win64; x64) AppleWebKit/537.36 (KHTML, like Gecko) Chrome/109.0.0.0 Safari/537.36"
169.58.177.117 - - [11/Sep/2026:11:52:36 -0400] "GET /wp-admin/includes/export.php HTTP/1.1" 403 1242 "-" "Mozilla/5.0 (Windows NT 10.0; Win64; x64) AppleWebKit/537.36 (KHTML, like Gecko) Chrome/120.0.0.0 Safari/537.36"
129.28.43.148 - - [11/Sep/2026:11:52:36 -0400] "GET /%E6%A0%AA%E6%B4%B2-%E8%98%86%E6%B7%9E-%E8%B3%80%E5%AE%B6%E5%9C%9F%E8%A1%97%E9%81%93-%E9%95%B7%E5%A1%98%E7%81%A3%E7%A4%BE%E5%8D%80%E6%96%B0%E6%99%82%E6%9C%9F%E4%B9%9D%E5%AE%AE%E6%A0%BC%E8%81%9A/190656cz1yu5tqqz28v5vv.jpg HTTP/1.1" 404 11319 "http://big-wife.com.tw/" "Mozilla/5.0 (Windows NT 10.0; Win64; x64) AppleWebKit/537.36 (KHTML, like Gecko) Chrome/133.0.0.0 Safari/537.36"
169.58.177.117 - - [11/Sep/2026:11:52:39 -0400] "GET /wp-admin/includes/file.php HTTP/1.1" 403 1242 "-" "Mozilla/5.0 (Windows NT 10.0; Win64; x64) AppleWebKit/537.36 (KHTML, like Gecko) Chrome/120.0.0.0 Safari/537.36"
50.19.85.253 - - [11/Sep/2026:11:52:40 -0400] "GET /%E8%90%AC%E5%85%AC%E9%87%8C%E8%B7%91%E8%80%85%E9%84%A7%E8%89%AF%E8%8F%AF%E8%B7%91%E5%87%BA%E5%9C%8B%E9%96%80%E5%8D%81%E5%A4%A9%E8%A8%98-4/212029au4eoor4u104docl.jpg HTTP/1.1" 404 11319 "-" "ImageBot/1.0 (compatible; research crawler; +https://github.com/rom1504/img2dataset; opt-out: abuse.notification.dcomp12b@gmail.com;"
169.58.177.117 - - [11/Sep/2026:11:52:41 -0400] "GET /wp-admin/includes/image-edit.php HTTP/1.1" 403 1242 "-" "Mozilla/5.0 (Windows NT 10.0; Win64; x64) AppleWebKit/537.36 (KHTML, like Gecko) Chrome/120.0.0.0 Safari/537.36"
50.19.85.253 - - [11/Sep/2026:11:52:41 -0400] "GET /%E6%84%9B%E5%BF%83%E5%AE%B6%E5%9C%92%E7%B4%85%E7%B6%B2%E6%84%9B%E5%BF%83%E5%AE%B6%E5%9C%92%E7%9B%8A%E9%99%BD%E7%AB%99-%E5%8D%81%E5%B9%B4%E9%87%8C%E7%9A%84%E7%89%B9%E5%88%A5%E5%B9%AB%E6%89%B6/113740rizmmmk60mtojbg0.jpg HTTP/1.1" 404 11319 "-" "ImageBot/1.0 (compatible; research crawler; +https://github.com/rom1504/img2dataset; opt-out: abuse.notification.dcomp12b@gmail.com;"
169.58.177.117 - - [11/Sep/2026:11:52:42 -0400] "GET /wp-admin/includes/image.php HTTP/1.1" 403 1242 "-" "Mozilla/5.0 (Windows NT 10.0; Win64; x64) AppleWebKit/537.36 (KHTML, like Gecko) Chrome/120.0.0.0 Safari/537.36"
169.58.177.117 - - [11/Sep/2026:11:52:43 -0400] "GET /wp-admin/includes/import.php HTTP/1.1" 403 1242 "-" "Mozilla/5.0 (Windows NT 10.0; Win64; x64) AppleWebKit/537.36 (KHTML, like Gecko) Chrome/120.0.0.0 Safari/537.36"
52.1.250.135 - - [11/Sep/2026:11:52:44 -0400] "GET /%E7%99%BD%E7%99%BE%E4%BD%95%E5%8F%88%E9%9B%A2%E5%A9%9A%E7%9E%AD%EF%BC%9F%E5%B8%B6%E4%BA%8C%E5%8C%85%E9%A4%8A%E8%83%8E%E5%85%92%E5%AD%90%E9%81%8A%E7%8E%A9%EF%BC%8C%E5%9B%A0%E4%B8%80%E6%8C%87/51255bfa0d2147d7bb6237c8b75cb635.jpeg HTTP/1.1" 404 11319 "-" "ImageBot/1.0 (compatible; research crawler; +https://github.com/rom1504/img2dataset; opt-out: abuse.notification.dcomp12b@gmail.com;"
169.58.177.117 - - [11/Sep/2026:11:52:45 -0400] "GET /wp-admin/includes/list-table.php HTTP/1.1" 403 1242 "-" "Mozilla/5.0 (Windows NT 10.0; Win64; x64) AppleWebKit/537.36 (KHTML, like Gecko) Chrome/120.0.0.0 Safari/537.36"
169.58.177.117 - - [11/Sep/2026:11:52:47 -0400] "GET /wp-admin/includes/media.php HTTP/1.1" 403 1242 "-" "Mozilla/5.0 (Windows NT 10.0; Win64; x64) AppleWebKit/537.36 (KHTML, like Gecko) Chrome/120.0.0.0 Safari/537.36"
169.58.177.117 - - [11/Sep/2026:11:52:49 -0400] "GET /wp-admin/includes/menu.php HTTP/1.1" 403 1242 "-" "Mozilla/5.0 (Windows NT 10.0; Win64; x64) AppleWebKit/537.36 (KHTML, like Gecko) Chrome/120.0.0.0 Safari/537.36"
169.58.177.117 - - [11/Sep/2026:11:52:50 -0400] "GET /wp-admin/includes/meta-boxes.php HTTP/1.1" 403 1242 "-" "Mozilla/5.0 (Windows NT 10.0; Win64; x64) AppleWebKit/537.36 (KHTML, like Gecko) Chrome/120.0.0.0 Safari/537.36"
169.58.177.117 - - [11/Sep/2026:11:52:52 -0400] "GET /wp-admin/includes/misc.php HTTP/1.1" 403 1242 "-" "Mozilla/5.0 (Windows NT 10.0; Win64; x64) AppleWebKit/537.36 (KHTML, like Gecko) Chrome/120.0.0.0 Safari/537.36"
169.58.177.117 - - [11/Sep/2026:11:52:56 -0400] "GET /wp-admin/includes/ms-admin-filters.php HTTP/1.1" 403 1242 "-" "Mozilla/5.0 (Windows NT 10.0; Win64; x64) AppleWebKit/537.36 (KHTML, like Gecko) Chrome/120.0.0.0 Safari/537.36"
3.234.103.5 - - [11/Sep/2026:11:52:57 -0400] "GET /upload/resources/image/2024/02/12/1779746_4096x10000.jpeg HTTP/1.1" 404 11319 "-" "ImageBot/1.0 (compatible; research crawler; +https://github.com/rom1504/img2dataset; opt-out: abuse.notification.dcomp12b@gmail.com;"
169.58.177.117 - - [11/Sep/2026:11:52:58 -0400] "GET /wp-admin/includes/ms-deprecated.php HTTP/1.1" 403 1242 "-" "Mozilla/5.0 (Windows NT 10.0; Win64; x64) AppleWebKit/537.36 (KHTML, like Gecko) Chrome/120.0.0.0 Safari/537.36"
3.234.103.5 - - [11/Sep/2026:11:52:58 -0400] "GET /202%E6%88%BF%E5%9C%B0%E7%94%A23%E5%A9%81%E5%BA%95%E5%B8%82%E7%AC%AC%E4%B9%9D%E5%B1%86%E6%88%BF%E4%BA%A4%E6%9C%83/194458ssb6rp911pr1upf1.jpg HTTP/1.1" 404 11319 "-" "ImageBot/1.0 (compatible; research crawler; +https://github.com/rom1504/img2dataset; opt-out: abuse.notification.dcomp12b@gmail.com;"
169.58.177.117 - - [11/Sep/2026:11:52:59 -0400] "GET /wp-admin/includes/ms.php HTTP/1.1" 403 1242 "-" "Mozilla/5.0 (Windows NT 10.0; Win64; x64) AppleWebKit/537.36 (KHTML, like Gecko) Chrome/120.0.0.0 Safari/537.36"
169.58.177.117 - - [11/Sep/2026:11:53:02 -0400] "GET /wp-admin/includes/nav-menu.php HTTP/1.1" 403 1242 "-" "Mozilla/5.0 (Windows NT 10.0; Win64; x64) AppleWebKit/537.36 (KHTML, like Gecko) Chrome/120.0.0.0 Safari/537.36"
54.166.204.138 - - [11/Sep/2026:11:53:02 -0400] "GET /upload/resources/image/2023/12/21/1677903_4096x10000.jpeg HTTP/1.1" 404 11319 "-" "ImageBot/1.0 (compatible; research crawler; +https://github.com/rom1504/img2dataset; opt-out: abuse.notification.dcomp12b@gmail.com;"
169.58.177.117 - - [11/Sep/2026:11:53:04 -0400] "GET /wp-admin/includes/network.php HTTP/1.1" 403 1242 "-" "Mozilla/5.0 (Windows NT 10.0; Win64; x64) AppleWebKit/537.36 (KHTML, like Gecko) Chrome/120.0.0.0 Safari/537.36"
169.58.177.117 - - [11/Sep/2026:11:53:05 -0400] "GET /wp-admin/includes/noop.php HTTP/1.1" 403 1242 "-" "Mozilla/5.0 (Windows NT 10.0; Win64; x64) AppleWebKit/537.36 (KHTML, like Gecko) Chrome/120.0.0.0 Safari/537.36"
50.19.85.253 - - [11/Sep/2026:11:53:05 -0400] "GET /upload/resources/image/2024/02/07/1770358_4096x10000.jpeg HTTP/1.1" 404 11319 "-" "ImageBot/1.0 (compatible; research crawler; +https://github.com/rom1504/img2dataset; opt-out: abuse.notification.dcomp12b@gmail.com;"
169.58.177.117 - - [11/Sep/2026:11:53:08 -0400] "GET /wp-admin/includes/options.php HTTP/1.1" 403 1242 "-" "Mozilla/5.0 (Windows NT 10.0; Win64; x64) AppleWebKit/537.36 (KHTML, like Gecko) Chrome/120.0.0.0 Safari/537.36"
169.58.177.117 - - [11/Sep/2026:11:53:10 -0400] "GET /wp-admin/includes/plugin-install.php HTTP/1.1" 403 1242 "-" "Mozilla/5.0 (Windows NT 10.0; Win64; x64) AppleWebKit/537.36 (KHTML, like Gecko) Chrome/120.0.0.0 Safari/537.36"
169.58.177.117 - - [11/Sep/2026:11:53:12 -0400] "GET /wp-admin/includes/plugin.php HTTP/1.1" 403 1242 "-" "Mozilla/5.0 (Windows NT 10.0; Win64; x64) AppleWebKit/537.36 (KHTML, like Gecko) Chrome/120.0.0.0 Safari/537.36"
169.58.177.117 - - [11/Sep/2026:11:53:14 -0400] "GET /wp-admin/includes/post.php HTTP/1.1" 403 1242 "-" "Mozilla/5.0 (Windows NT 10.0; Win64; x64) AppleWebKit/537.36 (KHTML, like Gecko) Chrome/120.0.0.0 Safari/537.36"
169.58.177.117 - - [11/Sep/2026:11:53:16 -0400] "GET /wp-admin/includes/privacy-tools.php HTTP/1.1" 403 1242 "-" "Mozilla/5.0 (Windows NT 10.0; Win64; x64) AppleWebKit/537.36 (KHTML, like Gecko) Chrome/120.0.0.0 Safari/537.36"
169.58.177.117 - - [11/Sep/2026:11:53:18 -0400] "GET /wp-admin/includes/revision.php HTTP/1.1" 403 1242 "-" "Mozilla/5.0 (Windows NT 10.0; Win64; x64) AppleWebKit/537.36 (KHTML, like Gecko) Chrome/120.0.0.0 Safari/537.36"
169.58.177.117 - - [11/Sep/2026:11:53:21 -0400] "GET /wp-admin/includes/schema.php HTTP/1.1" 403 1242 "-" "Mozilla/5.0 (Windows NT 10.0; Win64; x64) AppleWebKit/537.36 (KHTML, like Gecko) Chrome/120.0.0.0 Safari/537.36"
169.58.177.117 - - [11/Sep/2026:11:53:23 -0400] "GET /wp-admin/includes/screen.php HTTP/1.1" 403 1242 "-" "Mozilla/5.0 (Windows NT 10.0; Win64; x64) AppleWebKit/537.36 (KHTML, like Gecko) Chrome/120.0.0.0 Safari/537.36"
169.58.177.117 - - [11/Sep/2026:11:53:25 -0400] "GET /wp-admin/includes/taxonomy.php HTTP/1.1" 403 1242 "-" "Mozilla/5.0 (Windows NT 10.0; Win64; x64) AppleWebKit/537.36 (KHTML, like Gecko) Chrome/120.0.0.0 Safari/537.36"
169.58.177.117 - - [11/Sep/2026:11:53:26 -0400] "GET /wp-admin/includes/template.php HTTP/1.1" 403 1242 "-" "Mozilla/5.0 (Windows NT 10.0; Win64; x64) AppleWebKit/537.36 (KHTML, like Gecko) Chrome/120.0.0.0 Safari/537.36"
169.58.177.117 - - [11/Sep/2026:11:53:28 -0400] "GET /wp-admin/includes/theme-install.php HTTP/1.1" 403 1242 "-" "Mozilla/5.0 (Windows NT 10.0; Win64; x64) AppleWebKit/537.36 (KHTML, like Gecko) Chrome/120.0.0.0 Safari/537.36"
169.58.177.117 - - [11/Sep/2026:11:53:32 -0400] "GET /wp-admin/includes/theme.php HTTP/1.1" 403 1242 "-" "Mozilla/5.0 (Windows NT 10.0; Win64; x64) AppleWebKit/537.36 (KHTML, like Gecko) Chrome/120.0.0.0 Safari/537.36"
52.23.26.158 - - [11/Sep/2026:11:53:35 -0400] "GET /wp-content/uploads/2021/01/a5-300x187.png HTTP/1.1" 404 11319 "-" "ImageBot/1.0 (compatible; research crawler; +https://github.com/rom1504/img2dataset; opt-out: abuse.notification.dcomp12b@gmail.com;"
169.58.177.117 - - [11/Sep/2026:11:53:36 -0400] "GET /wp-admin/includes/translation-install.php HTTP/1.1" 403 1242 "-" "Mozilla/5.0 (Windows NT 10.0; Win64; x64) AppleWebKit/537.36 (KHTML, like Gecko) Chrome/120.0.0.0 Safari/537.36"
169.58.177.117 - - [11/Sep/2026:11:53:38 -0400] "GET /wp-admin/includes/update-core.php HTTP/1.1" 403 1242 "-" "Mozilla/5.0 (Windows NT 10.0; Win64; x64) AppleWebKit/537.36 (KHTML, like Gecko) Chrome/120.0.0.0 Safari/537.36"
50.19.85.253 - - [11/Sep/2026:11:53:39 -0400] "GET /upload/resources/image/2024/02/05/1768008_4096x10000.jpeg HTTP/1.1" 404 11319 "-" "ImageBot/1.0 (compatible; research crawler; +https://github.com/rom1504/img2dataset; opt-out: abuse.notification.dcomp12b@gmail.com;"
169.58.177.117 - - [11/Sep/2026:11:53:40 -0400] "GET /wp-admin/includes/update.php HTTP/1.1" 403 1242 "-" "Mozilla/5.0 (Windows NT 10.0; Win64; x64) AppleWebKit/537.36 (KHTML, like Gecko) Chrome/120.0.0.0 Safari/537.36"
169.58.177.117 - - [11/Sep/2026:11:53:41 -0400] "GET /wp-admin/includes/upgrade.php HTTP/1.1" 403 1242 "-" "Mozilla/5.0 (Windows NT 10.0; Win64; x64) AppleWebKit/537.36 (KHTML, like Gecko) Chrome/120.0.0.0 Safari/537.36"
169.58.177.117 - - [11/Sep/2026:11:53:43 -0400] "GET /wp-admin/includes/user.php HTTP/1.1" 403 1242 "-" "Mozilla/5.0 (Windows NT 10.0; Win64; x64) AppleWebKit/537.36 (KHTML, like Gecko) Chrome/120.0.0.0 Safari/537.36"
169.58.177.117 - - [11/Sep/2026:11:53:46 -0400] "GET /wp-admin/includes/widgets.php HTTP/1.1" 403 1242 "-" "Mozilla/5.0 (Windows NT 10.0; Win64; x64) AppleWebKit/537.36 (KHTML, like Gecko) Chrome/120.0.0.0 Safari/537.36"
169.58.177.117 - - [11/Sep/2026:11:53:49 -0400] "GET /wp-admin/maint/ HTTP/1.1" 200 770 "-" "Mozilla/5.0 (Windows NT 10.0; Win64; x64) AppleWebKit/537.36 (KHTML, like Gecko) Chrome/120.0.0.0 Safari/537.36"
169.58.177.117 - - [11/Sep/2026:11:53:51 -0400] "GET /wp-admin/maint/repair.php HTTP/1.1" 200 696 "-" "Mozilla/5.0 (Windows NT 10.0; Win64; x64) AppleWebKit/537.36 (KHTML, like Gecko) Chrome/120.0.0.0 Safari/537.36"
169.58.177.117 - - [11/Sep/2026:11:53:53 -0400] "GET /wp-admin/js/ HTTP/1.1" 200 3683 "-" "Mozilla/5.0 (Windows NT 10.0; Win64; x64) AppleWebKit/537.36 (KHTML, like Gecko) Chrome/120.0.0.0 Safari/537.36"
169.58.177.117 - - [11/Sep/2026:11:53:55 -0400] "GET /wp-admin/js/widgets/ HTTP/1.1" 200 1449 "-" "Mozilla/5.0 (Windows NT 10.0; Win64; x64) AppleWebKit/537.36 (KHTML, like Gecko) Chrome/120.0.0.0 Safari/537.36"
169.58.177.117 - - [11/Sep/2026:11:53:57 -0400] "GET /wp-admin/images/ HTTP/1.1" 200 3150 "-" "Mozilla/5.0 (Windows NT 10.0; Win64; x64) AppleWebKit/537.36 (KHTML, like Gecko) Chrome/120.0.0.0 Safari/537.36"
169.58.177.117 - - [11/Sep/2026:11:53:59 -0400] "GET /wp-admin/network/ HTTP/1.1" 302 0 "-" "Mozilla/5.0 (Windows NT 10.0; Win64; x64) AppleWebKit/537.36 (KHTML, like Gecko) Chrome/120.0.0.0 Safari/537.36"
169.58.177.117 - - [11/Sep/2026:11:54:09 -0400] "GET /wp-admin/user/ HTTP/1.1" 302 0 "-" "Mozilla/5.0 (Windows NT 10.0; Win64; x64) AppleWebKit/537.36 (KHTML, like Gecko) Chrome/120.0.0.0 Safari/537.36"
50.19.85.253 - - [11/Sep/2026:11:54:09 -0400] "GET /%E6%BC%AB%E6%AD%A5%E8%B5%B0%E5%88%B0%E9%A6%AC%E6%AC%84%E5%8F%B0%E5%8C%97-%E7%A4%BE%E5%8D%80%E5%B1%B1/113205r9ki0pq3q72vvvai.jpg HTTP/1.1" 404 11319 "-" "ImageBot/1.0 (compatible; research crawler; +https://github.com/rom1504/img2dataset; opt-out: abuse.notification.dcomp12b@gmail.com;"
169.58.177.117 - - [11/Sep/2026:11:54:17 -0400] "GET /wp-includes/ HTTP/1.1" 200 9245 "-" "Mozilla/5.0 (Windows NT 10.0; Win64; x64) AppleWebKit/537.36 (KHTML, like Gecko) Chrome/120.0.0.0 Safari/537.36"
169.58.177.117 - - [11/Sep/2026:11:54:19 -0400] "GET /wp-includes/abilities-api.php HTTP/1.1" 403 1242 "-" "Mozilla/5.0 (Windows NT 10.0; Win64; x64) AppleWebKit/537.36 (KHTML, like Gecko) Chrome/120.0.0.0 Safari/537.36"
169.58.177.117 - - [11/Sep/2026:11:54:21 -0400] "GET /wp-includes/abilities.php HTTP/1.1" 403 1242 "-" "Mozilla/5.0 (Windows NT 10.0; Win64; x64) AppleWebKit/537.36 (KHTML, like Gecko) Chrome/120.0.0.0 Safari/537.36"
169.58.177.117 - - [11/Sep/2026:11:54:23 -0400] "GET /wp-includes/admin-bar.php HTTP/1.1" 403 1242 "-" "Mozilla/5.0 (Windows NT 10.0; Win64; x64) AppleWebKit/537.36 (KHTML, like Gecko) Chrome/120.0.0.0 Safari/537.36"
50.19.85.253 - - [11/Sep/2026:11:54:24 -0400] "GET /upload/resources/image/2024/09/08/2086084_4096x50000.jpeg HTTP/1.1" 404 11319 "-" "ImageBot/1.0 (compatible; research crawler; +https://github.com/rom1504/img2dataset; opt-out: abuse.notification.dcomp12b@gmail.com;"
169.58.177.117 - - [11/Sep/2026:11:54:25 -0400] "GET /wp-includes/ai-client.php HTTP/1.1" 403 1242 "-" "Mozilla/5.0 (Windows NT 10.0; Win64; x64) AppleWebKit/537.36 (KHTML, like Gecko) Chrome/120.0.0.0 Safari/537.36"
169.58.177.117 - - [11/Sep/2026:11:54:27 -0400] "GET /wp-includes/atomlib.php HTTP/1.1" 403 1242 "-" "Mozilla/5.0 (Windows NT 10.0; Win64; x64) AppleWebKit/537.36 (KHTML, like Gecko) Chrome/120.0.0.0 Safari/537.36"
54.166.204.138 - - [11/Sep/2026:11:54:28 -0400] "GET /%E3%80%90%E5%9B%9E%E7%9C%B82023%E3%80%91%E6%B9%98%E6%B0%B4%E6%94%BE%E6%AD%8C%EF%BC%8C%E7%99%BE%E6%AD%B2%E5%8F%88%E6%96%B0%E7%A4%BE%E5%8D%80%E5%A4%A7%E6%A8%93%E7%A8%8B/183918pphferhvnezrgvpz.jpg HTTP/1.1" 404 11319 "-" "ImageBot/1.0 (compatible; research crawler; +https://github.com/rom1504/img2dataset; opt-out: abuse.notification.dcomp12b@gmail.com;"
169.58.177.117 - - [11/Sep/2026:11:54:30 -0400] "GET /wp-includes/author-template.php HTTP/1.1" 403 1242 "-" "Mozilla/5.0 (Windows NT 10.0; Win64; x64) AppleWebKit/537.36 (KHTML, like Gecko) Chrome/120.0.0.0 Safari/537.36"
169.58.177.117 - - [11/Sep/2026:11:54:32 -0400] "GET /wp-includes/block-bindings.php HTTP/1.1" 403 1242 "-" "Mozilla/5.0 (Windows NT 10.0; Win64; x64) AppleWebKit/537.36 (KHTML, like Gecko) Chrome/120.0.0.0 Safari/537.36"
169.58.177.117 - - [11/Sep/2026:11:54:34 -0400] "GET /wp-includes/block-editor.php HTTP/1.1" 403 1242 "-" "Mozilla/5.0 (Windows NT 10.0; Win64; x64) AppleWebKit/537.36 (KHTML, like Gecko) Chrome/120.0.0.0 Safari/537.36"
169.58.177.117 - - [11/Sep/2026:11:54:37 -0400] "GET /wp-includes/block-patterns.php HTTP/1.1" 403 1242 "-" "Mozilla/5.0 (Windows NT 10.0; Win64; x64) AppleWebKit/537.36 (KHTML, like Gecko) Chrome/120.0.0.0 Safari/537.36"
169.58.177.117 - - [11/Sep/2026:11:54:40 -0400] "GET /wp-includes/block-template-utils.php HTTP/1.1" 403 1242 "-" "Mozilla/5.0 (Windows NT 10.0; Win64; x64) AppleWebKit/537.36 (KHTML, like Gecko) Chrome/120.0.0.0 Safari/537.36"
169.58.177.117 - - [11/Sep/2026:11:54:41 -0400] "GET /wp-includes/block-template.php HTTP/1.1" 403 1242 "-" "Mozilla/5.0 (Windows NT 10.0; Win64; x64) AppleWebKit/537.36 (KHTML, like Gecko) Chrome/120.0.0.0 Safari/537.36"
52.23.26.158 - - [11/Sep/2026:11:54:43 -0400] "GET /%E5%90%88%E9%81%A9%E6%83%85%E4%BE%B6%E7%B4%84%E6%9C%83%E5%8C%85%E9%A4%8A%E7%9A%84%E9%AB%98%E7%B4%9A%E9%A4%90%E5%BB%B3/142426zw8owj1heo113jhz.jpg HTTP/1.1" 404 11319 "-" "ImageBot/1.0 (compatible; research crawler; +https://github.com/rom1504/img2dataset; opt-out: abuse.notification.dcomp12b@gmail.com;"
169.58.177.117 - - [11/Sep/2026:11:54:44 -0400] "GET /wp-includes/blocks.php HTTP/1.1" 403 1242 "-" "Mozilla/5.0 (Windows NT 10.0; Win64; x64) AppleWebKit/537.36 (KHTML, like Gecko) Chrome/120.0.0.0 Safari/537.36"
169.58.177.117 - - [11/Sep/2026:11:54:46 -0400] "GET /wp-includes/bookmark-template.php HTTP/1.1" 403 1242 "-" "Mozilla/5.0 (Windows NT 10.0; Win64; x64) AppleWebKit/537.36 (KHTML, like Gecko) Chrome/120.0.0.0 Safari/537.36"
169.58.177.117 - - [11/Sep/2026:11:54:49 -0400] "GET /wp-includes/bookmark.php HTTP/1.1" 403 1242 "-" "Mozilla/5.0 (Windows NT 10.0; Win64; x64) AppleWebKit/537.36 (KHTML, like Gecko) Chrome/120.0.0.0 Safari/537.36"
169.58.177.117 - - [11/Sep/2026:11:54:51 -0400] "GET /wp-includes/cache-compat.php HTTP/1.1" 403 1242 "-" "Mozilla/5.0 (Windows NT 10.0; Win64; x64) AppleWebKit/537.36 (KHTML, like Gecko) Chrome/120.0.0.0 Safari/537.36"
169.58.177.117 - - [11/Sep/2026:11:54:52 -0400] "GET /wp-includes/cache.php HTTP/1.1" 403 1242 "-" "Mozilla/5.0 (Windows NT 10.0; Win64; x64) AppleWebKit/537.36 (KHTML, like Gecko) Chrome/120.0.0.0 Safari/537.36"
169.58.177.117 - - [11/Sep/2026:11:54:54 -0400] "GET /wp-includes/canonical.php HTTP/1.1" 403 1242 "-" "Mozilla/5.0 (Windows NT 10.0; Win64; x64) AppleWebKit/537.36 (KHTML, like Gecko) Chrome/120.0.0.0 Safari/537.36"
